000
CDUS44 KTAE 290634
CLIDHN


CLIMATE REPORT
NATIONAL WEATHER SERVICE TALLAHASSEE FL
234 AM EDT WED MAR 29 2017


...................................

...THE DOTHAN CLIMATE SUMMARY FOR MARCH 28 2017...

CLIMATE NORMAL PERIOD 1981 TO 2010
CLIMATE RECORD PERIOD 1965 TO 2017


WEATHER ITEM   OBSERVED TIME   NORMAL DEPARTURE LAST
                VALUE   (LST)  VALUE  FROM      YEAR
                                      NORMAL
......................................................
TEMPERATURE (F)
 YESTERDAY
  MAXIMUM         85    342 PM  73     12       79
  MINIMUM         65    250 AM  49     16       57
  AVERAGE         75            61     14       68

PRECIPITATION (IN)
  YESTERDAY        0.00          0.23  -0.23     0.00
  MONTH TO DATE    1.12          5.13  -4.01     5.13
  SINCE MAR 1      1.12          5.13  -4.01     5.13
  SINCE JAN 1     20.71         14.53   6.18    15.98

SNOWFALL (IN)
  YESTERDAY        0.0

DEGREE DAYS
 HEATING
  YESTERDAY        0             5     -5        0
  MONTH TO DATE  171           197    -26      119
  SINCE MAR 1    171           197    -26      119
  SINCE JUL 1   1030          1756   -726     1297

 COOLING
  YESTERDAY       10             1      9        3
  MONTH TO DATE   56            27     29       68
  SINCE MAR 1     56            27     29       68
  SINCE JAN 1     94            37     57       74
......................................................


WIND (MPH)
  HIGHEST WIND SPEED    15   HIGHEST WIND DIRECTION     S (200)
  HIGHEST GUST SPEED    18   HIGHEST GUST DIRECTION    SW (240)
  AVERAGE WIND SPEED     8.7








-  INDICATES NEGATIVE NUMBERS.
R  INDICATES RECORD WAS SET OR TIED.
MM INDICATES DATA IS MISSING.
T  INDICATES TRACE AMOUNT.




$$
