000
CDUS44 KTAE 270640
CLIDHN


CLIMATE REPORT
NATIONAL WEATHER SERVICE TALLAHASSEE FL
240 AM EDT WED MAY 27 2015


...................................

...THE DOTHAN CLIMATE SUMMARY FOR MAY 26 2015...

CLIMATE NORMAL PERIOD 1981 TO 2010
CLIMATE RECORD PERIOD 1965 TO 2015


WEATHER ITEM   OBSERVED TIME   NORMAL DEPARTURE LAST
                VALUE   (LST)  VALUE  FROM      YEAR
                                      NORMAL
......................................................
TEMPERATURE (F)
 YESTERDAY
  MAXIMUM         87   1039 AM  88     -1       89
  MINIMUM         67   1152 PM  66      1       66
  AVERAGE         77            77      0       78

PRECIPITATION (IN)
  YESTERDAY        1.33          0.15   1.18      T
  MONTH TO DATE    4.01          2.66   1.35     3.39
  SINCE MAR 1     16.17         12.06   4.11    22.04
  SINCE JAN 1     22.84         21.46   1.38    29.77

SNOWFALL (IN)
  YESTERDAY        0.0

DEGREE DAYS
 COOLING
  YESTERDAY       12            12      0       13
  MONTH TO DATE  280           231     49      218
  SINCE MAR 1    520           342    178      315
  SINCE JAN 1    524           352    172      324
......................................................


WIND (MPH)
  HIGHEST WIND SPEED    20   HIGHEST WIND DIRECTION    SE (140)
  HIGHEST GUST SPEED    25   HIGHEST GUST DIRECTION     S (160)
  AVERAGE WIND SPEED     8.1








-  INDICATES NEGATIVE NUMBERS.
R  INDICATES RECORD WAS SET OR TIED.
MM INDICATES DATA IS MISSING.
T  INDICATES TRACE AMOUNT.




$$
