000
CDUS44 KTAE 240633
CLIDHN


CLIMATE REPORT
NATIONAL WEATHER SERVICE TALLAHASSEE FL
232 AM EDT FRI OCT 24 2014


...................................

...THE DOTHAN CLIMATE SUMMARY FOR OCTOBER 23 2014...

CLIMATE NORMAL PERIOD 1981 TO 2010
CLIMATE RECORD PERIOD 1965 TO 2014


WEATHER ITEM   OBSERVED TIME   NORMAL DEPARTURE LAST
                VALUE   (LST)  VALUE  FROM      YEAR
                                      NORMAL
......................................................
TEMPERATURE (F)
 YESTERDAY
  MAXIMUM         74    336 PM  78     -4       73
  MINIMUM         42    502 AM  53    -11       47
  AVERAGE         58            65     -7       60

PRECIPITATION (IN)
  YESTERDAY        0.00          0.11  -0.11     0.00
  MONTH TO DATE    5.80          2.50   3.30     0.48
  SINCE SEP 1      8.44          6.09   2.35     8.85
  SINCE JAN 1     48.38         44.48   3.90    66.69

SNOWFALL (IN)
  YESTERDAY        0.0

DEGREE DAYS
 HEATING
  YESTERDAY        7             3      4        5
  MONTH TO DATE   28            27      1        5
  SINCE SEP 1     28            29     -1        5
  SINCE JUL 1     28            29     -1        5

 COOLING
  YESTERDAY        0             3     -3        0
  MONTH TO DATE  115           113      2      140
  SINCE SEP 1    502           461     41      524
  SINCE JAN 1   2387          2341     46     2278
......................................................


WIND (MPH)
  HIGHEST WIND SPEED     9   HIGHEST WIND DIRECTION    NW (330)
  HIGHEST GUST SPEED    14   HIGHEST GUST DIRECTION     E (80)
  AVERAGE WIND SPEED     3.7








-  INDICATES NEGATIVE NUMBERS.
R  INDICATES RECORD WAS SET OR TIED.
MM INDICATES DATA IS MISSING.
T  INDICATES TRACE AMOUNT.




$$
