000
CDUS44 KTAE 250633
CLIDHN


CLIMATE REPORT
NATIONAL WEATHER SERVICE TALLAHASSEE FL
233 AM EDT MON SEP 25 2017


...................................

...THE DOTHAN CLIMATE SUMMARY FOR SEPTEMBER 24 2017...

CLIMATE NORMAL PERIOD 1981 TO 2010
CLIMATE RECORD PERIOD 1965 TO 2017


WEATHER ITEM   OBSERVED TIME   NORMAL DEPARTURE LAST
                VALUE   (LST)  VALUE  FROM      YEAR
                                      NORMAL
......................................................
TEMPERATURE (F)
 YESTERDAY
  MAXIMUM         87    147 PM  86      1       97
  MINIMUM         68    655 AM  63      5       67
  AVERAGE         78            74      4       82

PRECIPITATION (IN)
  YESTERDAY        0.00          0.09  -0.09     0.00
  MONTH TO DATE    2.85          3.04  -0.19     0.76
  SINCE SEP 1      2.85          3.04  -0.19     0.76
  SINCE JAN 1     44.10         41.43   2.67    43.99

SNOWFALL (IN)
  YESTERDAY        0.0

DEGREE DAYS
 HEATING
  YESTERDAY        0             0      0        0
  MONTH TO DATE    4             0      4        0
  SINCE SEP 1      4             0      4        0
  SINCE JUL 1      4             0      4        0

 COOLING
  YESTERDAY       13             9      4       17
  MONTH TO DATE  278           297    -19      356
  SINCE SEP 1    278           297    -19      356
  SINCE JAN 1   2336          2177    159     2424
......................................................


WIND (MPH)
  HIGHEST WIND SPEED    15   HIGHEST WIND DIRECTION     E (90)
  HIGHEST GUST SPEED    22   HIGHEST GUST DIRECTION     E (80)
  AVERAGE WIND SPEED     6.1








-  INDICATES NEGATIVE NUMBERS.
R  INDICATES RECORD WAS SET OR TIED.
MM INDICATES DATA IS MISSING.
T  INDICATES TRACE AMOUNT.




$$
