000
CDUS44 KTAE 220715
CLIDHN


CLIMATE REPORT
NATIONAL WEATHER SERVICE TALLAHASSEE FL
310 AM EDT FRI AUG 22 2014


...................................

...THE DOTHAN CLIMATE SUMMARY FOR AUGUST 21 2014...

CLIMATE NORMAL PERIOD 1981 TO 2010
CLIMATE RECORD PERIOD 1965 TO 2014


WEATHER ITEM   OBSERVED TIME   NORMAL DEPARTURE LAST
                VALUE   (LST)  VALUE  FROM      YEAR
                                      NORMAL
......................................................
TEMPERATURE (F)
 YESTERDAY
  MAXIMUM         95    309 PM  91      4       89
  MINIMUM         73    542 AM  71      2       71
  AVERAGE         84            81      3       80

PRECIPITATION (IN)
  YESTERDAY        T             0.15  -0.15      T
  MONTH TO DATE    2.17          3.15  -0.98     7.24
  SINCE JUN 1      9.86         14.70  -4.84    29.40
  SINCE JAN 1     39.93         37.06   2.87    56.70

SNOWFALL (IN)
  YESTERDAY        0.0

DEGREE DAYS
 COOLING
  YESTERDAY       19            16      3       15
  MONTH TO DATE  357           346     11      336
  SINCE JUN 1   1326          1314     12     1243
  SINCE JAN 1   1711          1727    -16     1615
......................................................


WIND (MPH)
  HIGHEST WIND SPEED    17   HIGHEST WIND DIRECTION    NE (50)
  HIGHEST GUST SPEED    25   HIGHEST GUST DIRECTION    NE (40)
  AVERAGE WIND SPEED     3.6








-  INDICATES NEGATIVE NUMBERS.
R  INDICATES RECORD WAS SET OR TIED.
MM INDICATES DATA IS MISSING.
T  INDICATES TRACE AMOUNT.




$$
