506
CDUS44 KTAE 272133
CLIDHN


CLIMATE REPORT
NATIONAL WEATHER SERVICE TALLAHASSEE FL
533 PM EDT SAT MAY 27 2017


...................................

...THE DOTHAN CLIMATE SUMMARY FOR MAY 27 2017...
VALID TODAY AS OF 0500 PM LOCAL TIME.

CLIMATE NORMAL PERIOD 1981 TO 2010
CLIMATE RECORD PERIOD 1965 TO 2017


WEATHER ITEM   OBSERVED TIME   NORMAL DEPARTURE LAST
                VALUE   (LST)  VALUE  FROM      YEAR
                                      NORMAL
......................................................
TEMPERATURE (F)
 TODAY
  MAXIMUM         88    342 PM  88      0       88
  MINIMUM         62    547 AM  66     -4       68
  AVERAGE         75            77     -2       78

PRECIPITATION (IN)
  TODAY            0.00          0.17  -0.17     0.00
  MONTH TO DATE    4.55          2.83   1.72     1.50
  SINCE MAR 1      7.66         12.23  -4.57    13.45
  SINCE JAN 1     27.25         21.63   5.62    24.30

......................................................










-  INDICATES NEGATIVE NUMBERS.
R  INDICATES RECORD WAS SET OR TIED.
MM INDICATES DATA IS MISSING.
T  INDICATES TRACE AMOUNT.




$$
