000
CDUS44 KTAE 120635
CLIDHN


CLIMATE REPORT
NATIONAL WEATHER SERVICE TALLAHASSEE FL
235 AM EDT SAT JUL 12 2014


...................................

...THE DOTHAN CLIMATE SUMMARY FOR JULY 11 2014...

CLIMATE NORMAL PERIOD 1981 TO 2010
CLIMATE RECORD PERIOD 1965 TO 2014


WEATHER ITEM   OBSERVED TIME   NORMAL DEPARTURE LAST
                VALUE   (LST)  VALUE  FROM      YEAR
                                      NORMAL
......................................................
TEMPERATURE (F)
 YESTERDAY
  MAXIMUM         89    346 PM  92     -3       85
  MINIMUM         70    458 AM  72     -2       71
  AVERAGE         80            82     -2       78

PRECIPITATION (IN)
  YESTERDAY        T             0.21  -0.21     0.00
  MONTH TO DATE    0.09          2.30  -2.21    10.68
  SINCE JUN 1      2.57          7.90  -5.33    15.27
  SINCE JAN 1     32.64         30.26   2.38    42.57

SNOWFALL (IN)
  YESTERDAY        0.0

DEGREE DAYS
 COOLING
  YESTERDAY       15            17     -2       13
  MONTH TO DATE  195           186      9      140
  SINCE JUN 1    669           630     39      600
  SINCE JAN 1   1054          1043     11      972
......................................................










-  INDICATES NEGATIVE NUMBERS.
R  INDICATES RECORD WAS SET OR TIED.
MM INDICATES DATA IS MISSING.
T  INDICATES TRACE AMOUNT.




$$
