000
CDUS44 KAMA 260639
CLIDHT


CLIMATE REPORT
NATIONAL WEATHER SERVICE AMARILLO TX
138 AM CDT TUE SEP 26 2017


...................................

...THE DALHART CLIMATE SUMMARY FOR SEPTEMBER 25 2017...

CLIMATE NORMAL PERIOD 1981 TO 2010
CLIMATE RECORD PERIOD 1948 TO 2017


WEATHER ITEM   OBSERVED TIME   RECORD YEAR NORMAL DEPARTURE LAST
                VALUE   (LST)  VALUE       VALUE  FROM      YEAR
                                                  NORMAL
..................................................................
TEMPERATURE (F)
 YESTERDAY
  MAXIMUM         69    144 AM  93    1998  78     -9       75
  MINIMUM         55   1159 PM  32    2000  49      6       49
  AVERAGE         62                        64     -2       62

PRECIPITATION (IN)
  YESTERDAY        0.44R         0.40 1950   0.05   0.39     0.00
  MONTH TO DATE    2.21                      1.41   0.80     3.42
  SINCE SEP 1      2.21                      1.41   0.80     3.42
  SINCE JAN 1     19.45                     14.76   4.69    17.61

SNOWFALL (IN)
  YESTERDAY        0.0           0.0    MM   0.0    0.0      0.0
  MONTH TO DATE    0.0                       0.0    0.0      0.0
  SINCE SEP 1      0.0                       0.0    0.0      0.0
  SINCE JUL 1      0.0                       0.0    0.0      0.0
  SNOW DEPTH       0

DEGREE DAYS
 HEATING
  YESTERDAY        3                         4     -1        3
  MONTH TO DATE    3                        38    -35        4
  SINCE SEP 1      3                        38    -35        4
  SINCE JUL 1      3                        41    -38        4

 COOLING
  YESTERDAY        0                         2     -2        0
  MONTH TO DATE  157                       123     34      219
  SINCE SEP 1    157                       123     34      219
  SINCE JAN 1   1305                      1119    186     1494
..................................................................


WIND (MPH)
  RESULTANT WIND SPEED   6   RESULTANT WIND DIRECTION  NE (50)
  HIGHEST WIND SPEED    25   HIGHEST WIND DIRECTION     S (170)
  HIGHEST GUST SPEED    31   HIGHEST GUST DIRECTION     S (170)
  AVERAGE WIND SPEED    14.0


SKY COVER
  AVERAGE SKY COVER 0.8


WEATHER CONDITIONS
 THE FOLLOWING WEATHER WAS RECORDED YESTERDAY.
  THUNDERSTORM
  HEAVY RAIN
  RAIN
  LIGHT RAIN
  FOG


RELATIVE HUMIDITY (PERCENT)
 HIGHEST    93           400 AM
 LOWEST     68           400 PM
 AVERAGE    81

..........................................................


THE DALHART CLIMATE NORMALS FOR TODAY
                         NORMAL    RECORD    YEAR
 MAXIMUM TEMPERATURE (F)   78        95      1951
 MINIMUM TEMPERATURE (F)   48        32      2000


SUNRISE AND SUNSET
SEPTEMBER 26 2017.....SUNRISE   741 AM CDT   SUNSET   741 PM CDT
SEPTEMBER 27 2017.....SUNRISE   742 AM CDT   SUNSET   739 PM CDT


-  INDICATES NEGATIVE NUMBERS.
R  INDICATES RECORD WAS SET OR TIED.
MM INDICATES DATA IS MISSING.
T  INDICATES TRACE AMOUNT.




$$
