000
CDUS44 KAMA 252134
CLIDHT


CLIMATE REPORT
NATIONAL WEATHER SERVICE AMARILLO TX
434 PM CDT WED MAY 25 2016


...................................

...THE DALHART CLIMATE SUMMARY FOR MAY 25 2016...
VALID TODAY AS OF 0400 PM LOCAL TIME.

CLIMATE NORMAL PERIOD 1981 TO 2010
CLIMATE RECORD PERIOD 1948 TO 2016


WEATHER ITEM   OBSERVED TIME   RECORD YEAR NORMAL DEPARTURE LAST
                VALUE   (LST)  VALUE       VALUE  FROM      YEAR
                                                  NORMAL
..................................................................
TEMPERATURE (F)
 TODAY
  MAXIMUM         86    329 PM 100    2006  81      5       75
  MINIMUM         49    602 AM  36    1950  52     -3       47
  AVERAGE         68                        66      2       61

PRECIPITATION (IN)
  TODAY            0.00          1.04 1976   0.08  -0.08     0.00
  MONTH TO DATE    2.35                      1.74   0.61     1.97
  SINCE MAR 1      6.69                      3.99   2.70     3.35
  SINCE JAN 1      6.94                      4.91   2.03     6.66

SNOWFALL (IN)
  TODAY            0.0           T    1996   0.0    0.0      0.0
  MONTH TO DATE    0.0                       0.1   -0.1      0.0
  SINCE MAR 1      0.0                       5.5   -5.5      0.8
  SINCE JUL 1      2.5                      19.0  -16.5     34.1
  SNOW DEPTH       0

DEGREE DAYS
 HEATING
  TODAY            0                         2     -2        4
  MONTH TO DATE  138                       105     33      127
  SINCE MAR 1    899                      1064   -165      861
  SINCE JUL 1   3844                      4707   -863     4154

 COOLING
  TODAY            3                         3      0        0
  MONTH TO DATE   37                        42     -5       12
  SINCE MAR 1     39                        48     -9       13
  SINCE JAN 1     39                        48     -9       13
..................................................................


WIND (MPH)
  RESULTANT WIND SPEED  10   RESULTANT WIND DIRECTION  SW (240)
  HIGHEST WIND SPEED    24   HIGHEST WIND DIRECTION    SW (220)
  HIGHEST GUST SPEED    33   HIGHEST GUST DIRECTION    SW (220)
  AVERAGE WIND SPEED    12.8


SKY COVER
  AVERAGE SKY COVER 0.0


WEATHER CONDITIONS
 THE FOLLOWING WEATHER WAS RECORDED TODAY.
  NO SIGNIFICANT WEATHER WAS OBSERVED.


RELATIVE HUMIDITY (PERCENT)
 HIGHEST    52           600 AM
 LOWEST     11           300 PM
 AVERAGE    32

..........................................................


THE DALHART CLIMATE NORMALS FOR TOMORROW
                         NORMAL    RECORD    YEAR
 MAXIMUM TEMPERATURE (F)   81       102      2006
 MINIMUM TEMPERATURE (F)   52        38      1950


SUNRISE AND SUNSET
MAY 25 2016...........SUNRISE   638 AM CDT   SUNSET   857 PM CDT
MAY 26 2016...........SUNRISE   637 AM CDT   SUNSET   858 PM CDT


-  INDICATES NEGATIVE NUMBERS.
R  INDICATES RECORD WAS SET OR TIED.
MM INDICATES DATA IS MISSING.
T  INDICATES TRACE AMOUNT.




$$
