000
CDUS44 KAMA 201410
CLIDHT


CLIMATE REPORT
NATIONAL WEATHER SERVICE AMARILLO TX
910 AM CDT SUN APR 20 2014


...................................

...THE DALHART CLIMATE SUMMARY FOR APRIL 20 2014...
VALID AS OF 0900 AM LOCAL TIME.

CLIMATE NORMAL PERIOD 1981 TO 2010
CLIMATE RECORD PERIOD 1894 TO 2014


WEATHER ITEM   OBSERVED TIME   RECORD YEAR NORMAL DEPARTURE LAST
                VALUE   (LST)  VALUE       VALUE  FROM      YEAR
                                                  NORMAL
..................................................................
TEMPERATURE (F)
 TODAY
  MINIMUM         45    543 AM  22    1966  39      6       32

PRECIPITATION (IN)
  TODAY            0.00          0.99 1952   0.04  -0.04     0.00
  MONTH TO DATE    0.11                      0.65  -0.54      T
  SINCE MAR 1      0.20                      1.82  -1.62     0.06
  SINCE JAN 1      0.29                      2.74  -2.45     0.86

SNOWFALL (IN)
  TODAY            0.0           T    1959   0.0    0.0      0.0
  MONTH TO DATE    1.0                       1.0    0.0       T
  SINCE MAR 1      2.1                       5.2   -3.1      3.3
  SINCE JUL 1     17.4                      18.7   -1.3     21.6
  SNOW DEPTH       0

..................................................................


WIND (MPH)
  RESULTANT WIND SPEED   7   RESULTANT WIND DIRECTION   S (200)
  HIGHEST WIND SPEED    13   HIGHEST WIND DIRECTION    SW (210)
  HIGHEST GUST SPEED    17   HIGHEST GUST DIRECTION    SW (220)
  AVERAGE WIND SPEED     6.9


SKY COVER
  AVERAGE SKY COVER 0.2


WEATHER CONDITIONS
 THE FOLLOWING WEATHER WAS RECORDED TODAY.
  FOG


RELATIVE HUMIDITY (PERCENT)
 HIGHEST    93           100 AM
 LOWEST     83          1200 AM
 AVERAGE    88

..........................................................


THE DALHART CLIMATE NORMALS FOR TOMORROW
                         NORMAL    RECORD    YEAR
 MAXIMUM TEMPERATURE (F)   71        92      1989
 MINIMUM TEMPERATURE (F)   40        29      1993


SUNRISE AND SUNSET
APRIL 20 2014.........SUNRISE   711 AM CDT   SUNSET   828 PM CDT
APRIL 21 2014.........SUNRISE   709 AM CDT   SUNSET   829 PM CDT


-  INDICATES NEGATIVE NUMBERS.
R  INDICATES RECORD WAS SET OR TIED.
MM INDICATES DATA IS MISSING.
T  INDICATES TRACE AMOUNT.




$$
