461
CDUS44 KAMA 230728
CLIDHT


CLIMATE REPORT
NATIONAL WEATHER SERVICE AMARILLO TX
128 AM CST THU FEB 23 2017


...................................

...THE DALHART CLIMATE SUMMARY FOR FEBRUARY 22 2017...

CLIMATE NORMAL PERIOD 1981 TO 2010
CLIMATE RECORD PERIOD 1948 TO 2017


WEATHER ITEM   OBSERVED TIME   RECORD YEAR NORMAL DEPARTURE LAST
                VALUE   (LST)  VALUE       VALUE  FROM      YEAR
                                                  NORMAL
..................................................................
TEMPERATURE (F)
 YESTERDAY
  MAXIMUM         80R   407 PM  77    2012  54     26       58
                                      1996
  MINIMUM         40   1153 PM   8    1960  24     16       28
  AVERAGE         60                        39     21       43

PRECIPITATION (IN)
  YESTERDAY        0.00          0.63 2015   0.01  -0.01     0.00
  MONTH TO DATE    0.05                      0.31  -0.26     0.03
  SINCE DEC 1      1.28                      1.37  -0.09     0.82
  SINCE JAN 1      1.08                      0.83   0.25     0.27

SNOWFALL (IN)
  YESTERDAY        0.0           4.3  2015   0.1   -0.1      0.0
  MONTH TO DATE    T                         2.5   -2.5      0.5
  SINCE DEC 1      1.3                      11.1   -9.8      6.0
  SINCE JUL 1      1.3                      13.0  -11.7      6.5
  SNOW DEPTH       0

DEGREE DAYS
 HEATING
  YESTERDAY        5                        26    -21       22
  MONTH TO DATE  399                       612   -213      445
  SINCE DEC 1   2113                      2499   -386     2099
  SINCE JUL 1   2689                      3494   -805     2809

 COOLING
  YESTERDAY        0                         0      0        0
  MONTH TO DATE    0                         0      0        0
  SINCE DEC 1      0                         0      0        0
  SINCE JAN 1      0                         0      0        0
..................................................................


WIND (MPH)
  RESULTANT WIND SPEED  13   RESULTANT WIND DIRECTION   W (270)
  HIGHEST WIND SPEED    26   HIGHEST WIND DIRECTION     W (260)
  HIGHEST GUST SPEED    35   HIGHEST GUST DIRECTION     W (260)
  AVERAGE WIND SPEED    13.7


SKY COVER
  AVERAGE SKY COVER 0.0


WEATHER CONDITIONS
 THE FOLLOWING WEATHER WAS RECORDED YESTERDAY.
  NO SIGNIFICANT WEATHER WAS OBSERVED.


RELATIVE HUMIDITY (PERCENT)
 HIGHEST    49           800 AM
 LOWEST      8           400 PM
 AVERAGE    29

..........................................................


THE DALHART CLIMATE NORMALS FOR TODAY
                         NORMAL    RECORD    YEAR
 MAXIMUM TEMPERATURE (F)   55        81      1956
 MINIMUM TEMPERATURE (F)   24         3      2010


SUNRISE AND SUNSET
FEBRUARY 23 2017......SUNRISE   728 AM CST   SUNSET   640 PM CST
FEBRUARY 24 2017......SUNRISE   726 AM CST   SUNSET   641 PM CST


-  INDICATES NEGATIVE NUMBERS.
R  INDICATES RECORD WAS SET OR TIED.
MM INDICATES DATA IS MISSING.
T  INDICATES TRACE AMOUNT.




$$
