000
CDUS44 KAMA 232240
CLIDHT


CLIMATE REPORT
NATIONAL WEATHER SERVICE AMARILLO TX
439 PM CST FRI FEB 23 2018


...................................

...THE DALHART CLIMATE SUMMARY FOR FEBRUARY 23 2018...
VALID TODAY AS OF 0400 PM LOCAL TIME.

CLIMATE NORMAL PERIOD 1981 TO 2010
CLIMATE RECORD PERIOD 1948 TO 2018


WEATHER ITEM   OBSERVED TIME   RECORD YEAR NORMAL DEPARTURE LAST
                VALUE   (LST)  VALUE       VALUE  FROM      YEAR
                                                  NORMAL
..................................................................
TEMPERATURE (F)
 TODAY
  MAXIMUM         60    353 PM  81    1956  55      5       74
  MINIMUM         12    653 AM   3    2010  24    -12       34
  AVERAGE         36                        40     -4       54

PRECIPITATION (IN)
  TODAY            0.00          0.11 2016   0.01  -0.01     0.00
  MONTH TO DATE    T                         0.32  -0.32     0.05
  SINCE DEC 1      0.01                      1.38  -1.37     1.28
  SINCE JAN 1      0.01                      0.84  -0.83     1.08

SNOWFALL (IN)
  TODAY            0.0           1.9  2015   0.1   -0.1      0.0
  MONTH TO DATE    T                         2.6   -2.6       T
  SINCE DEC 1      T                        11.2  -11.2      1.3
  SINCE JUL 1      2.3                      13.1  -10.8      1.3
  SNOW DEPTH       0

DEGREE DAYS
 HEATING
  TODAY           29                        25      4       11
  MONTH TO DATE  635                       637     -2      410
  SINCE DEC 1   2393                      2524   -131     2124
  SINCE JUL 1   3068                      3519   -451     2700

 COOLING
  TODAY            0                         0      0        0
  MONTH TO DATE    0                         0      0        0
  SINCE DEC 1      0                         0      0        0
  SINCE JAN 1      0                         0      0        0
..................................................................


WIND (MPH)
  RESULTANT WIND SPEED   2   RESULTANT WIND DIRECTION  SE (120)
  HIGHEST WIND SPEED    18   HIGHEST WIND DIRECTION     E (100)
  HIGHEST GUST SPEED    23   HIGHEST GUST DIRECTION    SE (150)
  AVERAGE WIND SPEED     6.8


SKY COVER
  AVERAGE SKY COVER 0.0


WEATHER CONDITIONS
 THE FOLLOWING WEATHER WAS RECORDED TODAY.
  NO SIGNIFICANT WEATHER WAS OBSERVED.


RELATIVE HUMIDITY (PERCENT)
 HIGHEST    84           700 AM
 LOWEST     19           300 PM
 AVERAGE    52

..........................................................


THE DALHART CLIMATE NORMALS FOR TOMORROW
                         NORMAL    RECORD    YEAR
 MAXIMUM TEMPERATURE (F)   55        77      1986
 MINIMUM TEMPERATURE (F)   25         2      1965


SUNRISE AND SUNSET
FEBRUARY 23 2018......SUNRISE   728 AM CST   SUNSET   640 PM CST
FEBRUARY 24 2018......SUNRISE   727 AM CST   SUNSET   640 PM CST


-  INDICATES NEGATIVE NUMBERS.
R  INDICATES RECORD WAS SET OR TIED.
MM INDICATES DATA IS MISSING.
T  INDICATES TRACE AMOUNT.




$$
