000
CDUS44 KAMA 050734
CLIDHT


CLIMATE REPORT
NATIONAL WEATHER SERVICE AMARILLO TX
130 AM CST THU MAR 5 2015


...THE DALHART CLIMATE SUMMARY FOR MARCH 4 2015...

CLIMATE NORMAL PERIOD 1981 TO 2010
CLIMATE RECORD PERIOD 1894 TO 2015


WEATHER ITEM   OBSERVED TIME   RECORD YEAR NORMAL DEPARTURE LAST
                VALUE   (LST)  VALUE       VALUE  FROM      YEAR
                                                  NORMAL
..................................................................
TEMPERATURE (F)
 YESTERDAY
  MAXIMUM         31   1205 AM  82    2009  58    -27       67
  MINIMUM         16   1159 PM   4    1960  27    -11       23
  AVERAGE         24                        42    -18       45

PRECIPITATION (IN)
  YESTERDAY         T            0.68 2004   0.03  -0.03     0.00
  MONTH TO DATE    0.02                      0.10  -0.08     0.09
  SINCE MAR 1      0.02                      0.10  -0.08     0.09
  SINCE JAN 1      3.33                      1.02   2.31     0.18

SNOWFALL (IN)
  YESTERDAY        0.8           1.0  1969   0.1    0.7      0.0
  MONTH TO DATE    0.8                       0.4    0.4      1.1
  SINCE MAR 1      0.8                       0.4    0.4      1.1
  SINCE JUL 1     34.1                      13.9   20.2     16.4
  SNOW DEPTH       0

DEGREE DAYS
 HEATING
  YESTERDAY       41                        23     18       20
  MONTH TO DATE  135                        94     41      144
  SINCE MAR 1    135                        94     41      144
  SINCE JUL 1   3428                      3737   -309     3738

 COOLING
  YESTERDAY        0                         0      0        0
  MONTH TO DATE    0                         0      0        0
  SINCE MAR 1      0                         0      0        0
  SINCE JAN 1      0                         0      0        0
..................................................................


WIND (MPH)
  RESULTANT WIND SPEED  16   RESULTANT WIND DIRECTION  NE (40)
  HIGHEST WIND SPEED    26   HIGHEST WIND DIRECTION    NE (50)
  HIGHEST GUST SPEED    34   HIGHEST GUST DIRECTION    NE (40)
  AVERAGE WIND SPEED   15.9


SKY COVER
  AVERAGE SKY COVER 1.0


WEATHER CONDITIONS
 THE FOLLOWING WEATHER WAS RECORDED YESTERDAY.
  LIGHT SNOW
  FOG


RELATIVE HUMIDITY (PERCENT)
 HIGHEST    92           200 AM
 LOWEST     74           500 PM
 AVERAGE    83

..................................................................


THE DALHART CLIMATE NORMALS FOR TODAY
                         NORMAL    RECORD    YEAR
 MAXIMUM TEMPERATURE (F)   58        82      1956
 MINIMUM TEMPERATURE (F)   27         4      1989


SUNRISE AND SUNSET
MARCH  5 2015.........SUNRISE   715 AM CST   SUNSET   649 PM CST
MARCH  6 2015.........SUNRISE   714 AM CST   SUNSET   650 PM CST


-  INDICATES NEGATIVE NUMBERS.
R  INDICATES RECORD WAS SET OR TIED.
MM INDICATES DATA IS MISSING.
T  INDICATES TRACE AMOUNT.


$$
