000
CDUS44 KAMA 242235
CLIDHT


CLIMATE REPORT
NATIONAL WEATHER SERVICE AMARILLO TX
435 PM CST FRI NOV 24 2017


...................................

...THE DALHART CLIMATE SUMMARY FOR NOVEMBER 24 2017...
VALID TODAY AS OF 0400 PM LOCAL TIME.

CLIMATE NORMAL PERIOD 1981 TO 2010
CLIMATE RECORD PERIOD 1948 TO 2017


WEATHER ITEM   OBSERVED TIME   RECORD YEAR NORMAL DEPARTURE LAST
                VALUE   (LST)  VALUE       VALUE  FROM      YEAR
                                                  NORMAL
..................................................................
TEMPERATURE (F)
 TODAY
  MAXIMUM         82R   243 PM  78    1990  55     27       62
  MINIMUM         34    603 AM   8    2003  24     10       30
  AVERAGE         58                        40     18       46

PRECIPITATION (IN)
  TODAY            0.00          0.60 1992   0.02  -0.02     0.00
  MONTH TO DATE    0.13                      0.50  -0.37     1.16
  SINCE SEP 1      7.17                      3.62   3.55     4.68
  SINCE JAN 1     24.41                     16.97   7.44    18.87

SNOWFALL (IN)
  TODAY            0.0           6.1  1992   0.1   -0.1      0.0
  MONTH TO DATE    2.3                       0.9    1.4      0.0
  SINCE SEP 1      2.3                       1.5    0.8      0.0
  SINCE JUL 1      2.3                       1.5    0.8      0.0
  SNOW DEPTH       0

DEGREE DAYS
 HEATING
  TODAY            7                        25    -18       19
  MONTH TO DATE  303                       475   -172      313
  SINCE SEP 1    580                       832   -252      434
  SINCE JUL 1    580                       835   -255      434

 COOLING
  TODAY            0                         0      0        0
  MONTH TO DATE    5                         0      5        0
  SINCE SEP 1    201                       142     59      281
  SINCE JAN 1   1349                      1138    211     1556
..................................................................


WIND (MPH)
  RESULTANT WIND SPEED   5   RESULTANT WIND DIRECTION  SW (230)
  HIGHEST WIND SPEED    12   HIGHEST WIND DIRECTION    SW (210)
  HIGHEST GUST SPEED    13   HIGHEST GUST DIRECTION    SW (210)
  AVERAGE WIND SPEED     5.6


SKY COVER
  AVERAGE SKY COVER 0.0


WEATHER CONDITIONS
 THE FOLLOWING WEATHER WAS RECORDED TODAY.
  NO SIGNIFICANT WEATHER WAS OBSERVED.


RELATIVE HUMIDITY (PERCENT)
 HIGHEST    82           400 AM
 LOWEST      9           200 PM
 AVERAGE    46

..........................................................


THE DALHART CLIMATE NORMALS FOR TOMORROW
                         NORMAL    RECORD    YEAR
 MAXIMUM TEMPERATURE (F)   55        78      2015
 MINIMUM TEMPERATURE (F)   24         4      1993


SUNRISE AND SUNSET
NOVEMBER 24 2017......SUNRISE   736 AM CST   SUNSET   538 PM CST
NOVEMBER 25 2017......SUNRISE   737 AM CST   SUNSET   537 PM CST


-  INDICATES NEGATIVE NUMBERS.
R  INDICATES RECORD WAS SET OR TIED.
MM INDICATES DATA IS MISSING.
T  INDICATES TRACE AMOUNT.




$$
