000
CDUS44 KAMA 302145
CLIDHT


CLIMATE REPORT
NATIONAL WEATHER SERVICE AMARILLO TX
444 PM CDT TUE AUG 30 2016


...................................

...THE DALHART CLIMATE SUMMARY FOR AUGUST 30 2016...
VALID TODAY AS OF 0400 PM LOCAL TIME.

CLIMATE NORMAL PERIOD 1981 TO 2010
CLIMATE RECORD PERIOD 1948 TO 2016


WEATHER ITEM   OBSERVED TIME   RECORD YEAR NORMAL DEPARTURE LAST
                VALUE   (LST)  VALUE       VALUE  FROM      YEAR
                                                  NORMAL
..................................................................
TEMPERATURE (F)
 TODAY
  MAXIMUM         74   1253 PM  99    2013  87    -13       92
                                      2011
  MINIMUM         63    648 AM  52    2015  59      4       52
                                      1967
  AVERAGE         69                        73     -4       72

PRECIPITATION (IN)
  TODAY            0.05          1.25 1973   0.07  -0.02     0.00
  MONTH TO DATE    2.87                      2.79   0.08     1.72
  SINCE JUN 1      6.95                      7.88  -0.93     6.72
  SINCE JAN 1     14.17                     13.29   0.88    13.43

SNOWFALL (IN)
  TODAY            0.0           T    1997   0.0    0.0      0.0
  MONTH TO DATE    0.0                       0.0    0.0      0.0
  SINCE JUN 1      0.0                       0.0    0.0      0.0
  SINCE JUL 1      0.0                       0.0    0.0      0.0
  SNOW DEPTH       0

DEGREE DAYS
 HEATING
  TODAY            0                         0      0        0
  MONTH TO DATE    0                         0      0        0
  SINCE JUN 1      0                        13    -13        0
  SINCE JUL 1      0                         1     -1        0

 COOLING
  TODAY            4                         8     -4        7
  MONTH TO DATE  340                       310     30      377
  SINCE JUN 1   1222                       915    307     1176
  SINCE JAN 1   1268                       987    281     1198
..................................................................


WIND (MPH)
  RESULTANT WIND SPEED   1   RESULTANT WIND DIRECTION   N (10)
  HIGHEST WIND SPEED    10   HIGHEST WIND DIRECTION     E (70)
  HIGHEST GUST SPEED    14   HIGHEST GUST DIRECTION    NE (60)
  AVERAGE WIND SPEED     2.6


SKY COVER
  AVERAGE SKY COVER 0.8


WEATHER CONDITIONS
 THE FOLLOWING WEATHER WAS RECORDED TODAY.
  LIGHT RAIN
  FOG
  HAZE


RELATIVE HUMIDITY (PERCENT)
 HIGHEST    93           100 AM
 LOWEST     64           300 PM
 AVERAGE    79

..........................................................


THE DALHART CLIMATE NORMALS FOR TOMORROW
                         NORMAL    RECORD    YEAR
 MAXIMUM TEMPERATURE (F)   87       103      2011
 MINIMUM TEMPERATURE (F)   59        49      1987


SUNRISE AND SUNSET
AUGUST 30 2016........SUNRISE   721 AM CDT   SUNSET   820 PM CDT
AUGUST 31 2016........SUNRISE   722 AM CDT   SUNSET   818 PM CDT


-  INDICATES NEGATIVE NUMBERS.
R  INDICATES RECORD WAS SET OR TIED.
MM INDICATES DATA IS MISSING.
T  INDICATES TRACE AMOUNT.




$$
