000
CDUS44 KAMA 250733
CLIDHT


CLIMATE REPORT
NATIONAL WEATHER SERVICE AMARILLO TX
133 AM CST SUN JAN 25 2015


...................................

...THE DALHART CLIMATE SUMMARY FOR JANUARY 24 2015...

CLIMATE NORMAL PERIOD 1981 TO 2010
CLIMATE RECORD PERIOD 1894 TO 2015


WEATHER ITEM   OBSERVED TIME   RECORD YEAR NORMAL DEPARTURE LAST
                VALUE   (LST)  VALUE       VALUE  FROM      YEAR
                                                  NORMAL
..................................................................
TEMPERATURE (F)
 YESTERDAY
  MAXIMUM         40    503 PM  77    1970  51    -11       55
  MINIMUM         22    636 AM   3    1969  20      2        4
                                      1966
  AVERAGE         31                        35     -4       30

PRECIPITATION (IN)
  YESTERDAY        0.00          0.15 1978   0.02  -0.02     0.00
  MONTH TO DATE    1.09                      0.38   0.71     0.01
  SINCE DEC 1      1.42                      0.92   0.50     0.22
  SINCE JAN 1      1.09                      0.38   0.71     0.01

SNOWFALL (IN)
  YESTERDAY        0.0           2.0  1978   0.2   -0.2      0.0
  MONTH TO DATE   15.0                       3.2   11.8      3.0
  SINCE DEC 1     19.5                       7.5   12.0      9.5
  SINCE JUL 1     21.0                       9.4   11.6     12.5
  SNOW DEPTH       6

DEGREE DAYS
 HEATING
  YESTERDAY       34                        30      4       35
  MONTH TO DATE  739                       731      8      701
  SINCE DEC 1   1602                      1679    -77     1690
  SINCE JUL 1   2455                      2674   -219     2636

 COOLING
  YESTERDAY        0                         0      0        0
  MONTH TO DATE    0                         0      0        0
  SINCE DEC 1      0                         0      0        0
  SINCE JAN 1      0                         0      0        0
..................................................................


WIND (MPH)
  RESULTANT WIND SPEED   8   RESULTANT WIND DIRECTION   W (280)
  HIGHEST WIND SPEED    16   HIGHEST WIND DIRECTION    SW (220)
  HIGHEST GUST SPEED    19   HIGHEST GUST DIRECTION    SW (220)
  AVERAGE WIND SPEED    10.1


SKY COVER
  AVERAGE SKY COVER 0.0


WEATHER CONDITIONS
 THE FOLLOWING WEATHER WAS RECORDED YESTERDAY.
  NO SIGNIFICANT WEATHER WAS OBSERVED.


RELATIVE HUMIDITY (PERCENT)
 HIGHEST    75           300 AM
 LOWEST     63          1200 AM
 AVERAGE    69

..........................................................


THE DALHART CLIMATE NORMALS FOR TODAY
                         NORMAL    RECORD    YEAR
 MAXIMUM TEMPERATURE (F)   51        76      1953
 MINIMUM TEMPERATURE (F)   20         2      1957


SUNRISE AND SUNSET
JANUARY 25 2015.......SUNRISE   756 AM CST   SUNSET   610 PM CST
JANUARY 26 2015.......SUNRISE   755 AM CST   SUNSET   611 PM CST


-  INDICATES NEGATIVE NUMBERS.
R  INDICATES RECORD WAS SET OR TIED.
MM INDICATES DATA IS MISSING.
T  INDICATES TRACE AMOUNT.




$$
