000
CDUS43 KBIS 240728
CLIDIK


CLIMATE REPORT
NATIONAL WEATHER SERVICE BISMARCK ND
228 AM CDT THU AUG 24 2017


...................................

...THE DICKINSON ND CLIMATE SUMMARY FOR AUGUST 23 2017...

CLIMATE NORMAL PERIOD 1981 TO 2010
CLIMATE RECORD PERIOD 1893 TO 2017


WEATHER ITEM   OBSERVED TIME   RECORD YEAR NORMAL DEPARTURE LAST
                VALUE   (LST)  VALUE       VALUE  FROM      YEAR
                                                  NORMAL
..................................................................
TEMPERATURE (F)
 YESTERDAY
  MAXIMUM         87    332 PM 104    1937  82      5       79
  MINIMUM         51    429 AM  31    1911  52     -1       51
  AVERAGE         69                        67      2       65

PRECIPITATION (IN)
  YESTERDAY        0.00          2.95 1995   0.05  -0.05     0.00
  MONTH TO DATE    1.96                      1.14   0.82     0.61
  SINCE JUN 1      4.71                      6.78  -2.07     7.17
  SINCE JAN 1      7.07                     11.89  -4.82    11.59

DEGREE DAYS
 HEATING
  YESTERDAY        0                         2     -2        0
  MONTH TO DATE   50                        29     21       27
  SINCE JUN 1    142                       200    -58      103
  SINCE JUL 1     50                        63    -13       44

 COOLING
  YESTERDAY        4                         4      0        0
  MONTH TO DATE   34                       126    -92       81
  SINCE JUN 1    399                       345     54      272
  SINCE JAN 1    409                       355     54      275
..................................................................


WIND (MPH)
  HIGHEST WIND SPEED    20   HIGHEST WIND DIRECTION     S (170)
  HIGHEST GUST SPEED    23   HIGHEST GUST DIRECTION     S (170)
  AVERAGE WIND SPEED     8.9


SKY COVER
  POSSIBLE SUNSHINE  MM
  AVERAGE SKY COVER 0.0


WEATHER CONDITIONS
 THE FOLLOWING WEATHER WAS RECORDED YESTERDAY.
  NO SIGNIFICANT WEATHER WAS OBSERVED.


RELATIVE HUMIDITY (PERCENT)
 HIGHEST    78          1100 PM
 LOWEST     27           100 PM
 AVERAGE    53

..........................................................


THE DICKINSON ND CLIMATE NORMALS FOR TODAY
                         NORMAL    RECORD    YEAR
 MAXIMUM TEMPERATURE (F)   82       100      1997
                                             1996
 MINIMUM TEMPERATURE (F)   52        29      1896


SUNRISE AND SUNSET
AUGUST 24 2017........SUNRISE   601 AM MDT   SUNSET   745 PM MDT
AUGUST 25 2017........SUNRISE   602 AM MDT   SUNSET   743 PM MDT


-  INDICATES NEGATIVE NUMBERS.
R  INDICATES RECORD WAS SET OR TIED.
MM INDICATES DATA IS MISSING.
T  INDICATES TRACE AMOUNT.




$$
