000
CDUS43 KBIS 300805
CLIDIK


CLIMATE REPORT
NATIONAL WEATHER SERVICE BISMARCK ND
304 AM CDT THU OCT 30 2014


...................................

...THE DICKINSON ND CLIMATE SUMMARY FOR OCTOBER 29 2014...

CLIMATE NORMAL PERIOD 1981 TO 2010
CLIMATE RECORD PERIOD 1903 TO 2014


WEATHER ITEM   OBSERVED TIME   RECORD YEAR NORMAL DEPARTURE LAST
                VALUE   (LST)  VALUE       VALUE  FROM      YEAR
                                                  NORMAL
..................................................................
TEMPERATURE (F)
 YESTERDAY
  MAXIMUM         50    332 PM  78    2008  50      0       31
  MINIMUM         17   1243 AM -15    1925  27    -10       22
  AVERAGE         34                        38     -4       27

PRECIPITATION (IN)
  YESTERDAY        0.02          1.56 2004   0.03  -0.01     0.01
  MONTH TO DATE    0.37                      1.17  -0.80     4.45
  SINCE SEP 1      1.73                      2.64  -0.91     7.77
  SINCE JAN 1     21.50                     14.93   6.57    22.78

DEGREE DAYS
 HEATING
  YESTERDAY       31                        27      4       38
  MONTH TO DATE  495                       600   -105      657
  SINCE SEP 1    757                       868   -111      785
  SINCE JUL 1    858                       954    -96      825

 COOLING
  YESTERDAY        0                         0      0        0
  MONTH TO DATE    0                         0      0        0
  SINCE SEP 1     24                        32     -8       74
  SINCE JAN 1    256                       418   -162      386
..................................................................


WIND (MPH)
  HIGHEST WIND SPEED    18   HIGHEST WIND DIRECTION     S (170)
  HIGHEST GUST SPEED    22   HIGHEST GUST DIRECTION     S (170)
  AVERAGE WIND SPEED    10.9


SKY COVER
  POSSIBLE SUNSHINE  MM
  AVERAGE SKY COVER 0.3


WEATHER CONDITIONS
 THE FOLLOWING WEATHER WAS RECORDED YESTERDAY.
  LIGHT RAIN


RELATIVE HUMIDITY (PERCENT)
 HIGHEST    88           300 AM
 LOWEST     49          1100 AM
 AVERAGE    69

..........................................................


THE DICKINSON ND CLIMATE NORMALS FOR TODAY
                         NORMAL    RECORD    YEAR
 MAXIMUM TEMPERATURE (F)   49        82      1904
 MINIMUM TEMPERATURE (F)   26       -14      1925


SUNRISE AND SUNSET
OCTOBER 30 2014.......SUNRISE   731 AM MDT   SUNSET   538 PM MDT
OCTOBER 31 2014.......SUNRISE   732 AM MDT   SUNSET   537 PM MDT


-  INDICATES NEGATIVE NUMBERS.
R  INDICATES RECORD WAS SET OR TIED.
MM INDICATES DATA IS MISSING.
T  INDICATES TRACE AMOUNT.




$$
