000
CDUS43 KBIS 250727
CLIDIK


CLIMATE REPORT
NATIONAL WEATHER SERVICE BISMARCK ND
226 AM CDT SUN JUN 25 2017


...................................

...THE DICKINSON ND CLIMATE SUMMARY FOR JUNE 24 2017...

CLIMATE NORMAL PERIOD 1981 TO 2010
CLIMATE RECORD PERIOD 1893 TO 2017


WEATHER ITEM   OBSERVED TIME   RECORD YEAR NORMAL DEPARTURE LAST
                VALUE   (LST)  VALUE       VALUE  FROM      YEAR
                                                  NORMAL
..................................................................
TEMPERATURE (F)
 YESTERDAY
  MAXIMUM         67    319 PM 109    1936  78    -11       90
  MINIMUM         38   1125 PM  33    2004  51    -13       56
  AVERAGE         53                        65    -12       73

PRECIPITATION (IN)
  YESTERDAY        0.00          1.70 1938   0.10  -0.10     0.50
  MONTH TO DATE    0.58                      2.57  -1.99     2.50
  SINCE JUN 1      0.58                      2.57  -1.99     2.50
  SINCE JAN 1      2.91                      7.68  -4.77     6.92

DEGREE DAYS
 HEATING
  YESTERDAY       12                         3      9        0
  MONTH TO DATE   71                       122    -51       51
  SINCE JUN 1     71                       122    -51       51
  SINCE JUL 1   8274                      8562   -288     7388

 COOLING
  YESTERDAY        0                         3     -3        8
  MONTH TO DATE   38                        36      2       53
  SINCE JUN 1     38                        36      2       53
  SINCE JAN 1     48                        46      2       56
..................................................................


WIND (MPH)
  HIGHEST WIND SPEED    31   HIGHEST WIND DIRECTION    NW (330)
  HIGHEST GUST SPEED    40   HIGHEST GUST DIRECTION    NW (330)
  AVERAGE WIND SPEED    13.9


SKY COVER
  POSSIBLE SUNSHINE  MM
  AVERAGE SKY COVER 0.1


WEATHER CONDITIONS
 THE FOLLOWING WEATHER WAS RECORDED YESTERDAY.
  NO SIGNIFICANT WEATHER WAS OBSERVED.


RELATIVE HUMIDITY (PERCENT)
 HIGHEST    79           400 AM
 LOWEST     26           400 PM
 AVERAGE    53

..........................................................


THE DICKINSON ND CLIMATE NORMALS FOR TODAY
                         NORMAL    RECORD    YEAR
 MAXIMUM TEMPERATURE (F)   79        99      1936
 MINIMUM TEMPERATURE (F)   51        28      1896


SUNRISE AND SUNSET
JUNE 25 2017..........SUNRISE   458 AM MDT   SUNSET   849 PM MDT
JUNE 26 2017..........SUNRISE   459 AM MDT   SUNSET   849 PM MDT


-  INDICATES NEGATIVE NUMBERS.
R  INDICATES RECORD WAS SET OR TIED.
MM INDICATES DATA IS MISSING.
T  INDICATES TRACE AMOUNT.




$$
