000
CDUS43 KBIS 010123
CLIDIK


CLIMATE REPORT
NATIONAL WEATHER SERVICE BISMARCK ND
822 PM CDT TUE JUN 30 2015


...................................

...THE DICKINSON ND CLIMATE SUMMARY FOR JUNE 30 2015...
VALID TODAY AS OF 0800 PM LOCAL TIME.

CLIMATE NORMAL PERIOD 1981 TO 2010
CLIMATE RECORD PERIOD 1893 TO 2015


WEATHER ITEM   OBSERVED TIME   RECORD YEAR NORMAL DEPARTURE LAST
                VALUE   (LST)  VALUE       VALUE  FROM      YEAR
                                                  NORMAL
..................................................................
TEMPERATURE (F)
 TODAY
  MAXIMUM         78        MM  98    1921  80     -2       66
  MINIMUM         66        MM  37    1995  53     13       53
                                      1921
  AVERAGE         72                        66      6       60

PRECIPITATION (IN)
  TODAY            T             1.35 1909   0.10  -0.10     0.06
  MONTH TO DATE    2.72                      3.20  -0.48     3.83
  SINCE JUN 1      2.72                      3.20  -0.48     3.83
  SINCE JAN 1      6.15                      8.31  -2.16    11.87

DEGREE DAYS
 HEATING
  TODAY            0                         2     -2        5
  MONTH TO DATE   68                       136    -68      165
  SINCE JUN 1     68                       137    -69      165
  SINCE JUL 1   8089                      8577   -488     9165

 COOLING
  TODAY            7                         3      4        0
  MONTH TO DATE   59                        54      5       12
  SINCE JUN 1     59                        54      5       12
  SINCE JAN 1     59                        64     -5       42
..................................................................


WIND (MPH)
  RESULTANT WIND SPEED   8   RESULTANT WIND DIRECTION   E (110)
  HIGHEST WIND SPEED    17   HIGHEST WIND DIRECTION    SE (140)
  HIGHEST GUST SPEED    20   HIGHEST GUST DIRECTION    SE (120)
  AVERAGE WIND SPEED     9.3


SKY COVER
  POSSIBLE SUNSHINE  MM
  AVERAGE SKY COVER 0.4


WEATHER CONDITIONS
 THE FOLLOWING WEATHER WAS RECORDED TODAY.
  HAZE


RELATIVE HUMIDITY (PERCENT)
 HIGHEST    81           400 AM
 LOWEST     60           100 PM
 AVERAGE    71

..........................................................


THE DICKINSON ND CLIMATE NORMALS FOR TOMORROW
                         NORMAL    RECORD    YEAR
 MAXIMUM TEMPERATURE (F)   80        97      2003
                                             1981
 MINIMUM TEMPERATURE (F)   53        39      1932


SUNRISE AND SUNSET
JUNE 30 2015..........SUNRISE   500 AM MDT   SUNSET   849 PM MDT
JULY  1 2015..........SUNRISE   501 AM MDT   SUNSET   849 PM MDT


-  INDICATES NEGATIVE NUMBERS.
R  INDICATES RECORD WAS SET OR TIED.
MM INDICATES DATA IS MISSING.
T  INDICATES TRACE AMOUNT.




$$
