000
CDUS43 KBIS 190028
CLIDIK


CLIMATE REPORT
NATIONAL WEATHER SERVICE BISMARCK ND
628 PM CST SAT NOV 18 2017


...................................

...THE DICKINSON ND CLIMATE SUMMARY FOR NOVEMBER 18 2017...
VALID TODAY AS OF 0600 PM LOCAL TIME.

CLIMATE NORMAL PERIOD 1981 TO 2010
CLIMATE RECORD PERIOD 1893 TO 2017


WEATHER ITEM   OBSERVED TIME   RECORD YEAR NORMAL DEPARTURE LAST
                VALUE   (LST)  VALUE       VALUE  FROM      YEAR
                                                  NORMAL
..................................................................
TEMPERATURE (F)
 TODAY
  MAXIMUM         34    230 PM  70    1908  38     -4       33
  MINIMUM         11    716 AM -13    1986  18     -7       14
  AVERAGE         23                        28     -5       24

PRECIPITATION (IN)
  TODAY            0.00          0.53 1981   0.02  -0.02      T
  MONTH TO DATE    0.08                      0.40  -0.32      T
  SINCE SEP 1      2.97                      3.10  -0.13     4.35
  SINCE JAN 1     10.21                     15.39  -5.18    15.98

DEGREE DAYS
 HEATING
  TODAY           42                        37      5       41
  MONTH TO DATE  704                       585    119      380
  SINCE SEP 1   1578                      1510     68     1204
  SINCE JUL 1   1629                      1596     33     1264

 COOLING
  TODAY            0                         0      0        0
  MONTH TO DATE    0                         0      0        0
  SINCE SEP 1     41                        33      8       21
  SINCE JAN 1    487                       419     68      315
..................................................................


WIND (MPH)
  RESULTANT WIND SPEED  11   RESULTANT WIND DIRECTION   W (290)
  HIGHEST WIND SPEED    21   HIGHEST WIND DIRECTION    NW (320)
  HIGHEST GUST SPEED    24   HIGHEST GUST DIRECTION    NW (330)
  AVERAGE WIND SPEED    11.4


SKY COVER
  POSSIBLE SUNSHINE  MM
  AVERAGE SKY COVER 0.1


WEATHER CONDITIONS
 THE FOLLOWING WEATHER WAS RECORDED TODAY.
  NO SIGNIFICANT WEATHER WAS OBSERVED.


RELATIVE HUMIDITY (PERCENT)
 HIGHEST    88           800 AM
 LOWEST     47           200 PM
 AVERAGE    68

..........................................................


THE DICKINSON ND CLIMATE NORMALS FOR TOMORROW
                         NORMAL    RECORD    YEAR
 MAXIMUM TEMPERATURE (F)   38        69      1897
 MINIMUM TEMPERATURE (F)   17       -22      1921


SUNRISE AND SUNSET
NOVEMBER 18 2017......SUNRISE   659 AM MST   SUNSET   414 PM MST
NOVEMBER 19 2017......SUNRISE   700 AM MST   SUNSET   413 PM MST


-  INDICATES NEGATIVE NUMBERS.
R  INDICATES RECORD WAS SET OR TIED.
MM INDICATES DATA IS MISSING.
T  INDICATES TRACE AMOUNT.




$$
