000
CDUS43 KBIS 220735
CLIDIK


CLIMATE REPORT
NATIONAL WEATHER SERVICE BISMARCK ND
235 AM CDT FRI AUG 22 2014


...................................

...THE DICKINSON ND CLIMATE SUMMARY FOR AUGUST 21 2014...

CLIMATE NORMAL PERIOD 1981 TO 2010
CLIMATE RECORD PERIOD 1903 TO 2014


WEATHER ITEM   OBSERVED TIME   RECORD YEAR NORMAL DEPARTURE LAST
                VALUE   (LST)  VALUE       VALUE  FROM      YEAR
                                                  NORMAL
..................................................................
TEMPERATURE (F)
 YESTERDAY
  MAXIMUM         79    330 PM 100    1947  83     -4       82
  MINIMUM         54    418 AM  35    1945  53      1       53
  AVERAGE         67                        68     -1       68

PRECIPITATION (IN)
  YESTERDAY        0.29          1.80 1998   0.05   0.24     0.00
  MONTH TO DATE    4.83                      1.04   3.79     1.67
  SINCE JUN 1      9.77                      6.68   3.09     6.08
  SINCE JAN 1     17.81                     11.79   6.02    15.01

DEGREE DAYS
 HEATING
  YESTERDAY        0                         2     -2        0
  MONTH TO DATE    2                        25    -23        8
  SINCE JUN 1    216                       196     20      164
  SINCE JUL 1     51                        59     -8       40

 COOLING
  YESTERDAY        2                         4     -2        3
  MONTH TO DATE   88                       118    -30       64
  SINCE JUN 1    195                       337   -142      198
  SINCE JAN 1    225                       347   -122      207
..................................................................


WIND (MPH)
  HIGHEST WIND SPEED    21   HIGHEST WIND DIRECTION    NW (330)
  HIGHEST GUST SPEED    27   HIGHEST GUST DIRECTION    NW (330)
  AVERAGE WIND SPEED     7.9


SKY COVER
  POSSIBLE SUNSHINE  MM
  AVERAGE SKY COVER 0.3


WEATHER CONDITIONS
 THE FOLLOWING WEATHER WAS RECORDED YESTERDAY.
  HEAVY RAIN
  LIGHT RAIN
  FOG
  HAZE


RELATIVE HUMIDITY (PERCENT)
 HIGHEST    93          1200 AM
 LOWEST     52           200 PM
 AVERAGE    73

..........................................................


THE DICKINSON ND CLIMATE NORMALS FOR TODAY
                         NORMAL    RECORD    YEAR
 MAXIMUM TEMPERATURE (F)   82       105      1960
 MINIMUM TEMPERATURE (F)   53        27      1908


SUNRISE AND SUNSET
AUGUST 22 2014........SUNRISE   558 AM MDT   SUNSET   749 PM MDT
AUGUST 23 2014........SUNRISE   559 AM MDT   SUNSET   747 PM MDT


-  INDICATES NEGATIVE NUMBERS.
R  INDICATES RECORD WAS SET OR TIED.
MM INDICATES DATA IS MISSING.
T  INDICATES TRACE AMOUNT.




$$
