000
CDUS43 KBIS 292220
CLIDIK


CLIMATE REPORT
NATIONAL WEATHER SERVICE BISMARCK ND
520 PM CDT SUN MAR 29 2015


...................................

...THE DICKINSON ND CLIMATE SUMMARY FOR MARCH 29 2015...
VALID TODAY AS OF 0500 PM LOCAL TIME.

CLIMATE NORMAL PERIOD 1981 TO 2010
CLIMATE RECORD PERIOD 1903 TO 2015


WEATHER ITEM   OBSERVED TIME   RECORD YEAR NORMAL DEPARTURE LAST
                VALUE   (LST)  VALUE       VALUE  FROM      YEAR
                                                  NORMAL
..................................................................
TEMPERATURE (F)
 TODAY
  MAXIMUM         59    200 PM  74    1967  47     12       68
  MINIMUM         34        MM -13    1954  23     11       24
  AVERAGE         47                        35     12       46

PRECIPITATION (IN)
  TODAY            0.09          0.84 1977   0.03   0.06      T
  MONTH TO DATE    0.48                      0.63  -0.15     0.22
  SINCE MAR 1      0.48                      0.63  -0.15     0.22
  SINCE JAN 1      0.75                      1.26  -0.51     0.39

DEGREE DAYS
 HEATING
  TODAY           18                        30    -12       19
  MONTH TO DATE  805                      1029   -224     1109
  SINCE MAR 1    805                      1029   -224     1109
  SINCE JUL 1   6920                      7323   -403     7751

 COOLING
  TODAY            0                         0      0        0
  MONTH TO DATE    0                         0      0        0
  SINCE MAR 1      0                         0      0        0
  SINCE JAN 1      0                         0      0        0
..................................................................


WIND (MPH)
  RESULTANT WIND SPEED  18   RESULTANT WIND DIRECTION  NW (300)
  HIGHEST WIND SPEED    30   HIGHEST WIND DIRECTION     W (290)
  HIGHEST GUST SPEED    46   HIGHEST GUST DIRECTION    NW (320)
  AVERAGE WIND SPEED    19.0


SKY COVER
  POSSIBLE SUNSHINE  MM
  AVERAGE SKY COVER 0.3


WEATHER CONDITIONS
 THE FOLLOWING WEATHER WAS RECORDED TODAY.
  RAIN
  LIGHT RAIN


RELATIVE HUMIDITY (PERCENT)
 HIGHEST    96           600 AM
 LOWEST     31           200 PM
 AVERAGE    64

..........................................................


THE DICKINSON ND CLIMATE NORMALS FOR TOMORROW
                         NORMAL    RECORD    YEAR
 MAXIMUM TEMPERATURE (F)   48        76      1986
 MINIMUM TEMPERATURE (F)   24        -5      1954


SUNRISE AND SUNSET
MARCH 29 2015.........SUNRISE   637 AM MDT   SUNSET   716 PM MDT
MARCH 30 2015.........SUNRISE   635 AM MDT   SUNSET   717 PM MDT


-  INDICATES NEGATIVE NUMBERS.
R  INDICATES RECORD WAS SET OR TIED.
MM INDICATES DATA IS MISSING.
T  INDICATES TRACE AMOUNT.




$$
