000
CDUS43 KBIS 260804
CLIDIK


CLIMATE REPORT
NATIONAL WEATHER SERVICE BISMARCK ND
302 AM CDT TUE MAY 26 2015


...................................

...THE DICKINSON ND CLIMATE SUMMARY FOR MAY 25 2015...

CLIMATE NORMAL PERIOD 1981 TO 2010
CLIMATE RECORD PERIOD 1893 TO 2015


WEATHER ITEM   OBSERVED TIME   RECORD YEAR NORMAL DEPARTURE LAST
                VALUE   (LST)  VALUE       VALUE  FROM      YEAR
                                                  NORMAL
..................................................................
TEMPERATURE (F)
 YESTERDAY
  MAXIMUM         67    225 PM  95    1931  69     -2       79
  MINIMUM         45   1159 PM  24    1924  43      2       56
  AVERAGE         56                        56      0       68

PRECIPITATION (IN)
  YESTERDAY        0.02          1.06 1972   0.08  -0.06      T
  MONTH TO DATE    1.55                      1.81  -0.26     3.88
  SINCE MAR 1      3.05                      3.97  -0.92     5.57
  SINCE JAN 1      3.32                      4.60  -1.28     5.74

DEGREE DAYS
 HEATING
  YESTERDAY        9                         9      0        0
  MONTH TO DATE  381                       327     54      381
  SINCE MAR 1   1848                      2095   -247     2352
  SINCE JUL 1   7963                      8389   -426     8994

 COOLING
  YESTERDAY        0                         0      0        3
  MONTH TO DATE    0                         0      0        9
  SINCE MAR 1      0                         1     -1        9
  SINCE JAN 1      0                         1     -1        9
..................................................................


WIND (MPH)
  HIGHEST WIND SPEED    14   HIGHEST WIND DIRECTION     E (100)
  HIGHEST GUST SPEED    18   HIGHEST GUST DIRECTION     E (100)
  AVERAGE WIND SPEED     7.6


SKY COVER
  POSSIBLE SUNSHINE  MM
  AVERAGE SKY COVER 0.8


WEATHER CONDITIONS
 THE FOLLOWING WEATHER WAS RECORDED YESTERDAY.
  LIGHT RAIN
  FOG


RELATIVE HUMIDITY (PERCENT)
 HIGHEST    93          1000 PM
 LOWEST     48           300 PM
 AVERAGE    71

..........................................................


THE DICKINSON ND CLIMATE NORMALS FOR TODAY
                         NORMAL    RECORD    YEAR
 MAXIMUM TEMPERATURE (F)   69        97      1934
 MINIMUM TEMPERATURE (F)   44        26      1907


SUNRISE AND SUNSET
MAY 26 2015...........SUNRISE   505 AM MDT   SUNSET   832 PM MDT
MAY 27 2015...........SUNRISE   505 AM MDT   SUNSET   833 PM MDT


-  INDICATES NEGATIVE NUMBERS.
R  INDICATES RECORD WAS SET OR TIED.
MM INDICATES DATA IS MISSING.
T  INDICATES TRACE AMOUNT.




$$
