919
CDUS43 KDLH 230620
CLIDLH


CLIMATE REPORT
NATIONAL WEATHER SERVICE DULUTH MN
119 AM CDT WED AUG 23 2017


...................................

...THE DULUTH MN CLIMATE SUMMARY FOR AUGUST 22 2017...

CLIMATE NORMAL PERIOD 1981 TO 2010
CLIMATE RECORD PERIOD 1870 TO 2017


WEATHER ITEM   OBSERVED TIME   RECORD YEAR NORMAL DEPARTURE LAST
                VALUE   (LST)  VALUE       VALUE  FROM      YEAR
                                                  NORMAL
..................................................................
TEMPERATURE (F)
 YESTERDAY
  MAXIMUM         68    240 PM  87    1969  73     -5       81
  MINIMUM         51    554 AM  39    1967  54     -3       55
  AVERAGE         60                        64     -4       68

PRECIPITATION (IN)
  YESTERDAY        0.01          3.07 1978   0.12  -0.11     0.00
  MONTH TO DATE    5.03                      2.58   2.45     2.91
  SINCE JUN 1     14.35                     10.66   3.69    11.76
  SINCE JAN 1     25.49                     19.58   5.91    21.87

SNOWFALL (IN)
  YESTERDAY        0.0           0.0  2002   0.0    0.0      0.0
                                      2001
  MONTH TO DATE    0.0                       0.0    0.0      0.0
  SINCE JUN 1      T                         0.0    0.0       T
  SINCE JUL 1      T                         0.0    0.0      0.0
  SNOW DEPTH       0

DEGREE DAYS
 HEATING
  YESTERDAY        5                         3      2        0
  MONTH TO DATE   65                        50     15       16
  SINCE JUN 1    249                       292    -43      187
  SINCE JUL 1    118                       113      5       45

 COOLING
  YESTERDAY        0                         2     -2        3
  MONTH TO DATE   17                        54    -37       87
  SINCE JUN 1    100                       174    -74      233
  SINCE JAN 1    100                       178    -78      242
..................................................................


WIND (MPH)
  HIGHEST WIND SPEED    24   HIGHEST WIND DIRECTION     W (280)
  HIGHEST GUST SPEED    31   HIGHEST GUST DIRECTION    NW (320)
  AVERAGE WIND SPEED    11.1


SKY COVER
  AVERAGE SKY COVER 0.5


WEATHER CONDITIONS
 THE FOLLOWING WEATHER WAS RECORDED YESTERDAY.
  LIGHT RAIN
  FOG


RELATIVE HUMIDITY (PERCENT)
 HIGHEST   100          1200 AM
 LOWEST     60          1100 AM
 AVERAGE    80

..........................................................


THE DULUTH MN CLIMATE NORMALS FOR TODAY
                         NORMAL    RECORD    YEAR
 MAXIMUM TEMPERATURE (F)   73        94      1947
 MINIMUM TEMPERATURE (F)   54        36      1977


SUNRISE AND SUNSET
AUGUST 23 2017........SUNRISE   617 AM CDT   SUNSET   804 PM CDT
AUGUST 24 2017........SUNRISE   618 AM CDT   SUNSET   803 PM CDT


-  INDICATES NEGATIVE NUMBERS.
R  INDICATES RECORD WAS SET OR TIED.
MM INDICATES DATA IS MISSING.
T  INDICATES TRACE AMOUNT.




$$
