000
CDUS43 KDLH 300626
CLIDLH


CLIMATE REPORT
NATIONAL WEATHER SERVICE DULUTH MN
123 AM CDT SUN AUG 30 2015


...................................

...THE DULUTH MN CLIMATE SUMMARY FOR AUGUST 29 2015...

CLIMATE NORMAL PERIOD 1981 TO 2010
CLIMATE RECORD PERIOD 1870 TO 2015


WEATHER ITEM   OBSERVED TIME   RECORD YEAR NORMAL DEPARTURE LAST
                VALUE   (LST)  VALUE       VALUE  FROM      YEAR
                                                  NORMAL
..................................................................
TEMPERATURE (F)
 YESTERDAY
  MAXIMUM         74    252 PM  91    1961  72      2       65
                                      1921
                                      1905
  MINIMUM         58    637 AM  33    1976  52      6       60
  AVERAGE         66                        62      4       63

PRECIPITATION (IN)
  YESTERDAY        0.05          2.40 1941   0.12  -0.07     0.56
  MONTH TO DATE    4.09                      3.45   0.64     4.62
  SINCE JUN 1     10.74                     11.53  -0.79    12.51
  SINCE JAN 1     17.13                     20.45  -3.32    24.94

SNOWFALL (IN)
  YESTERDAY        0.0           0.0  2002   0.0    0.0      0.0
                                      2001
  MONTH TO DATE    0.0                       0.0    0.0      0.0
  SINCE JUN 1      T                         0.0    0.0       T
  SINCE JUL 1      0.0                       0.0    0.0      0.0
  SNOW DEPTH       0

DEGREE DAYS
 HEATING
  YESTERDAY        0                         4     -4        2
  MONTH TO DATE   81                        76      5       35
  SINCE JUN 1    217                       318   -101      237
  SINCE JUL 1     96                       139    -43       75

 COOLING
  YESTERDAY        1                         1      0        0
  MONTH TO DATE   81                        65     16       38
  SINCE JUN 1    259                       185     74      152
  SINCE JAN 1    263                       189     74      170
..................................................................


WIND (MPH)
  HIGHEST WIND SPEED    18   HIGHEST WIND DIRECTION     S (170)
  HIGHEST GUST SPEED    22   HIGHEST GUST DIRECTION     N (20)
  AVERAGE WIND SPEED     8.8


SKY COVER
  AVERAGE SKY COVER 0.6


WEATHER CONDITIONS
 THE FOLLOWING WEATHER WAS RECORDED YESTERDAY.
  THUNDERSTORM
  LIGHT RAIN
  FOG


RELATIVE HUMIDITY (PERCENT)
 HIGHEST    93           400 AM
 LOWEST     64           200 PM
 AVERAGE    79

..........................................................


THE DULUTH MN CLIMATE NORMALS FOR TODAY
                         NORMAL    RECORD    YEAR
 MAXIMUM TEMPERATURE (F)   71        95      1961
 MINIMUM TEMPERATURE (F)   52        38      2009


SUNRISE AND SUNSET
AUGUST 30 2015........SUNRISE   625 AM CDT   SUNSET   752 PM CDT
AUGUST 31 2015........SUNRISE   627 AM CDT   SUNSET   750 PM CDT


-  INDICATES NEGATIVE NUMBERS.
R  INDICATES RECORD WAS SET OR TIED.
MM INDICATES DATA IS MISSING.
T  INDICATES TRACE AMOUNT.




$$
