000
CDUS45 KTFX 290943
CLIDLN


CLIMATE REPORT
NATIONAL WEATHER SERVICE GREAT FALLS MT
242 AM MST THU JAN 29 2015


...................................

...THE DILLON AIRPORT MT CLIMATE SUMMARY FOR JANUARY 28 2015...

CLIMATE NORMAL PERIOD 1981 TO 2010
CLIMATE RECORD PERIOD 1929 TO 2015


WEATHER ITEM   OBSERVED TIME   RECORD YEAR NORMAL DEPARTURE LAST
                VALUE   (LST)  VALUE       VALUE  FROM      YEAR
                                                  NORMAL
..................................................................
TEMPERATURE (F)
 YESTERDAY
  MAXIMUM         49    340 PM  50    1976  33     16       37
  MINIMUM         25   1148 PM -30    1980  14     11        1
  AVERAGE         37                        24     13       19

PRECIPITATION (IN)
  YESTERDAY        0.00          0.11 1942   0.01  -0.01     0.00
  MONTH TO DATE    T                         0.25  -0.25     0.02
  SINCE OCT 1      1.16                      1.65  -0.49     0.51
  SINCE JAN 1      T                         0.25  -0.25     0.02

SNOWFALL (IN)
  YESTERDAY       MM
  SNOW DEPTH       0

DEGREE DAYS
 HEATING
  YESTERDAY       28                              -14       46
  MONTH TO DATE  969                             -219      980
  SINCE DEC 1   2160                             -398     2381
  SINCE JUL 1   4134                             -575     4310

 COOLING
  YESTERDAY        0                                0        0
  MONTH TO DATE    0                                0        0
  SINCE DEC 1      0                                0        0
  SINCE JAN 1      0                                0        0
..................................................................


WIND (MPH)
  HIGHEST WIND SPEED    16   HIGHEST WIND DIRECTION    SW (220)
  HIGHEST GUST SPEED    20   HIGHEST GUST DIRECTION    SW (220)
  AVERAGE WIND SPEED     7.8



WEATHER CONDITIONS
 THE FOLLOWING WEATHER WAS RECORDED YESTERDAY.
  NO SIGNIFICANT WEATHER WAS OBSERVED.


RELATIVE HUMIDITY (PERCENT)
 HIGHEST    89
 LOWEST     31
 AVERAGE    60

..........................................................


THE DILLON AIRPORT MT CLIMATE NORMALS FOR TODAY
                         NORMAL    RECORD    YEAR
 MAXIMUM TEMPERATURE (F)   34        52      1971
 MINIMUM TEMPERATURE (F)   14       -32      1951


SUNRISE AND SUNSET
JANUARY 29 2015.......SUNRISE   754 AM MST   SUNSET   533 PM MST
JANUARY 30 2015.......SUNRISE   753 AM MST   SUNSET   534 PM MST


-  INDICATES NEGATIVE NUMBERS.
R  INDICATES RECORD WAS SET OR TIED.
MM INDICATES DATA IS MISSING.
T  INDICATES TRACE AMOUNT.




$$
