839
CDUS45 KTFX 260849
CLIDLN


CLIMATE REPORT
NATIONAL WEATHER SERVICE GREAT FALLS MT
249 AM MDT SUN MAR 26 2017


...................................

...THE DILLON AIRPORT MT CLIMATE SUMMARY FOR MARCH 25 2017...

CLIMATE NORMAL PERIOD 1981 TO 2010
CLIMATE RECORD PERIOD 1929 TO 2017


WEATHER ITEM   OBSERVED TIME   RECORD YEAR NORMAL DEPARTURE LAST
                VALUE   (LST)  VALUE       VALUE  FROM      YEAR
                                                  NORMAL
..................................................................
TEMPERATURE (F)
 YESTERDAY
  MAXIMUM         52    351 PM  68    1960  48      4       40
  MINIMUM         33    628 AM -14    1955  25      8       26
  AVERAGE         43                        37      6       33

PRECIPITATION (IN)
  YESTERDAY        0.04          0.18 1985   0.03   0.01     0.01
  MONTH TO DATE    0.20                      0.41  -0.21     0.38
  SINCE OCT 1      2.95                      2.33   0.62     2.54
  SINCE JAN 1      0.41                      0.93  -0.52     0.46

SNOWFALL (IN)
  YESTERDAY       MM
  SNOW DEPTH       0

DEGREE DAYS
 HEATING
  YESTERDAY       22                               -6       32
  MONTH TO DATE  599                             -185      685
  SINCE MAR 1    599                             -185      685
  SINCE JUL 1   6554                             -147     6185

 COOLING
  YESTERDAY        0                                0        0
  MONTH TO DATE    0                                0        0
  SINCE MAR 1      0                                0        0
  SINCE JAN 1      0                                0        0
..................................................................


WIND (MPH)
  HIGHEST WIND SPEED    26   HIGHEST WIND DIRECTION     W (280)
  HIGHEST GUST SPEED    33   HIGHEST GUST DIRECTION     W (270)
  AVERAGE WIND SPEED     6.7


SKY COVER
  AVERAGE SKY COVER 0.4


WEATHER CONDITIONS
 THE FOLLOWING WEATHER WAS RECORDED YESTERDAY.
  RAIN
  LIGHT RAIN
  FOG


RELATIVE HUMIDITY (PERCENT)
 HIGHEST    89
 LOWEST     26
 AVERAGE    58

..........................................................


THE DILLON AIRPORT MT CLIMATE NORMALS FOR TODAY
                         NORMAL    RECORD    YEAR
 MAXIMUM TEMPERATURE (F)   49        67      1966
 MINIMUM TEMPERATURE (F)   25        -8      1955


SUNRISE AND SUNSET
MARCH 26 2017.........SUNRISE   721 AM MDT   SUNSET   751 PM MDT
MARCH 27 2017.........SUNRISE   719 AM MDT   SUNSET   752 PM MDT


-  INDICATES NEGATIVE NUMBERS.
R  INDICATES RECORD WAS SET OR TIED.
MM INDICATES DATA IS MISSING.
T  INDICATES TRACE AMOUNT.




$$
