000
CDUS45 KTFX 301227
CLIDLN


CLIMATE REPORT
NATIONAL WEATHER SERVICE GREAT FALLS MT
624 AM MDT SAT MAY 30 2015


...................................

...THE DILLON AIRPORT MT CLIMATE SUMMARY FOR MAY 29 2015...

CLIMATE NORMAL PERIOD 1981 TO 2010
CLIMATE RECORD PERIOD 1929 TO 2015


WEATHER ITEM   OBSERVED TIME   RECORD YEAR NORMAL DEPARTURE LAST
                VALUE   (LST)  VALUE       VALUE  FROM      YEAR
                                                  NORMAL
..................................................................
TEMPERATURE (F)
 YESTERDAY
  MAXIMUM         72    539 PM  87    2003  67      5       67
  MINIMUM         45    518 AM  23    1982  40      5       45
  AVERAGE         59                        54      5       56

PRECIPITATION (IN)
  YESTERDAY        0.00          0.64 1988   0.08  -0.08     0.00
  MONTH TO DATE    2.81                      1.78   1.03     1.13
  SINCE OCT 1      5.50                      5.30   0.20     3.35
  SINCE JAN 1      4.34                      3.90   0.44     2.86

SNOWFALL (IN)
  YESTERDAY       MM
  SNOW DEPTH       0

DEGREE DAYS
 HEATING
  YESTERDAY        6                               -6        9
  MONTH TO DATE  401                              -33      370
  SINCE MAR 1   1790                             -296     1966
  SINCE JUL 1   6902                            -1101     7746

 COOLING
  YESTERDAY        0                                0        0
  MONTH TO DATE    0                                0        0
  SINCE MAR 1      0                                0        0
  SINCE JAN 1      0                                0        0
..................................................................


WIND (MPH)
  HIGHEST WIND SPEED    17   HIGHEST WIND DIRECTION    SW (220)
  HIGHEST GUST SPEED    20   HIGHEST GUST DIRECTION    SW (230)
  AVERAGE WIND SPEED     4.6


SKY COVER
  AVERAGE SKY COVER 0.5


WEATHER CONDITIONS
 THE FOLLOWING WEATHER WAS RECORDED YESTERDAY.
  NO SIGNIFICANT WEATHER WAS OBSERVED.


RELATIVE HUMIDITY (PERCENT)
 HIGHEST    92
 LOWEST     33
 AVERAGE    63

..........................................................


THE DILLON AIRPORT MT CLIMATE NORMALS FOR TODAY
                         NORMAL    RECORD    YEAR
 MAXIMUM TEMPERATURE (F)   67        87      1986
 MINIMUM TEMPERATURE (F)   40        28      1978


SUNRISE AND SUNSET
MAY 30 2015...........SUNRISE   547 AM MDT   SUNSET   909 PM MDT
MAY 31 2015...........SUNRISE   547 AM MDT   SUNSET   910 PM MDT


-  INDICATES NEGATIVE NUMBERS.
R  INDICATES RECORD WAS SET OR TIED.
MM INDICATES DATA IS MISSING.
T  INDICATES TRACE AMOUNT.




$$
