000
CDUS45 KTFX 272323
CLIDLN


CLIMATE REPORT
NATIONAL WEATHER SERVICE GREAT FALLS MT
422 PM MST FRI FEB 27 2015


...................................

...THE DILLON AIRPORT MT CLIMATE SUMMARY FOR FEBRUARY 27 2015...
VALID TODAY AS OF 0400 PM LOCAL TIME.

CLIMATE NORMAL PERIOD 1981 TO 2010
CLIMATE RECORD PERIOD 1929 TO 2015


WEATHER ITEM   OBSERVED TIME   RECORD YEAR NORMAL DEPARTURE LAST
                VALUE   (LST)  VALUE       VALUE  FROM      YEAR
                                                  NORMAL
..................................................................
TEMPERATURE (F)
 TODAY
  MAXIMUM         32    248 PM  64    1988  41     -9       39
  MINIMUM         10   1214 AM -19    1960  18     -8       11
  AVERAGE         21                        30     -9       25

PRECIPITATION (IN)
  TODAY            0.00          0.04 2007   0.01  -0.01     0.00
  MONTH TO DATE    0.19                      0.23  -0.04     0.21
  SINCE OCT 1      1.35                      1.91  -0.56     0.72
  SINCE JAN 1      0.19                      0.51  -0.32     0.23

SNOWFALL (IN)
  TODAY           MM
  SNOW DEPTH       0

DEGREE DAYS
 HEATING
  TODAY           44                        36      8       40
  MONTH TO DATE  828                      1051   -223     1301
  SINCE DEC 1   3092                      3731   -639     3805
  SINCE JUL 1   5066                      5882   -816     5734

 COOLING
  TODAY            0                         0      0        0
  MONTH TO DATE    0                         0      0        0
  SINCE DEC 1      0                         0      0        0
  SINCE JAN 1      0                         0      0        0
..................................................................


WIND (MPH)
  HIGHEST WIND SPEED    15   HIGHEST WIND DIRECTION    NE (40)
  HIGHEST GUST SPEED    17   HIGHEST GUST DIRECTION    NE (50)
  AVERAGE WIND SPEED     4.0


SKY COVER
  AVERAGE SKY COVER 0.9


WEATHER CONDITIONS
 THE FOLLOWING WEATHER WAS RECORDED TODAY.
  NO SIGNIFICANT WEATHER WAS OBSERVED.


RELATIVE HUMIDITY (PERCENT)
 HIGHEST    84
 LOWEST     43
 AVERAGE    64

..........................................................


THE DILLON AIRPORT MT CLIMATE NORMALS FOR TOMORROW
                         NORMAL    RECORD    YEAR
 MAXIMUM TEMPERATURE (F)   42        64      1986
 MINIMUM TEMPERATURE (F)   18       -23      1960


SUNRISE AND SUNSET
FEBRUARY 27 2015......SUNRISE   712 AM MST   SUNSET   614 PM MST
FEBRUARY 28 2015......SUNRISE   710 AM MST   SUNSET   616 PM MST


-  INDICATES NEGATIVE NUMBERS.
R  INDICATES RECORD WAS SET OR TIED.
MM INDICATES DATA IS MISSING.
T  INDICATES TRACE AMOUNT.




$$
