000
CDUS45 KTFX 061033
CLIDLN


CLIMATE REPORT
NATIONAL WEATHER SERVICE GREAT FALLS MT
431 AM MDT MON JUL 6 2015


...................................

...THE DILLON AIRPORT MT CLIMATE SUMMARY FOR JULY 5 2015...

CLIMATE NORMAL PERIOD 1981 TO 2010
CLIMATE RECORD PERIOD 1929 TO 2015


WEATHER ITEM   OBSERVED TIME   RECORD YEAR NORMAL DEPARTURE LAST
                VALUE   (LST)  VALUE       VALUE  FROM      YEAR
                                                  NORMAL
..................................................................
TEMPERATURE (F)
 YESTERDAY
  MAXIMUM         74    133 PM  98    1985  80     -6       86
  MINIMUM         52   1159 PM  37    1999  48      4       53
  AVERAGE         63                        64     -1       70

PRECIPITATION (IN)
  YESTERDAY        0.09          0.70 1949   0.04   0.05     0.00
  MONTH TO DATE    0.09                      0.20  -0.11     0.00
  SINCE OCT 1      6.35                      7.64  -1.29     5.95
  SINCE JAN 1      5.19                      6.24  -1.05     5.46

SNOWFALL (IN)
  YESTERDAY       MM
  SNOW DEPTH       0

DEGREE DAYS
 HEATING
  YESTERDAY        2                               -1        0
  MONTH TO DATE    2                              -14        6
  SINCE JUN 1     78                             -161      256
  SINCE JUL 1      2                              -14        6

 COOLING
  YESTERDAY        0                               -2        5
  MONTH TO DATE   35                               26       21
  SINCE JUN 1    110                               85       21
  SINCE JAN 1    110                               84       21
..................................................................


WIND (MPH)
  HIGHEST WIND SPEED    30   HIGHEST WIND DIRECTION    NE (50)
  HIGHEST GUST SPEED    37   HIGHEST GUST DIRECTION    NE (30)
  AVERAGE WIND SPEED    16.5


SKY COVER
  AVERAGE SKY COVER 0.2


WEATHER CONDITIONS
 THE FOLLOWING WEATHER WAS RECORDED YESTERDAY.
  THUNDERSTORM
  HEAVY RAIN
  LIGHT RAIN
  FOG
  HAZE


RELATIVE HUMIDITY (PERCENT)
 HIGHEST    86
 LOWEST     25
 AVERAGE    56

..........................................................


THE DILLON AIRPORT MT CLIMATE NORMALS FOR TODAY
                         NORMAL    RECORD    YEAR
 MAXIMUM TEMPERATURE (F)   80        97      2007
 MINIMUM TEMPERATURE (F)   48        33      1986


SUNRISE AND SUNSET
JULY  6 2015..........SUNRISE   549 AM MDT   SUNSET   920 PM MDT
JULY  7 2015..........SUNRISE   550 AM MDT   SUNSET   920 PM MDT


-  INDICATES NEGATIVE NUMBERS.
R  INDICATES RECORD WAS SET OR TIED.
MM INDICATES DATA IS MISSING.
T  INDICATES TRACE AMOUNT.




$$
