000
CDUS45 KTFX 232230
CLIDLN


CLIMATE REPORT
NATIONAL WEATHER SERVICE GREAT FALLS MT
430 PM MDT SAT JUL 23 2016


...................................

...THE DILLON AIRPORT MT CLIMATE SUMMARY FOR JULY 23 2016...
VALID TODAY AS OF 0400 PM LOCAL TIME.

CLIMATE NORMAL PERIOD 1981 TO 2010
CLIMATE RECORD PERIOD 1929 TO 2016


WEATHER ITEM   OBSERVED TIME   RECORD YEAR NORMAL DEPARTURE LAST
                VALUE   (LST)  VALUE       VALUE  FROM      YEAR
                                                  NORMAL
..................................................................
TEMPERATURE (F)
 TODAY
  MAXIMUM         81    235 PM  99    2003  84     -3       78
  MINIMUM         49    544 AM  39    2011  50     -1       53
  AVERAGE         65                        67     -2       66

PRECIPITATION (IN)
  TODAY            0.00          0.28 2002   0.04  -0.04     0.03
  MONTH TO DATE    0.85                      0.91  -0.06     0.58
  SINCE OCT 1      7.45                      8.35  -0.90     6.84
  SINCE JAN 1      5.37                      6.95  -1.58     5.68

DEGREE DAYS
 HEATING
  TODAY            0                         1     -1        0
  MONTH TO DATE   54                        46      8       21
  SINCE JUN 1    162                       269   -107       97
  SINCE JUL 1     54                        46      8       21

 COOLING
  TODAY            0                         3     -3        1
  MONTH TO DATE   49                        57     -8       55
  SINCE JUN 1     90                        73     17      130
  SINCE JAN 1     90                        74     16      130
..................................................................


WIND (MPH)
  HIGHEST WIND SPEED    13   HIGHEST WIND DIRECTION     N (350)
  HIGHEST GUST SPEED    17   HIGHEST GUST DIRECTION    SW (210)
  AVERAGE WIND SPEED     6.3


SKY COVER
  AVERAGE SKY COVER 0.0


WEATHER CONDITIONS
 THE FOLLOWING WEATHER WAS RECORDED TODAY.
  NO SIGNIFICANT WEATHER WAS OBSERVED.


RELATIVE HUMIDITY (PERCENT)
 HIGHEST    66
 LOWEST     20
 AVERAGE    43

..........................................................


THE DILLON AIRPORT MT CLIMATE NORMALS FOR TOMORROW
                         NORMAL    RECORD    YEAR
 MAXIMUM TEMPERATURE (F)   84        95      1978
 MINIMUM TEMPERATURE (F)   50        41      1950


SUNRISE AND SUNSET
JULY 23 2016..........SUNRISE   606 AM MDT   SUNSET   907 PM MDT
JULY 24 2016..........SUNRISE   607 AM MDT   SUNSET   906 PM MDT


-  INDICATES NEGATIVE NUMBERS.
R  INDICATES RECORD WAS SET OR TIED.
MM INDICATES DATA IS MISSING.
T  INDICATES TRACE AMOUNT.




$$
