000
CDUS45 KTFX 182330
CLIDLN


CLIMATE REPORT
NATIONAL WEATHER SERVICE GREAT FALLS MT
430 PM MST SUN FEB 18 2018


...................................

...THE DILLON AIRPORT MT CLIMATE SUMMARY FOR FEBRUARY 18 2018...
VALID TODAY AS OF 0400 PM LOCAL TIME.

CLIMATE NORMAL PERIOD 1981 TO 2010
CLIMATE RECORD PERIOD 1929 TO 2018


WEATHER ITEM   OBSERVED TIME   RECORD YEAR NORMAL DEPARTURE LAST
                VALUE   (LST)  VALUE       VALUE  FROM      YEAR
                                                  NORMAL
..................................................................
TEMPERATURE (F)
 TODAY
  MAXIMUM         26    338 AM  61    1958  38    -12       49
  MINIMUM          1    359 PM -18    2006  16    -15       32
  AVERAGE         14                        27    -13       41

PRECIPITATION (IN)
  TODAY            0.05          0.41 1986   0.00   0.05     0.00
  MONTH TO DATE    0.09                      0.13  -0.04     0.06
  SINCE OCT 1      1.69                      1.81  -0.12     2.66
  SINCE JAN 1      0.56                      0.41   0.15     0.12

DEGREE DAYS
 HEATING
  TODAY           51                        38     13       24
  MONTH TO DATE  778                       720     58      652
  SINCE DEC 1   3333                      3400    -67     3815
  SINCE JUL 1   5376                      5551   -175     5598

 COOLING
  TODAY            0                         0      0        0
  MONTH TO DATE    0                         0      0        0
  SINCE DEC 1      0                         0      0        0
  SINCE JAN 1      0                         0      0        0
..................................................................


WIND (MPH)
  HIGHEST WIND SPEED    29   HIGHEST WIND DIRECTION    NE (50)
  HIGHEST GUST SPEED    35   HIGHEST GUST DIRECTION    NE (50)
  AVERAGE WIND SPEED    16.1


SKY COVER
  AVERAGE SKY COVER 1.0


WEATHER CONDITIONS
 THE FOLLOWING WEATHER WAS RECORDED TODAY.
  SNOW
  LIGHT SNOW
  FOG
  FOG W/VISIBILITY <= 1/4 MILE


RELATIVE HUMIDITY (PERCENT)
 HIGHEST   100
 LOWEST     91
 AVERAGE    96

..........................................................


THE DILLON AIRPORT MT CLIMATE NORMALS FOR TOMORROW
                         NORMAL    RECORD    YEAR
 MAXIMUM TEMPERATURE (F)   38        59      1977
 MINIMUM TEMPERATURE (F)   16       -12      1955


SUNRISE AND SUNSET
FEBRUARY 18 2018......SUNRISE   727 AM MST   SUNSET   602 PM MST
FEBRUARY 19 2018......SUNRISE   725 AM MST   SUNSET   604 PM MST


-  INDICATES NEGATIVE NUMBERS.
R  INDICATES RECORD WAS SET OR TIED.
MM INDICATES DATA IS MISSING.
T  INDICATES TRACE AMOUNT.




$$
