529
CDUS45 KTFX 250911
CLIDLN


CLIMATE REPORT
NATIONAL WEATHER SERVICE GREAT FALLS MT
310 AM MDT TUE APR 25 2017


...................................

...THE DILLON AIRPORT MT CLIMATE SUMMARY FOR APRIL 24 2017...

CLIMATE NORMAL PERIOD 1981 TO 2010
CLIMATE RECORD PERIOD 1929 TO 2017


WEATHER ITEM   OBSERVED TIME   RECORD YEAR NORMAL DEPARTURE LAST
                VALUE   (LST)  VALUE       VALUE  FROM      YEAR
                                                  NORMAL
..................................................................
TEMPERATURE (F)
 YESTERDAY
  MAXIMUM         50    326 PM  77    2012  57     -7       49
                                      1946
  MINIMUM         35   1117 PM  18    1960  31      4       40
  AVERAGE         43                        44     -1       45

PRECIPITATION (IN)
  YESTERDAY        0.17          1.00 1971   0.03   0.14     0.15
  MONTH TO DATE    1.56                      0.80   0.76     1.02
  SINCE OCT 1      4.96                      3.28   1.68     3.69
  SINCE JAN 1      2.42                      1.88   0.54     1.61

SNOWFALL (IN)
  YESTERDAY       MM
  SNOW DEPTH       0

DEGREE DAYS
 HEATING
  YESTERDAY       22                                1       20
  MONTH TO DATE  549                              -34      420
  SINCE MAR 1   1285                             -248     1274
  SINCE JUL 1   7240                             -210     6774

 COOLING
  YESTERDAY        0                                0        0
  MONTH TO DATE    0                                0        0
  SINCE MAR 1      0                                0        0
  SINCE JAN 1      0                                0        0
..................................................................


WIND (MPH)
  HIGHEST WIND SPEED    18   HIGHEST WIND DIRECTION     W (280)
  HIGHEST GUST SPEED    21   HIGHEST GUST DIRECTION     W (280)
  AVERAGE WIND SPEED     5.9


SKY COVER
  AVERAGE SKY COVER 0.7


WEATHER CONDITIONS
 THE FOLLOWING WEATHER WAS RECORDED YESTERDAY.
  LIGHT RAIN
  FOG


RELATIVE HUMIDITY (PERCENT)
 HIGHEST    85
 LOWEST     39
 AVERAGE    62

..........................................................


THE DILLON AIRPORT MT CLIMATE NORMALS FOR TODAY
                         NORMAL    RECORD    YEAR
 MAXIMUM TEMPERATURE (F)   58        82      1946
 MINIMUM TEMPERATURE (F)   31        16      1985


SUNRISE AND SUNSET
APRIL 25 2017.........SUNRISE   628 AM MDT   SUNSET   829 PM MDT
APRIL 26 2017.........SUNRISE   626 AM MDT   SUNSET   831 PM MDT


-  INDICATES NEGATIVE NUMBERS.
R  INDICATES RECORD WAS SET OR TIED.
MM INDICATES DATA IS MISSING.
T  INDICATES TRACE AMOUNT.




$$
