000
CDUS45 KTFX 301004
CLIDLN


CLIMATE REPORT
NATIONAL WEATHER SERVICE GREAT FALLS MT
403 AM MDT THU JUL 30 2015


...................................

...THE DILLON AIRPORT MT CLIMATE SUMMARY FOR JULY 29 2015...

CLIMATE NORMAL PERIOD 1981 TO 2010
CLIMATE RECORD PERIOD 1929 TO 2015


WEATHER ITEM   OBSERVED TIME   RECORD YEAR NORMAL DEPARTURE LAST
                VALUE   (LST)  VALUE       VALUE  FROM      YEAR
                                                  NORMAL
..................................................................
TEMPERATURE (F)
 YESTERDAY
  MAXIMUM         80    525 PM  98    1972  84     -4       87
  MINIMUM         42    108 AM  37    1959  50     -8       53
  AVERAGE         61                        67     -6       70

PRECIPITATION (IN)
  YESTERDAY        0.00          0.70 1973   0.03  -0.03     0.00
  MONTH TO DATE    1.31                      1.13   0.18     0.63
  SINCE OCT 1      7.57                      8.57  -1.00     6.58
  SINCE JAN 1      6.41                      7.17  -0.76     6.09

SNOWFALL (IN)
  YESTERDAY       MM
  SNOW DEPTH       0

DEGREE DAYS
 HEATING
  YESTERDAY        4                                3        0
  MONTH TO DATE   49                               -3       16
  SINCE JUN 1    125                             -150      266
  SINCE JUL 1     49                               -3       16

 COOLING
  YESTERDAY        0                               -3        5
  MONTH TO DATE   62                              -13      105
  SINCE JUN 1    137                               46      105
  SINCE JAN 1    137                               45      105
..................................................................


WIND (MPH)
  HIGHEST WIND SPEED    15   HIGHEST WIND DIRECTION     S (200)
  HIGHEST GUST SPEED    21   HIGHEST GUST DIRECTION     S (200)
  AVERAGE WIND SPEED     6.2


SKY COVER
  AVERAGE SKY COVER 0.0


WEATHER CONDITIONS
 THE FOLLOWING WEATHER WAS RECORDED YESTERDAY.
  NO SIGNIFICANT WEATHER WAS OBSERVED.


RELATIVE HUMIDITY (PERCENT)
 HIGHEST    83
 LOWEST     26
 AVERAGE    55

..........................................................


THE DILLON AIRPORT MT CLIMATE NORMALS FOR TODAY
                         NORMAL    RECORD    YEAR
 MAXIMUM TEMPERATURE (F)   84        98      1988
 MINIMUM TEMPERATURE (F)   50        41      1977


SUNRISE AND SUNSET
JULY 30 2015..........SUNRISE   612 AM MDT   SUNSET   900 PM MDT
JULY 31 2015..........SUNRISE   613 AM MDT   SUNSET   859 PM MDT


-  INDICATES NEGATIVE NUMBERS.
R  INDICATES RECORD WAS SET OR TIED.
MM INDICATES DATA IS MISSING.
T  INDICATES TRACE AMOUNT.




$$
