000
CDUS41 KLWX 271154 CCA
CLIDMH

CLIMATE REPORT...CORRECTED
NATIONAL WEATHER SERVICE BALTIMORE MD/WASHINGTON DC
654 AM EST SAT DEC 27 2014


...................................

...THE BALTIMORE INNER HARBOR MD CLIMATE SUMMARY FOR DECEMBER 24 2014...

CLIMATE NORMAL PERIOD 1981 TO 2010
CLIMATE RECORD PERIOD 9999 TO 9999


WEATHER ITEM   OBSERVED TIME   RECORD YEAR NORMAL DEPARTURE LAST
                VALUE   (LST)  VALUE       VALUE  FROM      YEAR
                                                  NORMAL
..................................................................
TEMPERATURE (F)
 YESTERDAY
  MAXIMUM         55   1159 PM  MM      MM  44      8       40
  MINIMUM         43   1213 AM  MM      MM  31     12       26
  AVERAGE         48                        37     11       33

PRECIPITATION (IN)
  YESTERDAY        0.87         MM      MM   0.11   0.76     0.00
  MONTH TO DATE    3.18                      2.75   0.43     4.02
  SINCE DEC 1      3.18                      2.75   0.43     4.02
  SINCE JAN 1     52.70                     40.23  12.47    40.98

DEGREE DAYS
 HEATING
  YESTERDAY       17                        28    -11       32
  MONTH TO DATE  577                       593    -16      401
  SINCE DEC 1    577                       593    -16      401
  SINCE JUL 1   1312                      1244     68     1026

 COOLING
  YESTERDAY        0                         0      0        0
  MONTH TO DATE    0                         0      0        0
  SINCE DEC 1      0                         0      0        0
  SINCE JAN 1   1456                      1665   -209     2023
..................................................................


WIND (MPH)
  HIGHEST WIND SPEED    MM   HIGHEST WIND DIRECTION    MM
  HIGHEST GUST SPEED    MM   HIGHEST GUST DIRECTION    MM
  AVERAGE WIND SPEED    MM


SKY COVER
  POSSIBLE SUNSHINE  MM



RELATIVE HUMIDITY (PERCENT)
 HIGHEST   100          1200 AM
 LOWEST    100          1200 AM
 AVERAGE   100

..........................................................


THE BALTIMORE INNER HARBOR MD CLIMATE NORMALS FOR TODAY
                         NORMAL
 MAXIMUM TEMPERATURE (F)   44
 MINIMUM TEMPERATURE (F)   30


SUNRISE AND SUNSET
DECEMBER 25 2014......SUNRISE   724 AM EST   SUNSET   449 PM EST
DECEMBER 26 2014......SUNRISE   725 AM EST   SUNSET   449 PM EST


-  INDICATES NEGATIVE NUMBERS.
R  INDICATES RECORD WAS SET OR TIED.
MM INDICATES DATA IS MISSING.
T  INDICATES TRACE AMOUNT.




$$

...CORRECTED FOR TEMPERATURE DATA...
