000
CDUS41 KLWX 240533
CLIDMH


CLIMATE REPORT
NATIONAL WEATHER SERVICE BALTIMORE MD/WASHINGTON DC
131 AM EDT MON APR 24 2017


...................................

...THE BALTIMORE INNER HARBOR MD CLIMATE SUMMARY FOR APRIL 23 2017...

CLIMATE NORMAL PERIOD 1981 TO 2010
CLIMATE RECORD PERIOD 9999 TO 9999


WEATHER ITEM   OBSERVED TIME   RECORD YEAR NORMAL DEPARTURE LAST
                VALUE   (LST)  VALUE       VALUE  FROM      YEAR
                                                  NORMAL
..................................................................
TEMPERATURE (F)
 YESTERDAY
  MAXIMUM         62    203 PM  MM      MM  68     -6       70
  MINIMUM         49    629 AM  MM      MM  50     -1       56
  AVERAGE         56                        59     -3       63

PRECIPITATION (IN)
  YESTERDAY        0.00         MM      MM   0.10  -0.10     0.03
  MONTH TO DATE    2.42                      2.52  -0.10     1.47
  SINCE MAR 1      6.09                      6.38  -0.29     3.65
  SINCE JAN 1      9.98                     11.90  -1.92    12.25

DEGREE DAYS
 HEATING
  YESTERDAY        9                         7      2        2
  MONTH TO DATE  113                       236   -123      233
  SINCE MAR 1    699                       815   -116      619
  SINCE JUL 1   3153                      3903   -750     3235

 COOLING
  YESTERDAY        0                         1     -1        0
  MONTH TO DATE   39                        16     23       20
  SINCE MAR 1     43                        17     26       26
  SINCE JAN 1     43                        17     26       26
..................................................................


WIND (MPH)
  HIGHEST WIND SPEED    MM   HIGHEST WIND DIRECTION    MM
  HIGHEST GUST SPEED    MM   HIGHEST GUST DIRECTION    MM
  AVERAGE WIND SPEED    MM


SKY COVER
  POSSIBLE SUNSHINE  MM



RELATIVE HUMIDITY (PERCENT)
 HIGHEST    71          1200 AM
 LOWEST     46          1200 PM
 AVERAGE    59

..........................................................


THE BALTIMORE INNER HARBOR MD CLIMATE NORMALS FOR TODAY
                         NORMAL
 MAXIMUM TEMPERATURE (F)   69
 MINIMUM TEMPERATURE (F)   50


SUNRISE AND SUNSET
APRIL 24 2017.........SUNRISE   617 AM EDT   SUNSET   753 PM EDT
APRIL 25 2017.........SUNRISE   615 AM EDT   SUNSET   754 PM EDT


-  INDICATES NEGATIVE NUMBERS.
R  INDICATES RECORD WAS SET OR TIED.
MM INDICATES DATA IS MISSING.
T  INDICATES TRACE AMOUNT.




$$
