000
CDUS41 KLWX 280526
CLIDMH


CLIMATE REPORT
NATIONAL WEATHER SERVICE BALTIMORE MD/WASHINGTON DC
124 AM EDT THU MAY 28 2015


...................................

...THE BALTIMORE INNER HARBOR MD CLIMATE SUMMARY FOR MAY 27 2015...

CLIMATE NORMAL PERIOD 1981 TO 2010
CLIMATE RECORD PERIOD 9999 TO 9999


WEATHER ITEM   OBSERVED TIME   RECORD YEAR NORMAL DEPARTURE LAST
                VALUE   (LST)  VALUE       VALUE  FROM      YEAR
                                                  NORMAL
..................................................................
TEMPERATURE (F)
 YESTERDAY
  MAXIMUM         86    225 PM  MM      MM  79      7       90
  MINIMUM         72    527 AM  MM      MM  61     11       69
  AVERAGE         79                        70      9       80

PRECIPITATION (IN)
  YESTERDAY        0.00         MM      MM   0.12  -0.12     0.24
  MONTH TO DATE    3.13                      2.99   0.14     2.89
  SINCE MAR 1     10.52                     10.07   0.45    16.39
  SINCE JAN 1     16.34                     15.59   0.75    22.72

DEGREE DAYS
 HEATING
  YESTERDAY        0                         1     -1        0
  MONTH TO DATE   29                        77    -48       29
  SINCE MAR 1    863                       934    -71     1048
  SINCE JUL 1   4377                      4022    355     4118

 COOLING
  YESTERDAY       14                         6      8       15
  MONTH TO DATE  178                        89     89      103
  SINCE MAR 1    187                       114     73      117
  SINCE JAN 1    187                       114     73      117
..................................................................


WIND (MPH)
  HIGHEST WIND SPEED    MM   HIGHEST WIND DIRECTION    MM
  HIGHEST GUST SPEED    MM   HIGHEST GUST DIRECTION    MM
  AVERAGE WIND SPEED    MM


SKY COVER
  POSSIBLE SUNSHINE  MM



RELATIVE HUMIDITY (PERCENT)
 HIGHEST    90           500 AM
 LOWEST     51           300 PM
 AVERAGE    71

..........................................................


THE BALTIMORE INNER HARBOR MD CLIMATE NORMALS FOR TODAY
                         NORMAL
 MAXIMUM TEMPERATURE (F)   79
 MINIMUM TEMPERATURE (F)   61


SUNRISE AND SUNSET
MAY 28 2015...........SUNRISE   544 AM EDT   SUNSET   824 PM EDT
MAY 29 2015...........SUNRISE   543 AM EDT   SUNSET   825 PM EDT


-  INDICATES NEGATIVE NUMBERS.
R  INDICATES RECORD WAS SET OR TIED.
MM INDICATES DATA IS MISSING.
T  INDICATES TRACE AMOUNT.




$$
