000
CDUS45 KEPZ 022336
CLIDMN


CLIMATE REPORT
NATIONAL WEATHER SERVICE EL PASO, TX
535 PM MDT TUE SEP 2 2014


...................................

...THE DEMING CLIMATE SUMMARY FOR SEPTEMBER 2 2014...
VALID TODAY AS OF 500 PM LOCAL TIME.

CLIMATE NORMAL PERIOD 1981 TO 2010
CLIMATE RECORD PERIOD 2000 TO 2014


WEATHER ITEM   OBSERVED TIME   NORMAL DEPARTURE LAST
                VALUE   (LST)  VALUE  FROM      YEAR
                                      NORMAL
......................................................
TEMPERATURE (F)
 TODAY
  MAXIMUM        100    323 PM  91      9       94
  MINIMUM         60    358 AM  62     -2       70

PRECIPITATION (IN)
  TODAY            0.00          0.04  -0.04     0.00
  MONTH TO DATE    0.00          0.10  -0.10     0.00
  SINCE SEP 1      0.00          0.10  -0.10     0.00
  SINCE JAN 1      3.58          7.69  -4.11     6.24

......................................................


WIND (MPH)
  HIGHEST WIND SPEED    15   HIGHEST WIND DIRECTION    SW (230)
  HIGHEST GUST SPEED    22   HIGHEST GUST DIRECTION    SW (240)


SKY COVER
  AVERAGE SKY COVER 0.0


WEATHER CONDITIONS
 THE FOLLOWING WEATHER WAS RECORDED TODAY.
  HAZE


RELATIVE HUMIDITY (PERCENT)
 HIGHEST    36           300 AM
 LOWEST      9           300 PM
 AVERAGE    23

..........................................................


THE DEMING CLIMATE NORMALS FOR TOMORROW
                         NORMAL
 MAXIMUM TEMPERATURE (F)   91
 MINIMUM TEMPERATURE (F)   61


SUNRISE AND SUNSET
SEPTEMBER  2 2014.....SUNRISE   647 AM MDT   SUNSET   734 PM MDT
SEPTEMBER  3 2014.....SUNRISE   647 AM MDT   SUNSET   732 PM MDT


-  INDICATES NEGATIVE NUMBERS.
R  INDICATES RECORD WAS SET OR TIED.
MM INDICATES DATA IS MISSING.
T  INDICATES TRACE AMOUNT.




$$
