308
CDUS45 KEPZ 220931
CLIDMN


CLIMATE REPORT
NATIONAL WEATHER SERVICE EL PASO, TX
230 AM MST WED NOV 22 2017


...................................

...THE DEMING CLIMATE SUMMARY FOR NOVEMBER 21 2017...

CLIMATE NORMAL PERIOD 1981 TO 2010
CLIMATE RECORD PERIOD 2000 TO 2017


WEATHER ITEM   OBSERVED TIME   NORMAL DEPARTURE LAST
                VALUE   (LST)  VALUE  FROM      YEAR
                                      NORMAL
......................................................
TEMPERATURE (F)
 YESTERDAY
  MAXIMUM         77    408 PM  64              72
  MINIMUM         37    720 AM  32              48
  AVERAGE         57            48      9       60

PRECIPITATION (IN)
  YESTERDAY        0.00          0.03  -0.03     0.01
  MONTH TO DATE    0.10          0.45  -0.35     0.14
  SINCE SEP 1      1.00          2.81  -1.81     0.82
  SINCE JAN 1      9.69         10.40  -0.71     6.22

......................................................


WIND (MPH)
  HIGHEST WIND SPEED    15   HIGHEST WIND DIRECTION     W (270)
  HIGHEST GUST SPEED    20   HIGHEST GUST DIRECTION     W (280)
  AVERAGE WIND SPEED     6.5


SKY COVER
  AVERAGE SKY COVER 0.0


WEATHER CONDITIONS
 THE FOLLOWING WEATHER WAS RECORDED YESTERDAY.
  NO SIGNIFICANT WEATHER WAS OBSERVED.


RELATIVE HUMIDITY (PERCENT)
 HIGHEST    40           700 AM
 LOWEST     10           100 PM
 AVERAGE    25

..........................................................


THE DEMING CLIMATE NORMALS FOR TODAY
                         NORMAL
 MAXIMUM TEMPERATURE (F)   63
 MINIMUM TEMPERATURE (F)   32


SUNRISE AND SUNSET
NOVEMBER 22 2017......SUNRISE   646 AM MST   SUNSET   507 PM MST
NOVEMBER 23 2017......SUNRISE   647 AM MST   SUNSET   507 PM MST


-  INDICATES NEGATIVE NUMBERS.
R  INDICATES RECORD WAS SET OR TIED.
MM INDICATES DATA IS MISSING.
T  INDICATES TRACE AMOUNT.




$$
