000
CDUS45 KEPZ 270926
CLIDMN


CLIMATE REPORT
NATIONAL WEATHER SERVICE EL PASO, TX
325 AM MDT WED MAY 27 2015


...................................

...THE DEMING CLIMATE SUMMARY FOR MAY 26 2015...

CLIMATE NORMAL PERIOD 1981 TO 2010
CLIMATE RECORD PERIOD 2000 TO 2015


WEATHER ITEM   OBSERVED TIME   NORMAL DEPARTURE LAST
                VALUE   (LST)  VALUE  FROM      YEAR
                                      NORMAL
......................................................
TEMPERATURE (F)
 YESTERDAY
  MAXIMUM         87    353 PM  90              88
  MINIMUM         45    526 AM  54              52
  AVERAGE         66            72     -6       70

PRECIPITATION (IN)
  YESTERDAY        0.00          0.01  -0.01     0.00
  MONTH TO DATE    0.19          0.41  -0.22      T
  SINCE MAR 1      1.16          1.19  -0.03     0.57
  SINCE JAN 1      2.63          2.39   0.24     0.57

......................................................


WIND (MPH)
  HIGHEST WIND SPEED    17   HIGHEST WIND DIRECTION    SW (210)
  HIGHEST GUST SPEED    23   HIGHEST GUST DIRECTION    SW (210)
  AVERAGE WIND SPEED     6.0


SKY COVER
  AVERAGE SKY COVER 0.0


WEATHER CONDITIONS
 THE FOLLOWING WEATHER WAS RECORDED YESTERDAY.
  NO SIGNIFICANT WEATHER WAS OBSERVED.


RELATIVE HUMIDITY (PERCENT)
 HIGHEST    49           500 AM
 LOWEST      9           800 PM
 AVERAGE    29

..........................................................


THE DEMING CLIMATE NORMALS FOR TODAY
                         NORMAL
 MAXIMUM TEMPERATURE (F)   90
 MINIMUM TEMPERATURE (F)   54


SUNRISE AND SUNSET
MAY 27 2015...........SUNRISE   607 AM MDT   SUNSET   810 PM MDT
MAY 28 2015...........SUNRISE   606 AM MDT   SUNSET   810 PM MDT


-  INDICATES NEGATIVE NUMBERS.
R  INDICATES RECORD WAS SET OR TIED.
MM INDICATES DATA IS MISSING.
T  INDICATES TRACE AMOUNT.




$$
