000
CDUS45 KEPZ 310933
CLIDMN


CLIMATE REPORT
NATIONAL WEATHER SERVICE EL PASO, TX
332 AM MDT FRI JUL 31 2015


...................................

...THE DEMING CLIMATE SUMMARY FOR JULY 30 2015...

CLIMATE NORMAL PERIOD 1981 TO 2010
CLIMATE RECORD PERIOD 2000 TO 2015


WEATHER ITEM   OBSERVED TIME   NORMAL DEPARTURE LAST
                VALUE   (LST)  VALUE  FROM      YEAR
                                      NORMAL
......................................................
TEMPERATURE (F)
 YESTERDAY
  MAXIMUM         89    439 PM  93              99
  MINIMUM         65    617 AM  66              66
  AVERAGE         77            80     -3       83

PRECIPITATION (IN)
  YESTERDAY        0.01          0.08  -0.07     0.14
  MONTH TO DATE    3.63          2.11   1.52     1.63
  SINCE JUN 1      4.08          2.81   1.27     1.66
  SINCE JAN 1      6.71          5.22   1.49     2.23

......................................................


WIND (MPH)
  HIGHEST WIND SPEED    17   HIGHEST WIND DIRECTION     E (100)
  HIGHEST GUST SPEED    22   HIGHEST GUST DIRECTION     E (110)
  AVERAGE WIND SPEED     7.6


SKY COVER
  AVERAGE SKY COVER 0.2


WEATHER CONDITIONS
 THE FOLLOWING WEATHER WAS RECORDED YESTERDAY.
  LIGHT RAIN


RELATIVE HUMIDITY (PERCENT)
 HIGHEST    93           600 AM
 LOWEST     36           400 PM
 AVERAGE    65

..........................................................


THE DEMING CLIMATE NORMALS FOR TODAY
                         NORMAL
 MAXIMUM TEMPERATURE (F)   93
 MINIMUM TEMPERATURE (F)   66


SUNRISE AND SUNSET
JULY 31 2015..........SUNRISE   625 AM MDT   SUNSET   809 PM MDT
AUGUST  1 2015........SUNRISE   626 AM MDT   SUNSET   808 PM MDT


-  INDICATES NEGATIVE NUMBERS.
R  INDICATES RECORD WAS SET OR TIED.
MM INDICATES DATA IS MISSING.
T  INDICATES TRACE AMOUNT.




$$
