000
CDUS45 KEPZ 280929
CLIDMN


CLIMATE REPORT
NATIONAL WEATHER SERVICE EL PASO, TX
329 AM MDT THU AUG 28 2014


...................................

...THE DEMING CLIMATE SUMMARY FOR AUGUST 27 2014...

CLIMATE NORMAL PERIOD 1981 TO 2010
CLIMATE RECORD PERIOD 2000 TO 2014


WEATHER ITEM   OBSERVED TIME   NORMAL DEPARTURE LAST
                VALUE   (LST)  VALUE  FROM      YEAR
                                      NORMAL
......................................................
TEMPERATURE (F)
 YESTERDAY
  MAXIMUM         88    509 PM  91              88
  MINIMUM         62    428 AM  63              66
  AVERAGE         75            77     -2       77

PRECIPITATION (IN)
  YESTERDAY        0.00          0.05  -0.05     0.03
  MONTH TO DATE    1.01          2.12  -1.11     1.90
  SINCE JUN 1      3.01          5.01  -2.00     5.16
  SINCE JAN 1      3.58          7.42  -3.84     5.67

......................................................


WIND (MPH)
  HIGHEST WIND SPEED    23   HIGHEST WIND DIRECTION    NE (50)
  HIGHEST GUST SPEED    29   HIGHEST GUST DIRECTION    NE (30)
  AVERAGE WIND SPEED     6.8


SKY COVER
  AVERAGE SKY COVER 0.2


WEATHER CONDITIONS
 THE FOLLOWING WEATHER WAS RECORDED YESTERDAY.
  NO SIGNIFICANT WEATHER WAS OBSERVED.


RELATIVE HUMIDITY (PERCENT)
 HIGHEST    93           300 AM
 LOWEST     31           400 PM
 AVERAGE    62

..........................................................


THE DEMING CLIMATE NORMALS FOR TODAY
                         NORMAL
 MAXIMUM TEMPERATURE (F)   91
 MINIMUM TEMPERATURE (F)   63


SUNRISE AND SUNSET
AUGUST 28 2014........SUNRISE   643 AM MDT   SUNSET   740 PM MDT
AUGUST 29 2014........SUNRISE   644 AM MDT   SUNSET   739 PM MDT


-  INDICATES NEGATIVE NUMBERS.
R  INDICATES RECORD WAS SET OR TIED.
MM INDICATES DATA IS MISSING.
T  INDICATES TRACE AMOUNT.




$$
