000
CDUS45 KEPZ 012331
CLIDMN


CLIMATE REPORT
NATIONAL WEATHER SERVICE EL PASO, TX
530 PM MDT FRI AUG 1 2014


...................................

...THE DEMING CLIMATE SUMMARY FOR AUGUST 1 2014...
VALID TODAY AS OF 500 PM LOCAL TIME.

CLIMATE NORMAL PERIOD 1981 TO 2010
CLIMATE RECORD PERIOD 2000 TO 2014


WEATHER ITEM   OBSERVED TIME   NORMAL DEPARTURE LAST
                VALUE   (LST)  VALUE  FROM      YEAR
                                      NORMAL
......................................................
TEMPERATURE (F)
 TODAY
  MAXIMUM         80    354 PM  93    -13       92
  MINIMUM         64    531 AM  66     -2       67

PRECIPITATION (IN)
  TODAY            0.05          0.11  -0.06     0.02
  MONTH TO DATE    0.05          0.11  -0.06     0.02
  SINCE JUN 1      2.05          3.00  -0.95     3.28
  SINCE JAN 1      2.62          5.41  -2.79     3.79

......................................................


WIND (MPH)
  HIGHEST WIND SPEED    20   HIGHEST WIND DIRECTION    NE (60)
  HIGHEST GUST SPEED    27   HIGHEST GUST DIRECTION    NE (50)


SKY COVER
  AVERAGE SKY COVER 0.7


WEATHER CONDITIONS
 THE FOLLOWING WEATHER WAS RECORDED TODAY.
  LIGHT RAIN


RELATIVE HUMIDITY (PERCENT)
 HIGHEST   100           200 AM
 LOWEST     60           200 PM
 AVERAGE    80

..........................................................


THE DEMING CLIMATE NORMALS FOR TOMORROW
                         NORMAL
 MAXIMUM TEMPERATURE (F)   93
 MINIMUM TEMPERATURE (F)   66


SUNRISE AND SUNSET
AUGUST  1 2014........SUNRISE   626 AM MDT   SUNSET   808 PM MDT
AUGUST  2 2014........SUNRISE   626 AM MDT   SUNSET   807 PM MDT


-  INDICATES NEGATIVE NUMBERS.
R  INDICATES RECORD WAS SET OR TIED.
MM INDICATES DATA IS MISSING.
T  INDICATES TRACE AMOUNT.




$$
