848
CDUS43 KEAX 180632
CLIDMO


CLIMATE REPORT
NATIONAL WEATHER SERVICE KANSAS CITY/PLEASANT HILL MO
1231 AM CST SUN FEB 18 2018


...................................

...THE SEDALIA MO CLIMATE SUMMARY FOR FEBRUARY 17 2018...

CLIMATE NORMAL PERIOD 1981 TO 2010
CLIMATE RECORD PERIOD 9999 TO 9999


WEATHER ITEM   OBSERVED TIME   NORMAL DEPARTURE LAST
                VALUE   (LST)  VALUE  FROM      YEAR
                                      NORMAL
......................................................
TEMPERATURE (F)
 YESTERDAY
  MAXIMUM         53    416 PM  46      7       75
  MINIMUM         28   1249 AM  27      1       47
  AVERAGE         41            37      4       61

PRECIPITATION (IN)
  YESTERDAY        0.14          0.06   0.08     0.00
  MONTH TO DATE    0.18          1.19  -1.01     0.00
  SINCE DEC 1      1.43          5.18  -3.75     1.77
  SINCE JAN 1      1.12          2.86  -1.74     0.99

DEGREE DAYS
 HEATING
  YESTERDAY       24            28     -4        4
  MONTH TO DATE  570           514     56      388
  SINCE DEC 1   2533          2484     49     2261
  SINCE JUL 1   3290          3329    -39     2768

 COOLING
  YESTERDAY        0             0      0        0
  MONTH TO DATE    0             0      0        0
  SINCE DEC 1      0             0      0        0
  SINCE JAN 1      0             0      0        0
......................................................


WIND (MPH)
  HIGHEST WIND SPEED    22   HIGHEST WIND DIRECTION    NW (320)
  HIGHEST GUST SPEED    28   HIGHEST GUST DIRECTION     W (280)
  AVERAGE WIND SPEED     8.8


SKY COVER
  AVERAGE SKY COVER 0.4


WEATHER CONDITIONS
 THE FOLLOWING WEATHER WAS RECORDED YESTERDAY.
  LIGHT SNOW
  FOG


RELATIVE HUMIDITY (PERCENT)
 HIGHEST   100           700 AM
 LOWEST     35           500 PM
 AVERAGE    68

..........................................................


THE SEDALIA MO CLIMATE NORMALS FOR TODAY
                         NORMAL
 MAXIMUM TEMPERATURE (F)   47
 MINIMUM TEMPERATURE (F)   28


SUNRISE AND SUNSET
FEBRUARY 18 2018......SUNRISE   700 AM CST   SUNSET   554 PM CST
FEBRUARY 19 2018......SUNRISE   658 AM CST   SUNSET   555 PM CST


-  INDICATES NEGATIVE NUMBERS.
R  INDICATES RECORD WAS SET OR TIED.
MM INDICATES DATA IS MISSING.
T  INDICATES TRACE AMOUNT.




$$
