000
CDUS43 KEAX 260631
CLIDMO


CLIMATE REPORT
NATIONAL WEATHER SERVICE KANSAS CITY/PLEASANT HILL MO
131 AM CDT TUE SEP 26 2017


...................................

...THE SEDALIA MO CLIMATE SUMMARY FOR SEPTEMBER 25 2017...

CLIMATE NORMAL PERIOD 1981 TO 2010
CLIMATE RECORD PERIOD 9999 TO 9999


WEATHER ITEM   OBSERVED TIME   NORMAL DEPARTURE LAST
                VALUE   (LST)  VALUE  FROM      YEAR
                                      NORMAL
......................................................
TEMPERATURE (F)
 YESTERDAY
  MAXIMUM         90    106 PM  76     14       79
  MINIMUM         68    138 AM  55     13       61
  AVERAGE         79            65     14       70

PRECIPITATION (IN)
  YESTERDAY        0.00          0.13  -0.13      T
  MONTH TO DATE    1.02          3.49  -2.47     4.47
  SINCE SEP 1      1.02          3.49  -2.47     4.47
  SINCE JAN 1     30.22         31.43  -1.21    28.83

DEGREE DAYS
 HEATING
  YESTERDAY        0             3     -3        0
  MONTH TO DATE    2            24    -22        0
  SINCE SEP 1      2            24    -22        0
  SINCE JUL 1      7            25    -18        0

 COOLING
  YESTERDAY       14             3     11        5
  MONTH TO DATE  219           150     69      255
  SINCE SEP 1    219           150     69      255
  SINCE JAN 1   1393          1435    -42     1668
......................................................


WIND (MPH)
  HIGHEST WIND SPEED    16   HIGHEST WIND DIRECTION     S (170)
  HIGHEST GUST SPEED    20   HIGHEST GUST DIRECTION     S (170)
  AVERAGE WIND SPEED     7.5


SKY COVER
  AVERAGE SKY COVER 0.0


WEATHER CONDITIONS
 THE FOLLOWING WEATHER WAS RECORDED YESTERDAY.
  NO SIGNIFICANT WEATHER WAS OBSERVED.


RELATIVE HUMIDITY (PERCENT)
 HIGHEST    90           200 AM
 LOWEST     47           100 PM
 AVERAGE    69

..........................................................


THE SEDALIA MO CLIMATE NORMALS FOR TODAY
                         NORMAL
 MAXIMUM TEMPERATURE (F)   75
 MINIMUM TEMPERATURE (F)   55


SUNRISE AND SUNSET
SEPTEMBER 26 2017.....SUNRISE   704 AM CDT   SUNSET   703 PM CDT
SEPTEMBER 27 2017.....SUNRISE   705 AM CDT   SUNSET   701 PM CDT


-  INDICATES NEGATIVE NUMBERS.
R  INDICATES RECORD WAS SET OR TIED.
MM INDICATES DATA IS MISSING.
T  INDICATES TRACE AMOUNT.




$$
