000
CDUS43 KEAX 301234
CLIDMO


CLIMATE REPORT
NATIONAL WEATHER SERVICE KANSAS CITY/PLEASANT HILL MO
733 AM CDT MON MAR 30 2015


...................................

...THE SEDALIA MO CLIMATE SUMMARY FOR MARCH 30 2015...
VALID AS OF 0700 AM LOCAL TIME.

CLIMATE NORMAL PERIOD 1981 TO 2010
CLIMATE RECORD PERIOD 9999 TO 9999


WEATHER ITEM   OBSERVED TIME   NORMAL DEPARTURE LAST
                VALUE   (LST)  VALUE  FROM      YEAR
                                      NORMAL
......................................................
TEMPERATURE (F)
 TODAY
  MAXIMUM         48   1225 AM  62    -14       74
  MINIMUM         37    544 AM  41     -4       34
  AVERAGE         43            51     -8       54

PRECIPITATION (IN)
  TODAY            0.00          0.09  -0.09     0.00
  MONTH TO DATE    1.13          2.52  -1.39     0.93
  SINCE MAR 1      1.13          2.52  -1.39     0.93
  SINCE JAN 1      3.21          6.12  -2.91     1.87

DEGREE DAYS
 HEATING
  TODAY           22            14      8       11
  MONTH TO DATE  550           571    -21      690
  SINCE MAR 1    550           571    -21      690
  SINCE JUL 1   4398          4188    210     4909

 COOLING
  TODAY            0             0      0        0
  MONTH TO DATE    1             0      1        0
  SINCE MAR 1      1             0      1        0
  SINCE JAN 1      1             0      1        0
......................................................


WIND (MPH)
  HIGHEST WIND SPEED     9   HIGHEST WIND DIRECTION    SW (210)
  HIGHEST GUST SPEED    11   HIGHEST GUST DIRECTION    SW (220)
  AVERAGE WIND SPEED     5.9


SKY COVER
  AVERAGE SKY COVER 0.0


WEATHER CONDITIONS
 THE FOLLOWING WEATHER WAS RECORDED TODAY.
  NO SIGNIFICANT WEATHER WAS OBSERVED.


RELATIVE HUMIDITY (PERCENT)
 HIGHEST    82           600 AM
 LOWEST     61          1200 AM
 AVERAGE    72

..........................................................


THE SEDALIA MO CLIMATE NORMALS FOR TOMORROW
                         NORMAL
 MAXIMUM TEMPERATURE (F)   63
 MINIMUM TEMPERATURE (F)   41


SUNRISE AND SUNSET
MARCH 30 2015.........SUNRISE   701 AM CDT   SUNSET   734 PM CDT
MARCH 31 2015.........SUNRISE   659 AM CDT   SUNSET   735 PM CDT


-  INDICATES NEGATIVE NUMBERS.
R  INDICATES RECORD WAS SET OR TIED.
MM INDICATES DATA IS MISSING.
T  INDICATES TRACE AMOUNT.




$$
