000
CDUS43 KEAX 010632
CLIDMO


CLIMATE REPORT
NATIONAL WEATHER SERVICE KANSAS CITY/PLEASANT HILL MO
132 AM CDT SAT OCT 1 2016


...................................

...THE SEDALIA MO CLIMATE SUMMARY FOR SEPTEMBER 30 2016...

CLIMATE NORMAL PERIOD 1981 TO 2010
CLIMATE RECORD PERIOD 9999 TO 9999


WEATHER ITEM   OBSERVED TIME   NORMAL DEPARTURE LAST
                VALUE   (LST)  VALUE  FROM      YEAR
                                      NORMAL
......................................................
TEMPERATURE (F)
 YESTERDAY
  MAXIMUM         77    324 PM  74      3       74
  MINIMUM         50    603 AM  53     -3       51
  AVERAGE         64            63      1       63

PRECIPITATION (IN)
  YESTERDAY        0.00          0.12  -0.12      T
  MONTH TO DATE    4.47          4.11   0.36     0.96
  SINCE SEP 1      4.47          4.11   0.36     0.96
  SINCE JAN 1     28.83         32.05  -3.22    29.19

DEGREE DAYS
 HEATING
  YESTERDAY        1             4     -3        2
  MONTH TO DATE    6            42    -36       10
  SINCE SEP 1      6            44    -38       10
  SINCE JUL 1      6            45    -39       10

 COOLING
  YESTERDAY        0             3     -3        0
  MONTH TO DATE  258           165     93      271
  SINCE SEP 1    258           165     93      271
  SINCE JAN 1   1671          1450    221     1510
......................................................


WIND (MPH)
  HIGHEST WIND SPEED    17   HIGHEST WIND DIRECTION    NW (330)
  HIGHEST GUST SPEED    21   HIGHEST GUST DIRECTION     N (20)
  AVERAGE WIND SPEED     7.6


SKY COVER
  AVERAGE SKY COVER 0.2


WEATHER CONDITIONS
 THE FOLLOWING WEATHER WAS RECORDED YESTERDAY.
  NO SIGNIFICANT WEATHER WAS OBSERVED.


RELATIVE HUMIDITY (PERCENT)
 HIGHEST    93           600 AM
 LOWEST     33           200 PM
 AVERAGE    63

..........................................................


THE SEDALIA MO CLIMATE NORMALS FOR TODAY
                         NORMAL
 MAXIMUM TEMPERATURE (F)   73
 MINIMUM TEMPERATURE (F)   53


SUNRISE AND SUNSET
OCTOBER  1 2016.......SUNRISE   709 AM CDT   SUNSET   654 PM CDT
OCTOBER  2 2016.......SUNRISE   710 AM CDT   SUNSET   653 PM CDT


-  INDICATES NEGATIVE NUMBERS.
R  INDICATES RECORD WAS SET OR TIED.
MM INDICATES DATA IS MISSING.
T  INDICATES TRACE AMOUNT.




$$
