000
CDUS43 KEAX 241234
CLIDMO


CLIMATE REPORT
NATIONAL WEATHER SERVICE KANSAS CITY/PLEASANT HILL MO
734 AM CDT FRI OCT 24 2014


...................................

...THE SEDALIA MO CLIMATE SUMMARY FOR OCTOBER 24 2014...
VALID AS OF 0700 AM LOCAL TIME.

CLIMATE NORMAL PERIOD 1981 TO 2010
CLIMATE RECORD PERIOD 9999 TO 9999


WEATHER ITEM   OBSERVED TIME   NORMAL DEPARTURE LAST
                VALUE   (LST)  VALUE  FROM      YEAR
                                      NORMAL
......................................................
TEMPERATURE (F)
 TODAY
  MAXIMUM         62    119 AM  66     -4       52
  MINIMUM         59    559 AM  46     13       32
  AVERAGE         61            56      5       42

PRECIPITATION (IN)
  TODAY            0.00          0.10  -0.10     0.00
  MONTH TO DATE    8.62          3.00   5.62     0.98
  SINCE SEP 1     10.43          7.11   3.32     4.54
  SINCE JAN 1     32.00         35.05  -3.05    34.45

DEGREE DAYS
 HEATING
  TODAY            4            10     -6       23
  MONTH TO DATE  142           168    -26      196
  SINCE SEP 1    185           212    -27      215
  SINCE JUL 1    185           213    -28      215

 COOLING
  TODAY            0             1     -1        0
  MONTH TO DATE   13            34    -21       45
  SINCE SEP 1    172           199    -27      267
  SINCE JAN 1   1389          1484    -95     1482
......................................................


WIND (MPH)
  HIGHEST WIND SPEED    12   HIGHEST WIND DIRECTION    SW (230)
  HIGHEST GUST SPEED    17   HIGHEST GUST DIRECTION    SW (220)
  AVERAGE WIND SPEED     6.6


SKY COVER
  AVERAGE SKY COVER 1.0


WEATHER CONDITIONS
 THE FOLLOWING WEATHER WAS RECORDED TODAY.
  FOG


RELATIVE HUMIDITY (PERCENT)
 HIGHEST    90           200 AM
 LOWEST     84          1200 AM
 AVERAGE    87

..........................................................


THE SEDALIA MO CLIMATE NORMALS FOR TOMORROW
                         NORMAL
 MAXIMUM TEMPERATURE (F)   66
 MINIMUM TEMPERATURE (F)   46


SUNRISE AND SUNSET
OCTOBER 24 2014.......SUNRISE   731 AM CDT   SUNSET   622 PM CDT
OCTOBER 25 2014.......SUNRISE   732 AM CDT   SUNSET   621 PM CDT


-  INDICATES NEGATIVE NUMBERS.
R  INDICATES RECORD WAS SET OR TIED.
MM INDICATES DATA IS MISSING.
T  INDICATES TRACE AMOUNT.




$$
