000
CDUS42 KCAE 170621
CLIDNL


CLIMATE REPORT
NATIONAL WEATHER SERVICE COLUMBIA SC
120 AM EST SAT FEB 17 2018


...................................

...THE AUGUSTA DANIEL FIELD GA CLIMATE SUMMARY FOR FEBRUARY 16 2018...

CLIMATE NORMAL PERIOD 1981 TO 2010
CLIMATE RECORD PERIOD 9999 TO 9999


WEATHER ITEM   OBSERVED TIME   NORMAL DEPARTURE LAST
                VALUE   (LST)  VALUE  FROM      YEAR
                                      NORMAL
......................................................
TEMPERATURE (F)
 YESTERDAY
  MAXIMUM         83    419 PM  61     22       64
  MINIMUM         63    626 AM  41     22       41
  AVERAGE         73            51     22       53

PRECIPITATION (IN)
  YESTERDAY        0.00          0.17  -0.17     0.00
  MONTH TO DATE    1.49          2.06  -0.57     1.47
  SINCE DEC 1      8.20          9.89  -1.69    16.18
  SINCE JAN 1      4.20          6.27  -2.07    11.97

DEGREE DAYS
 HEATING
  YESTERDAY        0            14    -14       12
  MONTH TO DATE  135           253   -118      119
  SINCE DEC 1   1141          1325   -184      802
  SINCE JUL 1   1403          1659   -256      971

 COOLING
  YESTERDAY        8             0      8        0
  MONTH TO DATE   15             0     15        5
  SINCE DEC 1     20             6     14       24
  SINCE JAN 1     17             1     16       20
......................................................


WIND (MPH)
  HIGHEST WIND SPEED    17   HIGHEST WIND DIRECTION     W (250)
  HIGHEST GUST SPEED    29   HIGHEST GUST DIRECTION     W (270)
  AVERAGE WIND SPEED     7.8


SKY COVER
  AVERAGE SKY COVER 0.6


WEATHER CONDITIONS
 THE FOLLOWING WEATHER WAS RECORDED YESTERDAY.
  NO SIGNIFICANT WEATHER WAS OBSERVED.


RELATIVE HUMIDITY (PERCENT)
 HIGHEST    93           300 AM
 LOWEST     40           400 PM

..........................................................


THE AUGUSTA DANIEL FIELD GA CLIMATE NORMALS FOR TODAY
                         NORMAL    RECORD    YEAR
 MAXIMUM TEMPERATURE (F)   61        MM        MM
 MINIMUM TEMPERATURE (F)   41        MM        MM


SUNRISE AND SUNSET
FEBRUARY 17 2018......SUNRISE   710 AM EST   SUNSET   615 PM EST
FEBRUARY 18 2018......SUNRISE   709 AM EST   SUNSET   615 PM EST


-  INDICATES NEGATIVE NUMBERS.
R  INDICATES RECORD WAS SET OR TIED.
MM INDICATES DATA IS MISSING.
T  INDICATES TRACE AMOUNT.




$$
