000
CDUS42 KCAE 170536
CLIDNL


CLIMATE REPORT
NATIONAL WEATHER SERVICE COLUMBIA SC
1235 AM EST TUE JAN 17 2017


...................................

...THE AUGUSTA DANIEL FIELD GA CLIMATE SUMMARY FOR JANUARY 16 2017...

CLIMATE NORMAL PERIOD 1981 TO 2010
CLIMATE RECORD PERIOD 9999 TO 9999


WEATHER ITEM   OBSERVED TIME   NORMAL DEPARTURE LAST
                VALUE   (LST)  VALUE  FROM      YEAR
                                      NORMAL
......................................................
TEMPERATURE (F)
 YESTERDAY
  MAXIMUM         72    211 PM  56     16       64
  MINIMUM         53    751 AM  38     15       50
  AVERAGE         63            46     17       57

PRECIPITATION (IN)
  YESTERDAY        0.00          0.13  -0.13     0.00
  MONTH TO DATE    7.06          1.93   5.13     0.85
  SINCE DEC 1     11.27          5.55   5.72     6.33
  SINCE JAN 1      7.06          1.93   5.13     0.85

DEGREE DAYS
 HEATING
  YESTERDAY        2            18    -16        8
  MONTH TO DATE  171           303   -132      285
  SINCE DEC 1    566           808   -242      448
  SINCE JUL 1    735          1142   -407      639

 COOLING
  YESTERDAY        0             0      0        0
  MONTH TO DATE    2             0      2        0
  SINCE DEC 1      6             5      1       64
  SINCE JAN 1      2             0      2        0
......................................................


WIND (MPH)
  HIGHEST WIND SPEED    14   HIGHEST WIND DIRECTION    NE (40)
  HIGHEST GUST SPEED    17   HIGHEST GUST DIRECTION    NE (60)
  AVERAGE WIND SPEED     4.6


SKY COVER
  AVERAGE SKY COVER 0.4


WEATHER CONDITIONS
 THE FOLLOWING WEATHER WAS RECORDED YESTERDAY.
  FOG
  HAZE


RELATIVE HUMIDITY (PERCENT)
 HIGHEST    89           600 AM
 LOWEST     53           200 PM

..........................................................


THE AUGUSTA DANIEL FIELD GA CLIMATE NORMALS FOR TODAY
                         NORMAL    RECORD    YEAR
 MAXIMUM TEMPERATURE (F)   56        MM        MM
 MINIMUM TEMPERATURE (F)   38        MM        MM


SUNRISE AND SUNSET
JANUARY 17 2017.......SUNRISE   732 AM EST   SUNSET   545 PM EST
JANUARY 18 2017.......SUNRISE   731 AM EST   SUNSET   546 PM EST


-  INDICATES NEGATIVE NUMBERS.
R  INDICATES RECORD WAS SET OR TIED.
MM INDICATES DATA IS MISSING.
T  INDICATES TRACE AMOUNT.




$$
