000
CDUS42 KCAE 120605
CLIDNL


CLIMATE REPORT
NATIONAL WEATHER SERVICE COLUMBIA SC
104 AM EST TUE DEC 12 2017


...................................

...THE AUGUSTA DANIEL FIELD GA CLIMATE SUMMARY FOR DECEMBER 11 2017...

CLIMATE NORMAL PERIOD 1981 TO 2010
CLIMATE RECORD PERIOD 9999 TO 9999


WEATHER ITEM   OBSERVED TIME   NORMAL DEPARTURE LAST
                VALUE   (LST)  VALUE  FROM      YEAR
                                      NORMAL
......................................................
TEMPERATURE (F)
 YESTERDAY
  MAXIMUM         62    412 PM  59      3       54
  MINIMUM         36    743 AM  40     -4       34
  AVERAGE         49            50     -1       44

PRECIPITATION (IN)
  YESTERDAY        0.00          0.14  -0.14      T
  MONTH TO DATE    1.73          1.42   0.31     1.89
  SINCE DEC 1      1.73          1.42   0.31     1.89
  SINCE JAN 1     38.59         44.35  -5.76    34.17

DEGREE DAYS
 HEATING
  YESTERDAY       16            16      0       21
  MONTH TO DATE  128           157    -29      167
  SINCE DEC 1    128           157    -29      167
  SINCE JUL 1    390           491   -101      336

 COOLING
  YESTERDAY        0             0      0        0
  MONTH TO DATE    3             0      3        0
  SINCE DEC 1      3             0      3        0
  SINCE JAN 1   2979          2256    723     3074
......................................................


WIND (MPH)
  HIGHEST WIND SPEED    12   HIGHEST WIND DIRECTION    SW (210)
  HIGHEST GUST SPEED    15   HIGHEST GUST DIRECTION     W (290)
  AVERAGE WIND SPEED     4.6


SKY COVER
  AVERAGE SKY COVER 0.0


WEATHER CONDITIONS
 THE FOLLOWING WEATHER WAS RECORDED YESTERDAY.
  NO SIGNIFICANT WEATHER WAS OBSERVED.


RELATIVE HUMIDITY (PERCENT)
 HIGHEST    70           700 AM
 LOWEST     32           300 PM

..........................................................


THE AUGUSTA DANIEL FIELD GA CLIMATE NORMALS FOR TODAY
                         NORMAL    RECORD    YEAR
 MAXIMUM TEMPERATURE (F)   59        MM        MM
 MINIMUM TEMPERATURE (F)   40        MM        MM


SUNRISE AND SUNSET
DECEMBER 12 2017......SUNRISE   723 AM EST   SUNSET   521 PM EST
DECEMBER 13 2017......SUNRISE   724 AM EST   SUNSET   521 PM EST


-  INDICATES NEGATIVE NUMBERS.
R  INDICATES RECORD WAS SET OR TIED.
MM INDICATES DATA IS MISSING.
T  INDICATES TRACE AMOUNT.




$$
