000
CDUS43 KLOT 240633
CLIDPA


CLIMATE REPORT
NATIONAL WEATHER SERVICE CHICAGO IL
133 AM CDT WED AUG 24 2016


...................................

...THE DU PAGE  AIRPORT CLIMATE SUMMARY FOR AUGUST 23 2016...

CLIMATE NORMAL PERIOD 1981 TO 2010
CLIMATE RECORD PERIOD 1997 TO 2016


WEATHER ITEM   OBSERVED TIME   RECORD YEAR NORMAL DEPARTURE LAST
                VALUE   (LST)  VALUE       VALUE  FROM      YEAR
                                                  NORMAL
..................................................................
TEMPERATURE (F)
 YESTERDAY
  MAXIMUM         81    301 PM  92    2012  82     -1       75
  MINIMUM         59    327 AM  51    2005  61     -2       56
                                      1997
  AVERAGE         70                        71     -1       66

PRECIPITATION (IN)
  YESTERDAY        0.00          1.97        0.14  -0.14     0.02
  MONTH TO DATE    1.09                      3.54  -2.45     1.90
  SINCE JUN 1      9.95                     11.55  -1.60    13.17
  SINCE JAN 1     24.23                     24.57  -0.34    24.16

SNOWFALL (IN)
  YESTERDAY        0.0
  MONTH TO DATE    0.0
  SINCE JUL 1      0.0

DEGREE DAYS
 HEATING
  YESTERDAY        0                         0      0        0
  MONTH TO DATE    0                         0      0        0
  SINCE JUN 1     13                        38    -25       52
  SINCE JUL 1      1                         2     -1       18

 COOLING
  YESTERDAY        5                         7     -2        1
  MONTH TO DATE  226                       175     51      163
  SINCE JUN 1    696                       631     65      505
  SINCE JAN 1    769                       677     92      559
..................................................................


WIND (MPH)
  RESULTANT WIND SPEED  10   RESULTANT WIND DIRECTION   S (180)
  HIGHEST WIND SPEED    20   HIGHEST WIND DIRECTION     S (180)
  HIGHEST GUST SPEED    24   HIGHEST GUST DIRECTION     S (190)
  AVERAGE WIND SPEED    10.4



WEATHER CONDITIONS
 THE FOLLOWING WEATHER WAS RECORDED YESTERDAY.
  NO SIGNIFICANT WEATHER WAS OBSERVED.


..........................................................


THE DU PAGE  AIRPORT CLIMATE NORMALS FOR TODAY
                         NORMAL    RECORD    YEAR
 MAXIMUM TEMPERATURE (F)   82        94      2012
 MINIMUM TEMPERATURE (F)   61        51      2005


SUNRISE AND SUNSET
AUGUST 24 2016........SUNRISE   611 AM CDT   SUNSET   739 PM CDT
AUGUST 25 2016........SUNRISE   612 AM CDT   SUNSET   737 PM CDT


-  INDICATES NEGATIVE NUMBERS.
R  INDICATES RECORD WAS SET OR TIED.
MM INDICATES DATA IS MISSING.
T  INDICATES TRACE AMOUNT.




$$
