000
CDUS43 KLOT 190632
CLIDPA


CLIMATE REPORT
NATIONAL WEATHER SERVICE CHICAGO IL
132 AM CDT SAT APR 19 2014


...................................

...THE DU PAGE  AIRPORT CLIMATE SUMMARY FOR APRIL 18 2014...

CLIMATE NORMAL PERIOD 1981 TO 2010
CLIMATE RECORD PERIOD 1997 TO 2014


WEATHER ITEM   OBSERVED TIME   RECORD YEAR NORMAL DEPARTURE LAST
                VALUE   (LST)  VALUE       VALUE  FROM      YEAR
                                                  NORMAL
..................................................................
TEMPERATURE (F)
 YESTERDAY
  MAXIMUM         60    132 PM  88    2002  62     -2       63
  MINIMUM         33    533 AM  27    2001  38     -5       38
  AVERAGE         47                        50     -3       51

PRECIPITATION (IN)
  YESTERDAY        0.00          2.34        0.12  -0.12     2.34
  MONTH TO DATE    1.11                      1.80  -0.69     5.67
  SINCE MAR 1      1.56                      4.16  -2.60     7.23
  SINCE JAN 1      2.78                      6.89  -4.11    12.63

SNOWFALL (IN)
  YESTERDAY        0.0

DEGREE DAYS
 HEATING
  YESTERDAY       18                        15      3       14
  MONTH TO DATE  352                       322     30      365
  SINCE MAR 1   1442                      1158    284     1421
  SINCE JUL 1   7218                      5913   1305     6149

 COOLING
  YESTERDAY        0                         0      0        0
  MONTH TO DATE    0                         0      0        0
  SINCE MAR 1      0                         0      0        0
  SINCE JAN 1      0                         0      0        0
..................................................................


WIND (MPH)
  RESULTANT WIND SPEED   6   RESULTANT WIND DIRECTION  NE (40)
  HIGHEST WIND SPEED    18   HIGHEST WIND DIRECTION     E (70)
  HIGHEST GUST SPEED    24   HIGHEST GUST DIRECTION    NE (50)
  AVERAGE WIND SPEED     8.3



WEATHER CONDITIONS
 THE FOLLOWING WEATHER WAS RECORDED YESTERDAY.
  FOG
  HAZE


..........................................................


THE DU PAGE  AIRPORT CLIMATE NORMALS FOR TODAY
                         NORMAL    RECORD    YEAR
 MAXIMUM TEMPERATURE (F)   62        79      2005
 MINIMUM TEMPERATURE (F)   39        30      2010
                                             1999


SUNRISE AND SUNSET
APRIL 19 2014.........SUNRISE   606 AM CDT   SUNSET   738 PM CDT
APRIL 20 2014.........SUNRISE   605 AM CDT   SUNSET   740 PM CDT


-  INDICATES NEGATIVE NUMBERS.
R  INDICATES RECORD WAS SET OR TIED.
MM INDICATES DATA IS MISSING.
T  INDICATES TRACE AMOUNT.




$$
