000
CDUS45 KGJT 040739
CLIDRO


CLIMATE REPORT
NATIONAL WEATHER SERVICE GRAND JUNCTION CO
130 AM MDT TUE AUG 4 2015


...................................

...THE DURANGO AIRPORT CO CLIMATE SUMMARY FOR AUGUST 3 2015...

CLIMATE NORMAL PERIOD 1981 TO 2010
CLIMATE RECORD PERIOD 9999 TO 9999


WEATHER ITEM   OBSERVED TIME   RECORD YEAR NORMAL DEPARTURE LAST
                VALUE   (LST)  VALUE       VALUE  FROM      YEAR
                                                  NORMAL
..................................................................
TEMPERATURE (F)
 YESTERDAY
  MAXIMUM         83    321 PM  MM      MM  85     -2       81
  MINIMUM         50    529 AM  MM      MM  54     -4       57
  AVERAGE         67                        69     -2       69

PRECIPITATION (IN)
  YESTERDAY        0.00         MM      MM   0.09  -0.09     0.02
  MONTH TO DATE    0.06                      0.25  -0.19     0.91
  SINCE JUN 1      3.42                      2.61   0.81     2.21
  SINCE JAN 1     10.92                      8.04   2.88     4.61

SNOWFALL (IN)
  YESTERDAY       MM            MM      MM  MM     MM       MM
  MONTH TO DATE   MM                        MM     MM       MM
  SINCE JUN 1     MM                        MM     MM       MM
  SINCE JUL 1     MM                        MM     MM       MM
  SNOW DEPTH      MM

DEGREE DAYS
 HEATING
  YESTERDAY        0                         0      0        0
  MONTH TO DATE    0                         0      0        0
  SINCE JUN 1     96                       125    -29       88
  SINCE JUL 1     15                        10      5        0

 COOLING
  YESTERDAY        2                         4     -2        4
  MONTH TO DATE    9                        13     -4        7
  SINCE JUN 1    163                       163      0      226
  SINCE JAN 1    163                       164     -1      231
..................................................................


WIND (MPH)
  HIGHEST WIND SPEED    24   HIGHEST WIND DIRECTION     W (290)
  HIGHEST GUST SPEED    32   HIGHEST GUST DIRECTION    NW (330)
  AVERAGE WIND SPEED     6.8


SKY COVER
  POSSIBLE SUNSHINE  MM
  AVERAGE SKY COVER 0.2


WEATHER CONDITIONS
 THE FOLLOWING WEATHER WAS RECORDED YESTERDAY.
  FOG
  FOG W/VISIBILITY <= 1/4 MILE


RELATIVE HUMIDITY (PERCENT)
 HIGHEST   100           500 AM
 LOWEST     24           300 PM
 AVERAGE    62

..........................................................


THE DURANGO AIRPORT CO CLIMATE NORMALS FOR TODAY
                         NORMAL    RECORD    YEAR
 MAXIMUM TEMPERATURE (F)   85        MM        MM
 MINIMUM TEMPERATURE (F)   54        MM        MM


SUNRISE AND SUNSET
AUGUST  4 2015........SUNRISE   618 AM MDT   SUNSET   815 PM MDT
AUGUST  5 2015........SUNRISE   619 AM MDT   SUNSET   814 PM MDT


-  INDICATES NEGATIVE NUMBERS.
R  INDICATES RECORD WAS SET OR TIED.
MM INDICATES DATA IS MISSING.
T  INDICATES TRACE AMOUNT.




$$
