000
CDUS44 KEWX 222222
CLIDRT


CLIMATE REPORT
NATIONAL WEATHER SERVICE AUSTIN/SAN ANTONIO, TX
521 PM CDT MON SEP 22 2014

...................................

...THE DEL RIO CLIMATE SUMMARY FOR SEPTEMBER 22 2014...
VALID TODAY AS OF 0500 PM LOCAL TIME.

CLIMATE NORMAL PERIOD 1981 TO 2010
CLIMATE RECORD PERIOD 1906 TO 2014


WEATHER ITEM   OBSERVED TIME   RECORD YEAR NORMAL DEPARTURE LAST
                VALUE   (LST)  VALUE       VALUE  FROM      YEAR
                                                  NORMAL
..................................................................
TEMPERATURE (F)
 TODAY
  MAXIMUM         91    411 PM 102    1946  89      2       88
  MINIMUM         73    713 AM  48    1995  68      5       59
  AVERAGE         82                        78      4       74

PRECIPITATION (IN)
  TODAY            0.00          5.25 1919   0.06  -0.06     0.00
  MONTH TO DATE    1.44                      1.59  -0.15     4.40
  SINCE SEP 1      1.44                      1.59  -0.15     4.40
  SINCE JAN 1      8.61                     15.10  -6.49    12.89

SNOWFALL (IN)
  TODAY            0.0
  MONTH TO DATE    0.0
  SINCE SEP 1      0.0
  SINCE JUL 1      0.0
  SNOW DEPTH       0

DEGREE DAYS
 HEATING
  TODAY            0                         0      0        0
  MONTH TO DATE    0                         0      0        0
  SINCE SEP 1      0                         0      0        0
  SINCE JUL 1      0                         0      0        0

 COOLING
  TODAY           17                        14      3        9
  MONTH TO DATE  390                       363     27      394
  SINCE SEP 1    390                       363     27      394
  SINCE JAN 1   3279                      2998    281     3334
..................................................................


WIND (MPH)
  HIGHEST WIND SPEED    13   HIGHEST WIND DIRECTION     E (110)
  HIGHEST GUST SPEED    16   HIGHEST GUST DIRECTION     E (100)
  AVERAGE WIND SPEED     6.5



WEATHER CONDITIONS
 THE FOLLOWING WEATHER WAS RECORDED TODAY.
  NO SIGNIFICANT WEATHER WAS OBSERVED.


RELATIVE HUMIDITY (PERCENT)
 HIGHEST    88           200 AM
 LOWEST     37           200 PM
 AVERAGE    63

..........................................................


THE DEL RIO CLIMATE NORMALS FOR TOMORROW
                         NORMAL    RECORD    YEAR
 MAXIMUM TEMPERATURE (F)   89       104      1908
 MINIMUM TEMPERATURE (F)   68        51      1995


SUNRISE AND SUNSET
SEPTEMBER 22 2014.....SUNRISE   732 AM CDT   SUNSET   740 PM CDT
SEPTEMBER 23 2014.....SUNRISE   733 AM CDT   SUNSET   739 PM CDT


-  INDICATES NEGATIVE NUMBERS.
R  INDICATES RECORD WAS SET OR TIED.
MM INDICATES DATA IS MISSING.
T  INDICATES TRACE AMOUNT.


$$
