000
CDUS44 KEWX 040730
CLIDRT


CLIMATE REPORT
NATIONAL WEATHER SERVICE AUSTIN/SAN ANTONIO, TX
230 AM CDT FRI SEP 4 2015


...................................

...THE DEL RIO CLIMATE SUMMARY FOR SEPTEMBER 3 2015...

CLIMATE NORMAL PERIOD 1981 TO 2010
CLIMATE RECORD PERIOD 1906 TO 2015


WEATHER ITEM   OBSERVED TIME   RECORD YEAR NORMAL DEPARTURE LAST
                VALUE   (LST)  VALUE       VALUE  FROM      YEAR
                                                  NORMAL
..................................................................
TEMPERATURE (F)
 YESTERDAY
  MAXIMUM         98    513 PM 106    2000  94      4       93
  MINIMUM         75    604 AM  58    1974  73      2       75
  AVERAGE         87                        84      3       84

PRECIPITATION (IN)
  YESTERDAY        0.00          2.70 1934   0.09  -0.09      T
  MONTH TO DATE    0.00                      0.26  -0.26      T
  SINCE SEP 1      0.00                      0.26  -0.26      T
  SINCE JAN 1     20.62                     13.77   6.85     7.17

SNOWFALL (IN)
  YESTERDAY        0.0
  MONTH TO DATE    0.0
  SINCE SEP 1      0.0
  SINCE JUL 1      0.0

DEGREE DAYS
 HEATING
  YESTERDAY        0                         0      0        0
  MONTH TO DATE    0                         0      0        0
  SINCE SEP 1      0                         0      0        0
  SINCE JUL 1      0                         0      0        0

 COOLING
  YESTERDAY       22                        19      3       19
  MONTH TO DATE   63                        57      6       69
  SINCE SEP 1     63                        57      6       69
  SINCE JAN 1   2652                      2692    -40     2958
..................................................................


WIND (MPH)
  HIGHEST WIND SPEED    14   HIGHEST WIND DIRECTION     E (110)
  HIGHEST GUST SPEED    19   HIGHEST GUST DIRECTION     E (110)
  AVERAGE WIND SPEED     7.7


SKY COVER
  AVERAGE SKY COVER 0.2


WEATHER CONDITIONS
 THE FOLLOWING WEATHER WAS RECORDED YESTERDAY.
  NO SIGNIFICANT WEATHER WAS OBSERVED.


RELATIVE HUMIDITY (PERCENT)
 HIGHEST    82           700 AM
 LOWEST     27           600 PM
 AVERAGE    55

..........................................................


THE DEL RIO CLIMATE NORMALS FOR TODAY
                         NORMAL    RECORD    YEAR
 MAXIMUM TEMPERATURE (F)   94       107      2000
 MINIMUM TEMPERATURE (F)   73        63      1934


SUNRISE AND SUNSET
SEPTEMBER  4 2015.....SUNRISE   723 AM CDT   SUNSET   802 PM CDT
SEPTEMBER  5 2015.....SUNRISE   723 AM CDT   SUNSET   801 PM CDT


-  INDICATES NEGATIVE NUMBERS.
R  INDICATES RECORD WAS SET OR TIED.
MM INDICATES DATA IS MISSING.
T  INDICATES TRACE AMOUNT.




$$
