000
CDUS44 KEWX 242352
CLIDRT


CLIMATE REPORT
NATIONAL WEATHER SERVICE AUSTIN/SAN ANTONIO, TX
551 PM CST FRI FEB 24 2017


...................................

...THE DEL RIO CLIMATE SUMMARY FOR FEBRUARY 24 2017...
VALID TODAY AS OF 551 PM LOCAL TIME.

CLIMATE NORMAL PERIOD 1981 TO 2010
CLIMATE RECORD PERIOD 1906 TO 2017


WEATHER ITEM   OBSERVED TIME   RECORD YEAR NORMAL DEPARTURE LAST
                VALUE   (LST)  VALUE       VALUE  FROM      YEAR
                                                  NORMAL
..................................................................
TEMPERATURE (F)
 TODAY
  MAXIMUM         85    338 PM  90    1972  71     14       67
  MINIMUM         49    753 AM  29    2003  47      2       44
                                      1966
                                      1965
  AVERAGE         67                        59      8       56

PRECIPITATION (IN)
  TODAY            0.00          1.46 1992   0.03  -0.03     0.00
  MONTH TO DATE    0.78                      0.72   0.06     0.07
  SINCE DEC 1      3.45                      2.09   1.36     1.09
  SINCE JAN 1      0.97                      1.44  -0.47     0.75

SNOWFALL (IN)
  TODAY            0.0
  MONTH TO DATE    0.0
  SINCE DEC 1      0.0
  SINCE JUL 1      0.0
  SNOW DEPTH       0

DEGREE DAYS
 HEATING
  TODAY            0                         7     -7        9
  MONTH TO DATE   89                       220   -131      145
  SINCE DEC 1    712                      1013   -301      812
  SINCE JUL 1    781                      1210   -429      955

 COOLING
  TODAY            2                         1      1        0
  MONTH TO DATE   34                         8     26       27
  SINCE DEC 1     62                        14     48       28
  SINCE JAN 1     50                        11     39       27
..................................................................


WIND (MPH)
  HIGHEST WIND SPEED    21   HIGHEST WIND DIRECTION     N (350)
  HIGHEST GUST SPEED    29   HIGHEST GUST DIRECTION     N (340)
  AVERAGE WIND SPEED     7.8



WEATHER CONDITIONS
 THE FOLLOWING WEATHER WAS RECORDED TODAY.
  NO SIGNIFICANT WEATHER WAS OBSERVED.


RELATIVE HUMIDITY (PERCENT)
 HIGHEST    80           800 AM
 LOWEST      8           500 PM
 AVERAGE    44

..........................................................


THE DEL RIO CLIMATE NORMALS FOR TOMORROW
                         NORMAL    RECORD    YEAR
 MAXIMUM TEMPERATURE (F)   71        99      2008
 MINIMUM TEMPERATURE (F)   48        22      1960


SUNRISE AND SUNSET
FEBRUARY 24 2017......SUNRISE   714 AM CST   SUNSET   640 PM CST
FEBRUARY 25 2017......SUNRISE   713 AM CST   SUNSET   641 PM CST


-  INDICATES NEGATIVE NUMBERS.
R  INDICATES RECORD WAS SET OR TIED.
MM INDICATES DATA IS MISSING.
T  INDICATES TRACE AMOUNT.




$$
