000
CDUS44 KEWX 160744
CLIDRT


CLIMATE REPORT
NATIONAL WEATHER SERVICE AUSTIN/SAN ANTONIO, TX
241 AM CDT WED APR 16 2014


...................................

...THE DEL RIO CLIMATE SUMMARY FOR APRIL 15 2014...

CLIMATE NORMAL PERIOD 1981 TO 2010
CLIMATE RECORD PERIOD 1906 TO 2014


WEATHER ITEM   OBSERVED TIME   RECORD YEAR NORMAL DEPARTURE LAST
                VALUE   (LST)  VALUE       VALUE  FROM      YEAR
                                                  NORMAL
..................................................................
TEMPERATURE (F)
 YESTERDAY
  MAXIMUM         70    532 PM  96    1998  84    -14       94
  MINIMUM         38    618 AM  37    1928  59    -21       71
  AVERAGE         54                        72    -18       83

PRECIPITATION (IN)
  YESTERDAY        0.00          3.19 2010   0.06  -0.06     0.00
  MONTH TO DATE    0.00                      0.70  -0.70     0.33
  SINCE MAR 1      0.32                      1.84  -1.52     0.39
  SINCE JAN 1      0.54                      3.44  -2.90     1.72

SNOWFALL (IN)
  YESTERDAY        0.0
  MONTH TO DATE    0.0
  SINCE MAR 1      0.0
  SINCE JUL 1      0.0

DEGREE DAYS
 HEATING
  YESTERDAY       11                         1     10        0
  MONTH TO DATE   11                        19     -8       12
  SINCE MAR 1    145                       133     12      104
  SINCE JUL 1   1552                      1369    183      997

 COOLING
  YESTERDAY        0                         7     -7       18
  MONTH TO DATE  121                        90     31      112
  SINCE MAR 1    205                       177     28      260
  SINCE JAN 1    250                       196     54      299
..................................................................


WIND (MPH)
  HIGHEST WIND SPEED    16   HIGHEST WIND DIRECTION    SE (140)
  HIGHEST GUST SPEED    22   HIGHEST GUST DIRECTION    SE (120)
  AVERAGE WIND SPEED     6.8


SKY COVER
  AVERAGE SKY COVER 0.0


WEATHER CONDITIONS
 THE FOLLOWING WEATHER WAS RECORDED YESTERDAY.
  NO SIGNIFICANT WEATHER WAS OBSERVED.


RELATIVE HUMIDITY (PERCENT)
 HIGHEST    43           600 AM
 LOWEST     11           400 PM
 AVERAGE    27

..........................................................


THE DEL RIO CLIMATE NORMALS FOR TODAY
                         NORMAL    RECORD    YEAR
 MAXIMUM TEMPERATURE (F)   84       101      2006
 MINIMUM TEMPERATURE (F)   60        41      1945


SUNRISE AND SUNSET
APRIL 16 2014.........SUNRISE   716 AM CDT   SUNSET   811 PM CDT
APRIL 17 2014.........SUNRISE   715 AM CDT   SUNSET   812 PM CDT


-  INDICATES NEGATIVE NUMBERS.
R  INDICATES RECORD WAS SET OR TIED.
MM INDICATES DATA IS MISSING.
T  INDICATES TRACE AMOUNT.




$$
