409
CDUS43 KDMX 282231
CLIDSM

CLIMATE REPORT
NATIONAL WEATHER SERVICE DES MOINES IA
530 PM CDT SUN AUG 28 2016


...................................

...THE DES MOINES IA CLIMATE SUMMARY FOR AUGUST 28 2016...
VALID TODAY AS OF 0500 PM LOCAL TIME.

CLIMATE NORMAL PERIOD 1981 TO 2010
CLIMATE RECORD PERIOD 1878 TO 2016


WEATHER ITEM   OBSERVED TIME   RECORD YEAR NORMAL DEPARTURE LAST
                VALUE   (LST)  VALUE       VALUE  FROM      YEAR
                                                  NORMAL
..................................................................
TEMPERATURE (F)
 TODAY
  MAXIMUM         90    207 PM 100    1984  82      8       79
  MINIMUM         69    618 AM  41    1986  63      6       64
  AVERAGE         80                        72      8       72

PRECIPITATION (IN)
  TODAY            0.00          3.38 2014   0.12  -0.12     0.30
  MONTH TO DATE    4.60                      3.77   0.83     4.25
  SINCE JUN 1     13.05                     13.18  -0.13    19.82
  SINCE JAN 1     24.29                     26.36  -2.07    29.17

SNOWFALL (IN)
  TODAY            0.0          MM      MM   0.0    0.0      0.0
  MONTH TO DATE    0.0                       0.0    0.0      0.0
  SINCE JUN 1      0.0                       0.0    0.0      0.0
  SINCE JUL 1      0.0                       0.0    0.0      0.0
  SNOW DEPTH       0

DEGREE DAYS
 HEATING
  TODAY            0                         0      0        0
  MONTH TO DATE    0                         0      0        2
  SINCE JUN 1      0                        18    -18        5
  SINCE JUL 1      0                         1     -1        2

 COOLING
  TODAY           15                         8      7        7
  MONTH TO DATE  316                       272     44      240
  SINCE JUN 1   1068                       842    226      850
  SINCE JAN 1   1161                       918    243      930
..................................................................


WIND (MPH)
  HIGHEST WIND SPEED    13   HIGHEST WIND DIRECTION    SE (150)
  HIGHEST GUST SPEED    16   HIGHEST GUST DIRECTION    SE (140)
  AVERAGE WIND SPEED     5.9


SKY COVER
  POSSIBLE SUNSHINE  MM
  AVERAGE SKY COVER 0.5


WEATHER CONDITIONS
 THE FOLLOWING WEATHER WAS RECORDED TODAY.
  FOG


RELATIVE HUMIDITY (PERCENT)
 HIGHEST    97          1200 AM
 LOWEST     59           200 PM
 AVERAGE    78

..........................................................


THE DES MOINES IA CLIMATE NORMALS FOR TOMORROW
                         NORMAL    RECORD    YEAR
 MAXIMUM TEMPERATURE (F)   82        99      1984
                                             1983
 MINIMUM TEMPERATURE (F)   62        43      1946


SUNRISE AND SUNSET
AUGUST 28 2016........SUNRISE   637 AM CDT   SUNSET   753 PM CDT
AUGUST 29 2016........SUNRISE   638 AM CDT   SUNSET   752 PM CDT


-  INDICATES NEGATIVE NUMBERS.
R  INDICATES RECORD WAS SET OR TIED.
MM INDICATES DATA IS MISSING.
T  INDICATES TRACE AMOUNT.




$$
