000
CDUS43 KDTX 080537
CLIDTW


CLIMATE REPORT
NATIONAL WEATHER SERVICE DETROIT/PONTIAC MI
137 AM EDT WED JUL 8 2015


...................................

...THE DETROIT MI CLIMATE SUMMARY FOR JULY 7 2015...

CLIMATE NORMAL PERIOD 1981 TO 2010
CLIMATE RECORD PERIOD 1874 TO 2015


WEATHER ITEM   OBSERVED TIME   RECORD YEAR NORMAL DEPARTURE LAST
                VALUE   (LST)  VALUE       VALUE  FROM      YEAR
                                                  NORMAL
..................................................................
TEMPERATURE (F)
 YESTERDAY
  MAXIMUM         79   1025 AM 101    1988  84     -5       87
  MINIMUM         63   1159 PM  44    1984  64     -1       68
  AVERAGE         71                        74     -3       78

PRECIPITATION (IN)
  YESTERDAY        0.17          4.34 1998   0.11   0.06     0.25
  MONTH TO DATE    0.17                      0.72  -0.55     0.80
  SINCE JUN 1      5.49                      4.24   1.25     4.80
  SINCE JAN 1     17.23                     16.78   0.45    19.47

SNOWFALL (IN)
  YESTERDAY        0.0           0.0    MM   0.0    0.0      0.0
  MONTH TO DATE    0.0                       0.0    0.0      0.0
  SINCE JUN 1      0.0                       0.0    0.0      0.0
  SINCE JUL 1      0.0                       0.0    0.0      0.0
  SNOW DEPTH       0

DEGREE DAYS
 HEATING
  YESTERDAY        0                         0      0        0
  MONTH TO DATE    0                         0      0        0
  SINCE JUN 1     22                        35    -13       12
  SINCE JUL 1      0                         0      0        0

 COOLING
  YESTERDAY        6                         9     -3       13
  MONTH TO DATE   29                        60    -31       41
  SINCE JUN 1    169                       227    -58      226
  SINCE JAN 1    273                       275     -2      290
..................................................................


WIND (MPH)
  HIGHEST WIND SPEED    17   HIGHEST WIND DIRECTION    NW (300)
  HIGHEST GUST SPEED    23   HIGHEST GUST DIRECTION    NW (320)
  AVERAGE WIND SPEED    10.5


SKY COVER
  POSSIBLE SUNSHINE  MM
  AVERAGE SKY COVER 1.0


WEATHER CONDITIONS
 THE FOLLOWING WEATHER WAS RECORDED YESTERDAY.
  HEAVY RAIN
  RAIN
  LIGHT RAIN
  FOG
  HAZE


RELATIVE HUMIDITY (PERCENT)
 HIGHEST    87          1200 PM
 LOWEST     69          1200 AM
 AVERAGE    78

..........................................................


THE DETROIT MI CLIMATE NORMALS FOR TODAY
                         NORMAL    RECORD    YEAR
 MAXIMUM TEMPERATURE (F)   84       104      1936
 MINIMUM TEMPERATURE (F)   64        45      1984


SUNRISE AND SUNSET
JULY  8 2015..........SUNRISE   605 AM EDT   SUNSET   912 PM EDT
JULY  9 2015..........SUNRISE   605 AM EDT   SUNSET   911 PM EDT


-  INDICATES NEGATIVE NUMBERS.
R  INDICATES RECORD WAS SET OR TIED.
MM INDICATES DATA IS MISSING.
T  INDICATES TRACE AMOUNT.




$$
