000
CDUS43 KDTX 010535
CLIDTW


CLIMATE REPORT
NATIONAL WEATHER SERVICE DETROIT/PONTIAC MI
135 AM EDT SUN MAY 1 2016


...................................

...THE DETROIT MI CLIMATE SUMMARY FOR APRIL 30 2016...

CLIMATE NORMAL PERIOD 1981 TO 2010
CLIMATE RECORD PERIOD 1874 TO 2016


WEATHER ITEM   OBSERVED TIME   RECORD YEAR NORMAL DEPARTURE LAST
                VALUE   (LST)  VALUE       VALUE  FROM      YEAR
                                                  NORMAL
..................................................................
TEMPERATURE (F)
 YESTERDAY
  MAXIMUM         56   1246 PM  87    1942  65     -9       57
  MINIMUM         41    558 AM  28    1876  44     -3       46
  AVERAGE         49                        54     -5       52

PRECIPITATION (IN)
  YESTERDAY        0.62          0.97 1962   0.10   0.52     0.30
  MONTH TO DATE    2.31                      2.90  -0.59     2.61
  SINCE MAR 1      7.17                      5.18   1.99     3.41
  SINCE JAN 1     10.53                      9.16   1.37     6.21

SNOWFALL (IN)
  YESTERDAY        0.0           T    1963   0.0    0.0      0.0
  MONTH TO DATE    1.3                       1.7   -0.4       T
  SINCE MAR 1      8.7                       8.6    0.1      2.8
  SINCE JUL 1     35.3                      42.5   -7.2     47.5
  SNOW DEPTH       0

DEGREE DAYS
 HEATING
  YESTERDAY       16                        11      5       13
  MONTH TO DATE  554                       480     74      441
  SINCE MAR 1   1224                      1341   -117     1378
  SINCE JUL 1   4989                      5894   -905     6489

 COOLING
  YESTERDAY        0                         0      0        0
  MONTH TO DATE    0                         6     -6        0
  SINCE MAR 1      0                         6     -6        0
  SINCE JAN 1      0                         6     -6        0
..................................................................


WIND (MPH)
  HIGHEST WIND SPEED    13   HIGHEST WIND DIRECTION    NE (60)
  HIGHEST GUST SPEED    17   HIGHEST GUST DIRECTION     E (70)
  AVERAGE WIND SPEED     7.1


SKY COVER
  POSSIBLE SUNSHINE  MM
  AVERAGE SKY COVER 0.9


WEATHER CONDITIONS
 THE FOLLOWING WEATHER WAS RECORDED YESTERDAY.
  RAIN
  LIGHT RAIN
  FOG


RELATIVE HUMIDITY (PERCENT)
 HIGHEST    93           800 PM
 LOWEST     50          1000 AM
 AVERAGE    72

..........................................................


THE DETROIT MI CLIMATE NORMALS FOR TODAY
                         NORMAL    RECORD    YEAR
 MAXIMUM TEMPERATURE (F)   65        86      1942
 MINIMUM TEMPERATURE (F)   45        26      1978


SUNRISE AND SUNSET
MAY  1 2016...........SUNRISE   628 AM EDT   SUNSET   833 PM EDT
MAY  2 2016...........SUNRISE   627 AM EDT   SUNSET   834 PM EDT


-  INDICATES NEGATIVE NUMBERS.
R  INDICATES RECORD WAS SET OR TIED.
MM INDICATES DATA IS MISSING.
T  INDICATES TRACE AMOUNT.




$$
