936
CDUS43 KDTX 220535
CLIDTW


CLIMATE REPORT
NATIONAL WEATHER SERVICE DETROIT/PONTIAC MI
135 AM EDT MON MAY 22 2017


...................................

...THE DETROIT MI CLIMATE SUMMARY FOR MAY 21 2017...

CLIMATE NORMAL PERIOD 1981 TO 2010
CLIMATE RECORD PERIOD 1874 TO 2017


WEATHER ITEM   OBSERVED TIME   RECORD YEAR NORMAL DEPARTURE LAST
                VALUE   (LST)  VALUE       VALUE  FROM      YEAR
                                                  NORMAL
..................................................................
TEMPERATURE (F)
 YESTERDAY
  MAXIMUM         77    525 PM  92    1977  71      6       73
  MINIMUM         54    251 AM  32    1883  51      3       55
  AVERAGE         66                        61      5       64

PRECIPITATION (IN)
  YESTERDAY        0.95          1.69 2004   0.12   0.83      T
  MONTH TO DATE    3.26                      2.22   1.04     2.03
  SINCE MAR 1     11.07                      7.40   3.67     9.20
  SINCE JAN 1     15.80                     11.38   4.42    12.56

SNOWFALL (IN)
  YESTERDAY        0.0           2.3  1883   0.0    0.0      0.0
  MONTH TO DATE    0.0                       0.0    0.0       T
  SINCE MAR 1      7.0                       8.6   -1.6      8.7
  SINCE JUL 1     37.9                      42.5   -4.6     35.3
  SNOW DEPTH       0

DEGREE DAYS
 HEATING
  YESTERDAY        0                         5     -5        1
  MONTH TO DATE  208                       166     42      185
  SINCE MAR 1   1397                      1507   -110     1409
  SINCE JUL 1   5135                      6060   -925     5174

 COOLING
  YESTERDAY        1                         2     -1        0
  MONTH TO DATE   30                        18     12        2
  SINCE MAR 1     37                        24     13        2
  SINCE JAN 1     37                        24     13        2
..................................................................


WIND (MPH)
  HIGHEST WIND SPEED    25   HIGHEST WIND DIRECTION    SW (240)
  HIGHEST GUST SPEED    32   HIGHEST GUST DIRECTION    SW (240)
  AVERAGE WIND SPEED    11.1


SKY COVER
  POSSIBLE SUNSHINE  MM
  AVERAGE SKY COVER 0.9


WEATHER CONDITIONS
 THE FOLLOWING WEATHER WAS RECORDED YESTERDAY.
  THUNDERSTORM
  HEAVY RAIN
  RAIN
  LIGHT RAIN
  FOG
  HAZE


RELATIVE HUMIDITY (PERCENT)
 HIGHEST   100           500 AM
 LOWEST     50           600 PM
 AVERAGE    75

..........................................................


THE DETROIT MI CLIMATE NORMALS FOR TODAY
                         NORMAL    RECORD    YEAR
 MAXIMUM TEMPERATURE (F)   72        90      1994
                                             1964
 MINIMUM TEMPERATURE (F)   51        32      1883


SUNRISE AND SUNSET
MAY 22 2017...........SUNRISE   606 AM EDT   SUNSET   855 PM EDT
MAY 23 2017...........SUNRISE   605 AM EDT   SUNSET   856 PM EDT


-  INDICATES NEGATIVE NUMBERS.
R  INDICATES RECORD WAS SET OR TIED.
MM INDICATES DATA IS MISSING.
T  INDICATES TRACE AMOUNT.




$$
