000
CDUS43 KDTX 010535
CLIDTW


CLIMATE REPORT
NATIONAL WEATHER SERVICE DETROIT/PONTIAC MI
135 AM EDT MON SEP 1 2014


...................................

...THE DETROIT MI CLIMATE SUMMARY FOR AUGUST 31 2014...

CLIMATE NORMAL PERIOD 1981 TO 2010
CLIMATE RECORD PERIOD 1874 TO 2014


WEATHER ITEM   OBSERVED TIME   RECORD YEAR NORMAL DEPARTURE LAST
                VALUE   (LST)  VALUE       VALUE  FROM      YEAR
                                                  NORMAL
..................................................................
TEMPERATURE (F)
 YESTERDAY
  MAXIMUM         84    350 PM  97    1953  79      5       81
                                      1898
  MINIMUM         68    516 AM  46    1935  60      8       71
                                      1934
  AVERAGE         76                        70      6       76

PRECIPITATION (IN)
  YESTERDAY        0.04          2.02 1877   0.10  -0.06     0.00
  MONTH TO DATE    6.32                      3.00   3.32     5.98
  SINCE JUN 1     12.75                      9.89   2.86    16.13
  SINCE JAN 1     27.42                     22.43   4.99    30.98

SNOWFALL (IN)
  YESTERDAY        0.0           0.0    MM   0.0    0.0      0.0
  MONTH TO DATE    0.0                       0.0    0.0      0.0
  SINCE JUN 1      0.0                       0.0    0.0      0.0
  SINCE JUL 1      0.0                       0.0    0.0      0.0
  SNOW DEPTH       0

DEGREE DAYS
 HEATING
  YESTERDAY        0                         1     -1        0
  MONTH TO DATE    5                         3      2        8
  SINCE JUN 1     25                        45    -20       35
  SINCE JUL 1     13                        10      3       12

 COOLING
  YESTERDAY       11                         5      6       11
  MONTH TO DATE  216                       225     -9      227
  SINCE JUN 1    568                       663    -95      690
  SINCE JAN 1    632                       711    -79      793
..................................................................


WIND (MPH)
  HIGHEST WIND SPEED    20   HIGHEST WIND DIRECTION    SW (210)
  HIGHEST GUST SPEED    25   HIGHEST GUST DIRECTION     S (190)
  AVERAGE WIND SPEED     7.2


SKY COVER
  POSSIBLE SUNSHINE  MM
  AVERAGE SKY COVER 0.8


WEATHER CONDITIONS
 THE FOLLOWING WEATHER WAS RECORDED YESTERDAY.
  LIGHT RAIN
  FOG
  HAZE


RELATIVE HUMIDITY (PERCENT)
 HIGHEST    93           500 AM
 LOWEST     62           300 PM
 AVERAGE    78

..........................................................


THE DETROIT MI CLIMATE NORMALS FOR TODAY
                         NORMAL    RECORD    YEAR
 MAXIMUM TEMPERATURE (F)   79        98      1953
 MINIMUM TEMPERATURE (F)   60        42      1967
                                             1888


SUNRISE AND SUNSET
SEPTEMBER  1 2014.....SUNRISE   659 AM EDT   SUNSET   807 PM EDT
SEPTEMBER  2 2014.....SUNRISE   700 AM EDT   SUNSET   805 PM EDT


-  INDICATES NEGATIVE NUMBERS.
R  INDICATES RECORD WAS SET OR TIED.
MM INDICATES DATA IS MISSING.
T  INDICATES TRACE AMOUNT.




$$
