000
CDUS45 KTWC 230733
CLIDUG

CLIMATE REPORT
NATIONAL WEATHER SERVICE TUCSON AZ
1232 AM MST FRI FEB 23 2018


...................................

...THE DOUGLAS AZ CLIMATE SUMMARY FOR FEBRUARY 22 2018...

CLIMATE NORMAL PERIOD 1981 TO 2010
CLIMATE RECORD PERIOD 1948 TO 2018


WEATHER ITEM   OBSERVED TIME   RECORD YEAR NORMAL DEPARTURE LAST
                VALUE   (LST)  VALUE       VALUE  FROM      YEAR
                                                  NORMAL
..................................................................
TEMPERATURE (F)
 YESTERDAY
  MAXIMUM         57    448 PM  82    2017  68    -11       82
  MINIMUM         27    601 AM  14    1964  34     -7       35
                                      1955
  AVERAGE         42                        51     -9       59

PRECIPITATION (IN)
  YESTERDAY        0.00          0.32 1985   0.02  -0.02     0.00
  MONTH TO DATE    0.94                      0.53   0.41     0.38
  SINCE OCT 1      1.78                      3.82  -2.04     2.97
  SINCE JAN 1      0.95                      1.27  -0.32     1.62

DEGREE DAYS
 HEATING
  YESTERDAY       23                        14      9        6
  MONTH TO DATE  260                       350    -90      272
  SINCE DEC 1   1340                      1520   -180     1369
  SINCE JUL 1   1538                      1955   -417     1705

 COOLING
  YESTERDAY        0                         0      0        0
  MONTH TO DATE    0                         0      0        0
  SINCE DEC 1      0                         0      0        0
  SINCE JAN 1      0                         0      0        0
..................................................................


WIND (MPH)
  HIGHEST WIND SPEED    17   HIGHEST WIND DIRECTION    SW (240)
  HIGHEST GUST SPEED    23   HIGHEST GUST DIRECTION    SW (240)
  AVERAGE WIND SPEED     6.4


SKY COVER
  POSSIBLE SUNSHINE  MM
  AVERAGE SKY COVER  MM


WEATHER CONDITIONS
 THE FOLLOWING WEATHER WAS RECORDED YESTERDAY.
  NO SIGNIFICANT WEATHER WAS OBSERVED.


RELATIVE HUMIDITY (PERCENT)
 HIGHEST    MM
 LOWEST     MM
 AVERAGE    MM

..........................................................


THE DOUGLAS AZ CLIMATE NORMALS FOR TODAY
                         NORMAL    RECORD    YEAR
 MAXIMUM TEMPERATURE (F)   68        86      2009
 MINIMUM TEMPERATURE (F)   34        18      1975
                                             1955


SUNRISE AND SUNSET
FEBRUARY 23 2018......SUNRISE   652 AM MST   SUNSET   612 PM MST
FEBRUARY 24 2018......SUNRISE   651 AM MST   SUNSET   613 PM MST


-  INDICATES NEGATIVE NUMBERS.
R  INDICATES RECORD WAS SET OR TIED.
MM INDICATES DATA IS MISSING.
T  INDICATES TRACE AMOUNT.




$$
