000
CDUS45 KTWC 260730
CLIDUG

CLIMATE REPORT
NATIONAL WEATHER SERVICE TUCSON AZ
1229 AM MST SAT JUL 26 2014


...................................

...THE DOUGLAS AZ CLIMATE SUMMARY FOR JULY 25 2014...

CLIMATE NORMAL PERIOD 1981 TO 2010
CLIMATE RECORD PERIOD 1948 TO 2014


WEATHER ITEM   OBSERVED TIME   RECORD YEAR NORMAL DEPARTURE LAST
                VALUE   (LST)  VALUE       VALUE  FROM      YEAR
                                                  NORMAL
..................................................................
TEMPERATURE (F)
 YESTERDAY
  MAXIMUM         98    242 PM 103    1963  93      5       88
  MINIMUM         70   1159 PM  57    1995  66      4       69
  AVERAGE         84                        79      5       79

PRECIPITATION (IN)
  YESTERDAY        0.01          1.42 1969   0.12  -0.11      T
  MONTH TO DATE    2.82                      2.21   0.61     9.67
  SINCE OCT 1      4.29                      7.77  -3.48    11.28
  SINCE JAN 1      3.47                      5.22  -1.75    10.65

DEGREE DAYS
 HEATING
  YESTERDAY        0                         0      0        0
  MONTH TO DATE    0                         0      0        0
  SINCE JUN 1      0                         0      0        0
  SINCE JUL 1      0                         0      0        0

 COOLING
  YESTERDAY       19                        14      5       14
  MONTH TO DATE  381                       384     -3      353
  SINCE JUN 1    879                       779    100      862
  SINCE JAN 1   1047                       980     67     1062
..................................................................


WIND (MPH)
  HIGHEST WIND SPEED    30   HIGHEST WIND DIRECTION    SW (230)
  HIGHEST GUST SPEED    36   HIGHEST GUST DIRECTION    SW (220)
  AVERAGE WIND SPEED     8.8


SKY COVER
  POSSIBLE SUNSHINE  MM
  AVERAGE SKY COVER 0.7


WEATHER CONDITIONS
 THE FOLLOWING WEATHER WAS RECORDED YESTERDAY.
  THUNDERSTORM
  LIGHT RAIN
  HAZE


RELATIVE HUMIDITY (PERCENT)
 HIGHEST    73
 LOWEST     21
 AVERAGE    47

..........................................................


THE DOUGLAS AZ CLIMATE NORMALS FOR TODAY
                         NORMAL    RECORD    YEAR
 MAXIMUM TEMPERATURE (F)   92       104      1995
 MINIMUM TEMPERATURE (F)   66        58      1976


SUNRISE AND SUNSET
JULY 26 2014..........SUNRISE   531 AM MST   SUNSET   719 PM MST
JULY 27 2014..........SUNRISE   532 AM MST   SUNSET   718 PM MST


-  INDICATES NEGATIVE NUMBERS.
R  INDICATES RECORD WAS SET OR TIED.
MM INDICATES DATA IS MISSING.
T  INDICATES TRACE AMOUNT.




$$
