000
CDUS45 KTWC 261431
CLIDUG

CLIMATE REPORT
NATIONAL WEATHER SERVICE TUCSON AZ
728 AM MST FRI DEC 26 2014


...................................

...THE DOUGLAS AZ CLIMATE SUMMARY FOR DECEMBER 26 2014...
VALID AS OF 0700 AM LOCAL TIME.

CLIMATE NORMAL PERIOD 1981 TO 2010
CLIMATE RECORD PERIOD 1948 TO 2014


WEATHER ITEM   OBSERVED TIME   RECORD YEAR NORMAL DEPARTURE LAST
                VALUE   (LST)  VALUE       VALUE  FROM      YEAR
                                                  NORMAL
..................................................................
TEMPERATURE (F)
 TODAY
  MINIMUM         34    640 AM  12    2001  29      5       22

PRECIPITATION (IN)
  TODAY            0.19          1.05 1994   0.03   0.16     0.00
  MONTH TO DATE    0.60                      0.82  -0.22     0.30
  SINCE OCT 1      1.97                      2.40  -0.43     0.82
  SINCE JAN 1     15.54                     12.95   2.59    17.93

DEGREE DAYS
 HEATING
  TODAY           28                        20      8       25

 COOLING
  TODAY            0                         0      0        0
..................................................................


WIND (MPH)
  HIGHEST WIND SPEED    20   HIGHEST WIND DIRECTION     N (340)
  HIGHEST GUST SPEED    24   HIGHEST GUST DIRECTION     N (340)
  AVERAGE WIND SPEED    12.7


SKY COVER
  POSSIBLE SUNSHINE  MM
  AVERAGE SKY COVER 0.7


WEATHER CONDITIONS
 THE FOLLOWING WEATHER WAS RECORDED TODAY.
  RAIN
  LIGHT RAIN
  LIGHT SNOW
  FOG


RELATIVE HUMIDITY (PERCENT)
 HIGHEST    92           300 AM

..........................................................


THE DOUGLAS AZ CLIMATE NORMALS FOR TOMORROW
                         NORMAL    RECORD    YEAR
 MAXIMUM TEMPERATURE (F)   62        79      1980
 MINIMUM TEMPERATURE (F)   29        13      1987
                                             1956


SUNRISE AND SUNSET
DECEMBER 26 2014......SUNRISE   716 AM MST   SUNSET   522 PM MST
DECEMBER 27 2014......SUNRISE   716 AM MST   SUNSET   523 PM MST


-  INDICATES NEGATIVE NUMBERS.
R  INDICATES RECORD WAS SET OR TIED.
MM INDICATES DATA IS MISSING.
T  INDICATES TRACE AMOUNT.




$$
