000
CDUS45 KTWC 260730 RRA
CLIDUG

CLIMATE REPORT
NATIONAL WEATHER SERVICE TUCSON AZ
1230 AM MST SUN FEB 26 2017


...................................

...THE DOUGLAS AZ CLIMATE SUMMARY FOR FEBRUARY 25 2017...

CLIMATE NORMAL PERIOD 1981 TO 2010
CLIMATE RECORD PERIOD 1948 TO 2017


WEATHER ITEM   OBSERVED TIME   RECORD YEAR NORMAL DEPARTURE LAST
                VALUE   (LST)  VALUE       VALUE  FROM      YEAR
                                                  NORMAL
..................................................................
TEMPERATURE (F)
 YESTERDAY
  MAXIMUM         69    313 PM  85    2009  68      1       77
                                      1986
  MINIMUM         23    425 AM  15    1960  34    -11       25
  AVERAGE         46                        51     -5       51

PRECIPITATION (IN)
  YESTERDAY        0.00          0.55 1987   0.02  -0.02     0.00
  MONTH TO DATE    0.38                      0.59  -0.21     0.08
  SINCE OCT 1      2.97                      3.88  -0.91     2.45
  SINCE JAN 1      1.62                      1.33   0.29     1.24

DEGREE DAYS
 HEATING
  YESTERDAY       19                        14      5       14
  MONTH TO DATE  322                       392    -70      362
  SINCE DEC 1   1419                      1562   -143     1687
  SINCE JUL 1   1755                      1997   -242     2140

 COOLING
  YESTERDAY        0                         0      0        0
  MONTH TO DATE    0                         0      0        0
  SINCE DEC 1      0                         0      0        0
  SINCE JAN 1      0                         0      0        0
..................................................................


WIND (MPH)
  HIGHEST WIND SPEED    20   HIGHEST WIND DIRECTION    NW (320)
  HIGHEST GUST SPEED    26   HIGHEST GUST DIRECTION    NW (320)
  AVERAGE WIND SPEED     5.3


SKY COVER
  POSSIBLE SUNSHINE  MM
  AVERAGE SKY COVER 0.0


WEATHER CONDITIONS
 THE FOLLOWING WEATHER WAS RECORDED YESTERDAY.
  NO SIGNIFICANT WEATHER WAS OBSERVED.


RELATIVE HUMIDITY (PERCENT)
 HIGHEST    62
 LOWEST      5
 AVERAGE    34

..........................................................


THE DOUGLAS AZ CLIMATE NORMALS FOR TODAY
                         NORMAL    RECORD    YEAR
 MAXIMUM TEMPERATURE (F)   69        84      1986
 MINIMUM TEMPERATURE (F)   35        18      2013


SUNRISE AND SUNSET
FEBRUARY 26 2017......SUNRISE   648 AM MST   SUNSET   615 PM MST
FEBRUARY 27 2017......SUNRISE   647 AM MST   SUNSET   615 PM MST


-  INDICATES NEGATIVE NUMBERS.
R  INDICATES RECORD WAS SET OR TIED.
MM INDICATES DATA IS MISSING.
T  INDICATES TRACE AMOUNT.




$$
