227
CDUS45 KTWC 010736 RRA
CLIDUG

CLIMATE REPORT
NATIONAL WEATHER SERVICE TUCSON AZ
1235 AM MST SAT OCT 1 2016

...................................

...THE DOUGLAS AZ CLIMATE SUMMARY FOR SEPTEMBER 30 2016...

CLIMATE NORMAL PERIOD 1981 TO 2010
CLIMATE RECORD PERIOD 1948 TO 2016


WEATHER ITEM   OBSERVED TIME   RECORD YEAR NORMAL DEPARTURE LAST
                VALUE   (LST)  VALUE       VALUE  FROM      YEAR
                                                  NORMAL
..................................................................
TEMPERATURE (F)
 YESTERDAY
  MAXIMUM         81    318 PM  96    2010  86     -5       95
                                      2003
  MINIMUM         57   1159 PM  36    1965  54      3       51
  AVERAGE         69                        70     -1       73

PRECIPITATION (IN)
  YESTERDAY        0.17          2.37 1983   0.04   0.13     0.00
  MONTH TO DATE    1.94                      1.54   0.40      T
  SINCE OCT 1     13.35                     13.10   0.25    13.33
  SINCE JAN 1     12.14                     10.55   1.59    11.36

DEGREE DAYS
 HEATING
  YESTERDAY        0                         0      0        0
  MONTH TO DATE    4                         0      4        0
  SINCE SEP 1      4                         2      2        0
  SINCE JUL 1      4                         2      2        0

 COOLING
  YESTERDAY        4                         5     -1        8
  MONTH TO DATE  232                       281    -49      283
  SINCE SEP 1    232                       281    -49      283
  SINCE JAN 1   1703                      1751    -48     1592
..................................................................


WIND (MPH)
  HIGHEST WIND SPEED    24   HIGHEST WIND DIRECTION     W (290)
  HIGHEST GUST SPEED    32   HIGHEST GUST DIRECTION    NW (300)
  AVERAGE WIND SPEED     5.5


SKY COVER
  POSSIBLE SUNSHINE  MM
  AVERAGE SKY COVER  MM


WEATHER CONDITIONS
 THE FOLLOWING WEATHER WAS RECORDED YESTERDAY.
  THUNDERSTORM
  HEAVY RAIN
  LIGHT RAIN
  FOG


RELATIVE HUMIDITY (PERCENT)
 HIGHEST   100
 LOWEST     45
 AVERAGE    73

..........................................................


THE DOUGLAS AZ CLIMATE NORMALS FOR TODAY
                         NORMAL    RECORD    YEAR
 MAXIMUM TEMPERATURE (F)   86        95      2015
                                             2003
 MINIMUM TEMPERATURE (F)   54        42      1965


SUNRISE AND SUNSET
OCTOBER  1 2016.......SUNRISE   613 AM MST   SUNSET   603 PM MST
OCTOBER  2 2016.......SUNRISE   613 AM MST   SUNSET   601 PM MST


-  INDICATES NEGATIVE NUMBERS.
R  INDICATES RECORD WAS SET OR TIED.
MM INDICATES DATA IS MISSING.
T  INDICATES TRACE AMOUNT.

$$
