000
CDUS45 KTWC 260027
CLIDUG

CLIMATE REPORT
NATIONAL WEATHER SERVICE TUCSON AZ
526 PM MST SUN JAN 25 2015


...................................

...THE DOUGLAS AZ CLIMATE SUMMARY FOR JANUARY 25 2015...
VALID TODAY AS OF 0500 PM LOCAL TIME.

CLIMATE NORMAL PERIOD 1981 TO 2010
CLIMATE RECORD PERIOD 1948 TO 2015


WEATHER ITEM   OBSERVED TIME   RECORD YEAR NORMAL DEPARTURE LAST
                VALUE   (LST)  VALUE       VALUE  FROM      YEAR
                                                  NORMAL
..................................................................
TEMPERATURE (F)
 TODAY
  MAXIMUM         69    157 PM  79    2000  63      6       69
  MINIMUM         31    750 AM  14    1964  30      1       44
  AVERAGE         50                        47      3       57

PRECIPITATION (IN)
  TODAY            0.00                      0.03  -0.03      T
  MONTH TO DATE    0.10                      0.59  -0.49      T
  SINCE OCT 1      2.07                      3.14  -1.07     0.82
  SINCE JAN 1      0.10                      0.59  -0.49      T

DEGREE DAYS
 HEATING
  TODAY           15                        18     -3        8
  MONTH TO DATE  516                       473     43      461
  SINCE DEC 1   1074                      1062     12     1109
  SINCE JUL 1   1468                      1497    -29     1555
..................................................................


WIND (MPH)
  HIGHEST WIND SPEED    17   HIGHEST WIND DIRECTION     E (90)
  HIGHEST GUST SPEED    24   HIGHEST GUST DIRECTION     E (80)
  AVERAGE WIND SPEED     6.0


SKY COVER
  POSSIBLE SUNSHINE  MM
  AVERAGE SKY COVER 0.0


WEATHER CONDITIONS
 THE FOLLOWING WEATHER WAS RECORDED TODAY.
  NO SIGNIFICANT WEATHER WAS OBSERVED.


RELATIVE HUMIDITY (PERCENT)
 HIGHEST    51
 LOWEST     14
 AVERAGE    33

..........................................................


THE DOUGLAS AZ CLIMATE NORMALS FOR TOMORROW
                         NORMAL    RECORD    YEAR
 MAXIMUM TEMPERATURE (F)   64        78      1975
 MINIMUM TEMPERATURE (F)   30        16      2011


SUNRISE AND SUNSET
JANUARY 25 2015.......SUNRISE   715 AM MST   SUNSET   547 PM MST
JANUARY 26 2015.......SUNRISE   714 AM MST   SUNSET   548 PM MST


-  INDICATES NEGATIVE NUMBERS.
R  INDICATES RECORD WAS SET OR TIED.
MM INDICATES DATA IS MISSING.
T  INDICATES TRACE AMOUNT.




$$
