000
CDUS45 KTWC 010752
CLIDUG

CLIMATE REPORT
NATIONAL WEATHER SERVICE TUCSON AZ
1250 AM MST SUN MAR 1 2015


...................................

...THE DOUGLAS AZ CLIMATE SUMMARY FOR FEBRUARY 28 2015...

CLIMATE NORMAL PERIOD 1981 TO 2010
CLIMATE RECORD PERIOD 1948 TO 2015


WEATHER ITEM   OBSERVED TIME   RECORD YEAR NORMAL DEPARTURE LAST
                VALUE   (LST)  VALUE       VALUE  FROM      YEAR
                                                  NORMAL
..................................................................
TEMPERATURE (F)
 YESTERDAY
  MAXIMUM         70    326 PM  81    2008  69      1       79
  MINIMUM         45    624 AM  15    2011  35     10       40
  AVERAGE         58                        52      6       60

PRECIPITATION (IN)
  YESTERDAY        0.00          0.81 1953   0.02  -0.02     0.00
  MONTH TO DATE    0.37                      0.65  -0.28      T
  SINCE OCT 1      3.48                      3.94  -0.46     0.82
  SINCE JAN 1      1.51                      1.39   0.12      T

DEGREE DAYS
 HEATING
  YESTERDAY        7                        13     -6        5
  MONTH TO DATE  291                       431   -140      336
  SINCE DEC 1   1444                      1601   -157     1518
  SINCE JUL 1   1838                      2036   -198     1964

 COOLING
  YESTERDAY        0                         0      0        0
  MONTH TO DATE    0                         0      0        0
  SINCE DEC 1      0                         0      0        0
  SINCE JAN 1      0                         0      0        0
..................................................................


WIND (MPH)
  HIGHEST WIND SPEED    36   HIGHEST WIND DIRECTION    SW (230)
  HIGHEST GUST SPEED    46   HIGHEST GUST DIRECTION    SW (220)
  AVERAGE WIND SPEED    15.7


SKY COVER
  POSSIBLE SUNSHINE  MM
  AVERAGE SKY COVER 0.1


WEATHER CONDITIONS
 THE FOLLOWING WEATHER WAS RECORDED YESTERDAY.
  NO SIGNIFICANT WEATHER WAS OBSERVED.


RELATIVE HUMIDITY (PERCENT)
 HIGHEST    60
 LOWEST     32
 AVERAGE    46

..........................................................


THE DOUGLAS AZ CLIMATE NORMALS FOR TODAY
                         NORMAL    RECORD    YEAR
 MAXIMUM TEMPERATURE (F)   69        83      1999
 MINIMUM TEMPERATURE (F)   35        21      2007
                                             1962


SUNRISE AND SUNSET
MARCH  1 2015.........SUNRISE   645 AM MST   SUNSET   616 PM MST
MARCH  2 2015.........SUNRISE   644 AM MST   SUNSET   617 PM MST


-  INDICATES NEGATIVE NUMBERS.
R  INDICATES RECORD WAS SET OR TIED.
MM INDICATES DATA IS MISSING.
T  INDICATES TRACE AMOUNT.




$$
