000
CDUS43 KDVN 192226
CLIDVN


CLIMATE REPORT
NATIONAL WEATHER SERVICE QUAD CITIES IA IL
425 PM CST THU JAN 19 2017


...................................

...THE DAVENPORT IA CLIMATE SUMMARY FOR JANUARY 19 2017...
VALID TODAY AS OF 0400 PM LOCAL TIME.

CLIMATE NORMAL PERIOD 1981 TO 2010
CLIMATE RECORD PERIOD 9999 TO 9999


WEATHER ITEM   OBSERVED TIME   RECORD YEAR NORMAL DEPARTURE LAST
                VALUE   (LST)  VALUE       VALUE  FROM      YEAR
                                                  NORMAL
..................................................................
TEMPERATURE (F)
 TODAY
  MAXIMUM         39    327 PM  MM      MM  30      9       13
  MINIMUM         27    540 AM  MM      MM  12     15       -2
  AVERAGE         33                        21     12        6

PRECIPITATION (IN)
  TODAY            0.06         MM      MM   0.04   0.02     0.04
  MONTH TO DATE    0.89                      0.49   0.40     0.25
  SINCE DEC 1      2.27                      2.22   0.05     4.69
  SINCE JAN 1      0.89                      0.49   0.40     0.25

SNOWFALL (IN)
  TODAY            0.0          MM      MM  MM     MM        1.0
  MONTH TO DATE    T                        MM     MM        1.6
  SINCE DEC 1     16.5                      MM     MM        5.9
  SINCE JUL 1     16.5                      MM     MM       12.8
  SNOW DEPTH       0

DEGREE DAYS
 HEATING
  TODAY           32                        44    -12       59
  MONTH TO DATE  791                       835    -44      857
  SINCE DEC 1   2033                      2067    -34     1710
  SINCE JUL 1   2888                      3415   -527     2773

 COOLING
  TODAY            0                         0      0        0
  MONTH TO DATE    0                         0      0        0
  SINCE DEC 1      0                         0      0        0
  SINCE JAN 1      0                         0      0        0
..................................................................


WIND (MPH)
  HIGHEST WIND SPEED    15   HIGHEST WIND DIRECTION    SE (130)
  HIGHEST GUST SPEED    17   HIGHEST GUST DIRECTION     E (90)
  AVERAGE WIND SPEED     7.3


SKY COVER
  POSSIBLE SUNSHINE  MM
  AVERAGE SKY COVER 0.4


WEATHER CONDITIONS
 THE FOLLOWING WEATHER WAS RECORDED TODAY.
  RAIN
  LIGHT RAIN
  FOG


RELATIVE HUMIDITY (PERCENT)
 HIGHEST   100          1200 AM
 LOWEST     85           500 AM
 AVERAGE    93

..........................................................


THE DAVENPORT IA CLIMATE NORMALS FOR TOMORROW
                         NORMAL    RECORD    YEAR
 MAXIMUM TEMPERATURE (F)   30        MM        MM
 MINIMUM TEMPERATURE (F)   12        MM        MM


SUNRISE AND SUNSET
JANUARY 19 2017.......SUNRISE   724 AM CST   SUNSET   502 PM CST
JANUARY 20 2017.......SUNRISE   724 AM CST   SUNSET   503 PM CST


-  INDICATES NEGATIVE NUMBERS.
R  INDICATES RECORD WAS SET OR TIED.
MM INDICATES DATA IS MISSING.
T  INDICATES TRACE AMOUNT.




$$
