000
CDUS43 KDVN 191016
CLIDVN


CLIMATE REPORT
NATIONAL WEATHER SERVICE QUAD CITIES IA IL
416 AM CST SUN FEB 19 2017


...................................

...THE DAVENPORT IA CLIMATE SUMMARY FOR FEBRUARY 18 2017...

CLIMATE NORMAL PERIOD 1981 TO 2010
CLIMATE RECORD PERIOD 9999 TO 9999


WEATHER ITEM   OBSERVED TIME   RECORD YEAR NORMAL DEPARTURE LAST
                VALUE   (LST)  VALUE       VALUE  FROM      YEAR
                                                  NORMAL
..................................................................
TEMPERATURE (F)
 YESTERDAY
  MAXIMUM         66    332 PM  MM      MM  35     31       45
  MINIMUM         31    603 AM  MM      MM  19     12       25
  AVERAGE         49                        27     22       35

PRECIPITATION (IN)
  YESTERDAY        0.00         MM      MM   0.04  -0.04     0.00
  MONTH TO DATE    0.23                      0.78  -0.55     0.38
  SINCE DEC 1      2.75                      3.70  -0.95     5.22
  SINCE JAN 1      1.37                      1.97  -0.60     0.78

SNOWFALL (IN)
  YESTERDAY        0.0          MM      MM  MM     MM        0.0
  MONTH TO DATE    1.2                      MM     MM        2.6
  SINCE DEC 1     18.3                      MM     MM        8.5
  SINCE JUL 1     18.3                      MM     MM       15.4
  SNOW DEPTH       0

DEGREE DAYS
 HEATING
  YESTERDAY       16                        38    -22       30
  MONTH TO DATE  590                       730   -140      732
  SINCE DEC 1   3007                      3318   -311     2889
  SINCE JUL 1   3862                      4666   -804     3952

 COOLING
  YESTERDAY        0                         0      0        0
  MONTH TO DATE    0                         0      0        0
  SINCE DEC 1      0                         0      0        0
  SINCE JAN 1      0                         0      0        0
..................................................................


WIND (MPH)
  HIGHEST WIND SPEED    17   HIGHEST WIND DIRECTION    SW (240)
  HIGHEST GUST SPEED    23   HIGHEST GUST DIRECTION    SW (240)
  AVERAGE WIND SPEED     6.2


SKY COVER
  POSSIBLE SUNSHINE  MM
  AVERAGE SKY COVER 0.0


WEATHER CONDITIONS
 THE FOLLOWING WEATHER WAS RECORDED YESTERDAY.
  HAZE


RELATIVE HUMIDITY (PERCENT)
 HIGHEST    89          1100 PM
 LOWEST     29           300 PM
 AVERAGE    59

..........................................................


THE DAVENPORT IA CLIMATE NORMALS FOR TODAY
                         NORMAL    RECORD    YEAR
 MAXIMUM TEMPERATURE (F)   36        MM        MM
 MINIMUM TEMPERATURE (F)   19        MM        MM


SUNRISE AND SUNSET
FEBRUARY 19 2017......SUNRISE   652 AM CST   SUNSET   541 PM CST
FEBRUARY 20 2017......SUNRISE   650 AM CST   SUNSET   542 PM CST


-  INDICATES NEGATIVE NUMBERS.
R  INDICATES RECORD WAS SET OR TIED.
MM INDICATES DATA IS MISSING.
T  INDICATES TRACE AMOUNT.




$$
