000
CDUS43 KDVN 082227
CLIDVN


CLIMATE REPORT
NATIONAL WEATHER SERVICE QUAD CITIES IA IL
426 PM CST THU DEC 8 2016


...................................

...THE DAVENPORT IA CLIMATE SUMMARY FOR DECEMBER 8 2016...
VALID TODAY AS OF 0400 PM LOCAL TIME.

CLIMATE NORMAL PERIOD 1981 TO 2010
CLIMATE RECORD PERIOD 9999 TO 9999


WEATHER ITEM   OBSERVED TIME   RECORD YEAR NORMAL DEPARTURE LAST
                VALUE   (LST)  VALUE       VALUE  FROM      YEAR
                                                  NORMAL
..................................................................
TEMPERATURE (F)
 TODAY
  MAXIMUM         21    359 PM  MM      MM  36    -15       49
  MINIMUM         14    825 AM  MM      MM  20     -6       33
  AVERAGE         18                        28    -10       41

PRECIPITATION (IN)
  TODAY            T            MM      MM   0.07  -0.07     0.00
  MONTH TO DATE    0.51                      0.56  -0.05     0.02
  SINCE DEC 1      0.51                      0.56  -0.05     0.02
  SINCE JAN 1     39.46                     34.86   4.60    42.10

SNOWFALL (IN)
  TODAY            T            MM      MM  MM     MM        0.0
  MONTH TO DATE   10.2                      MM     MM        0.5
  SINCE DEC 1     10.2                      MM     MM        0.5
  SINCE JUL 1     10.2                      MM     MM        7.4
  SNOW DEPTH       T

DEGREE DAYS
 HEATING
  TODAY           47                        37     10       24
  MONTH TO DATE  275                       287    -12      227
  SINCE DEC 1    275                       287    -12      227
  SINCE JUL 1   1130                      1635   -505     1290

 COOLING
  TODAY            0                         0      0        0
  MONTH TO DATE    0                         0      0        0
  SINCE DEC 1      0                         0      0        0
  SINCE JAN 1   1063                       786    277      867
..................................................................


WIND (MPH)
  HIGHEST WIND SPEED    31   HIGHEST WIND DIRECTION     W (290)
  HIGHEST GUST SPEED    36   HIGHEST GUST DIRECTION     W (280)
  AVERAGE WIND SPEED    23.4


SKY COVER
  POSSIBLE SUNSHINE  MM
  AVERAGE SKY COVER 0.8


WEATHER CONDITIONS
 THE FOLLOWING WEATHER WAS RECORDED TODAY.
  LIGHT SNOW


RELATIVE HUMIDITY (PERCENT)
 HIGHEST    73           400 AM
 LOWEST     67          1200 AM
 AVERAGE    70

..........................................................


THE DAVENPORT IA CLIMATE NORMALS FOR TOMORROW
                         NORMAL    RECORD    YEAR
 MAXIMUM TEMPERATURE (F)   35        MM        MM
 MINIMUM TEMPERATURE (F)   19        MM        MM


SUNRISE AND SUNSET
DECEMBER  8 2016......SUNRISE   717 AM CST   SUNSET   432 PM CST
DECEMBER  9 2016......SUNRISE   718 AM CST   SUNSET   432 PM CST


-  INDICATES NEGATIVE NUMBERS.
R  INDICATES RECORD WAS SET OR TIED.
MM INDICATES DATA IS MISSING.
T  INDICATES TRACE AMOUNT.




$$
