000
CDUS43 KDVN 270913
CLIDVN


CLIMATE REPORT
NATIONAL WEATHER SERVICE QUAD CITIES IA IL
413 AM CDT FRI MAY 27 2016


...................................

...THE DAVENPORT IA CLIMATE SUMMARY FOR MAY 26 2016...

CLIMATE NORMAL PERIOD 1981 TO 2010
CLIMATE RECORD PERIOD 9999 TO 9999


WEATHER ITEM   OBSERVED TIME   RECORD YEAR NORMAL DEPARTURE LAST
                VALUE   (LST)  VALUE       VALUE  FROM      YEAR
                                                  NORMAL
..................................................................
TEMPERATURE (F)
 YESTERDAY
  MAXIMUM         84    444 PM  MM      MM  75      9       76
  MINIMUM         61    541 AM  MM      MM  53      8       64
  AVERAGE         73                        64      9       70

PRECIPITATION (IN)
  YESTERDAY        0.55         MM      MM   0.13   0.42     1.12
  MONTH TO DATE    2.45                      3.59  -1.14     5.10
  SINCE MAR 1      7.99                      9.62  -1.63     7.85
  SINCE JAN 1      8.77                     12.15  -3.38    10.42

SNOWFALL (IN)
  YESTERDAY        0.0          MM      MM  MM     MM        0.0
  MONTH TO DATE    0.0                      MM     MM         T
  SINCE MAR 1      1.2                      MM     MM        0.3
  SINCE JUL 1     16.6                      MM     MM       32.5
  SNOW DEPTH       0

DEGREE DAYS
 HEATING
  YESTERDAY        0                         3     -3        0
  MONTH TO DATE  178                       169      9      116
  SINCE MAR 1   1283                      1448   -165     1406
  SINCE JUL 1   5507                      6473   -966     6902

 COOLING
  YESTERDAY        8                         3      5        5
  MONTH TO DATE   35                        40     -5       59
  SINCE MAR 1     46                        46      0       60
  SINCE JAN 1     46                        46      0       60
..................................................................


WIND (MPH)
  HIGHEST WIND SPEED    35   HIGHEST WIND DIRECTION    NW (310)
  HIGHEST GUST SPEED    44   HIGHEST GUST DIRECTION    NW (310)
  AVERAGE WIND SPEED     7.5


SKY COVER
  POSSIBLE SUNSHINE  MM
  AVERAGE SKY COVER 0.2


WEATHER CONDITIONS
 THE FOLLOWING WEATHER WAS RECORDED YESTERDAY.
  THUNDERSTORM
  HEAVY RAIN
  RAIN
  FOG
  HAZE


RELATIVE HUMIDITY (PERCENT)
 HIGHEST    87           800 AM
 LOWEST     47           500 PM
 AVERAGE    67

..........................................................


THE DAVENPORT IA CLIMATE NORMALS FOR TODAY
                         NORMAL    RECORD    YEAR
 MAXIMUM TEMPERATURE (F)   76        MM        MM
 MINIMUM TEMPERATURE (F)   54        MM        MM


SUNRISE AND SUNSET
MAY 27 2016...........SUNRISE   533 AM CDT   SUNSET   827 PM CDT
MAY 28 2016...........SUNRISE   532 AM CDT   SUNSET   827 PM CDT


-  INDICATES NEGATIVE NUMBERS.
R  INDICATES RECORD WAS SET OR TIED.
MM INDICATES DATA IS MISSING.
T  INDICATES TRACE AMOUNT.




$$
