000
CDUS43 KDVN 201021
CLIDVN


CLIMATE REPORT
NATIONAL WEATHER SERVICE QUAD CITIES IA IL
419 AM CST SAT JAN 20 2018


...................................

...THE DAVENPORT IA CLIMATE SUMMARY FOR JANUARY 19 2018...

CLIMATE NORMAL PERIOD 1981 TO 2010
CLIMATE RECORD PERIOD 9999 TO 9999


WEATHER ITEM   OBSERVED TIME   RECORD YEAR NORMAL DEPARTURE LAST
                VALUE   (LST)  VALUE       VALUE  FROM      YEAR
                                                  NORMAL
..................................................................
TEMPERATURE (F)
 YESTERDAY
  MAXIMUM         44    818 PM  MM      MM  30     14       39
  MINIMUM         29    606 AM  MM      MM  12     17       27
  AVERAGE         37                        21     16       33

PRECIPITATION (IN)
  YESTERDAY        0.00         MM      MM   0.04  -0.04     0.19
  MONTH TO DATE    0.21                      0.49  -0.28     1.02
  SINCE DEC 1      0.75                      2.22  -1.47     2.40
  SINCE JAN 1      0.21                      0.49  -0.28     1.02

SNOWFALL (IN)
  YESTERDAY        0.0          MM      MM  MM     MM        0.0
  MONTH TO DATE    1.8                      MM     MM         T
  SINCE DEC 1      8.2                      MM     MM       16.5
  SINCE JUL 1      8.3                      MM     MM       16.5
  SNOW DEPTH       T

DEGREE DAYS
 HEATING
  YESTERDAY       28                        44    -16       32
  MONTH TO DATE  959                       835    124      791
  SINCE DEC 1   2189                      2067    122     2033
  SINCE JUL 1   3399                      3415    -16     2888

 COOLING
  YESTERDAY        0                         0      0        0
  MONTH TO DATE    0                         0      0        0
  SINCE DEC 1      0                         0      0        0
  SINCE JAN 1      0                         0      0        0
..................................................................


WIND (MPH)
  HIGHEST WIND SPEED    23   HIGHEST WIND DIRECTION    SW (210)
  HIGHEST GUST SPEED    30   HIGHEST GUST DIRECTION     S (200)
  AVERAGE WIND SPEED    15.3


SKY COVER
  POSSIBLE SUNSHINE  MM
  AVERAGE SKY COVER 0.0


WEATHER CONDITIONS
 THE FOLLOWING WEATHER WAS RECORDED YESTERDAY.
  NO SIGNIFICANT WEATHER WAS OBSERVED.


RELATIVE HUMIDITY (PERCENT)
 HIGHEST    69           600 AM
 LOWEST     49           200 PM
 AVERAGE    59

..........................................................


THE DAVENPORT IA CLIMATE NORMALS FOR TODAY
                         NORMAL    RECORD    YEAR
 MAXIMUM TEMPERATURE (F)   30        MM        MM
 MINIMUM TEMPERATURE (F)   12        MM        MM


SUNRISE AND SUNSET
JANUARY 20 2018.......SUNRISE   724 AM CST   SUNSET   503 PM CST
JANUARY 21 2018.......SUNRISE   723 AM CST   SUNSET   504 PM CST


-  INDICATES NEGATIVE NUMBERS.
R  INDICATES RECORD WAS SET OR TIED.
MM INDICATES DATA IS MISSING.
T  INDICATES TRACE AMOUNT.




$$
