000
CDUS43 KDVN 181015
CLIDVN


CLIMATE REPORT
NATIONAL WEATHER SERVICE QUAD CITIES IA IL
415 AM CST SAT NOV 18 2017


...................................

...THE DAVENPORT IA CLIMATE SUMMARY FOR NOVEMBER 17 2017...

CLIMATE NORMAL PERIOD 1981 TO 2010
CLIMATE RECORD PERIOD 9999 TO 9999


WEATHER ITEM   OBSERVED TIME   RECORD YEAR NORMAL DEPARTURE LAST
                VALUE   (LST)  VALUE       VALUE  FROM      YEAR
                                                  NORMAL
..................................................................
TEMPERATURE (F)
 YESTERDAY
  MAXIMUM         47   1038 PM  MM      MM  47      0       75
  MINIMUM         32    447 AM  MM      MM  29      3       53
  AVERAGE         40                        38      2       64

PRECIPITATION (IN)
  YESTERDAY        0.01         MM      MM   0.08  -0.07     0.00
  MONTH TO DATE    0.51                      1.56  -1.05     0.15
  SINCE SEP 1      8.65                      7.59   1.06     5.68
  SINCE JAN 1     36.08                     33.41   2.67    38.16

SNOWFALL (IN)
  YESTERDAY        0.0          MM      MM  MM     MM        0.0
  MONTH TO DATE    0.1                      MM     MM        0.0
  SINCE SEP 1      0.1                      MM     MM        0.0
  SINCE JUL 1      0.1                      MM     MM        0.0
  SNOW DEPTH       0

DEGREE DAYS
 HEATING
  YESTERDAY       25                        27     -2        1
  MONTH TO DATE  480                       389     91      223
  SINCE SEP 1    860                       935    -75      507
  SINCE JUL 1    872                       949    -77      511

 COOLING
  YESTERDAY        0                         0      0        0
  MONTH TO DATE    0                         0      0        3
  SINCE SEP 1    149                        82     67      211
  SINCE JAN 1    770                       786    -16     1063
..................................................................


WIND (MPH)
  HIGHEST WIND SPEED    21   HIGHEST WIND DIRECTION     S (160)
  HIGHEST GUST SPEED    28   HIGHEST GUST DIRECTION    SE (150)
  AVERAGE WIND SPEED    11.2


SKY COVER
  POSSIBLE SUNSHINE  MM
  AVERAGE SKY COVER 0.9


WEATHER CONDITIONS
 THE FOLLOWING WEATHER WAS RECORDED YESTERDAY.
  LIGHT RAIN
  FOG
  HAZE


RELATIVE HUMIDITY (PERCENT)
 HIGHEST    96           400 PM
 LOWEST     76           900 AM
 AVERAGE    86

..........................................................


THE DAVENPORT IA CLIMATE NORMALS FOR TODAY
                         NORMAL    RECORD    YEAR
 MAXIMUM TEMPERATURE (F)   47        MM        MM
 MINIMUM TEMPERATURE (F)   29        MM        MM


SUNRISE AND SUNSET
NOVEMBER 18 2017......SUNRISE   655 AM CST   SUNSET   440 PM CST
NOVEMBER 19 2017......SUNRISE   656 AM CST   SUNSET   439 PM CST


-  INDICATES NEGATIVE NUMBERS.
R  INDICATES RECORD WAS SET OR TIED.
MM INDICATES DATA IS MISSING.
T  INDICATES TRACE AMOUNT.




$$
