000
CDUS46 KOTX 310820
CLIEAT


CLIMATE REPORT
NATIONAL WEATHER SERVICE SPOKANE, WA
120 AM PDT FRI OCT 31 2014


...................................

...THE WENATCHEE WA PANGBORN FIELD CLIMATE SUMMARY FOR OCTOBER 30 2014...

CLIMATE NORMAL PERIOD 1981 TO 2010
CLIMATE RECORD PERIOD 1959 TO 2014


WEATHER ITEM   OBSERVED TIME   RECORD YEAR NORMAL DEPARTURE LAST
                VALUE   (LST)  VALUE       VALUE  FROM      YEAR
                                                  NORMAL
..................................................................
TEMPERATURE (F)
 YESTERDAY
  MAXIMUM         52    323 PM  65    1965  53     -1       49
  MINIMUM         49    857 AM  15    2002  36     13       28
  AVERAGE         51                        44      7       39

PRECIPITATION (IN)
  YESTERDAY        0.28          0.90 1997   0.03   0.25     0.00
  MONTH TO DATE    0.72                      0.42   0.30     0.15
  SINCE OCT 1      0.72                      0.42   0.30     0.15
  SINCE JAN 1      4.84                      5.48  -0.64     6.84

SNOWFALL (IN)
  YESTERDAY       MM

DEGREE DAYS
 HEATING
  YESTERDAY       14                        21     -7       26
  MONTH TO DATE  259                       418   -159      435
  SINCE SEP 1    294                       516   -222      531
  SINCE JUL 1    294                       530   -236      531

 COOLING
  YESTERDAY        0                         0      0        0
  MONTH TO DATE   17                         0     17        0
  SINCE SEP 1    127                         2    125      147
  SINCE JAN 1   1218                       790    428     1028
..................................................................


WIND (MPH)
  HIGHEST WIND SPEED     9   HIGHEST WIND DIRECTION    SW (220)
  HIGHEST GUST SPEED    12   HIGHEST GUST DIRECTION    NW (320)
  AVERAGE WIND SPEED     3.7


SKY COVER
  POSSIBLE SUNSHINE  MM
  AVERAGE SKY COVER 1.0


WEATHER CONDITIONS
 THE FOLLOWING WEATHER WAS RECORDED YESTERDAY.
  LIGHT RAIN
  FOG


RELATIVE HUMIDITY (PERCENT)
 HIGHEST    89           400 PM
 LOWEST     77           200 AM
 AVERAGE    83

..........................................................


THE WENATCHEE WA PANGBORN FIELD CLIMATE NORMALS FOR TODAY
                         NORMAL    RECORD    YEAR
 MAXIMUM TEMPERATURE (F)   52        74      1967
 MINIMUM TEMPERATURE (F)   36        15      2002


SUNRISE AND SUNSET
OCTOBER 31 2014.......SUNRISE   743 AM PDT   SUNSET   545 PM PDT
NOVEMBER  1 2014......SUNRISE   745 AM PDT   SUNSET   544 PM PDT


-  INDICATES NEGATIVE NUMBERS.
R  INDICATES RECORD WAS SET OR TIED.
MM INDICATES DATA IS MISSING.
T  INDICATES TRACE AMOUNT.




$$
