000
CDUS46 KOTX 230934
CLIEAT


CLIMATE REPORT
NATIONAL WEATHER SERVICE SPOKANE, WA
133 AM PST TUE JAN 23 2018


...................................

...THE WENATCHEE WA PANGBORN FIELD CLIMATE SUMMARY FOR JANUARY 22 2018...

CLIMATE NORMAL PERIOD 1981 TO 2010
CLIMATE RECORD PERIOD 1959 TO 2018


WEATHER ITEM   OBSERVED TIME   RECORD YEAR NORMAL DEPARTURE LAST
                VALUE   (LST)  VALUE       VALUE  FROM      YEAR
                                                  NORMAL
..................................................................
TEMPERATURE (F)
 YESTERDAY
  MAXIMUM         45    343 PM  50    2011  36      9       34
  MINIMUM         26    907 AM  -6    1969  26      0       31
  AVERAGE         36                        31      5       33

PRECIPITATION (IN)
  YESTERDAY        0.00          0.67 1970   0.03  -0.03     0.25
  MONTH TO DATE    0.65                      0.78  -0.13     0.98
  SINCE OCT 1      3.73                      3.73   0.00     3.80
  SINCE JAN 1      0.65                      0.78  -0.13     0.98

SNOWFALL (IN)
  YESTERDAY       MM

DEGREE DAYS
 HEATING
  YESTERDAY       29                        34     -5       32
  MONTH TO DATE  734                       798    -64     1051
  SINCE DEC 1   1890                      1946    -56     2333
  SINCE JUL 1   3313                      3318     -5     3410

 COOLING
  YESTERDAY        0                         0      0        0
  MONTH TO DATE    0                         0      0        0
  SINCE DEC 1      0                         0      0        0
  SINCE JAN 1      0                         0      0        0
..................................................................


WIND (MPH)
  HIGHEST WIND SPEED     9   HIGHEST WIND DIRECTION     W (280)
  HIGHEST GUST SPEED    10   HIGHEST GUST DIRECTION    NW (320)
  AVERAGE WIND SPEED     2.6


SKY COVER
  POSSIBLE SUNSHINE  MM
  AVERAGE SKY COVER 0.1


WEATHER CONDITIONS
 THE FOLLOWING WEATHER WAS RECORDED YESTERDAY.
  FOG


RELATIVE HUMIDITY (PERCENT)
 HIGHEST   100          1200 AM
 LOWEST     58           300 PM
 AVERAGE    79

..........................................................


THE WENATCHEE WA PANGBORN FIELD CLIMATE NORMALS FOR TODAY
                         NORMAL    RECORD    YEAR
 MAXIMUM TEMPERATURE (F)   36        56      2011
 MINIMUM TEMPERATURE (F)   26        -7      1969


SUNRISE AND SUNSET
JANUARY 23 2018.......SUNRISE   737 AM PST   SUNSET   449 PM PST
JANUARY 24 2018.......SUNRISE   736 AM PST   SUNSET   451 PM PST


-  INDICATES NEGATIVE NUMBERS.
R  INDICATES RECORD WAS SET OR TIED.
MM INDICATES DATA IS MISSING.
T  INDICATES TRACE AMOUNT.




$$
