000
CDUS46 KOTX 190031
CLIEAT


CLIMATE REPORT
NATIONAL WEATHER SERVICE SPOKANE, WA
430 PM PST WED JAN 18 2017


...................................

...THE WENATCHEE WA PANGBORN FIELD CLIMATE SUMMARY FOR JANUARY 18 2017...
VALID AS OF 0400 PM LOCAL TIME.

CLIMATE NORMAL PERIOD 1981 TO 2010
CLIMATE RECORD PERIOD 1959 TO 2017


WEATHER ITEM   OBSERVED TIME   RECORD YEAR NORMAL DEPARTURE LAST
                VALUE   (LST)  VALUE       VALUE  FROM      YEAR
                                                  NORMAL
..................................................................
TEMPERATURE (F)
 TODAY
  MAXIMUM         25    359 PM  53    2015  35    -10       33
  MINIMUM         18   1207 AM   5    1984  25     -7       23
  AVERAGE         22                        30     -8       28

PRECIPITATION (IN)
  TODAY            0.05          0.58 1974   0.03   0.02      T
  MONTH TO DATE    0.40                      0.65  -0.25     1.07
  SINCE OCT 1      3.22                      3.60  -0.38     4.93
  SINCE JAN 1      0.40                      0.65  -0.25     1.07

SNOWFALL (IN)
  TODAY           MM

DEGREE DAYS
 HEATING
  TODAY           43                        35      8       37
  MONTH TO DATE  919                       659    260      594
  SINCE DEC 1   2201                      1807    394     1652
  SINCE JUL 1   3278                      3179     99     2717

 COOLING
  TODAY            0                         0      0        0
  MONTH TO DATE    0                         0      0        0
  SINCE DEC 1      0                         0      0        0
  SINCE JAN 1      0                         0      0        0
..................................................................


WIND (MPH)
  HIGHEST WIND SPEED    10   HIGHEST WIND DIRECTION     W (280)
  HIGHEST GUST SPEED    12   HIGHEST GUST DIRECTION     W (280)
  AVERAGE WIND SPEED     6.2


SKY COVER
  POSSIBLE SUNSHINE  MM
  AVERAGE SKY COVER 1.0


WEATHER CONDITIONS
 THE FOLLOWING WEATHER WAS RECORDED TODAY.
  LT FREEZING RAIN
  LIGHT SNOW
  FOG


RELATIVE HUMIDITY (PERCENT)
 HIGHEST   100           500 AM
 LOWEST     84           100 AM
 AVERAGE    92

..........................................................


THE WENATCHEE WA PANGBORN FIELD CLIMATE NORMALS FOR TOMORROW
                         NORMAL    RECORD    YEAR
 MAXIMUM TEMPERATURE (F)   35        49      1994
 MINIMUM TEMPERATURE (F)   25        -1      1962


SUNRISE AND SUNSET
JANUARY 18 2017.......SUNRISE   741 AM PST   SUNSET   442 PM PST
JANUARY 19 2017.......SUNRISE   740 AM PST   SUNSET   444 PM PST


-  INDICATES NEGATIVE NUMBERS.
R  INDICATES RECORD WAS SET OR TIED.
MM INDICATES DATA IS MISSING.
T  INDICATES TRACE AMOUNT.




$$
