000
CDUS46 KOTX 260831
CLIEAT


CLIMATE REPORT
NATIONAL WEATHER SERVICE SPOKANE, WA
128 AM PDT TUE MAY 26 2015


...................................

...THE WENATCHEE WA PANGBORN FIELD CLIMATE SUMMARY FOR MAY 25 2015...

CLIMATE NORMAL PERIOD 1981 TO 2010
CLIMATE RECORD PERIOD 1959 TO 2015


WEATHER ITEM   OBSERVED TIME   RECORD YEAR NORMAL DEPARTURE LAST
                VALUE   (LST)  VALUE       VALUE  FROM      YEAR
                                                  NORMAL
..................................................................
TEMPERATURE (F)
 YESTERDAY
  MAXIMUM         76    145 PM  93    1992  74      2       74
  MINIMUM         56    455 AM  39    1984  51      5       54
  AVERAGE         66                        62      4       64

PRECIPITATION (IN)
  YESTERDAY        T             0.49 1981   0.03  -0.03      T
  MONTH TO DATE    1.17                      0.51   0.66     0.18
  SINCE OCT 1      6.83                      6.43   0.40     2.87
  SINCE JAN 1      3.65                      3.48   0.17     2.31

SNOWFALL (IN)
  YESTERDAY       MM

DEGREE DAYS
 HEATING
  YESTERDAY        0                         4     -4        1
  MONTH TO DATE   74                       177   -103       66
  SINCE MAR 1    869                      1229   -360     1040
  SINCE JUL 1   4498                      5693  -1195     5610

 COOLING
  YESTERDAY        1                         2     -1        0
  MONTH TO DATE   50                        24     26       54
  SINCE MAR 1     50                        62    -12       54
  SINCE JAN 1     50                        62    -12       54
..................................................................


WIND (MPH)
  HIGHEST WIND SPEED    23   HIGHEST WIND DIRECTION    NW (310)
  HIGHEST GUST SPEED    26   HIGHEST GUST DIRECTION    NW (300)
  AVERAGE WIND SPEED     9.1


SKY COVER
  POSSIBLE SUNSHINE  MM
  AVERAGE SKY COVER 0.2


WEATHER CONDITIONS
 THE FOLLOWING WEATHER WAS RECORDED YESTERDAY.
  THUNDERSTORM
  LIGHT RAIN


RELATIVE HUMIDITY (PERCENT)
 HIGHEST    59           500 AM
 LOWEST     27          1100 AM
 AVERAGE    43

..........................................................


THE WENATCHEE WA PANGBORN FIELD CLIMATE NORMALS FOR TODAY
                         NORMAL    RECORD    YEAR
 MAXIMUM TEMPERATURE (F)   74        89      2001
 MINIMUM TEMPERATURE (F)   51        40      1973


SUNRISE AND SUNSET
MAY 26 2015...........SUNRISE   513 AM PDT   SUNSET   844 PM PDT
MAY 27 2015...........SUNRISE   512 AM PDT   SUNSET   845 PM PDT


-  INDICATES NEGATIVE NUMBERS.
R  INDICATES RECORD WAS SET OR TIED.
MM INDICATES DATA IS MISSING.
T  INDICATES TRACE AMOUNT.




$$
