000
CDUS46 KOTX 240824
CLIEAT


CLIMATE REPORT
NATIONAL WEATHER SERVICE SPOKANE, WA
121 AM PDT THU APR 24 2014


...................................

...THE WENATCHEE WA PANGBORN FIELD CLIMATE SUMMARY FOR APRIL 23 2014...

CLIMATE NORMAL PERIOD 1981 TO 2010
CLIMATE RECORD PERIOD 1959 TO 2014


WEATHER ITEM   OBSERVED TIME   RECORD YEAR NORMAL DEPARTURE LAST
                VALUE   (LST)  VALUE       VALUE  FROM      YEAR
                                                  NORMAL
..................................................................
TEMPERATURE (F)
 YESTERDAY
  MAXIMUM         59    150 PM  87    2012  64     -5       63
                                      1977
  MINIMUM         39    523 AM  30    1985  42     -3       37
  AVERAGE         49                        53     -4       50

PRECIPITATION (IN)
  YESTERDAY        T             0.84 1960   0.02  -0.02     0.00
  MONTH TO DATE    0.21                      0.36  -0.15     0.84
  SINCE OCT 1      2.66                      5.82  -3.16     5.79
  SINCE JAN 1      2.10                      2.87  -0.77     1.99

SNOWFALL (IN)
  YESTERDAY       MM             T    1964   0.0   MM       MM
  MONTH TO DATE   MM                         0.1   MM       MM
  SINCE MAR 1     MM                         9.9   MM       MM
  SINCE JUL 1     MM                        42.2   MM       MM
  SNOW DEPTH      MM

DEGREE DAYS
 HEATING
  YESTERDAY       16                        12      4       15
  MONTH TO DATE  256                       325    -69      346
  SINCE MAR 1    900                       973    -73      990
  SINCE JUL 1   5470                      5437     33     5117

 COOLING
  YESTERDAY        0                         0      0        0
  MONTH TO DATE    0                         0      0        0
  SINCE MAR 1      0                         2     -2        0
  SINCE JAN 1      0                         2     -2        0
..................................................................


WIND (MPH)
  HIGHEST WIND SPEED    18   HIGHEST WIND DIRECTION    SE (140)
  HIGHEST GUST SPEED    24   HIGHEST GUST DIRECTION    SE (130)
  AVERAGE WIND SPEED     6.8


SKY COVER
  POSSIBLE SUNSHINE  MM
  AVERAGE SKY COVER 0.6


WEATHER CONDITIONS
 THE FOLLOWING WEATHER WAS RECORDED YESTERDAY.
  LIGHT RAIN


RELATIVE HUMIDITY (PERCENT)
 HIGHEST    74          1100 PM
 LOWEST     24           100 PM
 AVERAGE    49

..........................................................


THE WENATCHEE WA PANGBORN FIELD CLIMATE NORMALS FOR TODAY
                         NORMAL    RECORD    YEAR
 MAXIMUM TEMPERATURE (F)   64        93      1977
 MINIMUM TEMPERATURE (F)   42        28      1985


SUNRISE AND SUNSET
APRIL 24 2014.........SUNRISE   556 AM PDT   SUNSET   803 PM PDT
APRIL 25 2014.........SUNRISE   554 AM PDT   SUNSET   804 PM PDT


-  INDICATES NEGATIVE NUMBERS.
R  INDICATES RECORD WAS SET OR TIED.
MM INDICATES DATA IS MISSING.
T  INDICATES TRACE AMOUNT.




$$
