000
CDUS43 KMPX 230713
CLIEAU


CLIMATE REPORT
NATIONAL WEATHER SERVICE CHANHASSEN MN
212 AM CDT WED AUG 23 2017


...................................

...THE EAU CLAIRE WI CLIMATE SUMMARY FOR AUGUST 22 2017...

CLIMATE NORMAL PERIOD 1981 TO 2010
CLIMATE RECORD PERIOD 1893 TO 2017


WEATHER ITEM   OBSERVED TIME   RECORD YEAR NORMAL DEPARTURE LAST
                VALUE   (LST)  VALUE       VALUE  FROM      YEAR
                                                  NORMAL
..................................................................
TEMPERATURE (F)
 YESTERDAY
  MAXIMUM         74    245 PM  97    1948  80     -6       81
                                      1947
  MINIMUM         56   1156 PM  37    1950  58     -2       51
  AVERAGE         65                        69     -4       66

PRECIPITATION (IN)
  YESTERDAY        0.00          1.76 1900   0.15  -0.15     0.00
  MONTH TO DATE    3.44                      3.29   0.15     4.52
  SINCE JUN 1     12.94                     11.30   1.64    14.32
  SINCE JAN 1     27.44                     20.94   6.50    26.51

SNOWFALL (IN)
  YESTERDAY        0.0           0.0    MM   0.0    0.0      0.0
  MONTH TO DATE    0.0                       0.0    0.0      0.0
  SINCE JUN 1      0.0                       0.0    0.0      0.0
  SINCE JUL 1      0.0                       0.0    0.0      0.0
  SNOW DEPTH       0

DEGREE DAYS
 HEATING
  YESTERDAY        0                         1     -1        0
  MONTH TO DATE   15                        17     -2        3
  SINCE JUN 1     54                        90    -36       39
  SINCE JUL 1     17                        28    -11        7

 COOLING
  YESTERDAY        0                         5     -5        1
  MONTH TO DATE   51                       124    -73      159
  SINCE JUN 1    355                       458   -103      506
  SINCE JAN 1    363                       490   -127      546
..................................................................


WIND (MPH)
  HIGHEST WIND SPEED    22   HIGHEST WIND DIRECTION     W (290)
  HIGHEST GUST SPEED    29   HIGHEST GUST DIRECTION    NW (300)
  AVERAGE WIND SPEED    10.3


SKY COVER
  POSSIBLE SUNSHINE  MM
  AVERAGE SKY COVER 0.3


WEATHER CONDITIONS
 THE FOLLOWING WEATHER WAS RECORDED YESTERDAY.
  NO SIGNIFICANT WEATHER WAS OBSERVED.


RELATIVE HUMIDITY (PERCENT)
 HIGHEST    93           300 AM
 LOWEST     41           200 PM
 AVERAGE    67

..........................................................


THE EAU CLAIRE WI CLIMATE NORMALS FOR TODAY
                         NORMAL    RECORD    YEAR
 MAXIMUM TEMPERATURE (F)   79       102      1948
 MINIMUM TEMPERATURE (F)   58        41      1920


SUNRISE AND SUNSET
AUGUST 23 2017........SUNRISE   618 AM CDT   SUNSET   758 PM CDT
AUGUST 24 2017........SUNRISE   619 AM CDT   SUNSET   757 PM CDT


-  INDICATES NEGATIVE NUMBERS.
R  INDICATES RECORD WAS SET OR TIED.
MM INDICATES DATA IS MISSING.
T  INDICATES TRACE AMOUNT.




$$
