000
CDUS43 KMPX 230632
CLIEAU


CLIMATE REPORT
NATIONAL WEATHER SERVICE CHANHASSEN MN
131 AM CDT THU MAR 23 2017


...................................

...THE EAU CLAIRE WI CLIMATE SUMMARY FOR MARCH 22 2017...

CLIMATE NORMAL PERIOD 1981 TO 2010
CLIMATE RECORD PERIOD 1893 TO 2017


WEATHER ITEM   OBSERVED TIME   RECORD YEAR NORMAL DEPARTURE LAST
                VALUE   (LST)  VALUE       VALUE  FROM      YEAR
                                                  NORMAL
..................................................................
TEMPERATURE (F)
 YESTERDAY
  MAXIMUM         39    416 PM  69    2012  44     -5       58
                                      1945
  MINIMUM         13    535 AM  -4    1989  24    -11       35
  AVERAGE         26                        34     -8       47

PRECIPITATION (IN)
  YESTERDAY        0.00          2.00 1897   0.06  -0.06     0.00
  MONTH TO DATE    0.88                      1.09  -0.21     2.15
  SINCE MAR 1      0.88                      1.09  -0.21     2.15
  SINCE JAN 1      4.96                      2.79   2.17     3.31

SNOWFALL (IN)
  YESTERDAY        0.0           6.5  1952   0.3   -0.3      0.0
  MONTH TO DATE    4.8                       6.7   -1.9      1.6
  SINCE MAR 1      4.8                       6.7   -1.9      1.6
  SINCE JUL 1     53.7                      43.0   10.7     25.7
  SNOW DEPTH       0

DEGREE DAYS
 HEATING
  YESTERDAY       39                        31      8       18
  MONTH TO DATE  832                       785     47      575
  SINCE MAR 1    832                       785     47      575
  SINCE JUL 1   5942                      6805   -863     5753

 COOLING
  YESTERDAY        0                         0      0        0
  MONTH TO DATE    0                         0      0        0
  SINCE MAR 1      0                         0      0        0
  SINCE JAN 1      0                         0      0        0
..................................................................


WIND (MPH)
  HIGHEST WIND SPEED    15   HIGHEST WIND DIRECTION    SE (150)
  HIGHEST GUST SPEED    18   HIGHEST GUST DIRECTION    SE (120)
  AVERAGE WIND SPEED     7.3


SKY COVER
  POSSIBLE SUNSHINE  MM
  AVERAGE SKY COVER 0.2


WEATHER CONDITIONS
 THE FOLLOWING WEATHER WAS RECORDED YESTERDAY.
  NO SIGNIFICANT WEATHER WAS OBSERVED.


RELATIVE HUMIDITY (PERCENT)
 HIGHEST    88           600 AM
 LOWEST     24           300 PM
 AVERAGE    56

..........................................................


THE EAU CLAIRE WI CLIMATE NORMALS FOR TODAY
                         NORMAL    RECORD    YEAR
 MAXIMUM TEMPERATURE (F)   45        82      1910
 MINIMUM TEMPERATURE (F)   24        -6      1974


SUNRISE AND SUNSET
MARCH 23 2017.........SUNRISE   703 AM CDT   SUNSET   723 PM CDT
MARCH 24 2017.........SUNRISE   701 AM CDT   SUNSET   724 PM CDT


-  INDICATES NEGATIVE NUMBERS.
R  INDICATES RECORD WAS SET OR TIED.
MM INDICATES DATA IS MISSING.
T  INDICATES TRACE AMOUNT.




$$
