804
CDUS43 KMPX 140756
CLIEAU


CLIMATE REPORT
NATIONAL WEATHER SERVICE CHANHASSEN MN
148 AM CST THU DEC 14 2017


...................................

...THE EAU CLAIRE WI CLIMATE SUMMARY FOR DECEMBER 13 2017...

CLIMATE NORMAL PERIOD 1981 TO 2010
CLIMATE RECORD PERIOD 1893 TO 2017


WEATHER ITEM   OBSERVED TIME   RECORD YEAR NORMAL DEPARTURE LAST
                VALUE   (LST)  VALUE       VALUE  FROM      YEAR
                                                  NORMAL
..................................................................
TEMPERATURE (F)
 YESTERDAY
  MAXIMUM         22    248 PM  51    1998  28     -6        8
  MINIMUM          7   1159 PM -28    1901  11     -4       -7
  AVERAGE         15                        19     -4        1

PRECIPITATION (IN)
  YESTERDAY        0.02          0.54 1995   0.03  -0.01     0.00
  MONTH TO DATE    0.65                      0.49   0.16     0.77
  SINCE DEC 1      0.65                      0.49   0.16     0.77
  SINCE JAN 1     35.07                     30.47   4.60    39.69

SNOWFALL (IN)
  YESTERDAY        0.4           4.4  1995   0.3    0.1      0.0
  MONTH TO DATE    3.8                       4.0   -0.2      9.9
  SINCE DEC 1      3.8                       4.0   -0.2      9.9
  SINCE JUL 1      7.1                      10.3   -3.2     11.6
  SNOW DEPTH       1

DEGREE DAYS
 HEATING
  YESTERDAY       50                        46      4       64
  MONTH TO DATE  524                       564    -40      568
  SINCE DEC 1    524                       564    -40      568
  SINCE JUL 1   2165                      2310   -145     1777

 COOLING
  YESTERDAY        0                         0      0        0
  MONTH TO DATE    0                         0      0        0
  SINCE DEC 1      0                         0      0        0
  SINCE JAN 1    466                       579   -113      624
..................................................................


WIND (MPH)
  HIGHEST WIND SPEED    16   HIGHEST WIND DIRECTION     N (360)
  HIGHEST GUST SPEED    25   HIGHEST GUST DIRECTION     N (360)
  AVERAGE WIND SPEED     7.8


SKY COVER
  POSSIBLE SUNSHINE  MM
  AVERAGE SKY COVER 0.7


WEATHER CONDITIONS
 THE FOLLOWING WEATHER WAS RECORDED YESTERDAY.
  SNOW
  LIGHT SNOW
  FOG
  HAZE


RELATIVE HUMIDITY (PERCENT)
 HIGHEST    92          1100 PM
 LOWEST     68           400 PM
 AVERAGE    80

..........................................................


THE EAU CLAIRE WI CLIMATE NORMALS FOR TODAY
                         NORMAL    RECORD    YEAR
 MAXIMUM TEMPERATURE (F)   27        55      1998
 MINIMUM TEMPERATURE (F)   11       -26      1901


SUNRISE AND SUNSET
DECEMBER 14 2017......SUNRISE   736 AM CST   SUNSET   425 PM CST
DECEMBER 15 2017......SUNRISE   737 AM CST   SUNSET   425 PM CST


-  INDICATES NEGATIVE NUMBERS.
R  INDICATES RECORD WAS SET OR TIED.
MM INDICATES DATA IS MISSING.
T  INDICATES TRACE AMOUNT.




$$
