000
CDUS42 KAKQ 290545
CLIECG


CLIMATE REPORT
NATIONAL WEATHER SERVICE WAKEFIELD, VA
145 AM EDT SAT APR 29 2017


...................................

...THE ELIZABETH CITY NC CLIMATE SUMMARY FOR APRIL 28 2017...

CLIMATE NORMAL PERIOD 1981 TO 2010
CLIMATE RECORD PERIOD 1934 TO 2017


WEATHER ITEM   OBSERVED TIME   RECORD YEAR NORMAL DEPARTURE LAST
                VALUE   (LST)  VALUE       VALUE  FROM      YEAR
                                                  NORMAL
..................................................................
TEMPERATURE (F)
 YESTERDAY
  MAXIMUM         86    409 PM  91    1957  72     14       72
  MINIMUM         71    344 AM  34    1940  51     20       57
  AVERAGE         79                        62     17       65

PRECIPITATION (IN)
  YESTERDAY        0.00          2.33 1980   0.10  -0.10     0.48
  MONTH TO DATE    2.52                      2.95  -0.43     4.04
  SINCE MAR 1      6.31                      6.93  -0.62     6.26
  SINCE JAN 1     10.92                     13.37  -2.45    13.85

SNOWFALL (IN)
  YESTERDAY        0.0           T    1950  MM     MM
  MONTH TO DATE    0.0                      MM     MM
  SINCE NOV 1      1.2                      MM     MM
  SINCE JUL 1      1.2                      MM     MM
  SNOW DEPTH       0

DEGREE DAYS
 HEATING
  YESTERDAY        0                         5     -5        0
  MONTH TO DATE   83                       214   -131      224
  SINCE MAR 1    558                       679   -121      501
  SINCE JUL 1   2653                      3151   -498     2412

 COOLING
  YESTERDAY       14                         2     12        0
  MONTH TO DATE   95                        33     62       29
  SINCE MAR 1    102                        38     64       55
  SINCE JAN 1    105                        40     65       55
..................................................................


WIND (MPH)
  HIGHEST WIND SPEED    17   HIGHEST WIND DIRECTION    SW (220)
  HIGHEST GUST SPEED    22   HIGHEST GUST DIRECTION     S (200)
  AVERAGE WIND SPEED    10.8


SKY COVER
  POSSIBLE SUNSHINE  MM
  AVERAGE SKY COVER 0.4


WEATHER CONDITIONS
 THE FOLLOWING WEATHER WAS RECORDED YESTERDAY.
  NO SIGNIFICANT WEATHER WAS OBSERVED.


RELATIVE HUMIDITY (PERCENT)
 HIGHEST   100           400 AM
 LOWEST     65           200 PM
 AVERAGE    83

..........................................................


THE ELIZABETH CITY NC CLIMATE NORMALS FOR TODAY
                         NORMAL    RECORD    YEAR
 MAXIMUM TEMPERATURE (F)   73        90      1974
 MINIMUM TEMPERATURE (F)   51        37      1940


SUNRISE AND SUNSET
APRIL 29 2017.........SUNRISE   614 AM EDT   SUNSET   751 PM EDT
APRIL 30 2017.........SUNRISE   613 AM EDT   SUNSET   752 PM EDT


-  INDICATES NEGATIVE NUMBERS.
R  INDICATES RECORD WAS SET OR TIED.
MM INDICATES DATA IS MISSING.
T  INDICATES TRACE AMOUNT.




$$
