000
CDUS42 KAKQ 090627
CLIECG


CLIMATE REPORT
NATIONAL WEATHER SERVICE WAKEFIELD, VA
126 AM EST TUE FEB 9 2016


...................................

...THE ELIZABETH CITY NC CLIMATE SUMMARY FOR FEBRUARY 8 2016...

CLIMATE NORMAL PERIOD 1981 TO 2010
CLIMATE RECORD PERIOD 1934 TO 2016


WEATHER ITEM   OBSERVED TIME   RECORD YEAR NORMAL DEPARTURE LAST
                VALUE   (LST)  VALUE       VALUE  FROM      YEAR
                                                  NORMAL
..................................................................
TEMPERATURE (F)
 YESTERDAY
  MAXIMUM         49    219 PM  77    1937  53     -4       68
  MINIMUM         34    733 AM  13    1977  34      0       41
  AVERAGE         42                        43     -1       55

PRECIPITATION (IN)
  YESTERDAY        T             1.51 1961   0.11  -0.11     0.00
  MONTH TO DATE    3.10                      0.91   2.19     0.73
  SINCE DEC 1     10.02                      6.73   3.29     7.88
  SINCE JAN 1      6.01                      4.17   1.84     4.74

SNOWFALL (IN)
  YESTERDAY        0.0          MM      MM  MM     MM
  MONTH TO DATE    T                        MM     MM
  SINCE NOV 1      T                        MM     MM
  SINCE JUL 1      T                        MM     MM
  SNOW DEPTH       0

DEGREE DAYS
 HEATING
  YESTERDAY       23                        22      1       10
  MONTH TO DATE  136                       177    -41      204
  SINCE DEC 1   1112                      1549   -437     1356
  SINCE JUL 1   1468                      2064   -596     1871

 COOLING
  YESTERDAY        0                         0      0        0
  MONTH TO DATE    0                         0      0        0
  SINCE DEC 1     31                         3     28        2
  SINCE JAN 1      0                         1     -1        2
..................................................................


WIND (MPH)
  HIGHEST WIND SPEED    28   HIGHEST WIND DIRECTION    NW (330)
  HIGHEST GUST SPEED    37   HIGHEST GUST DIRECTION     N (340)
  AVERAGE WIND SPEED    10.9


SKY COVER
  POSSIBLE SUNSHINE  MM
  AVERAGE SKY COVER 0.4


WEATHER CONDITIONS
 THE FOLLOWING WEATHER WAS RECORDED YESTERDAY.
  LIGHT RAIN


RELATIVE HUMIDITY (PERCENT)
 HIGHEST    86          1100 PM
 LOWEST     54           200 PM
 AVERAGE    70

..........................................................


THE ELIZABETH CITY NC CLIMATE NORMALS FOR TODAY
                         NORMAL    RECORD    YEAR
 MAXIMUM TEMPERATURE (F)   53        76      1937
 MINIMUM TEMPERATURE (F)   34        10      1934


SUNRISE AND SUNSET
FEBRUARY  9 2016......SUNRISE   659 AM EST   SUNSET   539 PM EST
FEBRUARY 10 2016......SUNRISE   658 AM EST   SUNSET   540 PM EST


-  INDICATES NEGATIVE NUMBERS.
R  INDICATES RECORD WAS SET OR TIED.
MM INDICATES DATA IS MISSING.
T  INDICATES TRACE AMOUNT.




$$
