000
CDUS42 KAKQ 282226
CLIECG


CLIMATE REPORT
NATIONAL WEATHER SERVICE WAKEFIELD, VA
525 PM EST SUN DEC 28 2014


...................................

...THE ELIZABETH CITY NC CLIMATE SUMMARY FOR DECEMBER 28 2014...
VALID TODAY AS OF 0500 PM LOCAL TIME.

CLIMATE NORMAL PERIOD 1981 TO 2010
CLIMATE RECORD PERIOD 1934 TO 2014


WEATHER ITEM   OBSERVED TIME   RECORD YEAR NORMAL DEPARTURE LAST
                VALUE   (LST)  VALUE       VALUE  FROM      YEAR
                                                  NORMAL
..................................................................
TEMPERATURE (F)
 TODAY
  MAXIMUM         70    218 PM  77    1942  51     19       57
  MINIMUM         49    153 AM  14    1935  32     17       26
  AVERAGE         60

PRECIPITATION (IN)
  TODAY            T             1.10 1949   0.07  -0.07     0.00
  MONTH TO DATE    2.98                      2.36   0.62     4.73
  SINCE DEC 1      2.98                      2.36   0.62     4.73
  SINCE JAN 1     40.27                     46.38  -6.11    44.32

SNOWFALL (IN)
  TODAY           MM
  MONTH TO DATE    0.0
  SINCE NOV 1      0.0
  SINCE JUL 1      0.0
  SNOW DEPTH       0

DEGREE DAYS
 HEATING
  TODAY            5
  MONTH TO DATE  408
  SINCE DEC 1    408
  SINCE JUL 1    923

 COOLING
  TODAY            0
  MONTH TO DATE    0
  SINCE DEC 1      0
  SINCE JAN 1   1586
..................................................................


WIND (MPH)
  RESULTANT WIND SPEED   9   RESULTANT WIND DIRECTION  SW (220)
  HIGHEST WIND SPEED    18   HIGHEST WIND DIRECTION    SW (230)
  HIGHEST GUST SPEED    24   HIGHEST GUST DIRECTION    SW (230)


SKY COVER
  POSSIBLE SUNSHINE  MM
  AVERAGE SKY COVER 0.4


WEATHER CONDITIONS
 THE FOLLOWING WEATHER WAS RECORDED TODAY.
  NO SIGNIFICANT WEATHER WAS OBSERVED.


RELATIVE HUMIDITY (PERCENT)
 HIGHEST    77
 LOWEST     59
 AVERAGE    68

..........................................................


THE ELIZABETH CITY NC CLIMATE NORMALS FOR TOMORROW
                         NORMAL    RECORD    YEAR
 MAXIMUM TEMPERATURE (F)   51        77      1942
 MINIMUM TEMPERATURE (F)   32        15      1952


SUNRISE AND SUNSET
DECEMBER 28 2014......SUNRISE   715 AM EST   SUNSET   458 PM EST
DECEMBER 29 2014......SUNRISE   715 AM EST   SUNSET   458 PM EST


-  INDICATES NEGATIVE NUMBERS.
R  INDICATES RECORD WAS SET OR TIED.
MM INDICATES DATA IS MISSING.
T  INDICATES TRACE AMOUNT.




$$
