000
CDUS42 KAKQ 290527
CLIECG


CLIMATE REPORT
NATIONAL WEATHER SERVICE WAKEFIELD, VA
126 AM EDT SUN MAY 29 2016


...................................

...THE ELIZABETH CITY NC CLIMATE SUMMARY FOR MAY 28 2016...

CLIMATE NORMAL PERIOD 1981 TO 2010
CLIMATE RECORD PERIOD 1934 TO 2016


WEATHER ITEM   OBSERVED TIME   RECORD YEAR NORMAL DEPARTURE LAST
                VALUE   (LST)  VALUE       VALUE  FROM      YEAR
                                                  NORMAL
..................................................................
TEMPERATURE (F)
 YESTERDAY
  MAXIMUM         82    255 PM 100    1941  80      2       83
  MINIMUM         58    418 AM  38    1997  61     -3       69
  AVERAGE         70                        70      0       76

PRECIPITATION (IN)
  YESTERDAY        0.00          0.64 1934   0.13  -0.13     0.00
  MONTH TO DATE    2.81                      3.21  -0.40     3.42
  SINCE MAR 1      9.07                     10.33  -1.26    10.50
  SINCE JAN 1     16.66                     16.77  -0.11    17.30

SNOWFALL (IN)
  YESTERDAY        0.0           0.0  2002  MM     MM
  MONTH TO DATE    0.0                      MM     MM
  SINCE NOV 1      1.8                      MM     MM
  SINCE JUL 1      1.8                      MM     MM
  SNOW DEPTH       0

DEGREE DAYS
 HEATING
  YESTERDAY        0                         1     -1        0
  MONTH TO DATE   58                        66     -8       29
  SINCE MAR 1    570                       755   -185      701
  SINCE JUL 1   2481                      3227   -746     3235

 COOLING
  YESTERDAY        5                         6     -1       11
  MONTH TO DATE   86                       102    -16      143
  SINCE MAR 1    141                       142     -1      176
  SINCE JAN 1    141                       144     -3      178
..................................................................


WIND (MPH)
  HIGHEST WIND SPEED    16   HIGHEST WIND DIRECTION     E (110)
  HIGHEST GUST SPEED    20   HIGHEST GUST DIRECTION     E (110)
  AVERAGE WIND SPEED     6.4


SKY COVER
  POSSIBLE SUNSHINE  MM
  AVERAGE SKY COVER 0.0


WEATHER CONDITIONS
 THE FOLLOWING WEATHER WAS RECORDED YESTERDAY.
  FOG


RELATIVE HUMIDITY (PERCENT)
 HIGHEST   100           200 AM
 LOWEST     51           400 PM
 AVERAGE    76

..........................................................


THE ELIZABETH CITY NC CLIMATE NORMALS FOR TODAY
                         NORMAL    RECORD    YEAR
 MAXIMUM TEMPERATURE (F)   80        99      1941
 MINIMUM TEMPERATURE (F)   61        37      1997


SUNRISE AND SUNSET
MAY 29 2016...........SUNRISE   550 AM EDT   SUNSET   815 PM EDT
MAY 30 2016...........SUNRISE   549 AM EDT   SUNSET   816 PM EDT


-  INDICATES NEGATIVE NUMBERS.
R  INDICATES RECORD WAS SET OR TIED.
MM INDICATES DATA IS MISSING.
T  INDICATES TRACE AMOUNT.




$$
