000
CDUS42 KAKQ 132242
CLIECG


CLIMATE REPORT
NATIONAL WEATHER SERVICE WAKEFIELD, VA
541 PM EST WED DEC 13 2017


...................................

...THE ELIZABETH CITY NC CLIMATE SUMMARY FOR DECEMBER 13 2017...
VALID TODAY AS OF 0500 PM LOCAL TIME.

CLIMATE NORMAL PERIOD 1981 TO 2010
CLIMATE RECORD PERIOD 1934 TO 2017


WEATHER ITEM   OBSERVED TIME   RECORD YEAR NORMAL DEPARTURE LAST
                VALUE   (LST)  VALUE       VALUE  FROM      YEAR
                                                  NORMAL
..................................................................
TEMPERATURE (F)
 TODAY
  MAXIMUM         39    347 PM  76    1956  55    -16       54
                                      1940
  MINIMUM         23    433 AM   9    1958  35    -12       44
  AVERAGE         31

PRECIPITATION (IN)
  TODAY            0.00          2.17 1966   0.09  -0.09     0.14
  MONTH TO DATE    2.73                      1.08   1.65     1.52
  SINCE DEC 1      2.73                      1.08   1.65     1.52
  SINCE JAN 1     44.33                     45.10  -0.77    52.96

SNOWFALL (IN)
  TODAY            0.0
  MONTH TO DATE    0.0
  SINCE NOV 1      0.0
  SINCE JUL 1      0.0
  SNOW DEPTH       0

DEGREE DAYS
 HEATING
  TODAY           34
  MONTH TO DATE  246
  SINCE DEC 1    246
  SINCE JUL 1    680

 COOLING
  TODAY            0
  MONTH TO DATE    0
  SINCE DEC 1      0
  SINCE JAN 1   1961
..................................................................


WIND (MPH)
  RESULTANT WIND SPEED  13   RESULTANT WIND DIRECTION   W (280)
  HIGHEST WIND SPEED    24   HIGHEST WIND DIRECTION     W (270)
  HIGHEST GUST SPEED    33   HIGHEST GUST DIRECTION     W (290)


SKY COVER
  POSSIBLE SUNSHINE  MM
  AVERAGE SKY COVER 0.0


WEATHER CONDITIONS
 THE FOLLOWING WEATHER WAS RECORDED TODAY.
  NO SIGNIFICANT WEATHER WAS OBSERVED.


RELATIVE HUMIDITY (PERCENT)
 HIGHEST    55
 LOWEST     30
 AVERAGE    43

..........................................................


THE ELIZABETH CITY NC CLIMATE NORMALS FOR TOMORROW
                         NORMAL    RECORD    YEAR
 MAXIMUM TEMPERATURE (F)   54        76      2015
 MINIMUM TEMPERATURE (F)   35        15      1960


SUNRISE AND SUNSET
DECEMBER 13 2017......SUNRISE   707 AM EST   SUNSET   451 PM EST
DECEMBER 14 2017......SUNRISE   708 AM EST   SUNSET   451 PM EST


-  INDICATES NEGATIVE NUMBERS.
R  INDICATES RECORD WAS SET OR TIED.
MM INDICATES DATA IS MISSING.
T  INDICATES TRACE AMOUNT.




$$
