000
CDUS42 KAKQ 260531
CLIECG


CLIMATE REPORT
NATIONAL WEATHER SERVICE WAKEFIELD, VA
131 AM EDT TUE MAY 26 2015


...................................

...THE ELIZABETH CITY NC CLIMATE SUMMARY FOR MAY 25 2015...

CLIMATE NORMAL PERIOD 1981 TO 2010
CLIMATE RECORD PERIOD 1934 TO 2015


WEATHER ITEM   OBSERVED TIME   RECORD YEAR NORMAL DEPARTURE LAST
                VALUE   (LST)  VALUE       VALUE  FROM      YEAR
                                                  NORMAL
..................................................................
TEMPERATURE (F)
 YESTERDAY
  MAXIMUM         81    251 PM  95    1933  79      2       82
  MINIMUM         59    411 AM  43    2013  60     -1       55
  AVERAGE         70                        70      0       69

PRECIPITATION (IN)
  YESTERDAY        0.00          3.15 1966   0.14  -0.14     0.00
  MONTH TO DATE    3.42                      2.81   0.61     2.29
  SINCE MAR 1     10.50                      9.93   0.57    10.78
  SINCE JAN 1     17.30                     16.37   0.93    14.92

SNOWFALL (IN)
  YESTERDAY        0.0           0.0  2002  MM     MM
  MONTH TO DATE    0.0                      MM     MM
  SINCE NOV 1      T                        MM     MM
  SINCE JUL 1      T                        MM     MM
  SNOW DEPTH       0

DEGREE DAYS
 HEATING
  YESTERDAY        0                         1     -1        0
  MONTH TO DATE   29                        63    -34       22
  SINCE MAR 1    701                       752    -51      760
  SINCE JUL 1   3235                      3224     11     3335

 COOLING
  YESTERDAY        5                         5      0        4
  MONTH TO DATE  112                        84     28      141
  SINCE MAR 1    145                       124     21      170
  SINCE JAN 1    147                       126     21      170
..................................................................


WIND (MPH)
  HIGHEST WIND SPEED    16   HIGHEST WIND DIRECTION    SE (150)
  HIGHEST GUST SPEED    21   HIGHEST GUST DIRECTION    SE (150)
  AVERAGE WIND SPEED     7.9


SKY COVER
  POSSIBLE SUNSHINE  MM
  AVERAGE SKY COVER 0.0


WEATHER CONDITIONS
 THE FOLLOWING WEATHER WAS RECORDED YESTERDAY.
  NO SIGNIFICANT WEATHER WAS OBSERVED.


RELATIVE HUMIDITY (PERCENT)
 HIGHEST   100           600 AM
 LOWEST     39           300 PM
 AVERAGE    70

..........................................................


THE ELIZABETH CITY NC CLIMATE NORMALS FOR TODAY
                         NORMAL    RECORD    YEAR
 MAXIMUM TEMPERATURE (F)   80        95      1953
 MINIMUM TEMPERATURE (F)   60        42      2013


SUNRISE AND SUNSET
MAY 26 2015...........SUNRISE   551 AM EDT   SUNSET   813 PM EDT
MAY 27 2015...........SUNRISE   551 AM EDT   SUNSET   813 PM EDT


-  INDICATES NEGATIVE NUMBERS.
R  INDICATES RECORD WAS SET OR TIED.
MM INDICATES DATA IS MISSING.
T  INDICATES TRACE AMOUNT.




$$
