000
CDUS42 KAKQ 200545
CLIECG


CLIMATE REPORT
NATIONAL WEATHER SERVICE WAKEFIELD, VA
145 AM EDT FRI OCT 20 2017


...................................

...THE ELIZABETH CITY NC CLIMATE SUMMARY FOR OCTOBER 19 2017...

CLIMATE NORMAL PERIOD 1981 TO 2010
CLIMATE RECORD PERIOD 1934 TO 2017


WEATHER ITEM   OBSERVED TIME   RECORD YEAR NORMAL DEPARTURE LAST
                VALUE   (LST)  VALUE       VALUE  FROM      YEAR
                                                  NORMAL
..................................................................
TEMPERATURE (F)
 YESTERDAY
  MAXIMUM         77    416 PM  87    2007  72      5       85
                                      1947
  MINIMUM         54    956 PM  33    1996  51      3       65
  AVERAGE         66                        61      5       75

PRECIPITATION (IN)
  YESTERDAY        0.00          4.30 1968   0.09  -0.09     0.00
  MONTH TO DATE    0.83                      1.93  -1.10    10.01
  SINCE SEP 1      3.25                      5.86  -2.61    22.04
  SINCE JAN 1     38.39                     39.82  -1.43    49.55

SNOWFALL (IN)
  YESTERDAY        0.0           0.0  2002  MM     MM
  MONTH TO DATE    0.0                      MM     MM
  SINCE NOV 1      1.2                      MM     MM
  SINCE JUL 1      0.0                      MM     MM
  SNOW DEPTH       0

DEGREE DAYS
 HEATING
  YESTERDAY        0                         5     -5        0
  MONTH TO DATE   14                        59    -45       27
  SINCE SEP 1     14                        71    -57       27
  SINCE JUL 1     14                        71    -57       27

 COOLING
  YESTERDAY        1                         1      0       10
  MONTH TO DATE  122                        45     77       90
  SINCE SEP 1    393                       271    122      418
  SINCE JAN 1   1939                      1567    372     1925
..................................................................


WIND (MPH)
  HIGHEST WIND SPEED     9   HIGHEST WIND DIRECTION    SE (130)
  HIGHEST GUST SPEED    13   HIGHEST GUST DIRECTION    SE (150)
  AVERAGE WIND SPEED     4.1


SKY COVER
  POSSIBLE SUNSHINE  MM
  AVERAGE SKY COVER 0.0


WEATHER CONDITIONS
 THE FOLLOWING WEATHER WAS RECORDED YESTERDAY.
  NO SIGNIFICANT WEATHER WAS OBSERVED.


RELATIVE HUMIDITY (PERCENT)
 HIGHEST   100           500 AM
 LOWEST     50          1200 PM
 AVERAGE    75

..........................................................


THE ELIZABETH CITY NC CLIMATE NORMALS FOR TODAY
                         NORMAL    RECORD    YEAR
 MAXIMUM TEMPERATURE (F)   71        87      1984
 MINIMUM TEMPERATURE (F)   51        30      1974


SUNRISE AND SUNSET
OCTOBER 20 2017.......SUNRISE   716 AM EDT   SUNSET   622 PM EDT
OCTOBER 21 2017.......SUNRISE   717 AM EDT   SUNSET   621 PM EDT


-  INDICATES NEGATIVE NUMBERS.
R  INDICATES RECORD WAS SET OR TIED.
MM INDICATES DATA IS MISSING.
T  INDICATES TRACE AMOUNT.




$$
