000
CDUS42 KAKQ 210646
CLIECG


CLIMATE REPORT
NATIONAL WEATHER SERVICE WAKEFIELD, VA
146 AM EST WED FEB 21 2018


...................................

...THE ELIZABETH CITY NC CLIMATE SUMMARY FOR FEBRUARY 20 2018...

CLIMATE NORMAL PERIOD 1981 TO 2010
CLIMATE RECORD PERIOD 1934 TO 2018


WEATHER ITEM   OBSERVED TIME   RECORD YEAR NORMAL DEPARTURE LAST
                VALUE   (LST)  VALUE       VALUE  FROM      YEAR
                                                  NORMAL
..................................................................
TEMPERATURE (F)
 YESTERDAY
  MAXIMUM         77    339 PM  78    1991  55     22       66
                                      1939
  MINIMUM         62    502 AM   8    2015  35     27       42
  AVERAGE         70                        45     25       54

PRECIPITATION (IN)
  YESTERDAY        0.00          0.76 1944   0.12  -0.12     0.00
  MONTH TO DATE    2.64                      2.29   0.35     0.91
  SINCE DEC 1      9.60                      8.11   1.49     7.27
  SINCE JAN 1      6.54                      5.55   0.99     4.60

SNOWFALL (IN)
  YESTERDAY        0.0           0.5  2006  MM     MM
                                      1936
  MONTH TO DATE    0.0                      MM     MM
  SINCE NOV 1      6.8                      MM     MM
  SINCE JUL 1      6.8                      MM     MM
  SNOW DEPTH       0

DEGREE DAYS
 HEATING
  YESTERDAY        0                        20    -20       11
  MONTH TO DATE  314                       428   -114      335
  SINCE DEC 1   1807                      1800      7     1542
  SINCE JUL 1   2241                      2315    -74     2032

 COOLING
  YESTERDAY        5                         0      5        0
  MONTH TO DATE   12                         0     12        3
  SINCE DEC 1     15                         3     12        3
  SINCE JAN 1     15                         1     14        3
..................................................................


WIND (MPH)
  HIGHEST WIND SPEED    16   HIGHEST WIND DIRECTION     S (170)
  HIGHEST GUST SPEED    23   HIGHEST GUST DIRECTION     S (170)
  AVERAGE WIND SPEED     8.9


SKY COVER
  POSSIBLE SUNSHINE  MM
  AVERAGE SKY COVER 0.5


WEATHER CONDITIONS
 THE FOLLOWING WEATHER WAS RECORDED YESTERDAY.
  FOG


RELATIVE HUMIDITY (PERCENT)
 HIGHEST   100          1200 AM
 LOWEST     69           300 PM
 AVERAGE    85

..........................................................


THE ELIZABETH CITY NC CLIMATE NORMALS FOR TODAY
                         NORMAL    RECORD    YEAR
 MAXIMUM TEMPERATURE (F)   55        77      2014
                                             1953
 MINIMUM TEMPERATURE (F)   35        13      2015


SUNRISE AND SUNSET
FEBRUARY 21 2018......SUNRISE   645 AM EST   SUNSET   552 PM EST
FEBRUARY 22 2018......SUNRISE   644 AM EST   SUNSET   553 PM EST


-  INDICATES NEGATIVE NUMBERS.
R  INDICATES RECORD WAS SET OR TIED.
MM INDICATES DATA IS MISSING.
T  INDICATES TRACE AMOUNT.




$$
