490
CDUS42 KAKQ 252127
CLIECG


CLIMATE REPORT
NATIONAL WEATHER SERVICE WAKEFIELD, VA
527 PM EDT SAT MAR 25 2017


...................................

...THE ELIZABETH CITY NC CLIMATE SUMMARY FOR MARCH 25 2017...
VALID TODAY AS OF 0500 PM LOCAL TIME.

CLIMATE NORMAL PERIOD 1981 TO 2010
CLIMATE RECORD PERIOD 1934 TO 2017


WEATHER ITEM   OBSERVED TIME   RECORD YEAR NORMAL DEPARTURE LAST
                VALUE   (LST)  VALUE       VALUE  FROM      YEAR
                                                  NORMAL
..................................................................
TEMPERATURE (F)
 TODAY
  MAXIMUM         76    201 PM  86    1939  64     12       83
  MINIMUM         53    641 AM  24    1940  42     11       62
  AVERAGE         65

PRECIPITATION (IN)
  TODAY            0.00          1.21 1983   0.14  -0.14     0.10
  MONTH TO DATE    2.91                      3.07  -0.16     1.25
  SINCE MAR 1      2.91                      3.07  -0.16     1.25
  SINCE JAN 1      7.52                      9.51  -1.99     8.84

SNOWFALL (IN)
  TODAY            0.0
  MONTH TO DATE    T
  SINCE NOV 1      1.2
  SINCE JUL 1      1.2
  SNOW DEPTH       0

DEGREE DAYS
 HEATING
  TODAY            0
  MONTH TO DATE  449
  SINCE MAR 1    449
  SINCE JUL 1   2544

 COOLING
  TODAY            0
  MONTH TO DATE    7
  SINCE MAR 1      7
  SINCE JAN 1     10
..................................................................


WIND (MPH)
  RESULTANT WIND SPEED  12   RESULTANT WIND DIRECTION  SW (220)
  HIGHEST WIND SPEED    20   HIGHEST WIND DIRECTION    SW (220)
  HIGHEST GUST SPEED    27   HIGHEST GUST DIRECTION     S (200)


SKY COVER
  POSSIBLE SUNSHINE  MM
  AVERAGE SKY COVER 0.0


WEATHER CONDITIONS
 THE FOLLOWING WEATHER WAS RECORDED TODAY.
  NO SIGNIFICANT WEATHER WAS OBSERVED.


RELATIVE HUMIDITY (PERCENT)
 HIGHEST    83
 LOWEST     41
 AVERAGE    62

..........................................................


THE ELIZABETH CITY NC CLIMATE NORMALS FOR TOMORROW
                         NORMAL    RECORD    YEAR
 MAXIMUM TEMPERATURE (F)   64        86      1939
 MINIMUM TEMPERATURE (F)   42        19      1940


SUNRISE AND SUNSET
MARCH 25 2017.........SUNRISE   701 AM EDT   SUNSET   721 PM EDT
MARCH 26 2017.........SUNRISE   659 AM EDT   SUNSET   722 PM EDT


-  INDICATES NEGATIVE NUMBERS.
R  INDICATES RECORD WAS SET OR TIED.
MM INDICATES DATA IS MISSING.
T  INDICATES TRACE AMOUNT.




$$
