000
CDUS45 KGJT 070756
CLIEEO


CLIMATE REPORT
NATIONAL WEATHER SERVICE GRAND JUNCTION CO
130 AM MDT TUE JUL 7 2015


...................................

...THE MEEKER CO CLIMATE SUMMARY FOR JULY 6 2015...

CLIMATE NORMAL PERIOD 1981 TO 2010
CLIMATE RECORD PERIOD 9999 TO 9999


WEATHER ITEM   OBSERVED TIME   RECORD YEAR NORMAL DEPARTURE LAST
                VALUE   (LST)  VALUE       VALUE  FROM      YEAR
                                                  NORMAL
..................................................................
TEMPERATURE (F)
 YESTERDAY
  MAXIMUM         78    439 PM  MM      MM  85     -7       92
  MINIMUM         54    230 AM  MM      MM  47      7       48
  AVERAGE         66                        66      0       70

PRECIPITATION (IN)
  YESTERDAY        0.04         MM      MM   0.03   0.01     0.00
  MONTH TO DATE    0.31                      0.20   0.11     0.02
  SINCE JUN 1      1.21                      1.44  -0.23     0.52
  SINCE JAN 1     10.43                      7.59   2.84     7.95

SNOWFALL (IN)
  YESTERDAY       MM            MM      MM  MM     MM       MM
  MONTH TO DATE   MM                        MM     MM       MM
  SINCE JUN 1     MM                        MM     MM       MM
  SINCE JUL 1     MM                        MM     MM       MM
  SNOW DEPTH      MM

DEGREE DAYS
 HEATING
  YESTERDAY        0                         1     -1        0
  MONTH TO DATE    2                         8     -6        5
  SINCE JUN 1     53                       152    -99      140
  SINCE JUL 1      2                         8     -6        5

 COOLING
  YESTERDAY        1                         2     -1        5
  MONTH TO DATE   29                        10     19       18
  SINCE JUN 1    108                        27     81       23
  SINCE JAN 1    108                        28     80       24
..................................................................


WIND (MPH)
  HIGHEST WIND SPEED    18   HIGHEST WIND DIRECTION    NE (50)
  HIGHEST GUST SPEED    27   HIGHEST GUST DIRECTION    NE (60)
  AVERAGE WIND SPEED     4.1


SKY COVER
  POSSIBLE SUNSHINE  MM
  AVERAGE SKY COVER 0.5


WEATHER CONDITIONS
 THE FOLLOWING WEATHER WAS RECORDED YESTERDAY.
  THUNDERSTORM
  LIGHT RAIN
  FOG


RELATIVE HUMIDITY (PERCENT)
 HIGHEST    93          1200 AM
 LOWEST     43           200 PM
 AVERAGE    68

..........................................................


THE MEEKER CO CLIMATE NORMALS FOR TODAY
                         NORMAL    RECORD    YEAR
 MAXIMUM TEMPERATURE (F)   85        MM        MM
 MINIMUM TEMPERATURE (F)   47        MM        MM


SUNRISE AND SUNSET
JULY  7 2015..........SUNRISE   549 AM MDT   SUNSET   843 PM MDT
JULY  8 2015..........SUNRISE   550 AM MDT   SUNSET   843 PM MDT


-  INDICATES NEGATIVE NUMBERS.
R  INDICATES RECORD WAS SET OR TIED.
MM INDICATES DATA IS MISSING.
T  INDICATES TRACE AMOUNT.




$$
