000
CDUS45 KGJT 172345
CLIEEO


CLIMATE REPORT
NATIONAL WEATHER SERVICE GRAND JUNCTION CO
443 PM MST FRI NOV 17 2017


...................................

...THE MEEKER CO CLIMATE SUMMARY FOR NOVEMBER 17 2017...
VALID TODAY AS OF 0400 PM LOCAL TIME.

CLIMATE NORMAL PERIOD 1981 TO 2010
CLIMATE RECORD PERIOD 9999 TO 9999


WEATHER ITEM   OBSERVED TIME   RECORD YEAR NORMAL DEPARTURE LAST
                VALUE   (LST)  VALUE       VALUE  FROM      YEAR
                                                  NORMAL
..................................................................
TEMPERATURE (F)
 TODAY
  MAXIMUM         61    214 PM  MM      MM  44     17       55
  MINIMUM         37    335 PM  MM      MM  18     19       12
  AVERAGE         49                        31     18       34

PRECIPITATION (IN)
  TODAY            0.03         MM      MM   0.05  -0.02     0.05
  MONTH TO DATE    0.42                      0.92  -0.50     0.10
  SINCE SEP 1      4.06                      4.54  -0.48     2.20
  SINCE JAN 1     14.28                     14.40  -0.12    12.67

SNOWFALL (IN)
  TODAY           MM            MM      MM  MM     MM       MM
  MONTH TO DATE   MM                        MM     MM       MM
  SINCE SEP 1     MM                        MM     MM       MM
  SINCE JUL 1     MM                        MM     MM       MM
  SNOW DEPTH      MM

DEGREE DAYS
 HEATING
  TODAY           16                        34    -18       31
  MONTH TO DATE  376                       513   -137      351
  SINCE SEP 1   1240                      1403   -163     1017
  SINCE JUL 1   1249                      1457   -208     1080

 COOLING
  TODAY            0                         0      0        0
  MONTH TO DATE    0                         0      0        0
  SINCE SEP 1     26                         4     22        6
  SINCE JAN 1    321                       172    149      225
..................................................................


WIND (MPH)
  HIGHEST WIND SPEED    41   HIGHEST WIND DIRECTION    SW (230)
  HIGHEST GUST SPEED    51   HIGHEST GUST DIRECTION    SW (230)
  AVERAGE WIND SPEED    23.6


SKY COVER
  POSSIBLE SUNSHINE  MM
  AVERAGE SKY COVER 0.9


WEATHER CONDITIONS
 THE FOLLOWING WEATHER WAS RECORDED TODAY.
  LIGHT RAIN


RELATIVE HUMIDITY (PERCENT)
 HIGHEST    45           800 AM
 LOWEST     29           200 PM
 AVERAGE    37

..........................................................


THE MEEKER CO CLIMATE NORMALS FOR TOMORROW
                         NORMAL    RECORD    YEAR
 MAXIMUM TEMPERATURE (F)   44        MM        MM
 MINIMUM TEMPERATURE (F)   18        MM        MM


SUNRISE AND SUNSET
NOVEMBER 17 2017......SUNRISE   659 AM MST   SUNSET   453 PM MST
NOVEMBER 18 2017......SUNRISE   701 AM MST   SUNSET   453 PM MST


-  INDICATES NEGATIVE NUMBERS.
R  INDICATES RECORD WAS SET OR TIED.
MM INDICATES DATA IS MISSING.
T  INDICATES TRACE AMOUNT.




$$
