000
CDUS45 KGJT 260802
CLIEEO


CLIMATE REPORT
NATIONAL WEATHER SERVICE GRAND JUNCTION CO
1230 AM MST FRI DEC 26 2014


...................................

...THE MEEKER CO CLIMATE SUMMARY FOR DECEMBER 25 2014...

CLIMATE NORMAL PERIOD 1981 TO 2010
CLIMATE RECORD PERIOD 9999 TO 9999


WEATHER ITEM   OBSERVED TIME   RECORD YEAR NORMAL DEPARTURE LAST
                VALUE   (LST)  VALUE       VALUE  FROM      YEAR
                                                  NORMAL
..................................................................
TEMPERATURE (F)
 YESTERDAY
  MAXIMUM         36    321 PM  MM      MM  33      3       26
  MINIMUM         23   1159 PM  MM      MM   7     16       -7
  AVERAGE         30                        20     10       10

PRECIPITATION (IN)
  YESTERDAY        0.02         MM      MM   0.03  -0.01     0.00
  MONTH TO DATE    1.18                      0.89   0.29     0.94
  SINCE DEC 1      1.18                      0.89   0.29     0.94
  SINCE JAN 1     18.45                     15.84   2.61    17.94

SNOWFALL (IN)
  YESTERDAY       MM            MM      MM  MM     MM       MM
  MONTH TO DATE   MM                        MM     MM       MM
  SINCE DEC 1     MM                        MM     MM       MM
  SINCE JUL 1     MM                        MM     MM       MM
  SNOW DEPTH      MM

DEGREE DAYS
 HEATING
  YESTERDAY       35                        45    -10       55
  MONTH TO DATE  837                      1081   -244     1264
  SINCE DEC 1    837                      1081   -244     1264
  SINCE JUL 1   2524                      3017   -493     3162

 COOLING
  YESTERDAY        0                         0      0        0
  MONTH TO DATE    0                         0      0        0
  SINCE DEC 1      0                         0      0        0
  SINCE JAN 1    197                       172     25      324
..................................................................


WIND (MPH)
  HIGHEST WIND SPEED    21   HIGHEST WIND DIRECTION    SW (220)
  HIGHEST GUST SPEED    29   HIGHEST GUST DIRECTION     S (160)
  AVERAGE WIND SPEED     5.4


SKY COVER
  POSSIBLE SUNSHINE  MM
  AVERAGE SKY COVER 1.0


WEATHER CONDITIONS
 THE FOLLOWING WEATHER WAS RECORDED YESTERDAY.
  SNOW
  LIGHT SNOW
  FOG
  HAZE


RELATIVE HUMIDITY (PERCENT)
 HIGHEST    88           700 PM
 LOWEST     47           100 AM
 AVERAGE    68

..........................................................


THE MEEKER CO CLIMATE NORMALS FOR TODAY
                         NORMAL    RECORD    YEAR
 MAXIMUM TEMPERATURE (F)   33        MM        MM
 MINIMUM TEMPERATURE (F)    7        MM        MM


SUNRISE AND SUNSET
DECEMBER 26 2014......SUNRISE   732 AM MST   SUNSET   452 PM MST
DECEMBER 27 2014......SUNRISE   732 AM MST   SUNSET   453 PM MST


-  INDICATES NEGATIVE NUMBERS.
R  INDICATES RECORD WAS SET OR TIED.
MM INDICATES DATA IS MISSING.
T  INDICATES TRACE AMOUNT.




$$
