000
CDUS45 KGJT 230819
CLIEEO


CLIMATE REPORT
NATIONAL WEATHER SERVICE GRAND JUNCTION CO
116 AM MST MON JAN 23 2017


...................................

...THE MEEKER CO CLIMATE SUMMARY FOR JANUARY 22 2017...

CLIMATE NORMAL PERIOD 1981 TO 2010
CLIMATE RECORD PERIOD 9999 TO 9999


WEATHER ITEM   OBSERVED TIME   RECORD YEAR NORMAL DEPARTURE LAST
                VALUE   (LST)  VALUE       VALUE  FROM      YEAR
                                                  NORMAL
..................................................................
TEMPERATURE (F)
 YESTERDAY
  MAXIMUM         32    515 PM  MM      MM  34     -2       32
  MINIMUM          5    807 AM  MM      MM   7     -2       -3
  AVERAGE         19                        20     -1       15

PRECIPITATION (IN)
  YESTERDAY        0.02         MM      MM   0.02   0.00     0.00
  MONTH TO DATE    1.26                      0.67   0.59     1.05
  SINCE DEC 1      2.44                      1.78   0.66     2.76
  SINCE JAN 1      1.26                      0.67   0.59     1.05

SNOWFALL (IN)
  YESTERDAY       MM            MM      MM  MM     MM       MM
  MONTH TO DATE   MM                        MM     MM       MM
  SINCE DEC 1     MM                        MM     MM       MM
  SINCE JUL 1     MM                        MM     MM       MM
  SNOW DEPTH      MM

DEGREE DAYS
 HEATING
  YESTERDAY       46                        45      1       50
  MONTH TO DATE  913                       993    -80     1086
  SINCE DEC 1   2219                      2346   -127     2502
  SINCE JUL 1   3761                      4282   -521     4038

 COOLING
  YESTERDAY        0                         0      0        0
  MONTH TO DATE    0                         0      0        0
  SINCE DEC 1      0                         0      0        0
  SINCE JAN 1      0                         0      0        0
..................................................................


WIND (MPH)
  HIGHEST WIND SPEED    17   HIGHEST WIND DIRECTION     S (200)
  HIGHEST GUST SPEED    24   HIGHEST GUST DIRECTION    SW (210)
  AVERAGE WIND SPEED     4.7


SKY COVER
  POSSIBLE SUNSHINE  MM
  AVERAGE SKY COVER 0.5


WEATHER CONDITIONS
 THE FOLLOWING WEATHER WAS RECORDED YESTERDAY.
  LIGHT SNOW
  FOG


RELATIVE HUMIDITY (PERCENT)
 HIGHEST   100           900 AM
 LOWEST     49           300 PM
 AVERAGE    75

..........................................................


THE MEEKER CO CLIMATE NORMALS FOR TODAY
                         NORMAL    RECORD    YEAR
 MAXIMUM TEMPERATURE (F)   34        MM        MM
 MINIMUM TEMPERATURE (F)    7        MM        MM


SUNRISE AND SUNSET
JANUARY 23 2017.......SUNRISE   727 AM MST   SUNSET   520 PM MST
JANUARY 24 2017.......SUNRISE   726 AM MST   SUNSET   521 PM MST


-  INDICATES NEGATIVE NUMBERS.
R  INDICATES RECORD WAS SET OR TIED.
MM INDICATES DATA IS MISSING.
T  INDICATES TRACE AMOUNT.




$$
