000
CDUS45 KGJT 152334
CLIEEO


CLIMATE REPORT
NATIONAL WEATHER SERVICE GRAND JUNCTION CO
530 PM MDT MON SEP 15 2014


...................................

...THE MEEKER CO CLIMATE SUMMARY FOR SEPTEMBER 15 2014...
VALID TODAY AS OF 0500 PM LOCAL TIME.

CLIMATE NORMAL PERIOD 1981 TO 2010
CLIMATE RECORD PERIOD 9999 TO 9999


WEATHER ITEM   OBSERVED TIME   RECORD YEAR NORMAL DEPARTURE LAST
                VALUE   (LST)  VALUE       VALUE  FROM      YEAR
                                                  NORMAL
..................................................................
TEMPERATURE (F)
 TODAY
  MAXIMUM         82   1236 PM  MM      MM  74      8       72
  MINIMUM         42    613 AM  MM      MM  40      2       51
  AVERAGE         62                        57      5       62

PRECIPITATION (IN)
  TODAY            T            MM      MM   0.06  -0.06     0.24
  MONTH TO DATE    1.29                      0.84   0.45     1.66
  SINCE SEP 1      1.29                      0.84   0.45     1.66
  SINCE JAN 1     13.02                     10.70   2.32    11.75

SNOWFALL (IN)
  TODAY           MM            MM      MM  MM     MM       MM
  MONTH TO DATE   MM                        MM     MM       MM
  SINCE SEP 1     MM                        MM     MM       MM
  SINCE JUL 1     MM                        MM     MM       MM
  SNOW DEPTH      MM

DEGREE DAYS
 HEATING
  TODAY            3                         8     -5        3
  MONTH TO DATE   87                        83      4       25
  SINCE SEP 1     87                        83      4       25
  SINCE JUL 1    144                       137      7       44

 COOLING
  TODAY            0                         0      0        0
  MONTH TO DATE    1                         0      1       40
  SINCE SEP 1      1                         0      1       40
  SINCE JAN 1    197                       168     29      323
..................................................................


WIND (MPH)
  HIGHEST WIND SPEED    20   HIGHEST WIND DIRECTION    SW (230)
  HIGHEST GUST SPEED    26   HIGHEST GUST DIRECTION     W (280)
  AVERAGE WIND SPEED     5.4


SKY COVER
  POSSIBLE SUNSHINE  MM
  AVERAGE SKY COVER 0.1


WEATHER CONDITIONS
 THE FOLLOWING WEATHER WAS RECORDED TODAY.
  LIGHT RAIN


RELATIVE HUMIDITY (PERCENT)
 HIGHEST    83           300 AM
 LOWEST     17           300 PM
 AVERAGE    50

..........................................................


THE MEEKER CO CLIMATE NORMALS FOR TOMORROW
                         NORMAL    RECORD    YEAR
 MAXIMUM TEMPERATURE (F)   74        MM        MM
 MINIMUM TEMPERATURE (F)   39        MM        MM


SUNRISE AND SUNSET
SEPTEMBER 15 2014.....SUNRISE   652 AM MDT   SUNSET   720 PM MDT
SEPTEMBER 16 2014.....SUNRISE   653 AM MDT   SUNSET   718 PM MDT


-  INDICATES NEGATIVE NUMBERS.
R  INDICATES RECORD WAS SET OR TIED.
MM INDICATES DATA IS MISSING.
T  INDICATES TRACE AMOUNT.




$$
