000
CDUS44 KBMX 190915
CLIEET


CLIMATE REPORT
NATIONAL WEATHER SERVICE BIRMINGHAM, AL
315 AM CST SUN FEB 19 2017


...................................

...THE SHELBY COUNTY AIRPORT CLIMATE SUMMARY FOR FEBRUARY 18 2017...

CLIMATE NORMAL PERIOD 1981 TO 2010
CLIMATE RECORD PERIOD 9999 TO 9999


WEATHER ITEM   OBSERVED TIME   RECORD YEAR NORMAL DEPARTURE LAST
                VALUE   (LST)  VALUE       VALUE  FROM      YEAR
                                                  NORMAL
..................................................................
TEMPERATURE (F)
 YESTERDAY
  MAXIMUM         65    425 PM  MM      MM  60      5       66
  MINIMUM         51    756 AM  MM      MM  38     13       38
  AVERAGE         58                        49      9       52

PRECIPITATION (IN)
  YESTERDAY        0.01                      0.20  -0.19     0.00
  MONTH TO DATE    3.25                      3.71  -0.46     5.14
  SINCE DEC 1     12.32                     13.84  -1.52    17.13
  SINCE JAN 1     10.19                      9.04   1.15     8.21

SNOWFALL (IN)
  YESTERDAY        0.0                      MM     MM        0.0
  MONTH TO DATE    0.0                      MM     MM         T
  SINCE DEC 1      0.0                      MM     MM         T
  SINCE JUL 1      0.0                      MM     MM         T
  SNOW DEPTH       0

DEGREE DAYS
 HEATING
  YESTERDAY        7                        16     -9       13
  MONTH TO DATE  198                       318   -120      305
  SINCE DEC 1   1032                      1538   -506     1233
  SINCE JUL 1   1268                      1982   -714     1476
..................................................................


WIND (MPH)
  HIGHEST WIND SPEED     8   HIGHEST WIND DIRECTION     S (170)
  HIGHEST GUST SPEED    12   HIGHEST GUST DIRECTION     E (90)
  AVERAGE WIND SPEED     2.4


SKY COVER
  POSSIBLE SUNSHINE  MM
  AVERAGE SKY COVER 0.9


WEATHER CONDITIONS
 THE FOLLOWING WEATHER WAS RECORDED YESTERDAY.
  LIGHT RAIN


RELATIVE HUMIDITY (PERCENT)
 HIGHEST   100          1000 PM
 LOWEST     59          1200 AM
 AVERAGE    80

..........................................................


THE SHELBY COUNTY AIRPORT CLIMATE NORMALS FOR TODAY
                         NORMAL    RECORD    YEAR
 MAXIMUM TEMPERATURE (F)   60        MM        MM
 MINIMUM TEMPERATURE (F)   39        MM        MM


SUNRISE AND SUNSET
FEBRUARY 19 2017......SUNRISE   626 AM CST   SUNSET   536 PM CST
FEBRUARY 20 2017......SUNRISE   625 AM CST   SUNSET   537 PM CST


-  INDICATES NEGATIVE NUMBERS.
R  INDICATES RECORD WAS SET OR TIED.
MM INDICATES DATA IS MISSING.
T  INDICATES TRACE AMOUNT.




$$
