000
CDUS44 KBMX 252142
CLIEET


CLIMATE REPORT
NATIONAL WEATHER SERVICE BIRMINGHAM, AL
442 PM CDT TUE JUL 25 2017


...................................

...THE SHELBY COUNTY AIRPORT CLIMATE SUMMARY FOR JULY 25 2017...
VALID TODAY AS OF 0400 PM LOCAL TIME.

CLIMATE NORMAL PERIOD 1981 TO 2010
CLIMATE RECORD PERIOD 9999 TO 9999


WEATHER ITEM   OBSERVED TIME   RECORD YEAR NORMAL DEPARTURE LAST
                VALUE   (LST)  VALUE       VALUE  FROM      YEAR
                                                  NORMAL
..................................................................
TEMPERATURE (F)
 TODAY
  MAXIMUM         90    259 PM  MM      MM  91     -1       96
  MINIMUM         75    509 AM  MM      MM  71      4       74
  AVERAGE         83                        81      2       85

PRECIPITATION (IN)
  TODAY            0.00                      0.15  -0.15     0.06
  MONTH TO DATE    2.55                      3.84  -1.29     1.54
  SINCE JUN 1     15.98                      8.47   7.51     4.55
  SINCE JAN 1     43.76                     32.40  11.36    27.07

DEGREE DAYS
 COOLING
  TODAY           18                        16      2       20
  MONTH TO DATE  432                       392     40      463
  SINCE JUN 1    795                       766     29      918
  SINCE JAN 1   1217                      1035    182     1222
..................................................................


WIND (MPH)
  HIGHEST WIND SPEED     6   HIGHEST WIND DIRECTION     W (270)
  HIGHEST GUST SPEED    10   HIGHEST GUST DIRECTION    SW (210)
  AVERAGE WIND SPEED     1.6


SKY COVER
  POSSIBLE SUNSHINE  MM
  AVERAGE SKY COVER 0.4


WEATHER CONDITIONS
 THE FOLLOWING WEATHER WAS RECORDED TODAY.
  FOG


RELATIVE HUMIDITY (PERCENT)
 HIGHEST   100           100 AM
 LOWEST     59           300 PM
 AVERAGE    80

..........................................................


THE SHELBY COUNTY AIRPORT CLIMATE NORMALS FOR TOMORROW
                         NORMAL    RECORD    YEAR
 MAXIMUM TEMPERATURE (F)   91        MM        MM
 MINIMUM TEMPERATURE (F)   71        MM        MM


SUNRISE AND SUNSET
JULY 25 2017..........SUNRISE   556 AM CDT   SUNSET   751 PM CDT
JULY 26 2017..........SUNRISE   556 AM CDT   SUNSET   751 PM CDT


-  INDICATES NEGATIVE NUMBERS.
R  INDICATES RECORD WAS SET OR TIED.
MM INDICATES DATA IS MISSING.
T  INDICATES TRACE AMOUNT.




$$
