000
CDUS44 KBMX 012114
CLIEET


CLIMATE REPORT
NATIONAL WEATHER SERVICE BIRMINGHAM, AL
414 PM CDT WED APR 1 2015


...................................

...THE SHELBY COUNTY AIRPORT CLIMATE SUMMARY FOR APRIL 1 2015...
VALID AS OF 0400 PM LOCAL TIME.

CLIMATE NORMAL PERIOD 1981 TO 2010
CLIMATE RECORD PERIOD 9999 TO 9999


WEATHER ITEM   OBSERVED TIME   RECORD YEAR NORMAL DEPARTURE LAST
                VALUE   (LST)  VALUE       VALUE  FROM      YEAR
                                                  NORMAL
..................................................................
TEMPERATURE (F)
 TODAY
  MAXIMUM         81    251 PM  MM      MM  71     10       81
  MINIMUM         56    653 AM  MM      MM  48      8       50
  AVERAGE         69                        59     10       66

PRECIPITATION (IN)
  TODAY            0.36                      0.14   0.22      T
  MONTH TO DATE    0.36                      0.14   0.22      T
  SINCE MAR 1      4.17                      4.62  -0.45     6.90
  SINCE JAN 1     13.54                     15.70  -2.16    15.43

SNOWFALL (IN)
  TODAY            0.0                      MM     MM        0.0
  MONTH TO DATE    0.0                      MM     MM        0.0
  SINCE MAR 1      T                        MM     MM        0.0
  SINCE JUL 1      T                        MM     MM        1.3
  SNOW DEPTH       0

DEGREE DAYS
 HEATING
  TODAY            0                         7     -7        0
  MONTH TO DATE    0                         7     -7        0
  SINCE MAR 1    208                       316   -108      343
  SINCE JUL 1   2453                      2445      8     2622

 COOLING
  TODAY            4                         1      3        1
  MONTH TO DATE    4                         1      3        1
  SINCE MAR 1     20                        14      6        1
  SINCE JAN 1     20                        18      2        5
..................................................................


WIND (MPH)
  HIGHEST WIND SPEED    17   HIGHEST WIND DIRECTION     N (350)
  HIGHEST GUST SPEED    25   HIGHEST GUST DIRECTION    NW (320)
  AVERAGE WIND SPEED     2.3


SKY COVER
  POSSIBLE SUNSHINE  MM
  AVERAGE SKY COVER 0.3


WEATHER CONDITIONS
 THE FOLLOWING WEATHER WAS RECORDED TODAY.
  THUNDERSTORM
  HEAVY RAIN
  RAIN
  LIGHT RAIN
  FOG
  FOG W/VISIBILITY <= 1/4 MILE


RELATIVE HUMIDITY (PERCENT)
 HIGHEST   100           700 AM
 LOWEST     39           300 PM
 AVERAGE    70

..........................................................


THE SHELBY COUNTY AIRPORT CLIMATE NORMALS FOR TOMORROW
                         NORMAL    RECORD    YEAR
 MAXIMUM TEMPERATURE (F)   71        MM        MM
 MINIMUM TEMPERATURE (F)   48        MM        MM


SUNRISE AND SUNSET
APRIL  1 2015.........SUNRISE   635 AM CDT   SUNSET   707 PM CDT
APRIL  2 2015.........SUNRISE   634 AM CDT   SUNSET   708 PM CDT


-  INDICATES NEGATIVE NUMBERS.
R  INDICATES RECORD WAS SET OR TIED.
MM INDICATES DATA IS MISSING.
T  INDICATES TRACE AMOUNT.




$$
