294
CDUS44 KBMX 270045
CLIEET


CLIMATE REPORT
NATIONAL WEATHER SERVICE BIRMINGHAM, AL
745 PM CDT SUN JUN 26 2016


...................................

...THE SHELBY COUNTY AIRPORT CLIMATE SUMMARY FOR JUNE 26 2016...
VALID TODAY AS OF 0700 PM LOCAL TIME.

CLIMATE NORMAL PERIOD 1981 TO 2010
CLIMATE RECORD PERIOD 9999 TO 9999


WEATHER ITEM   OBSERVED TIME   RECORD YEAR NORMAL DEPARTURE LAST
                VALUE   (LST)  VALUE       VALUE  FROM      YEAR
                                                  NORMAL
..................................................................
TEMPERATURE (F)
 TODAY
  MAXIMUM         96    256 PM  MM      MM  89      7       89
  MINIMUM         75    539 PM  MM      MM  69      6       72
  AVERAGE         86                        79      7       81

PRECIPITATION (IN)
  TODAY            T                         0.15  -0.15     0.04
  MONTH TO DATE    2.56                      4.03  -1.47     1.93
  SINCE JUN 1      2.56                      4.03  -1.47     1.93
  SINCE JAN 1     25.08                     27.96  -2.88    26.14

DEGREE DAYS
 COOLING
  TODAY           21                        14      7       16
  MONTH TO DATE  391                       317     74      384
  SINCE JUN 1    391                       317     74      384
  SINCE JAN 1    695                       586    109      734
..................................................................


WIND (MPH)
  HIGHEST WIND SPEED    15   HIGHEST WIND DIRECTION     W (290)
  HIGHEST GUST SPEED    26   HIGHEST GUST DIRECTION     W (270)
  AVERAGE WIND SPEED     1.7


SKY COVER
  POSSIBLE SUNSHINE  MM
  AVERAGE SKY COVER 0.2


WEATHER CONDITIONS
 THE FOLLOWING WEATHER WAS RECORDED TODAY.
  THUNDERSTORM
  LIGHT RAIN
  FOG


RELATIVE HUMIDITY (PERCENT)
 HIGHEST    94           100 AM
 LOWEST     42           200 PM
 AVERAGE    68

..........................................................


THE SHELBY COUNTY AIRPORT CLIMATE NORMALS FOR TOMORROW
                         NORMAL    RECORD    YEAR
 MAXIMUM TEMPERATURE (F)   89        MM        MM
 MINIMUM TEMPERATURE (F)   70        MM        MM


SUNRISE AND SUNSET
JUNE 26 2016..........SUNRISE   540 AM CDT   SUNSET   800 PM CDT
JUNE 27 2016..........SUNRISE   540 AM CDT   SUNSET   800 PM CDT


-  INDICATES NEGATIVE NUMBERS.
R  INDICATES RECORD WAS SET OR TIED.
MM INDICATES DATA IS MISSING.
T  INDICATES TRACE AMOUNT.




$$
