000
CDUS46 KEKA 220647 CCA
CLIEKA

CLIMATE REPORT...CORRECTED WEATHER FOR JANUARY 19TH SUMMARY
NATIONAL WEATHER SERVICE EUREKA CA
1040 PM PST SAT JAN 21 2017


...................................

...THE EUREKA CA CLIMATE SUMMARY FOR JANUARY 19 2017...
VALID TODAY AS OF 0400 PM LOCAL TIME.

CLIMATE NORMAL PERIOD 1981 TO 2010
CLIMATE RECORD PERIOD 1886 TO 2017


WEATHER ITEM   OBSERVED RECORD YEAR NORMAL DEPARTURE LAST
                VALUE   VALUE       VALUE  FROM      YEAR
                                           NORMAL
...........................................................
TEMPERATURE (F)
 TODAY
  MAXIMUM         55     70    1981  56     -1       62
  MINIMUM         43     25    1922  41      2       45
  AVERAGE         49                 49      0       54

PRECIPITATION (IN)
  TODAY            0.44   2.26 2012   0.21   0.23     0.39
  MONTH TO DATE    7.74               4.16   3.58     8.04
  SINCE OCT 1     33.51              20.13  13.38    28.76
  SINCE JAN 1      7.74               4.16   3.58     8.04

SNOWFALL (IN)
  TODAY            T     MM      MM   0.0   MM       MM
  MONTH TO DATE    0.0                0.0    0.0      0.0
  SINCE DEC 1      0.0                T      0.0       T
  SINCE JUL 1      T                  T      0.0       T
  SNOW DEPTH      MM

...........................................................


WIND (MPH)
  HIGHEST WIND SPEED    12   HIGHEST WIND DIRECTION    SE (150)
  HIGHEST GUST SPEED    23   HIGHEST GUST DIRECTION    MM
  AVERAGE WIND SPEED     7.4


SKY COVER
  AVERAGE SKY COVER 0.9


WEATHER CONDITIONS
 THE FOLLOWING WEATHER WAS RECORDED TODAY.
  LIGHT RAIN
  THUNDERSTORM
  HAIL


..........................................................


THE EUREKA CA CLIMATE NORMALS FOR TOMORROW
                         NORMAL    RECORD    YEAR
 MAXIMUM TEMPERATURE (F)   56        69      1981
                                             1942
 MINIMUM TEMPERATURE (F)   41        26      1937


SUNRISE AND SUNSET
JANUARY 19 2017.......SUNRISE   737 AM PST   SUNSET   519 PM PST
JANUARY 20 2017.......SUNRISE   736 AM PST   SUNSET   520 PM PST


-  INDICATES NEGATIVE NUMBERS.
R  INDICATES RECORD WAS SET OR TIED.
MM INDICATES DATA IS MISSING.
T  INDICATES TRACE AMOUNT.




&&

..........................................................

TOTAL SEASON     NORMAL   % OF NORMAL     LAST SEASON

    33.51         20.13        166            28.76


$$
