000
CDUS46 KEKA 041224
CLIEKA


CLIMATE REPORT
NATIONAL WEATHER SERVICE EUREKA CA
523 AM PDT FRI SEP 4 2015


...................................

...THE EUREKA CA CLIMATE SUMMARY FOR SEPTEMBER 3 2015...

CLIMATE NORMAL PERIOD 1981 TO 2010
CLIMATE RECORD PERIOD 1886 TO 2015


WEATHER ITEM   OBSERVED RECORD YEAR NORMAL DEPARTURE LAST
                VALUE   VALUE       VALUE  FROM      YEAR
                                           NORMAL
...........................................................
TEMPERATURE (F)
 YESTERDAY
  MAXIMUM         67     74    2003  64      3       66
  MINIMUM         53     45    2012  52      1       49
  AVERAGE         60                 58      2       58

PRECIPITATION (IN)
  YESTERDAY        0.00   0.45 1912   0.01  -0.01     0.00
  MONTH TO DATE    0.00               0.04  -0.04     0.00
  SINCE OCT 1     31.23              39.78  -8.55    17.93
  SINCE JAN 1     12.85              23.81 -10.96    16.03

SNOWFALL (IN)
  YESTERDAY        0.0    0.0  2002   0.0    0.0      0.0
                               2001
  MONTH TO DATE    0.0                0.0    0.0      0.0
  SINCE SEP 1      0.0                0.0    0.0      0.0
  SINCE JUL 1      0.0                0.0    0.0      0.0
  SNOW DEPTH       0

DEGREE DAYS
 HEATING
  YESTERDAY        5                  7     -2        7
  MONTH TO DATE    9                 21    -12       16
  SINCE SEP 1      9                 21    -12       16
  SINCE JUL 1    232                447   -215      379

 COOLING
  YESTERDAY        0                  0      0        0
  MONTH TO DATE    0                  0      0        0
  SINCE SEP 1      0                  0      0        0
  SINCE JAN 1      5                  0      5        1
...........................................................


WIND (MPH)
  HIGHEST WIND SPEED    14   HIGHEST WIND DIRECTION     N (350)
  HIGHEST GUST SPEED    18   HIGHEST GUST DIRECTION    MM
  AVERAGE WIND SPEED     4.8


SKY COVER
  AVERAGE SKY COVER 0.1


WEATHER CONDITIONS
 THE FOLLOWING WEATHER WAS RECORDED YESTERDAY.
  NO SIGNIFICANT WEATHER WAS OBSERVED.


..........................................................


THE EUREKA CA CLIMATE NORMALS FOR TODAY
                         NORMAL    RECORD    YEAR
 MAXIMUM TEMPERATURE (F)   64        76      1975
 MINIMUM TEMPERATURE (F)   52        46      2014
                                             1996
                                             1914


SUNRISE AND SUNSET
SEPTEMBER  4 2015.....SUNRISE   646 AM PDT   SUNSET   744 PM PDT
SEPTEMBER  5 2015.....SUNRISE   647 AM PDT   SUNSET   743 PM PDT


-  INDICATES NEGATIVE NUMBERS.
R  INDICATES RECORD WAS SET OR TIED.
MM INDICATES DATA IS MISSING.
T  INDICATES TRACE AMOUNT.




&&

..........................................................

TOTAL SEASON     NORMAL   % OF NORMAL     LAST SEASON

    31.23         39.78        79            17.93


$$
