522
CDUS46 KEKA 231209
CLIEKA


CLIMATE REPORT
NATIONAL WEATHER SERVICE EUREKA CA
509 AM PDT MON OCT 23 2017


...................................

...THE EUREKA CA CLIMATE SUMMARY FOR OCTOBER 22 2017...

CLIMATE NORMAL PERIOD 1981 TO 2010
CLIMATE RECORD PERIOD 1886 TO 2017


WEATHER ITEM   OBSERVED RECORD YEAR NORMAL DEPARTURE LAST
                VALUE   VALUE       VALUE  FROM      YEAR
                                           NORMAL
...........................................................
TEMPERATURE (F)
 YESTERDAY
  MAXIMUM         71     75    1965  61     10       64
  MINIMUM         51     37    2000  47      4       44
                               1935
  AVERAGE         61                 54      7       54

PRECIPITATION (IN)
  YESTERDAY        0.00   1.72 1985   0.08  -0.08     0.00
  MONTH TO DATE    1.63               1.26   0.37     6.56
  SINCE OCT 1      1.63               1.26   0.37     6.56
  SINCE JAN 1     39.70              25.62  14.08    33.92

SNOWFALL (IN)
  YESTERDAY        0.0    0.0  2002   0.0    0.0      0.0
                               2001
  MONTH TO DATE    0.0                0.0    0.0      0.0
  SINCE SEP 1      0.0                0.0    0.0      0.0
  SINCE JUL 1      0.0                0.0    0.0      0.0
  SNOW DEPTH       0

DEGREE DAYS
 HEATING
  YESTERDAY        4                 11     -7       11
  MONTH TO DATE  260                225     35      170
  SINCE SEP 1    407                464    -57      407
  SINCE JUL 1    798                890    -92      854

 COOLING
  YESTERDAY        0                  0      0        0
  MONTH TO DATE    0                  0      0        0
  SINCE SEP 1     13                  0     13        0
  SINCE JAN 1     13                  0     13        0
...........................................................


WIND (MPH)
  HIGHEST WIND SPEED     7   HIGHEST WIND DIRECTION    SW (220)
  HIGHEST GUST SPEED    MM   HIGHEST GUST DIRECTION     N (8)
  AVERAGE WIND SPEED     2.4


SKY COVER
  AVERAGE SKY COVER 0.8


WEATHER CONDITIONS
 THE FOLLOWING WEATHER WAS RECORDED YESTERDAY.
  FOG
  HAZE


..........................................................


THE EUREKA CA CLIMATE NORMALS FOR TODAY
                         NORMAL    RECORD    YEAR
 MAXIMUM TEMPERATURE (F)   61        80      1965
 MINIMUM TEMPERATURE (F)   47        37      1935


SUNRISE AND SUNSET
OCTOBER 23 2017.......SUNRISE   737 AM PDT   SUNSET   624 PM PDT
OCTOBER 24 2017.......SUNRISE   738 AM PDT   SUNSET   623 PM PDT


-  INDICATES NEGATIVE NUMBERS.
R  INDICATES RECORD WAS SET OR TIED.
MM INDICATES DATA IS MISSING.
T  INDICATES TRACE AMOUNT.




&&

..........................................................

TOTAL SEASON     NORMAL   % OF NORMAL     LAST SEASON

     1.63          1.26        129             6.56


$$
