136
CDUS46 KEKA 101211
CLIEKA


CLIMATE REPORT
NATIONAL WEATHER SERVICE EUREKA CA
409 AM PST SAT DEC 10 2016


...................................

...THE EUREKA CA CLIMATE SUMMARY FOR DECEMBER 9 2016...

CLIMATE NORMAL PERIOD 1981 TO 2010
CLIMATE RECORD PERIOD 1886 TO 2016


WEATHER ITEM   OBSERVED RECORD YEAR NORMAL DEPARTURE LAST
                VALUE   VALUE       VALUE  FROM      YEAR
                                           NORMAL
...........................................................
TEMPERATURE (F)
 YESTERDAY
  MAXIMUM         56     67    2014  55      1       62
  MINIMUM         52     21    1972  41     11       53
  AVERAGE         54                 48      6       58

PRECIPITATION (IN)
  YESTERDAY        1.28   2.25 1902   0.26   1.02     0.93
  MONTH TO DATE    2.27               2.33  -0.06     3.12
  SINCE OCT 1     20.17              10.18   9.99     9.18
  SINCE JAN 1     47.53              34.54  12.99    22.30

SNOWFALL (IN)
  YESTERDAY        0.0    0.0  2002   0.0    0.0      0.0
                               2001
  MONTH TO DATE    0.0                0.0    0.0      0.0
  SINCE DEC 1      0.0                0.0    0.0      0.0
  SINCE JUL 1      T                  0.0    0.0       T
  SNOW DEPTH       0

DEGREE DAYS
 HEATING
  YESTERDAY       11                 17     -6        7
  MONTH TO DATE  173                152     21       77
  SINCE DEC 1    173                152     21       77
  SINCE JUL 1   1407               1574   -167     1159

 COOLING
  YESTERDAY        0                  0      0        0
  MONTH TO DATE    0                  0      0        0
  SINCE DEC 1      0                  0      0        0
  SINCE JAN 1      0                  0      0        6
...........................................................


WIND (MPH)
  HIGHEST WIND SPEED     7   HIGHEST WIND DIRECTION    SE (130)
  HIGHEST GUST SPEED    12   HIGHEST GUST DIRECTION    MM
  AVERAGE WIND SPEED     4.3


SKY COVER
  AVERAGE SKY COVER 1.0


WEATHER CONDITIONS
 THE FOLLOWING WEATHER WAS RECORDED YESTERDAY.
  RAIN
  LIGHT RAIN


..........................................................


THE EUREKA CA CLIMATE NORMALS FOR TODAY
                         NORMAL    RECORD    YEAR
 MAXIMUM TEMPERATURE (F)   55        69      1973
 MINIMUM TEMPERATURE (F)   41        25      1932


SUNRISE AND SUNSET
DECEMBER 10 2016......SUNRISE   730 AM PST   SUNSET   449 PM PST
DECEMBER 11 2016......SUNRISE   731 AM PST   SUNSET   449 PM PST


-  INDICATES NEGATIVE NUMBERS.
R  INDICATES RECORD WAS SET OR TIED.
MM INDICATES DATA IS MISSING.
T  INDICATES TRACE AMOUNT.




&&

..........................................................

TOTAL SEASON     NORMAL   % OF NORMAL     LAST SEASON

    20.17         10.18        198             9.18


$$
