781
CDUS46 KEKA 291209
CLIEKA


CLIMATE REPORT
NATIONAL WEATHER SERVICE EUREKA CA
509 AM PDT SAT APR 29 2017


...................................

...THE EUREKA CA CLIMATE SUMMARY FOR APRIL 28 2017...

CLIMATE NORMAL PERIOD 1981 TO 2010
CLIMATE RECORD PERIOD 1886 TO 2017


WEATHER ITEM   OBSERVED RECORD YEAR NORMAL DEPARTURE LAST
                VALUE   VALUE       VALUE  FROM      YEAR
                                           NORMAL
...........................................................
TEMPERATURE (F)
 YESTERDAY
  MAXIMUM         56     73    1992  59     -3       58
  MINIMUM         42     36    2002  45     -3       51
  AVERAGE         49                 52     -3       55

PRECIPITATION (IN)
  YESTERDAY        0.00   1.25 1912   0.09  -0.09      T
  MONTH TO DATE    5.46               3.16   2.30     2.79
  SINCE OCT 1     60.81              36.56  24.25    46.66
  SINCE JAN 1     35.04              20.59  14.45    25.94

SNOWFALL (IN)
  YESTERDAY        0.0    0.0  2002   0.0    0.0      0.0
                               2001
  MONTH TO DATE    T                  0.0    0.0      0.0
  SINCE MAR 1      T                  0.0    0.0      0.0
  SINCE JUL 1      T                  0.2   -0.2       T
  SNOW DEPTH       0

DEGREE DAYS
 HEATING
  YESTERDAY       16                 13      3       10
  MONTH TO DATE  356                398    -42      285
  SINCE MAR 1    786                874    -88      676
  SINCE JUL 1   3675               3796   -121     3086

 COOLING
  YESTERDAY        0                  0      0        0
  MONTH TO DATE    0                  0      0        0
  SINCE MAR 1      0                  0      0        0
  SINCE JAN 1      0                  0      0        0
...........................................................


WIND (MPH)
  HIGHEST WIND SPEED    17   HIGHEST WIND DIRECTION     N (350)
  HIGHEST GUST SPEED    26   HIGHEST GUST DIRECTION     N (360)
  AVERAGE WIND SPEED     7.1


SKY COVER
  AVERAGE SKY COVER 0.1


WEATHER CONDITIONS
 THE FOLLOWING WEATHER WAS RECORDED YESTERDAY.
  NO SIGNIFICANT WEATHER WAS OBSERVED.


..........................................................


THE EUREKA CA CLIMATE NORMALS FOR TODAY
                         NORMAL    RECORD    YEAR
 MAXIMUM TEMPERATURE (F)   59        72      2004
 MINIMUM TEMPERATURE (F)   46        38      1967
                                             1952
                                             1911


SUNRISE AND SUNSET
APRIL 29 2017.........SUNRISE   617 AM PDT   SUNSET   811 PM PDT
APRIL 30 2017.........SUNRISE   616 AM PDT   SUNSET   812 PM PDT


-  INDICATES NEGATIVE NUMBERS.
R  INDICATES RECORD WAS SET OR TIED.
MM INDICATES DATA IS MISSING.
T  INDICATES TRACE AMOUNT.




&&

..........................................................

TOTAL SEASON     NORMAL   % OF NORMAL     LAST SEASON

    60.81         36.56        166            46.66


$$
