000
CDUS46 KEKA 021213
CLIEKA


CLIMATE REPORT
NATIONAL WEATHER SERVICE EUREKA CA
513 AM PDT SUN AUG 2 2015


...................................

...THE EUREKA CA CLIMATE SUMMARY FOR AUGUST 1 2015...

CLIMATE NORMAL PERIOD 1981 TO 2010
CLIMATE RECORD PERIOD 1886 TO 2015


WEATHER ITEM   OBSERVED RECORD YEAR NORMAL DEPARTURE LAST
                VALUE   VALUE       VALUE  FROM      YEAR
                                           NORMAL
...........................................................
TEMPERATURE (F)
 YESTERDAY
  MAXIMUM         70R    69    2003  64      6       61
                               1993
                               1989
  MINIMUM         58     48    1897  53      5       55
  AVERAGE         64                 58      6       58

PRECIPITATION (IN)
  YESTERDAY        0.01   0.06 1976   0.00   0.01      T
  MONTH TO DATE    0.01               0.00   0.01      T
  SINCE OCT 1     30.83              39.43  -8.60    17.91
  SINCE JAN 1     12.45              23.46 -11.01    16.01

SNOWFALL (IN)
  YESTERDAY        0.0    0.0  2002   0.0    0.0      0.0
                               2001
  MONTH TO DATE    0.0                0.0    0.0      0.0
  SINCE JUN 1      0.0                0.0    0.0      0.0
  SINCE JUL 1      0.0                0.0    0.0      0.0
  SNOW DEPTH       0

DEGREE DAYS
 HEATING
  YESTERDAY        1                  7     -6        7
  MONTH TO DATE    1                  7     -6        7
  SINCE JUN 1    359                499   -140      447
  SINCE JUL 1    118                233   -115      195

 COOLING
  YESTERDAY        0                  0      0        0
  MONTH TO DATE    0                  0      0        0
  SINCE JUN 1      1                  0      1        0
  SINCE JAN 1      1                  0      1        1
...........................................................


WIND (MPH)
  HIGHEST WIND SPEED     8   HIGHEST WIND DIRECTION     N (20)
  HIGHEST GUST SPEED    13   HIGHEST GUST DIRECTION    MM
  AVERAGE WIND SPEED     2.9


SKY COVER
  AVERAGE SKY COVER 0.9


WEATHER CONDITIONS
 THE FOLLOWING WEATHER WAS RECORDED YESTERDAY.
  THUNDERSTORM


..........................................................


THE EUREKA CA CLIMATE NORMALS FOR TODAY
                         NORMAL    RECORD    YEAR
 MAXIMUM TEMPERATURE (F)   64        69      1993
                                             1983
 MINIMUM TEMPERATURE (F)   53        48      1897


SUNRISE AND SUNSET
AUGUST  2 2015........SUNRISE   614 AM PDT   SUNSET   831 PM PDT
AUGUST  3 2015........SUNRISE   615 AM PDT   SUNSET   830 PM PDT


-  INDICATES NEGATIVE NUMBERS.
R  INDICATES RECORD WAS SET OR TIED.
MM INDICATES DATA IS MISSING.
T  INDICATES TRACE AMOUNT.




&&

..........................................................

TOTAL SEASON     NORMAL   % OF NORMAL     LAST SEASON

    30.83         39.43        78            17.91


$$
