000
CDUS46 KEKA 200012
CLIEKA


CLIMATE REPORT
NATIONAL WEATHER SERVICE EUREKA CA
512 PM PDT SAT APR 19 2014


...................................

...THE EUREKA CA CLIMATE SUMMARY FOR APRIL 19 2014...
VALID TODAY AS OF 0500 PM LOCAL TIME.

CLIMATE NORMAL PERIOD 1981 TO 2010
CLIMATE RECORD PERIOD 1886 TO 2014


WEATHER ITEM   OBSERVED RECORD YEAR NORMAL DEPARTURE LAST
                VALUE   VALUE       VALUE  FROM      YEAR
                                           NORMAL
...........................................................
TEMPERATURE (F)
 TODAY
  MAXIMUM         58     79    1918  58      0       58
  MINIMUM         43     34    1896  44     -1       47
  AVERAGE         51                 51      0       53

PRECIPITATION (IN)
  TODAY            0.03   1.78 1904   0.10  -0.07      T
  MONTH TO DATE    0.36               2.31  -1.95     2.44
  SINCE JUL 1     19.17              36.79 -17.62    30.71
  SINCE JAN 1     14.05              19.74  -5.69     9.88

SNOWFALL (IN)
  TODAY           MM      0.0  2002   0.0   MM       MM
                               2001
  MONTH TO DATE    0.0                0.0    0.0      0.0
  SINCE MAR 1      0.0                0.0    0.0      0.0
  SINCE JUL 1      T                  0.2   -0.2       T
  SNOW DEPTH      MM

...........................................................


WIND (MPH)
  HIGHEST WIND SPEED    12   HIGHEST WIND DIRECTION     W (280)
  HIGHEST GUST SPEED    MM   HIGHEST GUST DIRECTION    MM
  AVERAGE WIND SPEED     6.2


SKY COVER
  AVERAGE SKY COVER 0.9


WEATHER CONDITIONS
 THE FOLLOWING WEATHER WAS RECORDED TODAY.
  LIGHT RAIN
  FOG


..........................................................


THE EUREKA CA CLIMATE NORMALS FOR TOMORROW
                         NORMAL    RECORD    YEAR
 MAXIMUM TEMPERATURE (F)   58        75      1982
 MINIMUM TEMPERATURE (F)   44        36      1970


SUNRISE AND SUNSET
APRIL 19 2014.........SUNRISE   632 AM PDT   SUNSET   801 PM PDT
APRIL 20 2014.........SUNRISE   630 AM PDT   SUNSET   802 PM PDT


-  INDICATES NEGATIVE NUMBERS.
R  INDICATES RECORD WAS SET OR TIED.
MM INDICATES DATA IS MISSING.
T  INDICATES TRACE AMOUNT.




&&

..........................................................

TOTAL SEASON     NORMAL   % OF NORMAL     LAST SEASON

    19.17         36.79        52            30.71

$$
