000
CDUS41 KRLX 262121
CLIEKN


CLIMATE REPORT
NATIONAL WEATHER SERVICE CHARLESTON WV
521 PM EDT MON JUN 26 2017


...................................

...THE ELKINS WV CLIMATE SUMMARY FOR JUNE 26 2017...
VALID TODAY AS OF 0500 PM LOCAL TIME.

CLIMATE NORMAL PERIOD 1981 TO 2010
CLIMATE RECORD PERIOD 1899 TO 2017


WEATHER ITEM   OBSERVED TIME   RECORD YEAR NORMAL DEPARTURE LAST
                VALUE   (LST)  VALUE       VALUE  FROM      YEAR
                                                  NORMAL
..................................................................
TEMPERATURE (F)
 TODAY
  MAXIMUM         73    342 PM  90    2005  80     -7       86
                                      1969
                                      1952
  MINIMUM         48    536 AM  38    1986  57     -9       58
                                      1979
  AVERAGE         61                        69     -8       72

PRECIPITATION (IN)
  TODAY            0.00          2.04 1978   0.16  -0.16     0.00
  MONTH TO DATE    3.69                      3.75  -0.06     4.92
  SINCE JUN 1      3.69                      3.75  -0.06     4.92
  SINCE JAN 1     24.39                     22.96   1.43    22.36

DEGREE DAYS
 HEATING
  TODAY            4                         1      3        0
  MONTH TO DATE   47                        52     -5       25
  SINCE JUN 1     47                        52     -5       25
  SINCE JUL 1   4636                      5849  -1213     4985

 COOLING
  TODAY            0                         4     -4        7
  MONTH TO DATE   95                        73     22      107
  SINCE JUN 1     95                        73     22      107
  SINCE JAN 1    139                        96     43      136
..................................................................


WIND (MPH)
  HIGHEST WIND SPEED    16   HIGHEST WIND DIRECTION    SW (240)
  HIGHEST GUST SPEED    26   HIGHEST GUST DIRECTION    NW (300)
  AVERAGE WIND SPEED     4.3


SKY COVER
  POSSIBLE SUNSHINE  MM
  AVERAGE SKY COVER 0.3


WEATHER CONDITIONS
 THE FOLLOWING WEATHER WAS RECORDED TODAY.
  FOG


RELATIVE HUMIDITY (PERCENT)
 HIGHEST    93           600 AM
 LOWEST     35           300 PM
 AVERAGE    64

..........................................................


THE ELKINS WV CLIMATE NORMALS FOR TOMORROW
                         NORMAL    RECORD    YEAR
 MAXIMUM TEMPERATURE (F)   80        92      2005
 MINIMUM TEMPERATURE (F)   57        39      1979


SUNRISE AND SUNSET
JUNE 26 2017..........SUNRISE   556 AM EDT   SUNSET   849 PM EDT
JUNE 27 2017..........SUNRISE   556 AM EDT   SUNSET   849 PM EDT


-  INDICATES NEGATIVE NUMBERS.
R  INDICATES RECORD WAS SET OR TIED.
MM INDICATES DATA IS MISSING.
T  INDICATES TRACE AMOUNT.




$$
