000
CDUS41 KRLX 170816
CLIEKN


CLIMATE REPORT
NATIONAL WEATHER SERVICE CHARLESTON WV
316 AM EST SUN DEC 17 2017


...................................

...THE ELKINS WV CLIMATE SUMMARY FOR DECEMBER 16 2017...

CLIMATE NORMAL PERIOD 1981 TO 2010
CLIMATE RECORD PERIOD 1899 TO 2017


WEATHER ITEM   OBSERVED TIME   RECORD YEAR NORMAL DEPARTURE LAST
                VALUE   (LST)  VALUE       VALUE  FROM      YEAR
                                                  NORMAL
..................................................................
TEMPERATURE (F)
 YESTERDAY
  MAXIMUM         42    410 PM  65    1984  42      0       30
  MINIMUM         23   1159 PM -10    1914  22      1        1
  AVERAGE         33                        32      1       16

PRECIPITATION (IN)
  YESTERDAY        T             1.34 1933   0.10  -0.10     0.00
  MONTH TO DATE    0.65                      1.78  -1.13     1.77
  SINCE JAN 1     44.36                     44.45  -0.09    41.96

SNOWFALL (IN)
  YESTERDAY       MM             4.2  2010   0.5   MM        0.0
                                      2005
  MONTH TO DATE    4.9                       7.9   -3.0      3.2
  SINCE SEP 1      4.9                      13.5   -8.6      7.9
  SNOW DEPTH       1

DEGREE DAYS
 HEATING
  YESTERDAY       32                        33     -1       49
  MONTH TO DATE  499                       492      7      534
  SINCE DEC 1    499                       492      7      534
  SINCE JUL 1   1584                      1776   -192     1479

 COOLING
  YESTERDAY        0                         0      0        0
  MONTH TO DATE    0                         0      0        0
  SINCE DEC 1      0                         0      0        0
  SINCE JAN 1    544                       475     69      809
..................................................................


WIND (MPH)
  HIGHEST WIND SPEED    18   HIGHEST WIND DIRECTION    SW (240)
  HIGHEST GUST SPEED    25   HIGHEST GUST DIRECTION     W (250)
  AVERAGE WIND SPEED     6.1


SKY COVER
  POSSIBLE SUNSHINE  MM
  AVERAGE SKY COVER 0.5


WEATHER CONDITIONS
 THE FOLLOWING WEATHER WAS RECORDED YESTERDAY.
  LIGHT SNOW


RELATIVE HUMIDITY (PERCENT)
 HIGHEST    88           900 PM
 LOWEST     49           300 PM
 AVERAGE    69

..........................................................


THE ELKINS WV CLIMATE NORMALS FOR TODAY
                         NORMAL    RECORD    YEAR
 MAXIMUM TEMPERATURE (F)   42        69      1933
 MINIMUM TEMPERATURE (F)   22        -8      1989


SUNRISE AND SUNSET
DECEMBER 17 2017......SUNRISE   732 AM EST   SUNSET   459 PM EST
DECEMBER 18 2017......SUNRISE   733 AM EST   SUNSET   500 PM EST


-  INDICATES NEGATIVE NUMBERS.
R  INDICATES RECORD WAS SET OR TIED.
MM INDICATES DATA IS MISSING.
T  INDICATES TRACE AMOUNT.




$$
