000
CDUS41 KRLX 230738
CLIEKN


CLIMATE REPORT
NATIONAL WEATHER SERVICE CHARLESTON WV
337 AM EDT THU MAR 23 2017


...................................

...THE ELKINS WV CLIMATE SUMMARY FOR MARCH 22 2017...

CLIMATE NORMAL PERIOD 1981 TO 2010
CLIMATE RECORD PERIOD 1899 TO 2017


WEATHER ITEM   OBSERVED TIME   RECORD YEAR NORMAL DEPARTURE LAST
                VALUE   (LST)  VALUE       VALUE  FROM      YEAR
                                                  NORMAL
..................................................................
TEMPERATURE (F)
 YESTERDAY
  MAXIMUM         46    123 AM  83    1907  54     -8       63
  MINIMUM         21   1146 PM   6    1986  30     -9       25
  AVERAGE         34                        42     -8       44

PRECIPITATION (IN)
  YESTERDAY        0.00          1.28 1916   0.12  -0.12     0.00
  MONTH TO DATE    2.61                      2.76  -0.15     1.82
  SINCE JAN 1      9.86                      9.09   0.77     7.20

SNOWFALL (IN)
  YESTERDAY        0.0
  MONTH TO DATE   10.9
  SINCE SEP 1     41.3
  SNOW DEPTH       0

DEGREE DAYS
 HEATING
  YESTERDAY       31                        23      8       21
  MONTH TO DATE  621                       586     35      441
  SINCE MAR 1    621                       586     35      441
  SINCE JUL 1   4024                      4907   -883     4183

 COOLING
  YESTERDAY        0                         0      0        0
  MONTH TO DATE    0                         0      0        0
  SINCE MAR 1      0                         0      0        0
  SINCE JAN 1      0                         0      0        0
..................................................................


WIND (MPH)
  HIGHEST WIND SPEED    18   HIGHEST WIND DIRECTION    NW (310)
  HIGHEST GUST SPEED    26   HIGHEST GUST DIRECTION     N (360)
  AVERAGE WIND SPEED     8.5


SKY COVER
  POSSIBLE SUNSHINE  MM
  AVERAGE SKY COVER 0.3


WEATHER CONDITIONS
 THE FOLLOWING WEATHER WAS RECORDED YESTERDAY.
  NO SIGNIFICANT WEATHER WAS OBSERVED.


RELATIVE HUMIDITY (PERCENT)
 HIGHEST    74           900 PM
 LOWEST     27           400 PM
 AVERAGE    51

..........................................................


THE ELKINS WV CLIMATE NORMALS FOR TODAY
                         NORMAL    RECORD    YEAR
 MAXIMUM TEMPERATURE (F)   54        84      2012
 MINIMUM TEMPERATURE (F)   30        12      1922


SUNRISE AND SUNSET
MARCH 23 2017.........SUNRISE   718 AM EDT   SUNSET   735 PM EDT
MARCH 24 2017.........SUNRISE   716 AM EDT   SUNSET   736 PM EDT


-  INDICATES NEGATIVE NUMBERS.
R  INDICATES RECORD WAS SET OR TIED.
MM INDICATES DATA IS MISSING.
T  INDICATES TRACE AMOUNT.




$$
