000
CDUS41 KRLX 230732
CLIEKN


CLIMATE REPORT
NATIONAL WEATHER SERVICE CHARLESTON WV
329 AM EDT SAT MAY 23 2015


...................................

...THE ELKINS WV CLIMATE SUMMARY FOR MAY 22 2015...

CLIMATE NORMAL PERIOD 1981 TO 2010
CLIMATE RECORD PERIOD 1899 TO 2015


WEATHER ITEM   OBSERVED TIME   RECORD YEAR NORMAL DEPARTURE LAST
                VALUE   (LST)  VALUE       VALUE  FROM      YEAR
                                                  NORMAL
..................................................................
TEMPERATURE (F)
 YESTERDAY
  MAXIMUM         67    332 PM  90    1911  72     -5       75
  MINIMUM         37    533 AM  26    2002  47    -10       56
  AVERAGE         52                        60     -8       66

PRECIPITATION (IN)
  YESTERDAY        T             1.18 1999   0.17  -0.17     0.10
  MONTH TO DATE    1.35                      3.61  -2.26     3.27
  SINCE JAN 1     21.41                     17.70   3.71    14.66

SNOWFALL (IN)
  YESTERDAY        0.0
  MONTH TO DATE    0.0
  SINCE SEP 1     70.3
  SNOW DEPTH       0

DEGREE DAYS
 HEATING
  YESTERDAY       13                         6      7        0
  MONTH TO DATE   94                       189    -95      153
  SINCE MAR 1   1290                      1431   -141     1437
  SINCE JUL 1   5921                      5752    169     5960

 COOLING
  YESTERDAY        0                         1     -1        1
  MONTH TO DATE   32                         9     23       21
  SINCE MAR 1     35                        12     23       23
  SINCE JAN 1     35                        12     23       23
..................................................................


WIND (MPH)
  HIGHEST WIND SPEED    20   HIGHEST WIND DIRECTION    NW (300)
  HIGHEST GUST SPEED    27   HIGHEST GUST DIRECTION     W (290)
  AVERAGE WIND SPEED     6.2


SKY COVER
  POSSIBLE SUNSHINE  MM
  AVERAGE SKY COVER 0.4


WEATHER CONDITIONS
 THE FOLLOWING WEATHER WAS RECORDED YESTERDAY.
  FOG
  HAZE


RELATIVE HUMIDITY (PERCENT)
 HIGHEST    92           300 AM
 LOWEST     37           100 PM
 AVERAGE    65

..........................................................


THE ELKINS WV CLIMATE NORMALS FOR TODAY
                         NORMAL    RECORD    YEAR
 MAXIMUM TEMPERATURE (F)   72        87      1966
 MINIMUM TEMPERATURE (F)   48        29      2006


SUNRISE AND SUNSET
MAY 23 2015...........SUNRISE   601 AM EDT   SUNSET   832 PM EDT
MAY 24 2015...........SUNRISE   600 AM EDT   SUNSET   833 PM EDT


-  INDICATES NEGATIVE NUMBERS.
R  INDICATES RECORD WAS SET OR TIED.
MM INDICATES DATA IS MISSING.
T  INDICATES TRACE AMOUNT.




$$
