000
CDUS41 KRLX 300719
CLIEKN


CLIMATE REPORT
NATIONAL WEATHER SERVICE CHARLESTON WV
316 AM EDT SUN AUG 30 2015


...................................

...THE ELKINS WV CLIMATE SUMMARY FOR AUGUST 29 2015...

CLIMATE NORMAL PERIOD 1981 TO 2010
CLIMATE RECORD PERIOD 1899 TO 2015


WEATHER ITEM   OBSERVED TIME   RECORD YEAR NORMAL DEPARTURE LAST
                VALUE   (LST)  VALUE       VALUE  FROM      YEAR
                                                  NORMAL
..................................................................
TEMPERATURE (F)
 YESTERDAY
  MAXIMUM         83    443 PM  93    1993  79      4       83
  MINIMUM         52    557 AM  34    1965  56     -4       53
  AVERAGE         68                        68      0       68

PRECIPITATION (IN)
  YESTERDAY        0.00          1.31 1911   0.12  -0.12     0.00
  MONTH TO DATE    2.10                      3.62  -1.52     2.71
  SINCE JAN 1     37.45                     32.59   4.86    27.85

SNOWFALL (IN)
  YESTERDAY        0.0
  MONTH TO DATE    0.0
  SINCE SEP 1     70.3
  SNOW DEPTH       0

DEGREE DAYS
 HEATING
  YESTERDAY        0                         1     -1        0
  MONTH TO DATE   11                        14     -3       18
  SINCE JUN 1     32                        81    -49       65
  SINCE JUL 1     11                        26    -15       51

 COOLING
  YESTERDAY        3                         4     -1        3
  MONTH TO DATE  110                       136    -26       98
  SINCE JUN 1    464                       394     70      386
  SINCE JAN 1    529                       417    112      422
..................................................................


WIND (MPH)
  HIGHEST WIND SPEED    10   HIGHEST WIND DIRECTION    NW (310)
  HIGHEST GUST SPEED    15   HIGHEST GUST DIRECTION    NW (310)
  AVERAGE WIND SPEED     1.9


SKY COVER
  POSSIBLE SUNSHINE  MM
  AVERAGE SKY COVER 0.3


WEATHER CONDITIONS
 THE FOLLOWING WEATHER WAS RECORDED YESTERDAY.
  FOG
  FOG W/VISIBILITY <= 1/4 MILE


RELATIVE HUMIDITY (PERCENT)
 HIGHEST   100           700 AM
 LOWEST     40           200 PM
 AVERAGE    70

..........................................................


THE ELKINS WV CLIMATE NORMALS FOR TODAY
                         NORMAL    RECORD    YEAR
 MAXIMUM TEMPERATURE (F)   79        93      1993
 MINIMUM TEMPERATURE (F)   56        37      1965


SUNRISE AND SUNSET
AUGUST 30 2015........SUNRISE   646 AM EDT   SUNSET   753 PM EDT
AUGUST 31 2015........SUNRISE   647 AM EDT   SUNSET   752 PM EDT


-  INDICATES NEGATIVE NUMBERS.
R  INDICATES RECORD WAS SET OR TIED.
MM INDICATES DATA IS MISSING.
T  INDICATES TRACE AMOUNT.




$$
