000
CDUS41 KRLX 012116
CLIEKN


CLIMATE REPORT
NATIONAL WEATHER SERVICE CHARLESTON WV
515 PM EDT WED OCT 1 2014


...................................

...THE ELKINS WV CLIMATE SUMMARY FOR OCTOBER 1 2014...
VALID TODAY AS OF 0500 PM LOCAL TIME.

CLIMATE NORMAL PERIOD 1981 TO 2010
CLIMATE RECORD PERIOD 1899 TO 2014


WEATHER ITEM   OBSERVED TIME   RECORD YEAR NORMAL DEPARTURE LAST
                VALUE   (LST)  VALUE       VALUE  FROM      YEAR
                                                  NORMAL
..................................................................
TEMPERATURE (F)
 TODAY
  MAXIMUM         75    127 PM  86    1927  68      7       75
  MINIMUM         49    418 AM  22    1899  44      5       50
  AVERAGE         62                        56      6       63

PRECIPITATION (IN)
  TODAY            0.00          2.00 1915   0.09  -0.09     0.00
  MONTH TO DATE    0.00                      0.09  -0.09     0.00
  SINCE SEP 1      1.23                      3.72  -2.49     2.36
  SINCE JAN 1     29.46                     36.53  -7.07    35.28

DEGREE DAYS
 HEATING
  TODAY            3                         9     -6        2
  MONTH TO DATE    3                         9     -6        2
  SINCE SEP 1     99                       139    -40      115
  SINCE JUL 1    150                       169    -19      138

 COOLING
  TODAY            0                         0      0        0
  MONTH TO DATE    0                         0      0        0
  SINCE SEP 1     65                        45     20       60
  SINCE JAN 1    503                       471     32      523
..................................................................


WIND (MPH)
  HIGHEST WIND SPEED    15   HIGHEST WIND DIRECTION    NW (330)
  HIGHEST GUST SPEED    19   HIGHEST GUST DIRECTION    NW (320)
  AVERAGE WIND SPEED     3.3


SKY COVER
  POSSIBLE SUNSHINE  MM
  AVERAGE SKY COVER 0.6


WEATHER CONDITIONS
 THE FOLLOWING WEATHER WAS RECORDED TODAY.
  FOG
  FOG W/VISIBILITY <= 1/4 MILE


RELATIVE HUMIDITY (PERCENT)
 HIGHEST   100          1200 AM
 LOWEST     46           100 PM
 AVERAGE    73

..........................................................


THE ELKINS WV CLIMATE NORMALS FOR TOMORROW
                         NORMAL    RECORD    YEAR
 MAXIMUM TEMPERATURE (F)   68        87      1927
 MINIMUM TEMPERATURE (F)   44        23      1947


SUNRISE AND SUNSET
OCTOBER  1 2014.......SUNRISE   715 AM EDT   SUNSET   702 PM EDT
OCTOBER  2 2014.......SUNRISE   716 AM EDT   SUNSET   701 PM EDT


-  INDICATES NEGATIVE NUMBERS.
R  INDICATES RECORD WAS SET OR TIED.
MM INDICATES DATA IS MISSING.
T  INDICATES TRACE AMOUNT.




$$
