000
CDUS41 KRLX 062117
CLIEKN


CLIMATE REPORT
NATIONAL WEATHER SERVICE CHARLESTON WV
517 PM EDT FRI MAY 6 2016


...................................

...THE ELKINS WV CLIMATE SUMMARY FOR MAY 6 2016...
VALID TODAY AS OF 0500 PM LOCAL TIME.

CLIMATE NORMAL PERIOD 1981 TO 2010
CLIMATE RECORD PERIOD 1899 TO 2016


WEATHER ITEM   OBSERVED TIME   RECORD YEAR NORMAL DEPARTURE LAST
                VALUE   (LST)  VALUE       VALUE  FROM      YEAR
                                                  NORMAL
..................................................................
TEMPERATURE (F)
 TODAY
  MAXIMUM         60    216 PM  88    1999  69     -9       82
  MINIMUM         47    829 AM  25    1910  42      5       47
  AVERAGE         54                        55     -1       65

PRECIPITATION (IN)
  TODAY            0.19          1.08 1961   0.16   0.03     0.00
  MONTH TO DATE    2.96                      0.90   2.06     0.33
  SINCE MAR 1      8.78                      8.66   0.12    14.67
  SINCE JAN 1     14.16                     14.99  -0.83    20.39

DEGREE DAYS
 HEATING
  TODAY           11                        10      1        0
  MONTH TO DATE   50                        63    -13       38
  SINCE MAR 1   1038                      1305   -267     1234
  SINCE JUL 1   4780                      5626   -846     5865

 COOLING
  TODAY            0                         0      0        0
  MONTH TO DATE    1                         0      1        0
  SINCE MAR 1      4                         3      1        3
  SINCE JAN 1      4                         3      1        3
..................................................................


WIND (MPH)
  HIGHEST WIND SPEED    18   HIGHEST WIND DIRECTION    NW (310)
  HIGHEST GUST SPEED    27   HIGHEST GUST DIRECTION    NW (300)
  AVERAGE WIND SPEED     4.8


SKY COVER
  POSSIBLE SUNSHINE  MM
  AVERAGE SKY COVER 0.9


WEATHER CONDITIONS
 THE FOLLOWING WEATHER WAS RECORDED TODAY.
  LIGHT RAIN
  FOG


RELATIVE HUMIDITY (PERCENT)
 HIGHEST    93           200 AM
 LOWEST     42           200 PM
 AVERAGE    68

..........................................................


THE ELKINS WV CLIMATE NORMALS FOR TOMORROW
                         NORMAL    RECORD    YEAR
 MAXIMUM TEMPERATURE (F)   69        85      2015
                                             1979
 MINIMUM TEMPERATURE (F)   43        20      1970


SUNRISE AND SUNSET
MAY  6 2016...........SUNRISE   615 AM EDT   SUNSET   817 PM EDT
MAY  7 2016...........SUNRISE   614 AM EDT   SUNSET   818 PM EDT


-  INDICATES NEGATIVE NUMBERS.
R  INDICATES RECORD WAS SET OR TIED.
MM INDICATES DATA IS MISSING.
T  INDICATES TRACE AMOUNT.




$$
