000
CDUS41 KRLX 222224
CLIEKN


CLIMATE REPORT
NATIONAL WEATHER SERVICE CHARLESTON WV
523 PM EST MON DEC 22 2014


...................................

...THE ELKINS WV CLIMATE SUMMARY FOR DECEMBER 22 2014...
VALID TODAY AS OF 0500 PM LOCAL TIME.

CLIMATE NORMAL PERIOD 1981 TO 2010
CLIMATE RECORD PERIOD 1899 TO 2014


WEATHER ITEM   OBSERVED TIME   RECORD YEAR NORMAL DEPARTURE LAST
                VALUE   (LST)  VALUE       VALUE  FROM      YEAR
                                                  NORMAL
..................................................................
TEMPERATURE (F)
 TODAY
  MAXIMUM         44    359 PM  71    2013  41      3       71
  MINIMUM         19    520 AM -19    1989  21     -2       50
  AVERAGE         32                        31      1       61

PRECIPITATION (IN)
  TODAY            T             1.20 1970   0.10  -0.10     0.37
  MONTH TO DATE    3.28                      2.37   0.91     4.93
  SINCE DEC 1      3.28                      2.37   0.91     4.93
  SINCE JAN 1     41.66                     45.04  -3.38    44.67

DEGREE DAYS
 HEATING
  TODAY           33                        34     -1        4
  MONTH TO DATE  637                       694    -57      610
  SINCE DEC 1    637                       694    -57      610
  SINCE JUL 1   1993                      1978     15     1905

 COOLING
  TODAY            0                         0      0        0
  MONTH TO DATE    0                         0      0        0
  SINCE DEC 1      0                         0      0        0
  SINCE JAN 1    505                       475     30      533
..................................................................


WIND (MPH)
  HIGHEST WIND SPEED     7   HIGHEST WIND DIRECTION    SW (230)
  HIGHEST GUST SPEED     8   HIGHEST GUST DIRECTION    SW (220)
  AVERAGE WIND SPEED     0.9


SKY COVER
  POSSIBLE SUNSHINE  MM
  AVERAGE SKY COVER 0.6


WEATHER CONDITIONS
 THE FOLLOWING WEATHER WAS RECORDED TODAY.
  LIGHT RAIN
  FOG


RELATIVE HUMIDITY (PERCENT)
 HIGHEST   100           100 AM
 LOWEST     76           100 PM
 AVERAGE    88

..........................................................


THE ELKINS WV CLIMATE NORMALS FOR TOMORROW
                         NORMAL    RECORD    YEAR
 MAXIMUM TEMPERATURE (F)   40        68      1933
 MINIMUM TEMPERATURE (F)   21       -24      1989


SUNRISE AND SUNSET
DECEMBER 22 2014......SUNRISE   735 AM EST   SUNSET   501 PM EST
DECEMBER 23 2014......SUNRISE   735 AM EST   SUNSET   502 PM EST


-  INDICATES NEGATIVE NUMBERS.
R  INDICATES RECORD WAS SET OR TIED.
MM INDICATES DATA IS MISSING.
T  INDICATES TRACE AMOUNT.




$$
