000
CDUS45 KLKN 230931
CLIEKO


CLIMATE REPORT
NATIONAL WEATHER SERVICE ELKO NV
230 AM PDT WED JUL 23 2014


...................................

...THE ELKO AIRPORT NV CLIMATE SUMMARY FOR JULY 22 2014...

CLIMATE NORMAL PERIOD 1981 TO 2010
CLIMATE RECORD PERIOD 1888 TO 2014


WEATHER ITEM   OBSERVED TIME   RECORD YEAR NORMAL DEPARTURE LAST
                VALUE   (LST)  VALUE       VALUE  FROM      YEAR
                                                  NORMAL
..................................................................
TEMPERATURE (F)
 YESTERDAY
  MAXIMUM         96    446 PM 103    2003  92      4      101
  MINIMUM         53    510 AM  35    1987  51      2       57
                                      1954
  AVERAGE         75                        71      4       79

PRECIPITATION (IN)
  YESTERDAY        0.00          0.80 1888   0.01  -0.01     0.00
  MONTH TO DATE    0.51                      0.25   0.26     0.44
  SINCE OCT 1      7.97                      8.85  -0.88     6.13
  SINCE JAN 1      6.36                      5.79   0.57     3.30

SNOWFALL (IN)
  YESTERDAY        0.0           0.0  1888   0.0    0.0      0.0
  MONTH TO DATE    0.0                       0.0    0.0      0.0
  SINCE JUN 1      0.0                       0.0    0.0      0.0
  SINCE JUL 1      0.0                       0.0    0.0      0.0
  SNOW DEPTH       0

DEGREE DAYS
 HEATING
  YESTERDAY        0                         0      0        0
  MONTH TO DATE    0                        17    -17        0
  SINCE JUN 1     92                       148    -56       63
  SINCE JUL 1      0                        17    -17        0

 COOLING
  YESTERDAY       10                         7      3       14
  MONTH TO DATE  259                       122    137      265
  SINCE JUN 1    288                       169    119      388
  SINCE JAN 1    291                       173    118      392
..................................................................


WIND (MPH)
  HIGHEST WIND SPEED    21   HIGHEST WIND DIRECTION     S (200)
  HIGHEST GUST SPEED    27   HIGHEST GUST DIRECTION     S (200)
  AVERAGE WIND SPEED     6.3



WEATHER CONDITIONS
 THE FOLLOWING WEATHER WAS RECORDED YESTERDAY.
  NO SIGNIFICANT WEATHER WAS OBSERVED.


RELATIVE HUMIDITY (PERCENT)
 HIGHEST    89           400 AM
 LOWEST      6           400 PM
 AVERAGE    48

..........................................................


THE ELKO AIRPORT NV CLIMATE NORMALS FOR TODAY
                         NORMAL    RECORD    YEAR
 MAXIMUM TEMPERATURE (F)   92       103      1890
 MINIMUM TEMPERATURE (F)   51        36      2000
                                             1954
                                             1912


SUNRISE AND SUNSET
JULY 23 2014..........SUNRISE   531 AM PDT   SUNSET   807 PM PDT
JULY 24 2014..........SUNRISE   532 AM PDT   SUNSET   807 PM PDT


-  INDICATES NEGATIVE NUMBERS.
R  INDICATES RECORD WAS SET OR TIED.
MM INDICATES DATA IS MISSING.
T  INDICATES TRACE AMOUNT.




$$
