000
CDUS45 KLKN 270930
CLIEKO


CLIMATE REPORT
NATIONAL WEATHER SERVICE ELKO NV
226 AM PDT WED AUG 27 2014


...................................

...THE ELKO AIRPORT NV CLIMATE SUMMARY FOR AUGUST 26 2014...

CLIMATE NORMAL PERIOD 1981 TO 2010
CLIMATE RECORD PERIOD 1888 TO 2014


WEATHER ITEM   OBSERVED TIME   RECORD YEAR NORMAL DEPARTURE LAST
                VALUE   (LST)  VALUE       VALUE  FROM      YEAR
                                                  NORMAL
..................................................................
TEMPERATURE (F)
 YESTERDAY
  MAXIMUM         80    206 PM  99    1924  86     -6       83
  MINIMUM         46    538 AM  20    1992  46      0       48
  AVERAGE         63                        66     -3       66

PRECIPITATION (IN)
  YESTERDAY        0.03          0.10 1895   0.01   0.02     0.00
  MONTH TO DATE    1.27                      0.31   0.96     0.14
  SINCE OCT 1      9.28                      9.28   0.00     6.28
  SINCE JAN 1      7.67                      6.22   1.45     3.45

SNOWFALL (IN)
  YESTERDAY        0.0           0.0  1888   0.0    0.0      0.0
  MONTH TO DATE    0.0                       0.0    0.0      0.0
  SINCE JUN 1      0.0                       0.0    0.0      0.0
  SINCE JUL 1      0.0                       0.0    0.0      0.0
  SNOW DEPTH       0

DEGREE DAYS
 HEATING
  YESTERDAY        2                         2      0        0
  MONTH TO DATE   18                        20     -2        0
  SINCE JUN 1    110                       170    -60       63
  SINCE JUL 1     18                        39    -21        0

 COOLING
  YESTERDAY        0                         3     -3        1
  MONTH TO DATE  120                       120      0      175
  SINCE JUN 1    493                       347    146      671
  SINCE JAN 1    496                       351    145      675
..................................................................


WIND (MPH)
  HIGHEST WIND SPEED    22   HIGHEST WIND DIRECTION     S (170)
  HIGHEST GUST SPEED    30   HIGHEST GUST DIRECTION     S (180)
  AVERAGE WIND SPEED     4.9



WEATHER CONDITIONS
 THE FOLLOWING WEATHER WAS RECORDED YESTERDAY.
  THUNDERSTORM
  LIGHT RAIN


RELATIVE HUMIDITY (PERCENT)
 HIGHEST    89           100 AM
 LOWEST     21           100 PM
 AVERAGE    55

..........................................................


THE ELKO AIRPORT NV CLIMATE NORMALS FOR TODAY
                         NORMAL    RECORD    YEAR
 MAXIMUM TEMPERATURE (F)   86       101      1924
 MINIMUM TEMPERATURE (F)   46        24      1992
                                             1910


SUNRISE AND SUNSET
AUGUST 27 2014........SUNRISE   605 AM PDT   SUNSET   723 PM PDT
AUGUST 28 2014........SUNRISE   606 AM PDT   SUNSET   722 PM PDT


-  INDICATES NEGATIVE NUMBERS.
R  INDICATES RECORD WAS SET OR TIED.
MM INDICATES DATA IS MISSING.
T  INDICATES TRACE AMOUNT.




$$
