000
CDUS45 KLKN 300030
CLIEKO


CLIMATE REPORT
NATIONAL WEATHER SERVICE ELKO NV
526 PM PDT SUN MAY 29 2016


...................................

...THE ELKO AIRPORT NV CLIMATE SUMMARY FOR MAY 29 2016...
VALID TODAY AS OF 500 PM LOCAL TIME.

CLIMATE NORMAL PERIOD 1981 TO 2010
CLIMATE RECORD PERIOD 1888 TO 2016


WEATHER ITEM   OBSERVED TIME   RECORD YEAR NORMAL DEPARTURE LAST
                VALUE   (LST)  VALUE       VALUE  FROM      YEAR
                                                  NORMAL
..................................................................
TEMPERATURE (F)
 TODAY
  MAXIMUM         79    229 PM  96    1897  73      6       80
  MINIMUM         47    449 AM  24    1927  41      6       45
                                      1899
  AVERAGE         63                        57      6       63

PRECIPITATION (IN)
  TODAY            0.00          0.80 1913   0.03  -0.03     0.00
  MONTH TO DATE    1.62                      0.90   0.72     3.49
  SINCE OCT 1     11.44                      7.89   3.55     7.11
  SINCE JAN 1      6.90                      4.83   2.07     4.87

SNOWFALL (IN)
  TODAY            0.0           0.2  1988   0.0    0.0      0.0
  MONTH TO DATE    0.0                       0.5   -0.5      2.0
  SINCE MAR 1      7.5                       8.8   -1.3      4.9
  SINCE JUL 1     63.8                      41.3   22.5     14.3
  SNOW DEPTH       0

DEGREE DAYS
 HEATING
  TODAY            2                         8     -6        2
  MONTH TO DATE  308                       348    -40      309
  SINCE MAR 1   1454                      1751   -297     1517
  SINCE JUL 1   6479                      6919   -440     5525

 COOLING
  TODAY            0                         0      0        0
  MONTH TO DATE    0                         0      0        0
  SINCE MAR 1      0                         0      0        0
  SINCE JAN 1      0                         0      0        0
..................................................................


WIND (MPH)
  HIGHEST WIND SPEED    20   HIGHEST WIND DIRECTION     W (290)
  HIGHEST GUST SPEED    23   HIGHEST GUST DIRECTION    SW (230)



WEATHER CONDITIONS
 THE FOLLOWING WEATHER WAS RECORDED TODAY.
  NO SIGNIFICANT WEATHER WAS OBSERVED.


RELATIVE HUMIDITY (PERCENT)
 HIGHEST    80           300 AM
 LOWEST     19           300 PM
 AVERAGE    50

..........................................................


THE ELKO AIRPORT NV CLIMATE NORMALS FOR TOMORROW
                         NORMAL    RECORD    YEAR
 MAXIMUM TEMPERATURE (F)   74        92      2002
                                             1897
 MINIMUM TEMPERATURE (F)   41        24      1942


SUNRISE AND SUNSET
MAY 29 2016...........SUNRISE   515 AM PDT   SUNSET   807 PM PDT
MAY 30 2016...........SUNRISE   515 AM PDT   SUNSET   807 PM PDT


-  INDICATES NEGATIVE NUMBERS.
R  INDICATES RECORD WAS SET OR TIED.
MM INDICATES DATA IS MISSING.
T  INDICATES TRACE AMOUNT.




$$
