000
CDUS45 KLKN 010937
CLIEKO


CLIMATE REPORT
NATIONAL WEATHER SERVICE ELKO NV
232 AM PDT SAT OCT 1 2016


...................................

...THE ELKO AIRPORT NV CLIMATE SUMMARY FOR SEPTEMBER 30 2016...

CLIMATE NORMAL PERIOD 1981 TO 2010
CLIMATE RECORD PERIOD 1888 TO 2016


WEATHER ITEM   OBSERVED TIME   RECORD YEAR NORMAL DEPARTURE LAST
                VALUE   (LST)  VALUE       VALUE  FROM      YEAR
                                                  NORMAL
..................................................................
TEMPERATURE (F)
 YESTERDAY
  MAXIMUM         81    256 PM  91    2010  72      9       80
  MINIMUM         47    622 AM  17    1954  34     13       51
                                      1889
  AVERAGE         64                        53     11       66

PRECIPITATION (IN)
  YESTERDAY        T             0.58 1982   0.02  -0.02     0.00
  MONTH TO DATE    1.08                      0.57   0.51     0.23
  SINCE OCT 1     13.26                      9.91   3.35     9.23
  SINCE JAN 1      8.72                      6.85   1.87     6.99

SNOWFALL (IN)
  YESTERDAY        0.0           2.0  1982   0.0    0.0      0.0
  MONTH TO DATE    0.0                       0.1   -0.1      0.0
  SINCE SEP 1      0.0                       0.1   -0.1      0.0
  SINCE JUL 1      0.0                       0.1   -0.1      0.0
  SNOW DEPTH       0

DEGREE DAYS
 HEATING
  YESTERDAY        1                        12    -11        0
  MONTH TO DATE  162                       207    -45      108
  SINCE SEP 1    162                       207    -45      108
  SINCE JUL 1    175                       258    -83      119

 COOLING
  YESTERDAY        0                         0      0        1
  MONTH TO DATE   16                        21     -5       37
  SINCE SEP 1     16                        21     -5       37
  SINCE JAN 1    560                       383    177      622
..................................................................


WIND (MPH)
  HIGHEST WIND SPEED    30   HIGHEST WIND DIRECTION     W (250)
  HIGHEST GUST SPEED    38   HIGHEST GUST DIRECTION     W (250)
  AVERAGE WIND SPEED     4.5



WEATHER CONDITIONS
 THE FOLLOWING WEATHER WAS RECORDED YESTERDAY.
  THUNDERSTORM


RELATIVE HUMIDITY (PERCENT)
 HIGHEST    80           600 AM
 LOWEST     20           300 PM
 AVERAGE    50

..........................................................


THE ELKO AIRPORT NV CLIMATE NORMALS FOR TODAY
                         NORMAL    RECORD    YEAR
 MAXIMUM TEMPERATURE (F)   72        92      2010
 MINIMUM TEMPERATURE (F)   33        10      1898


SUNRISE AND SUNSET
OCTOBER  1 2016.......SUNRISE   640 AM PDT   SUNSET   624 PM PDT
OCTOBER  2 2016.......SUNRISE   641 AM PDT   SUNSET   623 PM PDT


-  INDICATES NEGATIVE NUMBERS.
R  INDICATES RECORD WAS SET OR TIED.
MM INDICATES DATA IS MISSING.
T  INDICATES TRACE AMOUNT.




$$
