000
CDUS45 KLKN 200929
CLIEKO


CLIMATE REPORT
NATIONAL WEATHER SERVICE ELKO NV
129 AM PST TUE FEB 20 2018


...................................

...THE ELKO AIRPORT NV CLIMATE SUMMARY FOR FEBRUARY 19 2018...

CLIMATE NORMAL PERIOD 1981 TO 2010
CLIMATE RECORD PERIOD 1888 TO 2018


WEATHER ITEM   OBSERVED TIME   RECORD YEAR NORMAL DEPARTURE LAST
                VALUE   (LST)  VALUE       VALUE  FROM      YEAR
                                                  NORMAL
..................................................................
TEMPERATURE (F)
 YESTERDAY
  MAXIMUM         27    219 PM  67    1981  43    -16       54
  MINIMUM         15   1001 PM -22    1932  20     -5       34
  AVERAGE         21                        31    -10       44

PRECIPITATION (IN)
  YESTERDAY        0.06          0.90 1901   0.02   0.04     0.03
  MONTH TO DATE    0.31                      0.55  -0.24     1.09
  SINCE OCT 1      2.48                      4.73  -2.25     9.20
  SINCE JAN 1      0.78                      1.67  -0.89     3.57

SNOWFALL (IN)
  YESTERDAY        0.4           4.2  1971   0.2    0.2      0.0
  MONTH TO DATE    4.3                       4.7   -0.4       T
  SINCE DEC 1     10.6                      25.1  -14.5     42.8
  SINCE JUL 1     11.3                      30.8  -19.5     48.3
  SNOW DEPTH       1

DEGREE DAYS
 HEATING
  YESTERDAY       44                        34     10       21
  MONTH TO DATE  591                       694   -103      495
  SINCE DEC 1   2662                      3141   -479     3089
  SINCE JUL 1   4250                      4879   -629     4434

 COOLING
  YESTERDAY        0                         0      0        0
  MONTH TO DATE    0                         0      0        0
  SINCE DEC 1      0                         0      0        0
  SINCE JAN 1      0                         0      0        0
..................................................................


WIND (MPH)
  HIGHEST WIND SPEED    18   HIGHEST WIND DIRECTION    NW (320)
  HIGHEST GUST SPEED    28   HIGHEST GUST DIRECTION     W (270)
  AVERAGE WIND SPEED     7.5



WEATHER CONDITIONS
 THE FOLLOWING WEATHER WAS RECORDED YESTERDAY.
  LIGHT SNOW
  FOG
  HAZE


RELATIVE HUMIDITY (PERCENT)
 HIGHEST    96          1200 AM
 LOWEST     42           200 PM
 AVERAGE    69

..........................................................


THE ELKO AIRPORT NV CLIMATE NORMALS FOR TODAY
                         NORMAL    RECORD    YEAR
 MAXIMUM TEMPERATURE (F)   43        67      1977
 MINIMUM TEMPERATURE (F)   20       -16      1932


SUNRISE AND SUNSET
FEBRUARY 20 2018......SUNRISE   630 AM PST   SUNSET   524 PM PST
FEBRUARY 21 2018......SUNRISE   629 AM PST   SUNSET   525 PM PST


-  INDICATES NEGATIVE NUMBERS.
R  INDICATES RECORD WAS SET OR TIED.
MM INDICATES DATA IS MISSING.
T  INDICATES TRACE AMOUNT.




$$
