000
CDUS45 KLKN 280933
CLIEKO


CLIMATE REPORT
NATIONAL WEATHER SERVICE ELKO NV
230 AM PDT TUE MAR 28 2017


...................................

...THE ELKO AIRPORT NV CLIMATE SUMMARY FOR MARCH 27 2017...

CLIMATE NORMAL PERIOD 1981 TO 2010
CLIMATE RECORD PERIOD 1888 TO 2017


WEATHER ITEM   OBSERVED TIME   RECORD YEAR NORMAL DEPARTURE LAST
                VALUE   (LST)  VALUE       VALUE  FROM      YEAR
                                                  NORMAL
..................................................................
TEMPERATURE (F)
 YESTERDAY
  MAXIMUM         50    154 PM  76    2015  55     -5       63
  MINIMUM         30   1130 PM   6    1888  28      2       32
  AVERAGE         40                        41     -1       48

PRECIPITATION (IN)
  YESTERDAY        0.12          0.64 1939   0.03   0.09     0.11
  MONTH TO DATE    1.07                      0.87   0.20     0.52
  SINCE OCT 1     10.75                      5.89   4.86     7.34
  SINCE JAN 1      5.12                      2.83   2.29     2.80

SNOWFALL (IN)
  YESTERDAY        0.5           2.3  1961   0.2    0.3       T
  MONTH TO DATE    1.8                       4.5   -2.7      0.1
  SINCE MAR 1      1.8                       4.5   -2.7      0.1
  SINCE JUL 1     53.2                      37.0   16.2     56.4
  SNOW DEPTH       0

DEGREE DAYS
 HEATING
  YESTERDAY       25                        24      1       17
  MONTH TO DATE  541                       718   -177      562
  SINCE MAR 1    541                       718   -177      562
  SINCE JUL 1   5277                      5886   -609     5587

 COOLING
  YESTERDAY        0                         0      0        0
  MONTH TO DATE    0                         0      0        0
  SINCE MAR 1      0                         0      0        0
  SINCE JAN 1      0                         0      0        0
..................................................................


WIND (MPH)
  HIGHEST WIND SPEED    23   HIGHEST WIND DIRECTION    NW (320)
  HIGHEST GUST SPEED    28   HIGHEST GUST DIRECTION    NW (320)
  AVERAGE WIND SPEED     8.4



WEATHER CONDITIONS
 THE FOLLOWING WEATHER WAS RECORDED YESTERDAY.
  LIGHT RAIN
  LIGHT SNOW
  FOG


RELATIVE HUMIDITY (PERCENT)
 HIGHEST    96           700 AM
 LOWEST     37           400 PM
 AVERAGE    67

..........................................................


THE ELKO AIRPORT NV CLIMATE NORMALS FOR TODAY
                         NORMAL    RECORD    YEAR
 MAXIMUM TEMPERATURE (F)   55        75      1986
 MINIMUM TEMPERATURE (F)   28         7      1944


SUNRISE AND SUNSET
MARCH 28 2017.........SUNRISE   633 AM PDT   SUNSET   704 PM PDT
MARCH 29 2017.........SUNRISE   631 AM PDT   SUNSET   705 PM PDT


-  INDICATES NEGATIVE NUMBERS.
R  INDICATES RECORD WAS SET OR TIED.
MM INDICATES DATA IS MISSING.
T  INDICATES TRACE AMOUNT.




$$
