000
CDUS44 KSHV 020742
CLIELD


CLIMATE REPORT
NATIONAL WEATHER SERVICE SHREVEPORT, LA
240 AM CDT SAT AUG 2 2014


...................................

...THE EL DORADO CLIMATE SUMMARY FOR AUGUST 1 2014...

CLIMATE NORMAL PERIOD 1981 TO 2010
CLIMATE RECORD PERIOD 1907 TO 2014


WEATHER ITEM   OBSERVED TIME   RECORD YEAR NORMAL DEPARTURE LAST
                VALUE   (LST)  VALUE       VALUE  FROM      YEAR
                                                  NORMAL
..................................................................
TEMPERATURE (F)
 YESTERDAY
  MAXIMUM         69   1159 PM 103    2008  93    -24       94
  MINIMUM         64    519 AM  57    1936  71     -7       74
  AVERAGE         67                        82    -15       84

PRECIPITATION (IN)
  YESTERDAY        0.82          0.85 1979   0.11   0.71     0.00
  MONTH TO DATE    0.82                      0.11   0.71     0.00
  SINCE DEC 1     35.14                     36.73  -1.59    31.88
  SINCE JAN 1     28.58                     31.55  -2.97    25.82

SNOWFALL (IN)
  YESTERDAY        0.0
  MONTH TO DATE    0.0
  SINCE JUN 1      0.0
  SINCE JUL 1      0.0
  SNOW DEPTH       0

DEGREE DAYS
 HEATING
  YESTERDAY        0                         0      0        0
  MONTH TO DATE    0                         0      0        0
  SINCE JUN 1      0                         0      0        0
  SINCE JUL 1      0                         0      0        0

 COOLING
  YESTERDAY        2                        17    -15       19
  MONTH TO DATE    2                        17    -15       19
  SINCE JUN 1    810                       929   -119      898
  SINCE JAN 1   1062                      1240   -178     1176
..................................................................


WIND (MPH)
  HIGHEST WIND SPEED    15   HIGHEST WIND DIRECTION    NE (40)
  HIGHEST GUST SPEED    18   HIGHEST GUST DIRECTION    NE (30)
  AVERAGE WIND SPEED     7.1


SKY COVER
  POSSIBLE SUNSHINE  MM
  AVERAGE SKY COVER 1.0


WEATHER CONDITIONS
 THE FOLLOWING WEATHER WAS RECORDED YESTERDAY.
  HEAVY RAIN
  RAIN
  LIGHT RAIN
  FOG


RELATIVE HUMIDITY (PERCENT)
 HIGHEST   100           400 AM
 LOWEST     93           200 AM
 AVERAGE    97

..........................................................


THE EL DORADO CLIMATE NORMALS FOR TODAY
                         NORMAL    RECORD    YEAR
 MAXIMUM TEMPERATURE (F)   93       106      2008
 MINIMUM TEMPERATURE (F)   71        59      1965


SUNRISE AND SUNSET
AUGUST  2 2014........SUNRISE   625 AM CDT   SUNSET   810 PM CDT
AUGUST  3 2014........SUNRISE   626 AM CDT   SUNSET   809 PM CDT


-  INDICATES NEGATIVE NUMBERS.
R  INDICATES RECORD WAS SET OR TIED.
MM INDICATES DATA IS MISSING.
T  INDICATES TRACE AMOUNT.




$$
