000
CDUS44 KSHV 280846
CLIELD


CLIMATE REPORT
NATIONAL WEATHER SERVICE SHREVEPORT, LA
245 AM CST SAT FEB 28 2015


...................................

...THE EL DORADO CLIMATE SUMMARY FOR FEBRUARY 27 2015...

CLIMATE NORMAL PERIOD 1981 TO 2010
CLIMATE RECORD PERIOD 1907 TO 2015


WEATHER ITEM   OBSERVED TIME   RECORD YEAR NORMAL DEPARTURE LAST
                VALUE   (LST)  VALUE       VALUE  FROM      YEAR
                                                  NORMAL
..................................................................
TEMPERATURE (F)
 YESTERDAY
  MAXIMUM         34    145 PM  87    1917  62    -28       53
  MINIMUM         22    703 AM  15    2002  40    -18       20
  AVERAGE         28                        51    -23       37

PRECIPITATION (IN)
  YESTERDAY        0.00          1.53 1995   0.17  -0.17     0.00
  MONTH TO DATE    1.14                      4.62  -3.48     3.41
  SINCE DEC 1      9.36                     14.10  -4.74    11.13
  SINCE JAN 1      6.03                      8.92  -2.89     4.57

SNOWFALL (IN)
  YESTERDAY        0.0
  MONTH TO DATE    T
  SINCE DEC 1      T
  SINCE JUL 1      T
  SNOW DEPTH       0

DEGREE DAYS
 HEATING
  YESTERDAY       37                        14     23       28
  MONTH TO DATE  659                       472    187      568
  SINCE DEC 1   1909                      1736    173     1999
  SINCE JUL 1   2460                      2215    245     2584

 COOLING
  YESTERDAY        0                         0      0        0
  MONTH TO DATE    0                         0      0        0
  SINCE DEC 1      0                         6     -6        8
  SINCE JAN 1      0                         2     -2        0
..................................................................


WIND (MPH)
  HIGHEST WIND SPEED    17   HIGHEST WIND DIRECTION    NE (50)
  HIGHEST GUST SPEED    25   HIGHEST GUST DIRECTION    NE (50)
  AVERAGE WIND SPEED     9.6


SKY COVER
  POSSIBLE SUNSHINE  MM
  AVERAGE SKY COVER 0.6


WEATHER CONDITIONS
 THE FOLLOWING WEATHER WAS RECORDED YESTERDAY.
  NO SIGNIFICANT WEATHER WAS OBSERVED.


RELATIVE HUMIDITY (PERCENT)
 HIGHEST    85          1200 AM
 LOWEST     51           300 PM
 AVERAGE    68

..........................................................


THE EL DORADO CLIMATE NORMALS FOR TODAY
                         NORMAL    RECORD    YEAR
 MAXIMUM TEMPERATURE (F)   63        84      1940
 MINIMUM TEMPERATURE (F)   40        17      2002


SUNRISE AND SUNSET
FEBRUARY 28 2015......SUNRISE   641 AM CST   SUNSET   607 PM CST
MARCH  1 2015.........SUNRISE   640 AM CST   SUNSET   608 PM CST


-  INDICATES NEGATIVE NUMBERS.
R  INDICATES RECORD WAS SET OR TIED.
MM INDICATES DATA IS MISSING.
T  INDICATES TRACE AMOUNT.




$$
