000
CDUS44 KSHV 250842
CLIELD


CLIMATE REPORT
NATIONAL WEATHER SERVICE SHREVEPORT, LA
242 AM CST SUN JAN 25 2015


...................................

...THE EL DORADO CLIMATE SUMMARY FOR JANUARY 24 2015...

CLIMATE NORMAL PERIOD 1981 TO 2010
CLIMATE RECORD PERIOD 1907 TO 2015


WEATHER ITEM   OBSERVED TIME   RECORD YEAR NORMAL DEPARTURE LAST
                VALUE   (LST)  VALUE       VALUE  FROM      YEAR
                                                  NORMAL
..................................................................
TEMPERATURE (F)
 YESTERDAY
  MAXIMUM         59    415 PM  82    1972  55      4       39
  MINIMUM         27    658 AM   3    1963  33     -6       18
  AVERAGE         43                        44     -1       29

PRECIPITATION (IN)
  YESTERDAY        0.00          1.85 2004   0.15  -0.15     0.00
  MONTH TO DATE    4.89                      3.25   1.64     1.16
  SINCE DEC 1      8.22                      8.43  -0.21     7.72
  SINCE JAN 1      4.89                      3.25   1.64     1.16

SNOWFALL (IN)
  YESTERDAY        0.0
  MONTH TO DATE    T
  SINCE DEC 1      T
  SINCE JUL 1      T
  SNOW DEPTH       0

DEGREE DAYS
 HEATING
  YESTERDAY       22                        21      1       36
  MONTH TO DATE  604                       513     91      601
  SINCE DEC 1   1146                      1121     25     1240
  SINCE JUL 1   1697                      1600     97     1825

 COOLING
  YESTERDAY        0                         0      0        0
  MONTH TO DATE    0                         0      0        0
  SINCE DEC 1      0                         4     -4        8
  SINCE JAN 1      0                         0      0        0
..................................................................


WIND (MPH)
  HIGHEST WIND SPEED    13   HIGHEST WIND DIRECTION    SW (220)
  HIGHEST GUST SPEED    17   HIGHEST GUST DIRECTION    SW (210)
  AVERAGE WIND SPEED     5.8


SKY COVER
  POSSIBLE SUNSHINE  MM
  AVERAGE SKY COVER 0.0


WEATHER CONDITIONS
 THE FOLLOWING WEATHER WAS RECORDED YESTERDAY.
  FOG


RELATIVE HUMIDITY (PERCENT)
 HIGHEST   100           500 AM
 LOWEST     31           400 PM
 AVERAGE    66

..........................................................


THE EL DORADO CLIMATE NORMALS FOR TODAY
                         NORMAL    RECORD    YEAR
 MAXIMUM TEMPERATURE (F)   55        83      1950
 MINIMUM TEMPERATURE (F)   33        11      1963


SUNRISE AND SUNSET
JANUARY 25 2015.......SUNRISE   711 AM CST   SUNSET   536 PM CST
JANUARY 26 2015.......SUNRISE   711 AM CST   SUNSET   537 PM CST


-  INDICATES NEGATIVE NUMBERS.
R  INDICATES RECORD WAS SET OR TIED.
MM INDICATES DATA IS MISSING.
T  INDICATES TRACE AMOUNT.




$$
