000
CDUS44 KSHV 010747
CLIELD


CLIMATE REPORT
NATIONAL WEATHER SERVICE SHREVEPORT, LA
246 AM CDT TUE SEP 1 2015


...................................

...THE EL DORADO CLIMATE SUMMARY FOR AUGUST 31 2015...

CLIMATE NORMAL PERIOD 1981 TO 2010
CLIMATE RECORD PERIOD 1907 TO 2015


WEATHER ITEM   OBSERVED TIME   RECORD YEAR NORMAL DEPARTURE LAST
                VALUE   (LST)  VALUE       VALUE  FROM      YEAR
                                                  NORMAL
..................................................................
TEMPERATURE (F)
 YESTERDAY
  MAXIMUM         95    345 PM 112    2000  91      4       89
  MINIMUM         67    540 AM  54    1915  68     -1       73
  AVERAGE         81                        79      2       81

PRECIPITATION (IN)
  YESTERDAY        0.00          2.50 1944   0.10  -0.10     0.01
  MONTH TO DATE    0.57                      3.11  -2.54     2.36
  SINCE DEC 1     35.05                     39.73  -4.68    36.68
  SINCE JAN 1     31.72                     34.55  -2.83    30.12

SNOWFALL (IN)
  YESTERDAY        0.0
  MONTH TO DATE    0.0
  SINCE JUN 1      0.0
  SINCE JUL 1      0.0
  SNOW DEPTH       0

DEGREE DAYS
 HEATING
  YESTERDAY        0                         0      0        0
  MONTH TO DATE    0                         0      0        0
  SINCE JUN 1      0                         0      0        0
  SINCE JUL 1      0                         0      0        0

 COOLING
  YESTERDAY       16                        14      2       16
  MONTH TO DATE  522                       504     18      388
  SINCE JUN 1   1533                      1416    117     1196
  SINCE JAN 1   1873                      1727    146     1448
..................................................................


WIND (MPH)
  HIGHEST WIND SPEED    13   HIGHEST WIND DIRECTION    SE (140)
  HIGHEST GUST SPEED    18   HIGHEST GUST DIRECTION    SE (150)
  AVERAGE WIND SPEED     3.2


SKY COVER
  POSSIBLE SUNSHINE  MM
  AVERAGE SKY COVER 0.0


WEATHER CONDITIONS
 THE FOLLOWING WEATHER WAS RECORDED YESTERDAY.
  FOG


RELATIVE HUMIDITY (PERCENT)
 HIGHEST    93           400 AM
 LOWEST     30           400 PM
 AVERAGE    62

..........................................................


THE EL DORADO CLIMATE NORMALS FOR TODAY
                         NORMAL    RECORD    YEAR
 MAXIMUM TEMPERATURE (F)   91       108      2000
 MINIMUM TEMPERATURE (F)   68        51      1915


SUNRISE AND SUNSET
SEPTEMBER  1 2015.....SUNRISE   645 AM CDT   SUNSET   737 PM CDT
SEPTEMBER  2 2015.....SUNRISE   646 AM CDT   SUNSET   735 PM CDT


-  INDICATES NEGATIVE NUMBERS.
R  INDICATES RECORD WAS SET OR TIED.
MM INDICATES DATA IS MISSING.
T  INDICATES TRACE AMOUNT.




$$
