000
CDUS44 KSHV 140853
CLIELD


CLIMATE REPORT
NATIONAL WEATHER SERVICE SHREVEPORT, LA
244 AM CST SUN FEB 14 2016


...................................

...THE EL DORADO CLIMATE SUMMARY FOR FEBRUARY 13 2016...

CLIMATE NORMAL PERIOD 1981 TO 2010
CLIMATE RECORD PERIOD 1907 TO 2016


WEATHER ITEM   OBSERVED TIME   RECORD YEAR NORMAL DEPARTURE LAST
                VALUE   (LST)  VALUE       VALUE  FROM      YEAR
                                                  NORMAL
..................................................................
TEMPERATURE (F)
 YESTERDAY
  MAXIMUM         51    403 PM  83    1962  59     -8       51
  MINIMUM         38    720 AM   6    1905  36      2       26
  AVERAGE         45                        47     -2       39

PRECIPITATION (IN)
  YESTERDAY        0.00          1.38 1945   0.17  -0.17     0.00
  MONTH TO DATE    0.00                      2.16  -2.16     0.35
  SINCE DEC 1     10.81                     11.64  -0.83     8.57
  SINCE JAN 1      2.75                      6.46  -3.71     5.24

SNOWFALL (IN)
  YESTERDAY        0.0
  MONTH TO DATE    0.0
  SINCE DEC 1      1.5
  SINCE JUL 1      1.5
  SNOW DEPTH       0

DEGREE DAYS
 HEATING
  YESTERDAY       20                        18      2       26
  MONTH TO DATE  220                       248    -28      263
  SINCE DEC 1   1262                      1512   -250     1513
  SINCE JUL 1   1556                      1991   -435     2064

 COOLING
  YESTERDAY        0                         0      0        0
  MONTH TO DATE    0                         0      0        0
  SINCE DEC 1     19                         6     13        0
  SINCE JAN 1      4                         2      2        0
..................................................................


WIND (MPH)
  HIGHEST WIND SPEED    20   HIGHEST WIND DIRECTION    NE (50)
  HIGHEST GUST SPEED    25   HIGHEST GUST DIRECTION     E (70)
  AVERAGE WIND SPEED     9.1


SKY COVER
  POSSIBLE SUNSHINE  MM
  AVERAGE SKY COVER 0.2


WEATHER CONDITIONS
 THE FOLLOWING WEATHER WAS RECORDED YESTERDAY.
  NO SIGNIFICANT WEATHER WAS OBSERVED.


RELATIVE HUMIDITY (PERCENT)
 HIGHEST    70           100 AM
 LOWEST     28           400 PM
 AVERAGE    49

..........................................................


THE EL DORADO CLIMATE NORMALS FOR TODAY
                         NORMAL    RECORD    YEAR
 MAXIMUM TEMPERATURE (F)   59        82      1949
 MINIMUM TEMPERATURE (F)   36         2      1905


SUNRISE AND SUNSET
FEBRUARY 14 2016......SUNRISE   656 AM CST   SUNSET   555 PM CST
FEBRUARY 15 2016......SUNRISE   655 AM CST   SUNSET   556 PM CST


-  INDICATES NEGATIVE NUMBERS.
R  INDICATES RECORD WAS SET OR TIED.
MM INDICATES DATA IS MISSING.
T  INDICATES TRACE AMOUNT.




$$
