000
CDUS44 KSHV 252135
CLIELD


CLIMATE REPORT
NATIONAL WEATHER SERVICE SHREVEPORT, LA
432 PM CDT WED MAY 25 2016


...................................

...THE EL DORADO CLIMATE SUMMARY FOR MAY 25 2016...
VALID TODAY AS OF 0400 PM LOCAL TIME.

CLIMATE NORMAL PERIOD 1981 TO 2010
CLIMATE RECORD PERIOD 1907 TO 2016


WEATHER ITEM   OBSERVED TIME   RECORD YEAR NORMAL DEPARTURE LAST
                VALUE   (LST)  VALUE       VALUE  FROM      YEAR
                                                  NORMAL
..................................................................
TEMPERATURE (F)
 TODAY
  MAXIMUM         88    254 PM  94    1918  85      3       86
  MINIMUM         73    552 AM  48    2001  63     10       62
  AVERAGE         81                        74      7       74

PRECIPITATION (IN)
  TODAY            0.00          4.05 1933   0.16  -0.16     1.16
  MONTH TO DATE    0.66                      4.11  -3.45     7.02
  SINCE DEC 1     36.20                     27.22   8.98    26.42
  SINCE JAN 1     28.14                     22.04   6.10    23.09

DEGREE DAYS
 HEATING
  TODAY            0                         0      0        0
  MONTH TO DATE   24                        16      8        6
  SINCE MAR 1    295                       442   -147      433
  SINCE JUL 1   2034                      2670   -636     2919

 COOLING
  TODAY           16                         9      7        9
  MONTH TO DATE  115                       156    -41      179
  SINCE MAR 1    209                       249    -40      280
  SINCE JAN 1    215                       255    -40      280
..................................................................


WIND (MPH)
  HIGHEST WIND SPEED    16   HIGHEST WIND DIRECTION    SE (150)
  HIGHEST GUST SPEED    20   HIGHEST GUST DIRECTION    SE (150)
  AVERAGE WIND SPEED     8.5


SKY COVER
  POSSIBLE SUNSHINE  MM
  AVERAGE SKY COVER 0.7


WEATHER CONDITIONS
 THE FOLLOWING WEATHER WAS RECORDED TODAY.
  NO SIGNIFICANT WEATHER WAS OBSERVED.


RELATIVE HUMIDITY (PERCENT)
 HIGHEST    93           300 AM
 LOWEST     63           200 PM
 AVERAGE    78

..........................................................


THE EL DORADO CLIMATE NORMALS FOR TOMORROW
                         NORMAL    RECORD    YEAR
 MAXIMUM TEMPERATURE (F)   85       101      1930
 MINIMUM TEMPERATURE (F)   63        46      1925


SUNRISE AND SUNSET
MAY 25 2016...........SUNRISE   605 AM CDT   SUNSET   811 PM CDT
MAY 26 2016...........SUNRISE   605 AM CDT   SUNSET   812 PM CDT


-  INDICATES NEGATIVE NUMBERS.
R  INDICATES RECORD WAS SET OR TIED.
MM INDICATES DATA IS MISSING.
T  INDICATES TRACE AMOUNT.




$$
