714
CDUS44 KSHV 232151
CLIELD


CLIMATE REPORT
NATIONAL WEATHER SERVICE SHREVEPORT, LA
451 PM CDT MON OCT 23 2017


...................................

...THE EL DORADO CLIMATE SUMMARY FOR OCTOBER 23 2017...
VALID TODAY AS OF 0400 PM LOCAL TIME.

CLIMATE NORMAL PERIOD 1981 TO 2010
CLIMATE RECORD PERIOD 1907 TO 2017


WEATHER ITEM   OBSERVED TIME   RECORD YEAR NORMAL DEPARTURE LAST
                VALUE   (LST)  VALUE       VALUE  FROM      YEAR
                                                  NORMAL
..................................................................
TEMPERATURE (F)
 TODAY
  MAXIMUM         76    242 PM  95    1939  74      2       76
  MINIMUM         44    547 AM  28    1952  49     -5       43
  AVERAGE         60                        62     -2       60

PRECIPITATION (IN)
  TODAY            0.00          2.37 1986   0.17  -0.17     0.00
  MONTH TO DATE    0.74                      3.84  -3.10     2.09
  SINCE DEC 1     45.64                     46.68  -1.04    60.63
  SINCE JAN 1     39.35                     41.50  -2.15    52.57

SNOWFALL (IN)
  TODAY            0.0
  MONTH TO DATE    0.0
  SINCE SEP 1      0.0
  SINCE JUL 1      0.0
  SNOW DEPTH       0

DEGREE DAYS
 HEATING
  TODAY            5                         5      0        5
  MONTH TO DATE   35                        70    -35       25
  SINCE SEP 1     38                        82    -44       25
  SINCE JUL 1     38                        82    -44       25

 COOLING
  TODAY            0                         2     -2        0
  MONTH TO DATE  134                        71     63      108
  SINCE SEP 1    450                       371     79      492
  SINCE JAN 1   2185                      2098     87     2350
..................................................................


WIND (MPH)
  HIGHEST WIND SPEED    13   HIGHEST WIND DIRECTION    SW (220)
  HIGHEST GUST SPEED    16   HIGHEST GUST DIRECTION    SW (220)
  AVERAGE WIND SPEED     5.8


SKY COVER
  POSSIBLE SUNSHINE  MM
  AVERAGE SKY COVER 0.0


WEATHER CONDITIONS
 THE FOLLOWING WEATHER WAS RECORDED TODAY.
  NO SIGNIFICANT WEATHER WAS OBSERVED.


RELATIVE HUMIDITY (PERCENT)
 HIGHEST   100           100 AM
 LOWEST     33           200 PM
 AVERAGE    67

..........................................................


THE EL DORADO CLIMATE NORMALS FOR TOMORROW
                         NORMAL    RECORD    YEAR
 MAXIMUM TEMPERATURE (F)   74        90      2003
                                             1927
 MINIMUM TEMPERATURE (F)   49        26      1917


SUNRISE AND SUNSET
OCTOBER 23 2017.......SUNRISE   722 AM CDT   SUNSET   628 PM CDT
OCTOBER 24 2017.......SUNRISE   723 AM CDT   SUNSET   627 PM CDT


-  INDICATES NEGATIVE NUMBERS.
R  INDICATES RECORD WAS SET OR TIED.
MM INDICATES DATA IS MISSING.
T  INDICATES TRACE AMOUNT.




$$
