000
CDUS44 KEPZ 250927
CLIELP


CLIMATE REPORT
NATIONAL WEATHER SERVICE EL PASO, TX
326 AM MDT SUN SEP 25 2016


...................................

...THE EL PASO CLIMATE SUMMARY FOR SEPTEMBER 24 2016...

CLIMATE NORMAL PERIOD 1981 TO 2010
CLIMATE RECORD PERIOD 1879 TO 2016


WEATHER ITEM   OBSERVED TIME   RECORD YEAR NORMAL DEPARTURE LAST
                VALUE   (LST)  VALUE       VALUE  FROM      YEAR
                                                  NORMAL
..................................................................
TEMPERATURE (F)
 YESTERDAY
  MAXIMUM         84    329 PM  97    1982  85     -1       90
  MINIMUM         64   1159 PM  45    1975  60      4       67
  AVERAGE         74                        73      1       79

PRECIPITATION (IN)
  YESTERDAY        0.00          1.38 1936   0.04  -0.04      T
  MONTH TO DATE    1.16                      1.28  -0.12     0.33
  SINCE SEP 1      1.16                      1.28  -0.12     0.33
  SINCE JAN 1      7.13                      7.60  -0.47     7.48

SNOWFALL (IN)
  YESTERDAY        0.0                                       0.0
  MONTH TO DATE    0.0                                       0.0
  SINCE SEP 1      0.0                                       0.0
  SINCE JUL 1      T                                         0.0
  SNOW DEPTH       0

DEGREE DAYS
 HEATING
  YESTERDAY        0                         0      0        0
  MONTH TO DATE    0                         0      0        0
  SINCE SEP 1      0                         0      0        0
  SINCE JUL 1      0                         0      0        0

 COOLING
  YESTERDAY        9                         8      1       14
  MONTH TO DATE  334                       275     59      401
  SINCE SEP 1    334                       275     59      401
  SINCE JAN 1   2558                      2204    354     2618
..................................................................


WIND (MPH)
  HIGHEST WIND SPEED    20   HIGHEST WIND DIRECTION     W (250)
  HIGHEST GUST SPEED    26   HIGHEST GUST DIRECTION     W (280)
  AVERAGE WIND SPEED     7.5


SKY COVER
  POSSIBLE SUNSHINE  MM
  AVERAGE SKY COVER 0.3


WEATHER CONDITIONS
 THE FOLLOWING WEATHER WAS RECORDED YESTERDAY.
  NO SIGNIFICANT WEATHER WAS OBSERVED.


RELATIVE HUMIDITY (PERCENT)
 HIGHEST    52           700 AM
 LOWEST     20           500 PM
 AVERAGE    36

..........................................................


THE EL PASO CLIMATE NORMALS FOR TODAY
                         NORMAL    RECORD    YEAR
 MAXIMUM TEMPERATURE (F)   85        96      1977
 MINIMUM TEMPERATURE (F)   60        45      1889


SUNRISE AND SUNSET
SEPTEMBER 25 2016.....SUNRISE   656 AM MDT   SUNSET   658 PM MDT
SEPTEMBER 26 2016.....SUNRISE   657 AM MDT   SUNSET   656 PM MDT


-  INDICATES NEGATIVE NUMBERS.
R  INDICATES RECORD WAS SET OR TIED.
MM INDICATES DATA IS MISSING.
T  INDICATES TRACE AMOUNT.




$$
