000
CDUS44 KEPZ 220926
CLIELP


CLIMATE REPORT
NATIONAL WEATHER SERVICE EL PASO, TX
225 AM MST SAT NOV 22 2014


...................................

...THE EL PASO CLIMATE SUMMARY FOR NOVEMBER 21 2014...

CLIMATE NORMAL PERIOD 1981 TO 2010
CLIMATE RECORD PERIOD 1879 TO 2014


WEATHER ITEM   OBSERVED TIME   RECORD YEAR NORMAL DEPARTURE LAST
                VALUE   (LST)  VALUE       VALUE  FROM      YEAR
                                                  NORMAL
..................................................................
TEMPERATURE (F)
 YESTERDAY
  MAXIMUM         69    327 PM  83    1897  64      5       74
  MINIMUM         40    501 AM  20    1906  38      2       53
  AVERAGE         55                        51      4       64

PRECIPITATION (IN)
  YESTERDAY        0.00          0.52 1916   0.02  -0.02     0.00
  MONTH TO DATE    0.09                      0.34  -0.25      T
  SINCE SEP 1      5.30                      2.46   2.84     3.85
  SINCE JAN 1      8.43                      8.78  -0.35     9.15

SNOWFALL (IN)
  YESTERDAY        0.0                                       0.0
  MONTH TO DATE    0.0                                       0.0
  SINCE SEP 1      0.0                                       0.0
  SINCE JUL 1      0.0                                        T
  SNOW DEPTH       0

DEGREE DAYS
 HEATING
  YESTERDAY       10                        14     -4        1
  MONTH TO DATE  238                       214     24      122
  SINCE SEP 1    243                       297    -54      180
  SINCE JUL 1    243                       297    -54      180

 COOLING
  YESTERDAY        0                         0      0        0
  MONTH TO DATE    6                         0      6        1
  SINCE SEP 1    452                       399     53      417
  SINCE JAN 1   2671                      2328    343     2695
..................................................................


WIND (MPH)
  HIGHEST WIND SPEED    14   HIGHEST WIND DIRECTION    NW (330)
  HIGHEST GUST SPEED    16   HIGHEST GUST DIRECTION     N (340)
  AVERAGE WIND SPEED     3.6


SKY COVER
  POSSIBLE SUNSHINE  MM
  AVERAGE SKY COVER 0.7


WEATHER CONDITIONS
 THE FOLLOWING WEATHER WAS RECORDED YESTERDAY.
  NO SIGNIFICANT WEATHER WAS OBSERVED.


RELATIVE HUMIDITY (PERCENT)
 HIGHEST    46           700 AM
 LOWEST     19          1200 PM
 AVERAGE    33

..........................................................


THE EL PASO CLIMATE NORMALS FOR TODAY
                         NORMAL    RECORD    YEAR
 MAXIMUM TEMPERATURE (F)   63        80      1897
 MINIMUM TEMPERATURE (F)   38        20      1979
                                             1898


SUNRISE AND SUNSET
NOVEMBER 22 2014......SUNRISE   640 AM MST   SUNSET   503 PM MST
NOVEMBER 23 2014......SUNRISE   641 AM MST   SUNSET   503 PM MST


-  INDICATES NEGATIVE NUMBERS.
R  INDICATES RECORD WAS SET OR TIED.
MM INDICATES DATA IS MISSING.
T  INDICATES TRACE AMOUNT.




$$
