000
CDUS44 KEPZ 300937
CLIELP


CLIMATE REPORT
NATIONAL WEATHER SERVICE EL PASO, TX
333 AM MDT MON MAR 30 2015


...................................

...THE EL PASO CLIMATE SUMMARY FOR MARCH 29 2015...

CLIMATE NORMAL PERIOD 1981 TO 2010
CLIMATE RECORD PERIOD 1879 TO 2015


WEATHER ITEM   OBSERVED TIME   RECORD YEAR NORMAL DEPARTURE LAST
                VALUE   (LST)  VALUE       VALUE  FROM      YEAR
                                                  NORMAL
..................................................................
TEMPERATURE (F)
 YESTERDAY
  MAXIMUM         88R   310 PM  88    1943  74     14       78
  MINIMUM         51    629 AM  24    1987  46      5       44
  AVERAGE         70                        60     10       61

PRECIPITATION (IN)
  YESTERDAY        0.00          0.28 1886   0.01  -0.01     0.00
  MONTH TO DATE    0.61                      0.25   0.36     0.18
  SINCE MAR 1      0.61                      0.25   0.36     0.18
  SINCE JAN 1      1.49                      1.11   0.38     0.18

SNOWFALL (IN)
  YESTERDAY        0.0                                       0.0
  MONTH TO DATE    0.0                                       0.0
  SINCE MAR 1      0.0                                       0.0
  SINCE JUL 1      T                                          T
  SNOW DEPTH       0

DEGREE DAYS
 HEATING
  YESTERDAY        0                         6     -6        4
  MONTH TO DATE  188                       259    -71      177
  SINCE MAR 1    188                       259    -71      177
  SINCE JUL 1   2011                      2362   -351     1965

 COOLING
  YESTERDAY        5                         1      4        0
  MONTH TO DATE   17                         4     13       11
  SINCE MAR 1     17                         4     13       11
  SINCE JAN 1     18                         4     14       18
..................................................................


WIND (MPH)
  HIGHEST WIND SPEED    23   HIGHEST WIND DIRECTION     W (290)
  HIGHEST GUST SPEED    33   HIGHEST GUST DIRECTION     W (290)
  AVERAGE WIND SPEED     7.0


SKY COVER
  POSSIBLE SUNSHINE  MM
  AVERAGE SKY COVER 0.4


WEATHER CONDITIONS
 THE FOLLOWING WEATHER WAS RECORDED YESTERDAY.
  NO SIGNIFICANT WEATHER WAS OBSERVED.


RELATIVE HUMIDITY (PERCENT)
 HIGHEST    22           700 AM
 LOWEST      5           200 AM
 AVERAGE    14

..........................................................


THE EL PASO CLIMATE NORMALS FOR TODAY
                         NORMAL    RECORD    YEAR
 MAXIMUM TEMPERATURE (F)   74        86      2010
                                             1893
 MINIMUM TEMPERATURE (F)   46        16      1987


SUNRISE AND SUNSET
MARCH 30 2015.........SUNRISE   657 AM MDT   SUNSET   724 PM MDT
MARCH 31 2015.........SUNRISE   656 AM MDT   SUNSET   724 PM MDT


-  INDICATES NEGATIVE NUMBERS.
R  INDICATES RECORD WAS SET OR TIED.
MM INDICATES DATA IS MISSING.
T  INDICATES TRACE AMOUNT.




$$
