000
CDUS44 KEPZ 260928
CLIELP


CLIMATE REPORT
NATIONAL WEATHER SERVICE EL PASO, TX
326 AM MDT WED JUL 26 2017


...................................

...THE EL PASO CLIMATE SUMMARY FOR JULY 25 2017...

CLIMATE NORMAL PERIOD 1981 TO 2010
CLIMATE RECORD PERIOD 1879 TO 2017


WEATHER ITEM   OBSERVED TIME   RECORD YEAR NORMAL DEPARTURE LAST
                VALUE   (LST)  VALUE       VALUE  FROM      YEAR
                                                  NORMAL
..................................................................
TEMPERATURE (F)
 YESTERDAY
  MAXIMUM         96    435 PM 105    1995  94      2      100
                                      1994
  MINIMUM         71    433 AM  57    1880  71      0       79
  AVERAGE         84                        82      2       90

PRECIPITATION (IN)
  YESTERDAY        0.00          1.66 1880   0.06  -0.06     0.00
  MONTH TO DATE    2.13                      1.17   0.96     0.13
  SINCE JUN 1      3.29                      2.11   1.18     0.46
  SINCE JAN 1      4.67                      3.93   0.74     1.10

SNOWFALL (IN)
  YESTERDAY        0.0                                       0.0
  MONTH TO DATE    0.0                                       0.0
  SINCE JUN 1      0.0                                       0.0
  SINCE JUL 1      0.0                                       0.0
  SNOW DEPTH       0

DEGREE DAYS
 HEATING
  YESTERDAY        0                         0      0        0
  MONTH TO DATE    0                         0      0        0
  SINCE JUN 1      0                         0      0        0
  SINCE JUL 1      0                         0      0        0

 COOLING
  YESTERDAY       19                        17      2       25
  MONTH TO DATE  482                       448     34      615
  SINCE JUN 1   1108                       950    158     1207
  SINCE JAN 1   1662                      1327    335     1603
..................................................................


WIND (MPH)
  HIGHEST WIND SPEED    22   HIGHEST WIND DIRECTION     W (250)
  HIGHEST GUST SPEED    29   HIGHEST GUST DIRECTION    SW (240)
  AVERAGE WIND SPEED     6.9


SKY COVER
  POSSIBLE SUNSHINE  MM
  AVERAGE SKY COVER 0.5


WEATHER CONDITIONS
 THE FOLLOWING WEATHER WAS RECORDED YESTERDAY.
  NO SIGNIFICANT WEATHER WAS OBSERVED.


RELATIVE HUMIDITY (PERCENT)
 HIGHEST    79           400 AM
 LOWEST     30           400 PM
 AVERAGE    55

..........................................................


THE EL PASO CLIMATE NORMALS FOR TODAY
                         NORMAL    RECORD    YEAR
 MAXIMUM TEMPERATURE (F)   94       106      1995
                                             1980
 MINIMUM TEMPERATURE (F)   71        58      1880


SUNRISE AND SUNSET
JULY 26 2017..........SUNRISE   618 AM MDT   SUNSET   806 PM MDT
JULY 27 2017..........SUNRISE   618 AM MDT   SUNSET   806 PM MDT


-  INDICATES NEGATIVE NUMBERS.
R  INDICATES RECORD WAS SET OR TIED.
MM INDICATES DATA IS MISSING.
T  INDICATES TRACE AMOUNT.




$$
