000
CDUS44 KEPZ 310927
CLIELP


CLIMATE REPORT
NATIONAL WEATHER SERVICE EL PASO, TX
326 AM MDT THU JUL 31 2014


...................................

...THE EL PASO CLIMATE SUMMARY FOR JULY 30 2014...

CLIMATE NORMAL PERIOD 1981 TO 2010
CLIMATE RECORD PERIOD 1879 TO 2014


WEATHER ITEM   OBSERVED TIME   RECORD YEAR NORMAL DEPARTURE LAST
                VALUE   (LST)  VALUE       VALUE  FROM      YEAR
                                                  NORMAL
..................................................................
TEMPERATURE (F)
 YESTERDAY
  MAXIMUM        101    323 PM 103    1980  93      8       98
                                      1944
  MINIMUM         71    528 AM  62    1974  71      0       77
  AVERAGE         86                        82      4       88

PRECIPITATION (IN)
  YESTERDAY        0.01          0.72 1931   0.07  -0.06     0.47
  MONTH TO DATE    0.65                      1.48  -0.83     3.13
  SINCE JUN 1      0.66                      2.42  -1.76     3.29
  SINCE JAN 1      1.30                      4.24  -2.94     4.18

SNOWFALL (IN)
  YESTERDAY        0.0                                       0.0
  MONTH TO DATE    0.0                                       0.0
  SINCE JUN 1      0.0                                       0.0
  SINCE JUL 1      0.0                                       0.0
  SNOW DEPTH       0

DEGREE DAYS
 HEATING
  YESTERDAY        0                         0      0        0
  MONTH TO DATE    0                         0      0        0
  SINCE JUN 1      0                         0      0        0
  SINCE JUL 1      0                         0      0        0

 COOLING
  YESTERDAY       21                        17      4       23
  MONTH TO DATE  606                       533     73      524
  SINCE JUN 1   1299                      1035    264     1187
  SINCE JAN 1   1726                      1412    314     1695
..................................................................


WIND (MPH)
  HIGHEST WIND SPEED    24   HIGHEST WIND DIRECTION     N (10)
  HIGHEST GUST SPEED    30   HIGHEST GUST DIRECTION     N (350)
  AVERAGE WIND SPEED     6.9


SKY COVER
  POSSIBLE SUNSHINE  MM
  AVERAGE SKY COVER 0.4


WEATHER CONDITIONS
 THE FOLLOWING WEATHER WAS RECORDED YESTERDAY.
  THUNDERSTORM
  LIGHT RAIN


RELATIVE HUMIDITY (PERCENT)
 HIGHEST    79           100 AM
 LOWEST     17           400 PM
 AVERAGE    48

..........................................................


THE EL PASO CLIMATE NORMALS FOR TODAY
                         NORMAL    RECORD    YEAR
 MAXIMUM TEMPERATURE (F)   93       104      1972
                                             1944
 MINIMUM TEMPERATURE (F)   71        60      1925


SUNRISE AND SUNSET
JULY 31 2014..........SUNRISE   621 AM MDT   SUNSET   803 PM MDT
AUGUST  1 2014........SUNRISE   621 AM MDT   SUNSET   802 PM MDT


-  INDICATES NEGATIVE NUMBERS.
R  INDICATES RECORD WAS SET OR TIED.
MM INDICATES DATA IS MISSING.
T  INDICATES TRACE AMOUNT.




$$
