000
CDUS44 KEPZ 172327
CLIELP


CLIMATE REPORT
NATIONAL WEATHER SERVICE EL PASO, TX
525 PM MDT FRI APR 17 2015


...................................

...THE EL PASO CLIMATE SUMMARY FOR APRIL 17 2015...
VALID TODAY AS OF 0500 PM LOCAL TIME.

CLIMATE NORMAL PERIOD 1981 TO 2010
CLIMATE RECORD PERIOD 1879 TO 2015


WEATHER ITEM   OBSERVED TIME   RECORD YEAR NORMAL DEPARTURE LAST
                VALUE   (LST)  VALUE       VALUE  FROM      YEAR
                                                  NORMAL
..................................................................
TEMPERATURE (F)
 TODAY
  MAXIMUM         71    359 PM  94    1948  79     -8       82
  MINIMUM         43    408 AM  34    1901  51     -8       53

PRECIPITATION (IN)
  TODAY            0.00                      0.01  -0.01     0.00
  MONTH TO DATE    0.24                      0.13   0.11      T
  SINCE MAR 1      0.85                      0.39   0.46     0.18
  SINCE JAN 1      1.73                      1.25   0.48     0.18

SNOWFALL (IN)
  TODAY            0.0                                       0.0
  MONTH TO DATE    0.0                                       0.0
  SINCE JUL 1      T                                          T

..................................................................


WIND (MPH)
  HIGHEST WIND SPEED    26   HIGHEST WIND DIRECTION     W (260)
  HIGHEST GUST SPEED    33   HIGHEST GUST DIRECTION     W (260)


SKY COVER
  AVERAGE SKY COVER 0.1


WEATHER CONDITIONS
 THE FOLLOWING WEATHER WAS RECORDED TODAY.
  NO SIGNIFICANT WEATHER WAS OBSERVED.


RELATIVE HUMIDITY (PERCENT)
 HIGHEST    21           500 AM
 LOWEST      6           400 PM

..........................................................


THE EL PASO CLIMATE NORMALS FOR TOMORROW
                         NORMAL    RECORD    YEAR
 MAXIMUM TEMPERATURE (F)   79        94      1989
 MINIMUM TEMPERATURE (F)   51        33      1901


SUNRISE AND SUNSET
APRIL 17 2015.........SUNRISE   635 AM MDT   SUNSET   736 PM MDT
APRIL 18 2015.........SUNRISE   634 AM MDT   SUNSET   737 PM MDT


-  INDICATES NEGATIVE NUMBERS.
R  INDICATES RECORD WAS SET OR TIED.
MM INDICATES DATA IS MISSING.
T  INDICATES TRACE AMOUNT.




$$
