000
CDUS44 KEPZ 280932
CLIELP


CLIMATE REPORT
NATIONAL WEATHER SERVICE EL PASO, TX
231 AM MST SAT FEB 28 2015


...................................

...THE EL PASO CLIMATE SUMMARY FOR FEBRUARY 27 2015...

CLIMATE NORMAL PERIOD 1981 TO 2010
CLIMATE RECORD PERIOD 1879 TO 2015


WEATHER ITEM   OBSERVED TIME   RECORD YEAR NORMAL DEPARTURE LAST
                VALUE   (LST)  VALUE       VALUE  FROM      YEAR
                                                  NORMAL
..................................................................
TEMPERATURE (F)
 YESTERDAY
  MAXIMUM         46    418 PM  85    1904  66    -20       76
  MINIMUM         29   1159 PM  20    1974  40    -11       51
  AVERAGE         38                        53    -15       64

PRECIPITATION (IN)
  YESTERDAY        0.00          0.30 1944   0.02  -0.02     0.00
  MONTH TO DATE    0.03                      0.45  -0.42      T
  SINCE DEC 1      1.00                      1.63  -0.63     0.26
  SINCE JAN 1      0.88                      0.85   0.03      T

SNOWFALL (IN)
  YESTERDAY        0.0                                       0.0
  MONTH TO DATE    0.0                                       0.0
  SINCE DEC 1      T                                          T
  SINCE JUL 1      T                                          T
  SNOW DEPTH       0

DEGREE DAYS
 HEATING
  YESTERDAY       27                        12     15        1
  MONTH TO DATE  313                       406    -93      232
  SINCE DEC 1   1443                      1649   -206     1404
  SINCE JUL 1   1806                      2091   -285     1788

 COOLING
  YESTERDAY        0                         0      0        0
  MONTH TO DATE    1                         0      1        6
  SINCE DEC 1      1                         0      1        6
  SINCE JAN 1      1                         0      1        6
..................................................................


WIND (MPH)
  HIGHEST WIND SPEED    16   HIGHEST WIND DIRECTION     E (110)
  HIGHEST GUST SPEED    24   HIGHEST GUST DIRECTION     E (90)
  AVERAGE WIND SPEED     9.4


SKY COVER
  POSSIBLE SUNSHINE  MM
  AVERAGE SKY COVER 0.6


WEATHER CONDITIONS
 THE FOLLOWING WEATHER WAS RECORDED YESTERDAY.
  NO SIGNIFICANT WEATHER WAS OBSERVED.


RELATIVE HUMIDITY (PERCENT)
 HIGHEST    72           800 AM
 LOWEST     38           300 PM
 AVERAGE    55

..........................................................


THE EL PASO CLIMATE NORMALS FOR TODAY
                         NORMAL    RECORD    YEAR
 MAXIMUM TEMPERATURE (F)   66        83      2006
 MINIMUM TEMPERATURE (F)   40        21      1922


SUNRISE AND SUNSET
FEBRUARY 28 2015......SUNRISE   634 AM MST   SUNSET   603 PM MST
MARCH  1 2015.........SUNRISE   633 AM MST   SUNSET   603 PM MST


-  INDICATES NEGATIVE NUMBERS.
R  INDICATES RECORD WAS SET OR TIED.
MM INDICATES DATA IS MISSING.
T  INDICATES TRACE AMOUNT.




$$
