000
CDUS44 KEPZ 202327
CLIELP


CLIMATE REPORT
NATIONAL WEATHER SERVICE EL PASO, TX
426 PM MST SAT JAN 20 2018


...................................

...THE EL PASO CLIMATE SUMMARY FOR JANUARY 20 2018...
VALID TODAY AS OF 0400 PM LOCAL TIME.

CLIMATE NORMAL PERIOD 1981 TO 2010
CLIMATE RECORD PERIOD 1879 TO 2018


WEATHER ITEM   OBSERVED TIME   RECORD YEAR NORMAL DEPARTURE LAST
                VALUE   (LST)  VALUE       VALUE  FROM      YEAR
                                                  NORMAL
..................................................................
TEMPERATURE (F)
 TODAY
  MAXIMUM         70    330 PM  73    1971  58     12       60
  MINIMUM         33    719 AM  16    1918  33      0       38

PRECIPITATION (IN)
  TODAY            0.00                      0.01  -0.01     0.03
  MONTH TO DATE    0.10                      0.25  -0.15     0.79
  SINCE DEC 1      0.78                      1.03  -0.25     1.65
  SINCE JAN 1      0.10                      0.25  -0.15     0.79

SNOWFALL (IN)
  TODAY            0.0                                       0.0
  MONTH TO DATE    0.0                                       0.0
  SINCE JUL 1      0.1                                        T

..................................................................


WIND (MPH)
  HIGHEST WIND SPEED    22   HIGHEST WIND DIRECTION     W (250)
  HIGHEST GUST SPEED    24   HIGHEST GUST DIRECTION     W (250)


SKY COVER
  AVERAGE SKY COVER 0.2


WEATHER CONDITIONS
 THE FOLLOWING WEATHER WAS RECORDED TODAY.
  HAZE


RELATIVE HUMIDITY (PERCENT)
 HIGHEST    52           700 AM
 LOWEST     16           400 PM

..........................................................


THE EL PASO CLIMATE NORMALS FOR TOMORROW
                         NORMAL    RECORD    YEAR
 MAXIMUM TEMPERATURE (F)   58        78      1974
 MINIMUM TEMPERATURE (F)   33         8      1883


SUNRISE AND SUNSET
JANUARY 20 2018.......SUNRISE   705 AM MST   SUNSET   529 PM MST
JANUARY 21 2018.......SUNRISE   704 AM MST   SUNSET   530 PM MST


-  INDICATES NEGATIVE NUMBERS.
R  INDICATES RECORD WAS SET OR TIED.
MM INDICATES DATA IS MISSING.
T  INDICATES TRACE AMOUNT.




$$
