000
CDUS44 KEPZ 300929
CLIELP


CLIMATE REPORT
NATIONAL WEATHER SERVICE EL PASO, TX
328 AM MDT TUE JUN 30 2015


...................................

...THE EL PASO CLIMATE SUMMARY FOR JUNE 29 2015...

CLIMATE NORMAL PERIOD 1981 TO 2010
CLIMATE RECORD PERIOD 1879 TO 2015


WEATHER ITEM   OBSERVED TIME   RECORD YEAR NORMAL DEPARTURE LAST
                VALUE   (LST)  VALUE       VALUE  FROM      YEAR
                                                  NORMAL
..................................................................
TEMPERATURE (F)
 YESTERDAY
  MAXIMUM         99    258 PM 111    1994  97      2      106
  MINIMUM         71   1121 PM  55    1983  71      0       81
  AVERAGE         85                        84      1       94

PRECIPITATION (IN)
  YESTERDAY        0.02          1.30 1940   0.05  -0.03     0.00
  MONTH TO DATE    0.18                      0.90  -0.72     0.01
  SINCE JUN 1      0.18                      0.90  -0.72     0.01
  SINCE JAN 1      2.72                      2.72   0.00     0.65

SNOWFALL (IN)
  YESTERDAY        0.0                                       0.0
  MONTH TO DATE    0.0                                       0.0
  SINCE JUN 1      0.0                                       0.0
  SINCE JUL 1      T                                          T
  SNOW DEPTH       0

DEGREE DAYS
 HEATING
  YESTERDAY        0                         0      0        0
  MONTH TO DATE    0                         0      0        0
  SINCE JUN 1      0                         0      0        0
  SINCE JUL 1   2064                      2474   -410     2049

 COOLING
  YESTERDAY       20                        18      2       29
  MONTH TO DATE  575                       483     92      666
  SINCE JUN 1    575                       483     92      666
  SINCE JAN 1    946                       860     86     1093
..................................................................


WIND (MPH)
  HIGHEST WIND SPEED    33   HIGHEST WIND DIRECTION     E (70)
  HIGHEST GUST SPEED    44   HIGHEST GUST DIRECTION     E (70)
  AVERAGE WIND SPEED     6.4


SKY COVER
  POSSIBLE SUNSHINE  MM
  AVERAGE SKY COVER 0.4


WEATHER CONDITIONS
 THE FOLLOWING WEATHER WAS RECORDED YESTERDAY.
  THUNDERSTORM
  LIGHT RAIN
  FOG
  SANDSTORM


RELATIVE HUMIDITY (PERCENT)
 HIGHEST    38           600 AM
 LOWEST     17           200 PM
 AVERAGE    28

..........................................................


THE EL PASO CLIMATE NORMALS FOR TODAY
                         NORMAL    RECORD    YEAR
 MAXIMUM TEMPERATURE (F)   96       114      1994
 MINIMUM TEMPERATURE (F)   71        56      1880


SUNRISE AND SUNSET
JUNE 30 2015..........SUNRISE   603 AM MDT   SUNSET   815 PM MDT
JULY  1 2015..........SUNRISE   604 AM MDT   SUNSET   815 PM MDT


-  INDICATES NEGATIVE NUMBERS.
R  INDICATES RECORD WAS SET OR TIED.
MM INDICATES DATA IS MISSING.
T  INDICATES TRACE AMOUNT.




$$
