000
CDUS44 KEPZ 010930
CLIELP


CLIMATE REPORT
NATIONAL WEATHER SERVICE EL PASO, TX
228 AM MST SUN FEB 1 2015


...................................

...THE EL PASO CLIMATE SUMMARY FOR JANUARY 31 2015...

CLIMATE NORMAL PERIOD 1981 TO 2010
CLIMATE RECORD PERIOD 1879 TO 2015


WEATHER ITEM   OBSERVED TIME   RECORD YEAR NORMAL DEPARTURE LAST
                VALUE   (LST)  VALUE       VALUE  FROM      YEAR
                                                  NORMAL
..................................................................
TEMPERATURE (F)
 YESTERDAY
  MAXIMUM         58    256 PM  77    1890  60     -2       71
  MINIMUM         43   1233 AM  15    1949  34      9       57
  AVERAGE         51                        47      4       64

PRECIPITATION (IN)
  YESTERDAY        0.15          1.28 1896   0.01   0.14     0.00
  MONTH TO DATE    0.85                      0.40   0.45     0.00
  SINCE DEC 1      0.97                      1.18  -0.21     0.26
  SINCE JAN 1      0.85                      0.40   0.45     0.00

SNOWFALL (IN)
  YESTERDAY      0.0                                         0.0
  MONTH TO DATE    T                                         0.0
  SINCE DEC 1      T                                          T
  SINCE JUL 1      T                                          T
  SNOW DEPTH       0

DEGREE DAYS
 HEATING
  YESTERDAY       14                        18     -4        1
  MONTH TO DATE  635                       617     18      549
  SINCE DEC 1   1130                      1243   -113     1172
  SINCE JUL 1   1493                      1685   -192     1556

 COOLING
  YESTERDAY        0                         0      0        0
  MONTH TO DATE    0                         0      0        0
  SINCE DEC 1      0                         0      0        0
  SINCE JAN 1      0                         0      0        0
..................................................................


WIND (MPH)
  HIGHEST WIND SPEED    16   HIGHEST WIND DIRECTION    SW (240)
  HIGHEST GUST SPEED    19   HIGHEST GUST DIRECTION     W (250)
  AVERAGE WIND SPEED     6.3


SKY COVER
  POSSIBLE SUNSHINE  MM
  AVERAGE SKY COVER 0.7


WEATHER CONDITIONS
 THE FOLLOWING WEATHER WAS RECORDED YESTERDAY.
  HEAVY RAIN
  RAIN
  LIGHT RAIN
  FOG


RELATIVE HUMIDITY (PERCENT)
 HIGHEST    92           700 AM
 LOWEST     61           600 PM
 AVERAGE    77

..........................................................


THE EL PASO CLIMATE NORMALS FOR TODAY
                         NORMAL    RECORD    YEAR
 MAXIMUM TEMPERATURE (F)   60        77      1963
 MINIMUM TEMPERATURE (F)   34        10      1951


SUNRISE AND SUNSET
FEBRUARY  1 2015......SUNRISE   659 AM MST   SUNSET   540 PM MST
FEBRUARY  2 2015......SUNRISE   658 AM MST   SUNSET   541 PM MST


-  INDICATES NEGATIVE NUMBERS.
R  INDICATES RECORD WAS SET OR TIED.
MM INDICATES DATA IS MISSING.
T  INDICATES TRACE AMOUNT.




$$
