000
CDUS44 KEPZ 260946
CLIELP
TTAA00 KLBB 260946


CLIMATE REPORT
NATIONAL WEATHER SERVICE EL PASO, TX
346 AM MDT SUN JUN 26 2016


...................................

...THE EL PASO CLIMATE SUMMARY FOR JUNE 25 2016...

CLIMATE NORMAL PERIOD 1981 TO 2010
CLIMATE RECORD PERIOD 1879 TO 2016


WEATHER ITEM   OBSERVED TIME   RECORD YEAR NORMAL DEPARTURE LAST
                VALUE   (LST)  VALUE       VALUE  FROM      YEAR
                                                  NORMAL
..................................................................
TEMPERATURE (F)
 YESTERDAY
  MAXIMUM         99    253 PM 111    1994  97      2       93
  MINIMUM         74    553 AM  56    1983  70      4       74
  AVERAGE         87                        83      4       84

PRECIPITATION (IN)
  YESTERDAY        T             0.58 1967   0.04  -0.04     0.00
  MONTH TO DATE    0.18                      0.72  -0.54     0.07
  SINCE JUN 1      0.18                      0.72  -0.54     0.07
  SINCE JAN 1      0.82                      2.54  -1.72     2.61

SNOWFALL (IN)
  YESTERDAY        0.0                                       0.0
  MONTH TO DATE    0.0                                       0.0
  SINCE JUN 1      0.0                                       0.0
  SINCE JUL 1      8.1                                        T
  SNOW DEPTH       0

DEGREE DAYS
 HEATING
  YESTERDAY        0                         0      0        0
  MONTH TO DATE    0                         0      0        0
  SINCE JUN 1      0                         0      0        0
  SINCE JUL 1   2018                      2474   -456     2064

 COOLING
  YESTERDAY       22                        18      4       19
  MONTH TO DATE  506                       411     95      499
  SINCE JUN 1    506                       411     95      499
  SINCE JAN 1    902                       788    114      870
..................................................................


WIND (MPH)
  HIGHEST WIND SPEED    31   HIGHEST WIND DIRECTION    NE (50)
  HIGHEST GUST SPEED    39   HIGHEST GUST DIRECTION    NE (50)
  AVERAGE WIND SPEED     8.6


SKY COVER
  POSSIBLE SUNSHINE  MM
  AVERAGE SKY COVER 0.5


WEATHER CONDITIONS
 THE FOLLOWING WEATHER WAS RECORDED YESTERDAY.
  THUNDERSTORM
  LIGHT RAIN
  HAZE
  SANDSTORM


RELATIVE HUMIDITY (PERCENT)
 HIGHEST    57           600 AM
 LOWEST     18           200 PM
 AVERAGE    38

..........................................................


THE EL PASO CLIMATE NORMALS FOR TODAY
                         NORMAL    RECORD    YEAR
 MAXIMUM TEMPERATURE (F)   97       112      1994
 MINIMUM TEMPERATURE (F)   70        55      1975


SUNRISE AND SUNSET
JUNE 26 2016..........SUNRISE   602 AM MDT   SUNSET   815 PM MDT
JUNE 27 2016..........SUNRISE   602 AM MDT   SUNSET   815 PM MDT


-  INDICATES NEGATIVE NUMBERS.
R  INDICATES RECORD WAS SET OR TIED.
MM INDICATES DATA IS MISSING.
T  INDICATES TRACE AMOUNT.




$$
