000
CDUS44 KEPZ 192326
CLIELP


CLIMATE REPORT
NATIONAL WEATHER SERVICE EL PASO, TX
526 PM MDT FRI SEP 19 2014


...................................

...THE EL PASO CLIMATE SUMMARY FOR SEPTEMBER 19 2014...
VALID TODAY AS OF 0500 PM LOCAL TIME.

CLIMATE NORMAL PERIOD 1981 TO 2010
CLIMATE RECORD PERIOD 1879 TO 2014


WEATHER ITEM   OBSERVED TIME   RECORD YEAR NORMAL DEPARTURE LAST
                VALUE   (LST)  VALUE       VALUE  FROM      YEAR
                                                  NORMAL
..................................................................
TEMPERATURE (F)
 TODAY
  MAXIMUM         83    253 PM  97    1997  87     -4       86
                                      1980
                                      1930
  MINIMUM         66    426 AM  47    1991  62      4       68

PRECIPITATION (IN)
  TODAY            T                         0.05  -0.05     0.54
  MONTH TO DATE    3.71                      1.05   2.66     3.85
  SINCE SEP 1      3.71                      1.05   2.66     3.85
  SINCE JAN 1      6.84                      7.37  -0.53     9.15

..................................................................


WIND (MPH)
  HIGHEST WIND SPEED    12   HIGHEST WIND DIRECTION     W (270)
  HIGHEST GUST SPEED    14   HIGHEST GUST DIRECTION     W (260)


SKY COVER
  AVERAGE SKY COVER 0.8


WEATHER CONDITIONS
 THE FOLLOWING WEATHER WAS RECORDED TODAY.
  LIGHT RAIN


RELATIVE HUMIDITY (PERCENT)
 HIGHEST    93           200 AM
 LOWEST     47           300 PM

..........................................................


THE EL PASO CLIMATE NORMALS FOR TOMORROW
                         NORMAL    RECORD    YEAR
 MAXIMUM TEMPERATURE (F)   87        97      1973
                                             1954
 MINIMUM TEMPERATURE (F)   62        44      1971


SUNRISE AND SUNSET
SEPTEMBER 19 2014.....SUNRISE   652 AM MDT   SUNSET   706 PM MDT
SEPTEMBER 20 2014.....SUNRISE   653 AM MDT   SUNSET   705 PM MDT


-  INDICATES NEGATIVE NUMBERS.
R  INDICATES RECORD WAS SET OR TIED.
MM INDICATES DATA IS MISSING.
T  INDICATES TRACE AMOUNT.




$$
