000
CDUS44 KEPZ 280935
CLIELP


CLIMATE REPORT
NATIONAL WEATHER SERVICE EL PASO, TX
333 AM MDT SUN MAY 28 2017


...................................

...THE EL PASO CLIMATE SUMMARY FOR MAY 27 2017...

CLIMATE NORMAL PERIOD 1981 TO 2010
CLIMATE RECORD PERIOD 1879 TO 2017


WEATHER ITEM   OBSERVED TIME   RECORD YEAR NORMAL DEPARTURE LAST
                VALUE   (LST)  VALUE       VALUE  FROM      YEAR
                                                  NORMAL
..................................................................
TEMPERATURE (F)
 YESTERDAY
  MAXIMUM         94    427 PM 103    1951  91      3       84
  MINIMUM         71    548 AM  48    1903  63      8       57
  AVERAGE         83                        77      6       71

PRECIPITATION (IN)
  YESTERDAY        0.00          0.61 2005   0.02  -0.02     0.00
  MONTH TO DATE    T                         0.40  -0.40      T
  SINCE MAR 1      0.14                      0.89  -0.75     0.05
  SINCE JAN 1      1.35                      1.75  -0.40     0.58

SNOWFALL (IN)
  YESTERDAY        0.0                                       0.0
  MONTH TO DATE    0.0                                       0.0
  SINCE MAR 1      0.0                                       0.0
  SINCE JUL 1      T                                         8.1
  SNOW DEPTH       0

DEGREE DAYS
 HEATING
  YESTERDAY        0                         0      0        0
  MONTH TO DATE    2                         6     -4       14
  SINCE MAR 1    108                       368   -260      184
  SINCE JUL 1   1577                      2471   -894     2018

 COOLING
  YESTERDAY       18                        12      6        6
  MONTH TO DATE  267                       233     34      232
  SINCE MAR 1    506                       325    181      343
  SINCE JAN 1    509                       325    184      346
..................................................................


WIND (MPH)
  HIGHEST WIND SPEED    31   HIGHEST WIND DIRECTION    SW (240)
  HIGHEST GUST SPEED    39   HIGHEST GUST DIRECTION    SW (240)
  AVERAGE WIND SPEED    13.8


SKY COVER
  POSSIBLE SUNSHINE  MM
  AVERAGE SKY COVER 0.1


WEATHER CONDITIONS
 THE FOLLOWING WEATHER WAS RECORDED YESTERDAY.
  NO SIGNIFICANT WEATHER WAS OBSERVED.


RELATIVE HUMIDITY (PERCENT)
 HIGHEST    21           700 AM
 LOWEST      7           800 PM
 AVERAGE    14

..........................................................


THE EL PASO CLIMATE NORMALS FOR TODAY
                         NORMAL    RECORD    YEAR
 MAXIMUM TEMPERATURE (F)   92       104      1951
 MINIMUM TEMPERATURE (F)   63        50      1978


SUNRISE AND SUNSET
MAY 28 2017...........SUNRISE   602 AM MDT   SUNSET   804 PM MDT
MAY 29 2017...........SUNRISE   602 AM MDT   SUNSET   805 PM MDT


-  INDICATES NEGATIVE NUMBERS.
R  INDICATES RECORD WAS SET OR TIED.
MM INDICATES DATA IS MISSING.
T  INDICATES TRACE AMOUNT.




$$
