000
CDUS44 KEPZ 100926
CLIELP


CLIMATE REPORT
NATIONAL WEATHER SERVICE EL PASO, TX
325 AM MDT THU JUL 10 2014


...................................

...THE EL PASO CLIMATE SUMMARY FOR JULY 9 2014...

CLIMATE NORMAL PERIOD 1981 TO 2010
CLIMATE RECORD PERIOD 1879 TO 2014


WEATHER ITEM   OBSERVED TIME   RECORD YEAR NORMAL DEPARTURE LAST
                VALUE   (LST)  VALUE       VALUE  FROM      YEAR
                                                  NORMAL
..................................................................
TEMPERATURE (F)
 YESTERDAY
  MAXIMUM         96    342 PM 110    1979  96      0      100
  MINIMUM         74    512 AM  60    1952  71      3       77
  AVERAGE         85                        83      2       89

PRECIPITATION (IN)
  YESTERDAY        0.05          6.50 1881   0.05   0.00     0.00
  MONTH TO DATE    0.13                      0.38  -0.25     0.08
  SINCE JUN 1      0.14                      1.32  -1.18     0.24
  SINCE JAN 1      0.78                      3.14  -2.36     1.13

SNOWFALL (IN)
  YESTERDAY        0.0                                       0.0
  MONTH TO DATE    0.0                                       0.0
  SINCE JUN 1      0.0                                       0.0
  SINCE JUL 1      0.0                                       0.0
  SNOW DEPTH       0

DEGREE DAYS
 HEATING
  YESTERDAY        0                         0      0        0
  MONTH TO DATE    0                         0      0        0
  SINCE JUN 1      0                         0      0        0
  SINCE JUL 1      0                         0      0        0

 COOLING
  YESTERDAY       20                        18      2       24
  MONTH TO DATE  170                       165      5      175
  SINCE JUN 1    863                       667    196      838
  SINCE JAN 1   1290                      1044    246     1346
..................................................................


WIND (MPH)
  HIGHEST WIND SPEED    23   HIGHEST WIND DIRECTION     E (100)
  HIGHEST GUST SPEED    28   HIGHEST GUST DIRECTION     E (110)
  AVERAGE WIND SPEED     6.8


SKY COVER
  POSSIBLE SUNSHINE  MM
  AVERAGE SKY COVER 0.5


WEATHER CONDITIONS
 THE FOLLOWING WEATHER WAS RECORDED YESTERDAY.
  RAIN
  LIGHT RAIN


RELATIVE HUMIDITY (PERCENT)
 HIGHEST    50           500 AM
 LOWEST     20           400 PM
 AVERAGE    35

..........................................................


THE EL PASO CLIMATE NORMALS FOR TODAY
                         NORMAL    RECORD    YEAR
 MAXIMUM TEMPERATURE (F)   95       112      1979
 MINIMUM TEMPERATURE (F)   71        57      1985


SUNRISE AND SUNSET
JULY 10 2014..........SUNRISE   608 AM MDT   SUNSET   814 PM MDT
JULY 11 2014..........SUNRISE   608 AM MDT   SUNSET   814 PM MDT


-  INDICATES NEGATIVE NUMBERS.
R  INDICATES RECORD WAS SET OR TIED.
MM INDICATES DATA IS MISSING.
T  INDICATES TRACE AMOUNT.




$$
