000
CDUS44 KEPZ 070925
CLIELP


CLIMATE REPORT
NATIONAL WEATHER SERVICE EL PASO, TX
225 AM MST WED DEC 7 2016


...................................

...THE EL PASO CLIMATE SUMMARY FOR DECEMBER 6 2016...

CLIMATE NORMAL PERIOD 1981 TO 2010
CLIMATE RECORD PERIOD 1879 TO 2016


WEATHER ITEM   OBSERVED TIME   RECORD YEAR NORMAL DEPARTURE LAST
                VALUE   (LST)  VALUE       VALUE  FROM      YEAR
                                                  NORMAL
..................................................................
TEMPERATURE (F)
 YESTERDAY
  MAXIMUM         64    137 PM  77    1901  59      5       64
  MINIMUM         44    710 AM  18    2011  34     10       37
  AVERAGE         54                        46      8       51

PRECIPITATION (IN)
  YESTERDAY        0.00          0.48 1942   0.02  -0.02     0.00
  MONTH TO DATE    0.24                      0.14   0.10     0.00
  SINCE DEC 1      0.24                      0.14   0.10     0.00
  SINCE JAN 1      8.72                      9.07  -0.35    11.00

SNOWFALL (IN)
  YESTERDAY        0.0                                       0.0
  MONTH TO DATE    0.0                                       0.0
  SINCE DEC 1      0.0                                       0.0
  SINCE JUL 1      T                                          T
  SNOW DEPTH       0

DEGREE DAYS
 HEATING
  YESTERDAY       11                        19     -8       14
  MONTH TO DATE  104                       110     -6      105
  SINCE DEC 1    104                       110     -6      105
  SINCE JUL 1    346                       552   -206      440

 COOLING
  YESTERDAY        0                         0      0        0
  MONTH TO DATE    0                         0      0        0
  SINCE DEC 1      0                         0      0        0
  SINCE JAN 1   2811                      2331    480     2839
..................................................................


WIND (MPH)
  HIGHEST WIND SPEED    21   HIGHEST WIND DIRECTION    SW (230)
  HIGHEST GUST SPEED    25   HIGHEST GUST DIRECTION    SW (240)
  AVERAGE WIND SPEED     9.0


SKY COVER
  POSSIBLE SUNSHINE  MM
  AVERAGE SKY COVER 0.5


WEATHER CONDITIONS
 THE FOLLOWING WEATHER WAS RECORDED YESTERDAY.
  NO SIGNIFICANT WEATHER WAS OBSERVED.


RELATIVE HUMIDITY (PERCENT)
 HIGHEST    58           700 AM
 LOWEST     27           300 PM
 AVERAGE    43

..........................................................


THE EL PASO CLIMATE NORMALS FOR TODAY
                         NORMAL    RECORD    YEAR
 MAXIMUM TEMPERATURE (F)   58        74      1995
 MINIMUM TEMPERATURE (F)   33        17      1953
                                             1891


SUNRISE AND SUNSET
DECEMBER  7 2016......SUNRISE   653 AM MST   SUNSET   502 PM MST
DECEMBER  8 2016......SUNRISE   654 AM MST   SUNSET   502 PM MST


-  INDICATES NEGATIVE NUMBERS.
R  INDICATES RECORD WAS SET OR TIED.
MM INDICATES DATA IS MISSING.
T  INDICATES TRACE AMOUNT.




$$
