000
CDUS44 KEPZ 280942
CLIELP


CLIMATE REPORT
NATIONAL WEATHER SERVICE EL PASO, TX
341 AM MDT SAT MAY 28 2016


...................................

...THE EL PASO CLIMATE SUMMARY FOR MAY 27 2016...

CLIMATE NORMAL PERIOD 1981 TO 2010
CLIMATE RECORD PERIOD 1879 TO 2016


WEATHER ITEM   OBSERVED TIME   RECORD YEAR NORMAL DEPARTURE LAST
                VALUE   (LST)  VALUE       VALUE  FROM      YEAR
                                                  NORMAL
..................................................................
TEMPERATURE (F)
 YESTERDAY
  MAXIMUM         84    413 PM 103    1951  91     -7       92
  MINIMUM         57    441 AM  48    1903  63     -6       57
  AVERAGE         71                        77     -6       75

PRECIPITATION (IN)
  YESTERDAY        0.00          0.61 2005   0.02  -0.02     0.00
  MONTH TO DATE    T                         0.40  -0.40     0.81
  SINCE MAR 1      0.05                      0.89  -0.84     1.66
  SINCE JAN 1      0.58                      1.75  -1.17     2.54

SNOWFALL (IN)
  YESTERDAY        0.0                                       0.0
  MONTH TO DATE    0.0                                       0.0
  SINCE MAR 1      0.0                                       0.0
  SINCE JUL 1      8.1                                        T
  SNOW DEPTH       0

DEGREE DAYS
 HEATING
  YESTERDAY        0                         0      0        0
  MONTH TO DATE   14                         6      8        0
  SINCE MAR 1    184                       368   -184      241
  SINCE JUL 1   2018                      2471   -453     2064

 COOLING
  YESTERDAY        6                        12     -6       10
  MONTH TO DATE  232                       233     -1      185
  SINCE MAR 1    343                       325     18      311
  SINCE JAN 1    346                       325     21      312
..................................................................


WIND (MPH)
  HIGHEST WIND SPEED    25   HIGHEST WIND DIRECTION     W (250)
  HIGHEST GUST SPEED    31   HIGHEST GUST DIRECTION     W (250)
  AVERAGE WIND SPEED    10.2


SKY COVER
  POSSIBLE SUNSHINE  MM
  AVERAGE SKY COVER 0.0


WEATHER CONDITIONS
 THE FOLLOWING WEATHER WAS RECORDED YESTERDAY.
  NO SIGNIFICANT WEATHER WAS OBSERVED.


RELATIVE HUMIDITY (PERCENT)
 HIGHEST    20           400 AM
 LOWEST      8           400 PM
 AVERAGE    14

..........................................................


THE EL PASO CLIMATE NORMALS FOR TODAY
                         NORMAL    RECORD    YEAR
 MAXIMUM TEMPERATURE (F)   92       104      1951
 MINIMUM TEMPERATURE (F)   63        50      1978


SUNRISE AND SUNSET
MAY 28 2016...........SUNRISE   602 AM MDT   SUNSET   804 PM MDT
MAY 29 2016...........SUNRISE   601 AM MDT   SUNSET   805 PM MDT


-  INDICATES NEGATIVE NUMBERS.
R  INDICATES RECORD WAS SET OR TIED.
MM INDICATES DATA IS MISSING.
T  INDICATES TRACE AMOUNT.




$$
