000
CDUS44 KEPZ 250930
CLIELP


CLIMATE REPORT
NATIONAL WEATHER SERVICE EL PASO, TX
329 AM MDT SAT MAR 25 2017


...................................

...THE EL PASO CLIMATE SUMMARY FOR MARCH 24 2017...

CLIMATE NORMAL PERIOD 1981 TO 2010
CLIMATE RECORD PERIOD 1879 TO 2017


WEATHER ITEM   OBSERVED TIME   RECORD YEAR NORMAL DEPARTURE LAST
                VALUE   (LST)  VALUE       VALUE  FROM      YEAR
                                                  NORMAL
..................................................................
TEMPERATURE (F)
 YESTERDAY
  MAXIMUM         74    453 PM  87    1988  72      2       69
  MINIMUM         49    655 AM  23    1898  44      5       39
  AVERAGE         62                        58      4       54

PRECIPITATION (IN)
  YESTERDAY        0.00          0.34 1958   0.01  -0.01     0.00
  MONTH TO DATE    0.00                      0.21  -0.21     0.01
  SINCE MAR 1      0.00                      0.21  -0.21     0.01
  SINCE JAN 1      1.21                      1.07   0.14     0.54

SNOWFALL (IN)
  YESTERDAY        0.0                                       0.0
  MONTH TO DATE    0.0                                       0.0
  SINCE MAR 1      0.0                                       0.0
  SINCE JUL 1      T                                         8.1
  SNOW DEPTH       0

DEGREE DAYS
 HEATING
  YESTERDAY        3                         7     -4       11
  MONTH TO DATE   49                       227   -178       85
  SINCE MAR 1     49                       227   -178       85
  SINCE JUL 1   1518                      2330   -812     1919

 COOLING
  YESTERDAY        0                         0      0        0
  MONTH TO DATE   62                         0     62       14
  SINCE MAR 1     62                         0     62       14
  SINCE JAN 1     65                         0     65       17
..................................................................


WIND (MPH)
  HIGHEST WIND SPEED    43   HIGHEST WIND DIRECTION     W (260)
  HIGHEST GUST SPEED    55   HIGHEST GUST DIRECTION     W (260)
  AVERAGE WIND SPEED    19.3


SKY COVER
  POSSIBLE SUNSHINE  MM
  AVERAGE SKY COVER 0.1


WEATHER CONDITIONS
 THE FOLLOWING WEATHER WAS RECORDED YESTERDAY.
  NO SIGNIFICANT WEATHER WAS OBSERVED.


RELATIVE HUMIDITY (PERCENT)
 HIGHEST    32           100 AM
 LOWEST     12           400 PM
 AVERAGE    22

..........................................................


THE EL PASO CLIMATE NORMALS FOR TODAY
                         NORMAL    RECORD    YEAR
 MAXIMUM TEMPERATURE (F)   73        90      2012
 MINIMUM TEMPERATURE (F)   45        30      1969


SUNRISE AND SUNSET
MARCH 25 2017.........SUNRISE   703 AM MDT   SUNSET   721 PM MDT
MARCH 26 2017.........SUNRISE   701 AM MDT   SUNSET   721 PM MDT


-  INDICATES NEGATIVE NUMBERS.
R  INDICATES RECORD WAS SET OR TIED.
MM INDICATES DATA IS MISSING.
T  INDICATES TRACE AMOUNT.




$$
