000
CDUS44 KEPZ 200929
CLIELP


CLIMATE REPORT
NATIONAL WEATHER SERVICE EL PASO, TX
328 AM MDT MON OCT 20 2014


...................................

...THE EL PASO CLIMATE SUMMARY FOR OCTOBER 19 2014...

CLIMATE NORMAL PERIOD 1981 TO 2010
CLIMATE RECORD PERIOD 1879 TO 2014


WEATHER ITEM   OBSERVED TIME   RECORD YEAR NORMAL DEPARTURE LAST
                VALUE   (LST)  VALUE       VALUE  FROM      YEAR
                                                  NORMAL
..................................................................
TEMPERATURE (F)
 YESTERDAY
  MAXIMUM         80    400 PM  88    1988  77      3       73
  MINIMUM         58    749 PM  30    1882  51      7       41
  AVERAGE         69                        64      5       57

PRECIPITATION (IN)
  YESTERDAY        0.88R         0.36 1907   0.02   0.86     0.00
  MONTH TO DATE    0.98                      0.39   0.59     0.00
  SINCE SEP 1      5.21                      1.90   3.31     3.85
  SINCE JAN 1      8.34                      8.22   0.12     9.15

SNOWFALL (IN)
  YESTERDAY        0.0                                       0.0
  MONTH TO DATE    0.0                                       0.0
  SINCE SEP 1      0.0                                       0.0
  SINCE JUL 1      0.0                                        T
  SNOW DEPTH       0

DEGREE DAYS
 HEATING
  YESTERDAY        0                         3     -3        8
  MONTH TO DATE    5                        28    -23       26
  SINCE SEP 1      5                        32    -27       26
  SINCE JUL 1      5                        32    -27       26

 COOLING
  YESTERDAY        4                         2      2        0
  MONTH TO DATE   96                        71     25       67
  SINCE SEP 1    412                       388     24      404
  SINCE JAN 1   2631                      2317    314     2682
..................................................................


WIND (MPH)
  HIGHEST WIND SPEED    44   HIGHEST WIND DIRECTION    SW (240)
  HIGHEST GUST SPEED    53   HIGHEST GUST DIRECTION    SW (240)
  AVERAGE WIND SPEED    12.0


SKY COVER
  POSSIBLE SUNSHINE  MM
  AVERAGE SKY COVER 0.8


WEATHER CONDITIONS
 THE FOLLOWING WEATHER WAS RECORDED YESTERDAY.
  THUNDERSTORM
  HEAVY RAIN
  RAIN
  LIGHT RAIN
  FOG


RELATIVE HUMIDITY (PERCENT)
 HIGHEST    87           800 PM
 LOWEST     30           400 PM
 AVERAGE    59

..........................................................


THE EL PASO CLIMATE NORMALS FOR TODAY
                         NORMAL    RECORD    YEAR
 MAXIMUM TEMPERATURE (F)   77        88      2012
                                             2007
                                             2003
 MINIMUM TEMPERATURE (F)   51        28      1882


SUNRISE AND SUNSET
OCTOBER 20 2014.......SUNRISE   713 AM MDT   SUNSET   628 PM MDT
OCTOBER 21 2014.......SUNRISE   713 AM MDT   SUNSET   627 PM MDT


-  INDICATES NEGATIVE NUMBERS.
R  INDICATES RECORD WAS SET OR TIED.
MM INDICATES DATA IS MISSING.
T  INDICATES TRACE AMOUNT.




$$
