000
CDUS45 KLKN 080932
CLIELY


CLIMATE REPORT
NATIONAL WEATHER SERVICE ELKO NV
131 AM PST MON FEB 8 2016


...................................

...THE ELY AIRPORT NV CLIMATE SUMMARY FOR FEBRUARY 7 2016...

CLIMATE NORMAL PERIOD 1981 TO 2010
CLIMATE RECORD PERIOD 1893 TO 2016


WEATHER ITEM   OBSERVED TIME   RECORD YEAR NORMAL DEPARTURE LAST
                VALUE   (LST)  VALUE       VALUE  FROM      YEAR
                                                  NORMAL
..................................................................
TEMPERATURE (F)
 YESTERDAY
  MAXIMUM         35    353 PM  63    1963  41     -6       60
  MINIMUM          4    712 AM -29    1989  14    -10       37
  AVERAGE         20                        27     -7       49

PRECIPITATION (IN)
  YESTERDAY        0.00          0.35 1990   0.03  -0.03     0.00
  MONTH TO DATE    0.05                      0.17  -0.12      T
  SINCE OCT 1      6.52                      3.16   3.36     1.48
  SINCE JAN 1      2.16                      0.87   1.29     0.31

SNOWFALL (IN)
  YESTERDAY        0.0           5.3  2009   0.3   -0.3      0.0
  MONTH TO DATE    0.3                       2.0   -1.7      0.0
  SINCE DEC 1     57.8                      19.5   38.3      6.7
  SINCE JUL 1     75.5                      29.0   46.5      7.4
  SNOW DEPTH      16

DEGREE DAYS
 HEATING
  YESTERDAY       45                        38      7       16
  MONTH TO DATE  374                       268    106      150
  SINCE DEC 1   3046                      2729    317     2197
  SINCE JUL 1   4675                      4597     78     3644

 COOLING
  YESTERDAY        0                         0      0        0
  MONTH TO DATE    0                         0      0        0
  SINCE DEC 1      0                         0      0        0
  SINCE JAN 1      0                         0      0        0
..................................................................


WIND (MPH)
  HIGHEST WIND SPEED    21   HIGHEST WIND DIRECTION     S (160)
  HIGHEST GUST SPEED    22   HIGHEST GUST DIRECTION     S (160)
  AVERAGE WIND SPEED     9.5



WEATHER CONDITIONS
 THE FOLLOWING WEATHER WAS RECORDED YESTERDAY.
  NO SIGNIFICANT WEATHER WAS OBSERVED.


RELATIVE HUMIDITY (PERCENT)
 HIGHEST    83           600 AM
 LOWEST     52           400 PM
 AVERAGE    68

..........................................................


THE ELY AIRPORT NV CLIMATE NORMALS FOR TODAY
                         NORMAL    RECORD    YEAR
 MAXIMUM TEMPERATURE (F)   41        64      1963
 MINIMUM TEMPERATURE (F)   14       -22      1989


SUNRISE AND SUNSET
FEBRUARY  8 2016......SUNRISE   640 AM PST   SUNSET   508 PM PST
FEBRUARY  9 2016......SUNRISE   639 AM PST   SUNSET   509 PM PST


-  INDICATES NEGATIVE NUMBERS.
R  INDICATES RECORD WAS SET OR TIED.
MM INDICATES DATA IS MISSING.
T  INDICATES TRACE AMOUNT.




$$
