000
CDUS45 KLKN 220928
CLIELY


CLIMATE REPORT
NATIONAL WEATHER SERVICE ELKO NV
227 AM PDT MON SEP 22 2014


...................................

...THE ELY AIRPORT NV CLIMATE SUMMARY FOR SEPTEMBER 21 2014...

CLIMATE NORMAL PERIOD 1981 TO 2010
CLIMATE RECORD PERIOD 1893 TO 2014


WEATHER ITEM   OBSERVED TIME   RECORD YEAR NORMAL DEPARTURE LAST
                VALUE   (LST)  VALUE       VALUE  FROM      YEAR
                                                  NORMAL
..................................................................
TEMPERATURE (F)
 YESTERDAY
  MAXIMUM         72    236 PM  84    1958  74     -2       77
  MINIMUM         45   1024 PM  15    1968  36      9       45
                                      1895
  AVERAGE         59                        55      4       61

PRECIPITATION (IN)
  YESTERDAY        0.34          0.36 1945   0.04   0.30     0.00
  MONTH TO DATE    0.39                      0.56  -0.17     1.69
  SINCE OCT 1     10.33                      9.49   0.84     8.94
  SINCE JAN 1      7.65                      7.20   0.45     5.84

SNOWFALL (IN)
  YESTERDAY        0.0           0.0  1893   0.0    0.0      0.0
  MONTH TO DATE    0.0                       0.1   -0.1      0.0
  SINCE SEP 1      0.0                       0.1   -0.1      0.0
  SINCE JUL 1      0.0                       0.1   -0.1      0.0
  SNOW DEPTH       0

DEGREE DAYS
 HEATING
  YESTERDAY        6                        10     -4        4
  MONTH TO DATE   45                       138    -93       81
  SINCE SEP 1     45                       138    -93       81
  SINCE JUL 1     93                       202   -109       89

 COOLING
  YESTERDAY        0                         0      0        0
  MONTH TO DATE   17                         4     13       17
  SINCE SEP 1     17                         4     13       17
  SINCE JAN 1    285                       216     69      387
..................................................................


WIND (MPH)
  HIGHEST WIND SPEED    32   HIGHEST WIND DIRECTION    SE (150)
  HIGHEST GUST SPEED    42   HIGHEST GUST DIRECTION    SE (150)
  AVERAGE WIND SPEED     5.0



WEATHER CONDITIONS
 THE FOLLOWING WEATHER WAS RECORDED YESTERDAY.
  THUNDERSTORM
  RAIN
  LIGHT RAIN
  FOG


RELATIVE HUMIDITY (PERCENT)
 HIGHEST    93           400 AM
 LOWEST     45           300 PM
 AVERAGE    69

..........................................................


THE ELY AIRPORT NV CLIMATE NORMALS FOR TODAY
                         NORMAL    RECORD    YEAR
 MAXIMUM TEMPERATURE (F)   73        85      2011
                                             1992
 MINIMUM TEMPERATURE (F)   35        15      1968


SUNRISE AND SUNSET
SEPTEMBER 22 2014.....SUNRISE   627 AM PDT   SUNSET   636 PM PDT
SEPTEMBER 23 2014.....SUNRISE   628 AM PDT   SUNSET   635 PM PDT


-  INDICATES NEGATIVE NUMBERS.
R  INDICATES RECORD WAS SET OR TIED.
MM INDICATES DATA IS MISSING.
T  INDICATES TRACE AMOUNT.




$$
