000
CDUS45 KLKN 300932
CLIELY


CLIMATE REPORT
NATIONAL WEATHER SERVICE ELKO NV
131 AM PST FRI JAN 30 2015


...................................

...THE ELY AIRPORT NV CLIMATE SUMMARY FOR JANUARY 29 2015...

CLIMATE NORMAL PERIOD 1981 TO 2010
CLIMATE RECORD PERIOD 1893 TO 2015


WEATHER ITEM   OBSERVED TIME   RECORD YEAR NORMAL DEPARTURE LAST
                VALUE   (LST)  VALUE       VALUE  FROM      YEAR
                                                  NORMAL
..................................................................
TEMPERATURE (F)
 YESTERDAY
  MAXIMUM         42    151 PM  60    1976  40      2       54
  MINIMUM         22    331 AM -25    1957  12     10       32
  AVERAGE         32                        26      6       43

PRECIPITATION (IN)
  YESTERDAY        0.04          0.41 1981   0.02   0.02     0.02
  MONTH TO DATE    0.30                      0.65  -0.35     0.06
  SINCE OCT 1      1.47                      2.94  -1.47     2.74
  SINCE JAN 1      0.30                      0.65  -0.35     0.06

SNOWFALL (IN)
  YESTERDAY        0.0           4.5  1981   0.3   -0.3      0.0
  MONTH TO DATE    0.8                       8.5   -7.7      1.2
  SINCE DEC 1      6.7                      16.9  -10.2     14.1
  SINCE JUL 1      7.4                      26.4  -19.0     27.0
  SNOW DEPTH       0

DEGREE DAYS
 HEATING
  YESTERDAY       33                        39     -6       22
  MONTH TO DATE  918                      1152   -234      956
  SINCE DEC 1   1988                      2384   -396     2280
  SINCE JUL 1   3435                      4252   -817     4045

 COOLING
  YESTERDAY        0                         0      0        0
  MONTH TO DATE    0                         0      0        0
  SINCE DEC 1      0                         0      0        0
  SINCE JAN 1      0                         0      0        0
..................................................................


WIND (MPH)
  HIGHEST WIND SPEED    13   HIGHEST WIND DIRECTION     S (180)
  HIGHEST GUST SPEED    14   HIGHEST GUST DIRECTION     S (180)
  AVERAGE WIND SPEED     2.9



WEATHER CONDITIONS
 THE FOLLOWING WEATHER WAS RECORDED YESTERDAY.
  LIGHT RAIN
  FOG


RELATIVE HUMIDITY (PERCENT)
 HIGHEST   100           200 AM
 LOWEST     65           100 PM
 AVERAGE    83

..........................................................


THE ELY AIRPORT NV CLIMATE NORMALS FOR TODAY
                         NORMAL    RECORD    YEAR
 MAXIMUM TEMPERATURE (F)   40        60      1992
 MINIMUM TEMPERATURE (F)   12       -25      2002


SUNRISE AND SUNSET
JANUARY 30 2015.......SUNRISE   648 AM PST   SUNSET   458 PM PST
JANUARY 31 2015.......SUNRISE   647 AM PST   SUNSET   459 PM PST


-  INDICATES NEGATIVE NUMBERS.
R  INDICATES RECORD WAS SET OR TIED.
MM INDICATES DATA IS MISSING.
T  INDICATES TRACE AMOUNT.




$$
