000
CDUS45 KLKN 180937
CLIELY


CLIMATE REPORT
NATIONAL WEATHER SERVICE ELKO NV
137 AM PST THU DEC 18 2014


...................................

...THE ELY AIRPORT NV CLIMATE SUMMARY FOR DECEMBER 17 2014...

CLIMATE NORMAL PERIOD 1981 TO 2010
CLIMATE RECORD PERIOD 1893 TO 2014


WEATHER ITEM   OBSERVED TIME   RECORD YEAR NORMAL DEPARTURE LAST
                VALUE   (LST)  VALUE       VALUE  FROM      YEAR
                                                  NORMAL
..................................................................
TEMPERATURE (F)
 YESTERDAY
  MAXIMUM         37    130 PM  66    1979  39     -2       54
  MINIMUM         17    424 AM -15    1965  11      6       14
  AVERAGE         27                        25      2       34

PRECIPITATION (IN)
  YESTERDAY        0.00          0.46 1910   0.02  -0.02     0.00
  MONTH TO DATE    0.36                      0.29   0.07     0.49
  SINCE OCT 1      0.80                      1.99  -1.19     2.18
  SINCE JAN 1      8.89                      9.46  -0.57     8.04

SNOWFALL (IN)
  YESTERDAY        0.0           5.0  1910   0.3   -0.3      0.0
  MONTH TO DATE    1.9                       3.9   -2.0      7.5
  SINCE DEC 1      1.9                       3.9   -2.0      7.5
  SINCE JUL 1      2.6                      13.4  -10.8     20.4
  SNOW DEPTH       1

DEGREE DAYS
 HEATING
  YESTERDAY       38                        40     -2       31
  MONTH TO DATE  505                       666   -161      794
  SINCE DEC 1    505                       666   -161      794
  SINCE JUL 1   1952                      2534   -582     2559

 COOLING
  YESTERDAY        0                         0      0        0
  MONTH TO DATE    0                         0      0        0
  SINCE DEC 1      0                         0      0        0
  SINCE JAN 1    286                       218     68      387
..................................................................


WIND (MPH)
  HIGHEST WIND SPEED    14   HIGHEST WIND DIRECTION     W (250)
  HIGHEST GUST SPEED    17   HIGHEST GUST DIRECTION     W (250)
  AVERAGE WIND SPEED     5.5



WEATHER CONDITIONS
 THE FOLLOWING WEATHER WAS RECORDED YESTERDAY.
  NO SIGNIFICANT WEATHER WAS OBSERVED.


RELATIVE HUMIDITY (PERCENT)
 HIGHEST    92           200 AM
 LOWEST     56           200 PM
 AVERAGE    74

..........................................................


THE ELY AIRPORT NV CLIMATE NORMALS FOR TODAY
                         NORMAL    RECORD    YEAR
 MAXIMUM TEMPERATURE (F)   39        62      1958
 MINIMUM TEMPERATURE (F)   10       -16      1965


SUNRISE AND SUNSET
DECEMBER 18 2014......SUNRISE   654 AM PST   SUNSET   418 PM PST
DECEMBER 19 2014......SUNRISE   654 AM PST   SUNSET   419 PM PST


-  INDICATES NEGATIVE NUMBERS.
R  INDICATES RECORD WAS SET OR TIED.
MM INDICATES DATA IS MISSING.
T  INDICATES TRACE AMOUNT.




$$
