355
CDUS45 KLKN 270033
CLIELY


CLIMATE REPORT
NATIONAL WEATHER SERVICE ELKO NV
529 PM PDT MON SEP 26 2016


...................................

...THE ELY AIRPORT NV CLIMATE SUMMARY FOR SEPTEMBER 26 2016...
VALID TODAY AS OF 500 PM LOCAL TIME.

CLIMATE NORMAL PERIOD 1981 TO 2010
CLIMATE RECORD PERIOD 1893 TO 2016


WEATHER ITEM   OBSERVED TIME   RECORD YEAR NORMAL DEPARTURE LAST
                VALUE   (LST)  VALUE       VALUE  FROM      YEAR
                                                  NORMAL
..................................................................
TEMPERATURE (F)
 TODAY
  MAXIMUM         76    333 PM  88    2010  71      5       84
  MINIMUM         32    522 AM  16    1948  34     -2       53
  AVERAGE         54                        52      2       69

PRECIPITATION (IN)
  TODAY            0.00          2.52 1982   0.03  -0.03     0.00
  MONTH TO DATE    0.69                      0.71  -0.02     0.51
  SINCE OCT 1     14.07                      9.64   4.43     6.67
  SINCE JAN 1      9.71                      7.35   2.36     5.50

SNOWFALL (IN)
  TODAY            0.0           T    2013   0.1   -0.1      0.0
  MONTH TO DATE    0.0                       0.3   -0.3      0.0
  SINCE SEP 1      0.0                       0.3   -0.3      0.0
  SINCE JUL 1      0.0                       0.3   -0.3      0.0
  SNOW DEPTH       0

DEGREE DAYS
 HEATING
  TODAY           11                        13     -2        0
  MONTH TO DATE  210                       197     13       96
  SINCE SEP 1    210                       197     13       96
  SINCE JUL 1    247                       261    -14      128

 COOLING
  TODAY            0                         0      0        4
  MONTH TO DATE   12                         4      8       20
  SINCE SEP 1     12                         4      8       20
  SINCE JAN 1    267                       216     51      324
..................................................................


WIND (MPH)
  HIGHEST WIND SPEED    15   HIGHEST WIND DIRECTION     S (170)
  HIGHEST GUST SPEED    17   HIGHEST GUST DIRECTION     S (180)



WEATHER CONDITIONS
 THE FOLLOWING WEATHER WAS RECORDED TODAY.
  NO SIGNIFICANT WEATHER WAS OBSERVED.


RELATIVE HUMIDITY (PERCENT)
 HIGHEST    75           200 AM
 LOWEST     19           200 PM
 AVERAGE    47

..........................................................


THE ELY AIRPORT NV CLIMATE NORMALS FOR TOMORROW
                         NORMAL    RECORD    YEAR
 MAXIMUM TEMPERATURE (F)   71        90      2010
 MINIMUM TEMPERATURE (F)   33        17      1948


SUNRISE AND SUNSET
SEPTEMBER 26 2016.....SUNRISE   631 AM PDT   SUNSET   629 PM PDT
SEPTEMBER 27 2016.....SUNRISE   632 AM PDT   SUNSET   627 PM PDT


-  INDICATES NEGATIVE NUMBERS.
R  INDICATES RECORD WAS SET OR TIED.
MM INDICATES DATA IS MISSING.
T  INDICATES TRACE AMOUNT.




$$
