000
CDUS45 KLKN 200930
CLIELY


CLIMATE REPORT
NATIONAL WEATHER SERVICE ELKO NV
228 AM PDT FRI OCT 20 2017


...................................

...THE ELY AIRPORT NV CLIMATE SUMMARY FOR OCTOBER 19 2017...

CLIMATE NORMAL PERIOD 1981 TO 2010
CLIMATE RECORD PERIOD 1893 TO 2017


WEATHER ITEM   OBSERVED TIME   RECORD YEAR NORMAL DEPARTURE LAST
                VALUE   (LST)  VALUE       VALUE  FROM      YEAR
                                                  NORMAL
..................................................................
TEMPERATURE (F)
 YESTERDAY
  MAXIMUM         71    138 PM  77    1974  61     10       56
  MINIMUM         34    638 AM  12    1898  27      7       15
  AVERAGE         53                        44      9       36

PRECIPITATION (IN)
  YESTERDAY        0.00          0.94 2009   0.04  -0.04     0.00
  MONTH TO DATE    0.04                      0.62  -0.58      T
  SINCE OCT 1      0.04                      0.62  -0.58      T
  SINCE JAN 1      9.14                      8.09   1.05     9.72

SNOWFALL (IN)
  YESTERDAY        0.0           3.6  1986   0.1   -0.1      0.0
  MONTH TO DATE    0.0                       1.6   -1.6       T
  SINCE SEP 1      5.0                       2.0    3.0       T
  SINCE JUL 1      5.0                       2.0    3.0       T
  SNOW DEPTH       0

DEGREE DAYS
 HEATING
  YESTERDAY       12                        21     -9       29
  MONTH TO DATE  395                       336     59      313
  SINCE SEP 1    685                       588     97      548
  SINCE JUL 1    691                       652     39      585

 COOLING
  YESTERDAY        0                         0      0        0
  MONTH TO DATE    0                         0      0        0
  SINCE SEP 1     24                         6     18       12
  SINCE JAN 1    433                       218    215      267
..................................................................


WIND (MPH)
  HIGHEST WIND SPEED    22   HIGHEST WIND DIRECTION    SE (150)
  HIGHEST GUST SPEED    29   HIGHEST GUST DIRECTION    SE (150)
  AVERAGE WIND SPEED    11.5



WEATHER CONDITIONS
 THE FOLLOWING WEATHER WAS RECORDED YESTERDAY.
  NO SIGNIFICANT WEATHER WAS OBSERVED.


RELATIVE HUMIDITY (PERCENT)
 HIGHEST    42           800 PM
 LOWEST     12          1000 AM
 AVERAGE    27

..........................................................


THE ELY AIRPORT NV CLIMATE NORMALS FOR TODAY
                         NORMAL    RECORD    YEAR
 MAXIMUM TEMPERATURE (F)   61        80      2003
 MINIMUM TEMPERATURE (F)   27         5      1996


SUNRISE AND SUNSET
OCTOBER 20 2017.......SUNRISE   655 AM PDT   SUNSET   553 PM PDT
OCTOBER 21 2017.......SUNRISE   656 AM PDT   SUNSET   552 PM PDT


-  INDICATES NEGATIVE NUMBERS.
R  INDICATES RECORD WAS SET OR TIED.
MM INDICATES DATA IS MISSING.
T  INDICATES TRACE AMOUNT.




$$
