000
CDUS45 KLKN 280940
CLIELY


CLIMATE REPORT
NATIONAL WEATHER SERVICE ELKO NV
240 AM PDT TUE JUL 28 2015


...................................

...THE ELY AIRPORT NV CLIMATE SUMMARY FOR JULY 27 2015...

CLIMATE NORMAL PERIOD 1981 TO 2010
CLIMATE RECORD PERIOD 1893 TO 2015


WEATHER ITEM   OBSERVED TIME   RECORD YEAR NORMAL DEPARTURE LAST
                VALUE   (LST)  VALUE       VALUE  FROM      YEAR
                                                  NORMAL
..................................................................
TEMPERATURE (F)
 YESTERDAY
  MAXIMUM         80    337 PM  97    1994  88     -8       92
  MINIMUM         52    320 AM  34    1993  49      3       55
  AVERAGE         66                        69     -3       74

PRECIPITATION (IN)
  YESTERDAY        0.00          0.60 1987   0.03  -0.03      T
  MONTH TO DATE    0.66                      0.53   0.13     0.16
  SINCE OCT 1      5.62                      7.92  -2.30     7.19
  SINCE JAN 1      4.45                      5.63  -1.18     4.51

SNOWFALL (IN)
  YESTERDAY        0.0           0.0  1893   0.0    0.0      0.0
  MONTH TO DATE    0.0                       0.0    0.0      0.0
  SINCE JUN 1      0.0                       0.1   -0.1       T
  SINCE JUL 1      0.0                       0.0    0.0      0.0
  SNOW DEPTH       0

DEGREE DAYS
 HEATING
  YESTERDAY        0                         0      0        0
  MONTH TO DATE   19                        20     -1        0
  SINCE JUN 1     74                       195   -121      140
  SINCE JUL 1     19                        20     -1        0

 COOLING
  YESTERDAY        1                         4     -3        9
  MONTH TO DATE   72                        94    -22      194
  SINCE JUN 1    179                       117     62      213
  SINCE JAN 1    182                       118     64      215
..................................................................


WIND (MPH)
  HIGHEST WIND SPEED    21   HIGHEST WIND DIRECTION    NW (320)
  HIGHEST GUST SPEED    28   HIGHEST GUST DIRECTION     S (180)
  AVERAGE WIND SPEED     9.7



WEATHER CONDITIONS
 THE FOLLOWING WEATHER WAS RECORDED YESTERDAY.
  NO SIGNIFICANT WEATHER WAS OBSERVED.


RELATIVE HUMIDITY (PERCENT)
 HIGHEST    32           800 AM
 LOWEST     11           400 PM
 AVERAGE    22

..........................................................


THE ELY AIRPORT NV CLIMATE NORMALS FOR TODAY
                         NORMAL    RECORD    YEAR
 MAXIMUM TEMPERATURE (F)   88        96      1995
                                             1994
 MINIMUM TEMPERATURE (F)   49        38      1948


SUNRISE AND SUNSET
JULY 28 2015..........SUNRISE   536 AM PDT   SUNSET   755 PM PDT
JULY 29 2015..........SUNRISE   537 AM PDT   SUNSET   755 PM PDT


-  INDICATES NEGATIVE NUMBERS.
R  INDICATES RECORD WAS SET OR TIED.
MM INDICATES DATA IS MISSING.
T  INDICATES TRACE AMOUNT.




$$
