000
CDUS45 KLKN 020928
CLIELY


CLIMATE REPORT
NATIONAL WEATHER SERVICE ELKO NV
226 AM PDT WED SEP 2 2015


...................................

...THE ELY AIRPORT NV CLIMATE SUMMARY FOR SEPTEMBER 1 2015...

CLIMATE NORMAL PERIOD 1981 TO 2010
CLIMATE RECORD PERIOD 1893 TO 2015


WEATHER ITEM   OBSERVED TIME   RECORD YEAR NORMAL DEPARTURE LAST
                VALUE   (LST)  VALUE       VALUE  FROM      YEAR
                                                  NORMAL
..................................................................
TEMPERATURE (F)
 YESTERDAY
  MAXIMUM         86    244 PM  93    1950  81      5       85
  MINIMUM         51    545 AM  30    1973  43      8       42
  AVERAGE         69                        62      7       64

PRECIPITATION (IN)
  YESTERDAY        0.00          0.84 1972   0.02  -0.02     0.00
  MONTH TO DATE    0.00                      0.02  -0.02     0.00
  SINCE OCT 1      6.16                      8.95  -2.79     9.94
  SINCE JAN 1      4.99                      6.66  -1.67     7.26

SNOWFALL (IN)
  YESTERDAY        0.0           0.0  1893   0.0    0.0      0.0
  MONTH TO DATE    0.0                       0.0    0.0      0.0
  SINCE SEP 1      0.0                       0.0    0.0      0.0
  SINCE JUL 1      0.0                       0.0    0.0      0.0
  SNOW DEPTH       0

DEGREE DAYS
 HEATING
  YESTERDAY        0                         3     -3        1
  MONTH TO DATE    0                         3     -3        1
  SINCE SEP 1      0                         3     -3        1
  SINCE JUL 1     32                        67    -35       49

 COOLING
  YESTERDAY        4                         1      3        0
  MONTH TO DATE    4                         1      3        0
  SINCE SEP 1      4                         1      3        0
  SINCE JAN 1    308                       213     95      268
..................................................................


WIND (MPH)
  HIGHEST WIND SPEED    25   HIGHEST WIND DIRECTION     S (200)
  HIGHEST GUST SPEED    32   HIGHEST GUST DIRECTION     S (200)
  AVERAGE WIND SPEED    12.9



WEATHER CONDITIONS
 THE FOLLOWING WEATHER WAS RECORDED YESTERDAY.
  NO SIGNIFICANT WEATHER WAS OBSERVED.


RELATIVE HUMIDITY (PERCENT)
 HIGHEST    54           500 AM
 LOWEST     12           600 PM
 AVERAGE    33

..........................................................


THE ELY AIRPORT NV CLIMATE NORMALS FOR TODAY
                         NORMAL    RECORD    YEAR
 MAXIMUM TEMPERATURE (F)   81        92      1950
 MINIMUM TEMPERATURE (F)   43        24      1973


SUNRISE AND SUNSET
SEPTEMBER  2 2015.....SUNRISE   609 AM PDT   SUNSET   709 PM PDT
SEPTEMBER  3 2015.....SUNRISE   610 AM PDT   SUNSET   707 PM PDT


-  INDICATES NEGATIVE NUMBERS.
R  INDICATES RECORD WAS SET OR TIED.
MM INDICATES DATA IS MISSING.
T  INDICATES TRACE AMOUNT.




$$
