000
CDUS45 KLKN 260031
CLIELY


CLIMATE REPORT
NATIONAL WEATHER SERVICE ELKO NV
527 PM PDT WED MAY 25 2016


...................................

...THE ELY AIRPORT NV CLIMATE SUMMARY FOR MAY 25 2016...
VALID TODAY AS OF 500 PM LOCAL TIME.

CLIMATE NORMAL PERIOD 1981 TO 2010
CLIMATE RECORD PERIOD 1893 TO 2016


WEATHER ITEM   OBSERVED TIME   RECORD YEAR NORMAL DEPARTURE LAST
                VALUE   (LST)  VALUE       VALUE  FROM      YEAR
                                                  NORMAL
..................................................................
TEMPERATURE (F)
 TODAY
  MAXIMUM         58   1229 PM  88    2001  71    -13       70
  MINIMUM         31    428 AM  22    1899  35     -4       34
  AVERAGE         45                        53     -8       52

PRECIPITATION (IN)
  TODAY            0.01          0.60 1904   0.03  -0.02     0.02
  MONTH TO DATE    0.52                      0.89  -0.37     1.54
  SINCE OCT 1     11.31                      6.51   4.80     4.26
  SINCE JAN 1      6.95                      4.22   2.73     3.09

SNOWFALL (IN)
  TODAY            0.0           2.0  1893   0.0    0.0      0.0
  MONTH TO DATE    0.0                       2.2   -2.2       T
  SINCE MAR 1     21.1                      15.7    5.4      8.7
  SINCE JUL 1    100.4                      50.6   49.8     19.7
  SNOW DEPTH       0

DEGREE DAYS
 HEATING
  TODAY           20                        12      8       13
  MONTH TO DATE  396                       377     19      401
  SINCE MAR 1   1812                      1943   -131     1756
  SINCE JUL 1   7186                      7280    -94     6000

 COOLING
  TODAY            0                         0      0        0
  MONTH TO DATE    0                         0      0        0
  SINCE MAR 1      0                         0      0        0
  SINCE JAN 1      0                         0      0        0
..................................................................


WIND (MPH)
  HIGHEST WIND SPEED    18   HIGHEST WIND DIRECTION     S (160)
  HIGHEST GUST SPEED    22   HIGHEST GUST DIRECTION     S (160)



WEATHER CONDITIONS
 THE FOLLOWING WEATHER WAS RECORDED TODAY.
  THUNDERSTORM
  LIGHT RAIN
  HAZE


RELATIVE HUMIDITY (PERCENT)
 HIGHEST   100           300 AM
 LOWEST     41           200 PM
 AVERAGE    71

..........................................................


THE ELY AIRPORT NV CLIMATE NORMALS FOR TOMORROW
                         NORMAL    RECORD    YEAR
 MAXIMUM TEMPERATURE (F)   71        88      1986
 MINIMUM TEMPERATURE (F)   36        23      1950


SUNRISE AND SUNSET
MAY 25 2016...........SUNRISE   518 AM PDT   SUNSET   755 PM PDT
MAY 26 2016...........SUNRISE   517 AM PDT   SUNSET   756 PM PDT


-  INDICATES NEGATIVE NUMBERS.
R  INDICATES RECORD WAS SET OR TIED.
MM INDICATES DATA IS MISSING.
T  INDICATES TRACE AMOUNT.




$$
