000
CDUS45 KLKN 271227
CLIELY


CLIMATE REPORT
NATIONAL WEATHER SERVICE ELKO NV
526 AM PDT WED JUL 27 2016


...................................

...THE ELY AIRPORT NV CLIMATE SUMMARY FOR JULY 26 2016...

CLIMATE NORMAL PERIOD 1981 TO 2010
CLIMATE RECORD PERIOD 1893 TO 2016


WEATHER ITEM   OBSERVED TIME   RECORD YEAR NORMAL DEPARTURE LAST
                VALUE   (LST)  VALUE       VALUE  FROM      YEAR
                                                  NORMAL
..................................................................
TEMPERATURE (F)
 YESTERDAY
  MAXIMUM         96R   232 PM  96    2016  88      8       89
                                      1943
  MINIMUM         48    459 AM  40    2005  49     -1       48
                                      1990
                                      1944
  AVERAGE         72                        69      3       69

PRECIPITATION (IN)
  YESTERDAY        0.00          0.68 1951   0.03  -0.03     0.00
  MONTH TO DATE    0.05                      0.50  -0.45     0.66
  SINCE OCT 1     12.93                      7.89   5.04     5.62
  SINCE JAN 1      8.57                      5.60   2.97     4.45

SNOWFALL (IN)
  YESTERDAY        0.0           0.0  1893   0.0    0.0      0.0
  MONTH TO DATE    0.0                       0.0    0.0      0.0
  SINCE JUN 1      0.0                       0.1   -0.1      0.0
  SINCE JUL 1      0.0                       0.0    0.0      0.0
  SNOW DEPTH       0

DEGREE DAYS
 HEATING
  YESTERDAY        0                         0      0        0
  MONTH TO DATE   17                        20     -3       19
  SINCE JUN 1     78                       195   -117       74
  SINCE JUL 1     17                        20     -3       19

 COOLING
  YESTERDAY        7                         4      3        4
  MONTH TO DATE   89                        90     -1       71
  SINCE JUN 1    144                       113     31      178
  SINCE JAN 1    144                       114     30      181
..................................................................


WIND (MPH)
  HIGHEST WIND SPEED    28   HIGHEST WIND DIRECTION     S (200)
  HIGHEST GUST SPEED    34   HIGHEST GUST DIRECTION     W (290)
  AVERAGE WIND SPEED     7.1



WEATHER CONDITIONS
 THE FOLLOWING WEATHER WAS RECORDED YESTERDAY.
  NO SIGNIFICANT WEATHER WAS OBSERVED.


RELATIVE HUMIDITY (PERCENT)
 HIGHEST    36           400 AM
 LOWEST      5           500 PM
 AVERAGE    21

..........................................................


THE ELY AIRPORT NV CLIMATE NORMALS FOR TODAY
                         NORMAL    RECORD    YEAR
 MAXIMUM TEMPERATURE (F)   88        97      1994
 MINIMUM TEMPERATURE (F)   49        34      1993


SUNRISE AND SUNSET
JULY 27 2016..........SUNRISE   536 AM PDT   SUNSET   756 PM PDT
JULY 28 2016..........SUNRISE   536 AM PDT   SUNSET   755 PM PDT


-  INDICATES NEGATIVE NUMBERS.
R  INDICATES RECORD WAS SET OR TIED.
MM INDICATES DATA IS MISSING.
T  INDICATES TRACE AMOUNT.




$$
