000
CDUS45 KLKN 250945
CLIELY


CLIMATE REPORT
NATIONAL WEATHER SERVICE ELKO NV
243 AM PDT SAT MAR 25 2017


...................................

...THE ELY AIRPORT NV CLIMATE SUMMARY FOR MARCH 24 2017...

CLIMATE NORMAL PERIOD 1981 TO 2010
CLIMATE RECORD PERIOD 1893 TO 2017


WEATHER ITEM   OBSERVED TIME   RECORD YEAR NORMAL DEPARTURE LAST
                VALUE   (LST)  VALUE       VALUE  FROM      YEAR
                                                  NORMAL
..................................................................
TEMPERATURE (F)
 YESTERDAY
  MAXIMUM         57    314 PM  72    1908  52      5       56
  MINIMUM         23    505 AM   0    1964  24     -1       19
  AVERAGE         40                        38      2       38

PRECIPITATION (IN)
  YESTERDAY        0.00          0.60 1899   0.03  -0.03     0.00
  MONTH TO DATE    0.52                      0.71  -0.19     0.38
  SINCE OCT 1      5.55                      4.45   1.10     7.92
  SINCE JAN 1      3.77                      2.16   1.61     3.56

SNOWFALL (IN)
  YESTERDAY        0.0           4.7  1995   0.3   -0.3      0.0
  MONTH TO DATE    4.5                       6.5   -2.0      2.4
  SINCE MAR 1      4.5                       6.5   -2.0      2.4
  SINCE JUL 1     54.1                      41.4   12.7     81.7
  SNOW DEPTH       0

DEGREE DAYS
 HEATING
  YESTERDAY       25                        27     -2       27
  MONTH TO DATE  550                       705   -155      579
  SINCE MAR 1    550                       705   -155      579
  SINCE JUL 1   5511                      6042   -531     5953

 COOLING
  YESTERDAY        0                         0      0        0
  MONTH TO DATE    0                         0      0        0
  SINCE MAR 1      0                         0      0        0
  SINCE JAN 1      0                         0      0        0
..................................................................


WIND (MPH)
  HIGHEST WIND SPEED    25   HIGHEST WIND DIRECTION     S (170)
  HIGHEST GUST SPEED    30   HIGHEST GUST DIRECTION     S (170)
  AVERAGE WIND SPEED    12.5



WEATHER CONDITIONS
 THE FOLLOWING WEATHER WAS RECORDED YESTERDAY.
  NO SIGNIFICANT WEATHER WAS OBSERVED.


RELATIVE HUMIDITY (PERCENT)
 HIGHEST    96           500 AM
 LOWEST     28           300 PM
 AVERAGE    62

..........................................................


THE ELY AIRPORT NV CLIMATE NORMALS FOR TODAY
                         NORMAL    RECORD    YEAR
 MAXIMUM TEMPERATURE (F)   52        70      1908
 MINIMUM TEMPERATURE (F)   24        -1      1942


SUNRISE AND SUNSET
MARCH 25 2017.........SUNRISE   634 AM PDT   SUNSET   657 PM PDT
MARCH 26 2017.........SUNRISE   633 AM PDT   SUNSET   658 PM PDT


-  INDICATES NEGATIVE NUMBERS.
R  INDICATES RECORD WAS SET OR TIED.
MM INDICATES DATA IS MISSING.
T  INDICATES TRACE AMOUNT.




$$
