000
CDUS45 KLKN 300932
CLIELY


CLIMATE REPORT
NATIONAL WEATHER SERVICE ELKO NV
232 AM PDT MON MAR 30 2015


...................................

...THE ELY AIRPORT NV CLIMATE SUMMARY FOR MARCH 29 2015...

CLIMATE NORMAL PERIOD 1981 TO 2010
CLIMATE RECORD PERIOD 1893 TO 2015


WEATHER ITEM   OBSERVED TIME   RECORD YEAR NORMAL DEPARTURE LAST
                VALUE   (LST)  VALUE       VALUE  FROM      YEAR
                                                  NORMAL
..................................................................
TEMPERATURE (F)
 YESTERDAY
  MAXIMUM         72R   200 PM  70    1968  53     19       59
  MINIMUM         24    556 AM   2    1897  24      0       34
  AVERAGE         48                        39      9       47

PRECIPITATION (IN)
  YESTERDAY        0.00          0.35 1899   0.03  -0.03     0.00
  MONTH TO DATE    0.36                      0.87  -0.51     0.19
  SINCE OCT 1      2.05                      4.61  -2.56     4.60
  SINCE JAN 1      0.88                      2.32  -1.44     1.92

SNOWFALL (IN)
  YESTERDAY        0.0           4.3  1979   0.3   -0.3      0.0
  MONTH TO DATE    5.0                       7.8   -2.8      2.0
  SINCE MAR 1      5.0                       7.8   -2.8      2.0
  SINCE JUL 1     16.0                      42.7  -26.7     41.1
  SNOW DEPTH       0

DEGREE DAYS
 HEATING
  YESTERDAY       17                        26     -9       18
  MONTH TO DATE  670                       838   -168      772
  SINCE MAR 1    670                       838   -168      772
  SINCE JUL 1   4914                      6175  -1261     5791

 COOLING
  YESTERDAY        0                         0      0        0
  MONTH TO DATE    0                         0      0        0
  SINCE MAR 1      0                         0      0        0
  SINCE JAN 1      0                         0      0        0
..................................................................


WIND (MPH)
  HIGHEST WIND SPEED    18   HIGHEST WIND DIRECTION    SE (150)
  HIGHEST GUST SPEED    30   HIGHEST GUST DIRECTION    SE (150)
  AVERAGE WIND SPEED     6.5



WEATHER CONDITIONS
 THE FOLLOWING WEATHER WAS RECORDED YESTERDAY.
  NO SIGNIFICANT WEATHER WAS OBSERVED.


RELATIVE HUMIDITY (PERCENT)
 HIGHEST    60           500 AM
 LOWEST     11           100 PM
 AVERAGE    36

..........................................................


THE ELY AIRPORT NV CLIMATE NORMALS FOR TODAY
                         NORMAL    RECORD    YEAR
 MAXIMUM TEMPERATURE (F)   54        72      1966
 MINIMUM TEMPERATURE (F)   24        -4      1897


SUNRISE AND SUNSET
MARCH 30 2015.........SUNRISE   627 AM PDT   SUNSET   701 PM PDT
MARCH 31 2015.........SUNRISE   626 AM PDT   SUNSET   702 PM PDT


-  INDICATES NEGATIVE NUMBERS.
R  INDICATES RECORD WAS SET OR TIED.
MM INDICATES DATA IS MISSING.
T  INDICATES TRACE AMOUNT.




$$
