000
CDUS43 KTOP 212134
CLIEMP


CLIMATE REPORT
NATIONAL WEATHER SERVICE TOPEKA KS
434 PM CDT SAT OCT 21 2017


...................................

...THE EMPORIA KS CLIMATE SUMMARY FOR OCTOBER 21 2017...
VALID TODAY AS OF 0400 PM LOCAL TIME.

CLIMATE NORMAL PERIOD 1981 TO 2010
CLIMATE RECORD PERIOD 9999 TO 9999


WEATHER ITEM   OBSERVED NORMAL DEPARTURE LAST
                VALUE   VALUE  FROM      YEAR
                               NORMAL
...............................................
TEMPERATURE (F)
 TODAY
  MAXIMUM         77     67     10       66
  MINIMUM         63     44     19       35
  AVERAGE         70     55     15       51

PRECIPITATION (IN)
  TODAY            T      0.11  -0.11     0.00
  MONTH TO DATE    2.52   2.06   0.46     1.21
  SINCE SEP 1      5.19   5.45  -0.26     8.88
  SINCE JAN 1     31.64  32.06  -0.42    37.47

DEGREE DAYS
 HEATING
  TODAY            0     10    -10       14
  MONTH TO DATE   68    156    -88      100
  SINCE SEP 1     82    205   -123      122
  SINCE JUL 1     82    206   -124      122

 COOLING
  TODAY            5      1      4        0
  MONTH TO DATE   66     29     37       41
  SINCE SEP 1    270    194     76      263
  SINCE JAN 1   1360   1402    -42     1599
...............................................


WIND (MPH)
  HIGHEST WIND SPEED    33   HIGHEST WIND DIRECTION     S (170)
  HIGHEST GUST SPEED    44   HIGHEST GUST DIRECTION     S (170)
  AVERAGE WIND SPEED    24.2



WEATHER CONDITIONS
 THE FOLLOWING WEATHER WAS RECORDED TODAY.
  LIGHT RAIN


RELATIVE HUMIDITY (PERCENT)
 HIGHEST    84
 LOWEST     68
 AVERAGE    76

..........................................................


THE EMPORIA KS CLIMATE NORMALS FOR TOMORROW
                         NORMAL
 MAXIMUM TEMPERATURE (F)   67
 MINIMUM TEMPERATURE (F)   43


SUNRISE AND SUNSET
OCTOBER 21 2017.......SUNRISE   740 AM CDT   SUNSET   638 PM CDT
OCTOBER 22 2017.......SUNRISE   741 AM CDT   SUNSET   637 PM CDT


-  INDICATES NEGATIVE NUMBERS.
R  INDICATES RECORD WAS SET OR TIED.
MM INDICATES DATA IS MISSING.
T  INDICATES TRACE AMOUNT.




$$
