000
CDUS43 KTOP 300632
CLIEMP


CLIMATE REPORT
NATIONAL WEATHER SERVICE TOPEKA KS
131 AM CDT MON MAR 30 2015


...................................

...THE EMPORIA KS CLIMATE SUMMARY FOR MARCH 29 2015...

CLIMATE NORMAL PERIOD 1981 TO 2010
CLIMATE RECORD PERIOD 9999 TO 9999


WEATHER ITEM   OBSERVED NORMAL DEPARTURE LAST
                VALUE   VALUE  FROM      YEAR
                               NORMAL
...............................................
TEMPERATURE (F)
 YESTERDAY
  MAXIMUM         73     63     10       60
  MINIMUM         40     38      2       27
  AVERAGE         57     50      7       44

PRECIPITATION (IN)
  YESTERDAY        0.00   0.08  -0.08     0.00
  MONTH TO DATE    0.58   2.37  -1.79     0.41
  SINCE MAR 1      0.58   2.37  -1.79     0.41
  SINCE JAN 1      1.98   4.23  -2.25     0.90

DEGREE DAYS
 HEATING
  YESTERDAY        8     15     -7       21
  MONTH TO DATE  514    579    -65      723
  SINCE MAR 1    514    579    -65      723
  SINCE JUL 1   4515   4401    114     5048

 COOLING
  YESTERDAY        0      0      0        0
  MONTH TO DATE    1      0      1        0
  SINCE MAR 1      1      0      1        0
  SINCE JAN 1      1      0      1        0
...............................................


WIND (MPH)
  HIGHEST WIND SPEED    26   HIGHEST WIND DIRECTION    NW (330)
  HIGHEST GUST SPEED    36   HIGHEST GUST DIRECTION    NW (320)
  AVERAGE WIND SPEED    12.1


SKY COVER
  AVERAGE SKY COVER 0.0


WEATHER CONDITIONS
 THE FOLLOWING WEATHER WAS RECORDED YESTERDAY.
  NO SIGNIFICANT WEATHER WAS OBSERVED.


RELATIVE HUMIDITY (PERCENT)
 HIGHEST    89
 LOWEST     26
 AVERAGE    58

..........................................................


THE EMPORIA KS CLIMATE NORMALS FOR TODAY
                         NORMAL
 MAXIMUM TEMPERATURE (F)   63
 MINIMUM TEMPERATURE (F)   38


SUNRISE AND SUNSET
MARCH 30 2015.........SUNRISE   713 AM CDT   SUNSET   746 PM CDT
MARCH 31 2015.........SUNRISE   712 AM CDT   SUNSET   747 PM CDT


-  INDICATES NEGATIVE NUMBERS.
R  INDICATES RECORD WAS SET OR TIED.
MM INDICATES DATA IS MISSING.
T  INDICATES TRACE AMOUNT.




$$
