000
CDUS43 KTOP 230634
CLIEMP


CLIMATE REPORT
NATIONAL WEATHER SERVICE TOPEKA KS
134 AM CDT TUE MAY 23 2017


...................................

...THE EMPORIA KS CLIMATE SUMMARY FOR MAY 22 2017...

CLIMATE NORMAL PERIOD 1981 TO 2010
CLIMATE RECORD PERIOD 9999 TO 9999


WEATHER ITEM   OBSERVED NORMAL DEPARTURE LAST
                VALUE   VALUE  FROM      YEAR
                               NORMAL
...............................................
TEMPERATURE (F)
 YESTERDAY
  MAXIMUM         72     78     -6       81
  MINIMUM         52     57     -5       57
  AVERAGE         62     67     -5       69

PRECIPITATION (IN)
  YESTERDAY        T      0.17  -0.17     0.00
  MONTH TO DATE    2.74   3.33  -0.59     2.21
  SINCE MAR 1     13.21   9.24   3.97    10.36
  SINCE JAN 1     14.95  11.10   3.85    11.53

DEGREE DAYS
 HEATING
  YESTERDAY        3      2      1        0
  MONTH TO DATE   79     71      8      124
  SINCE MAR 1    810    978   -168      789
  SINCE JUL 1   3901   4800   -899     3902

 COOLING
  YESTERDAY        0      4     -4        4
  MONTH TO DATE   60     53      7       14
  SINCE MAR 1    102     76     26       34
  SINCE JAN 1    102     76     26       34
...............................................


WIND (MPH)
  HIGHEST WIND SPEED    16   HIGHEST WIND DIRECTION    SW (230)
  HIGHEST GUST SPEED    22   HIGHEST GUST DIRECTION    SW (220)
  AVERAGE WIND SPEED     6.0


SKY COVER
  AVERAGE SKY COVER 0.5


WEATHER CONDITIONS
 THE FOLLOWING WEATHER WAS RECORDED YESTERDAY.
  LIGHT RAIN
  FOG


RELATIVE HUMIDITY (PERCENT)
 HIGHEST   100
 LOWEST     53
 AVERAGE    77

..........................................................


THE EMPORIA KS CLIMATE NORMALS FOR TODAY
                         NORMAL
 MAXIMUM TEMPERATURE (F)   78
 MINIMUM TEMPERATURE (F)   57


SUNRISE AND SUNSET
MAY 23 2017...........SUNRISE   607 AM CDT   SUNSET   836 PM CDT
MAY 24 2017...........SUNRISE   607 AM CDT   SUNSET   837 PM CDT


-  INDICATES NEGATIVE NUMBERS.
R  INDICATES RECORD WAS SET OR TIED.
MM INDICATES DATA IS MISSING.
T  INDICATES TRACE AMOUNT.




$$
