000
CDUS43 KTOP 250633
CLIEMP


CLIMATE REPORT
NATIONAL WEATHER SERVICE TOPEKA KS
132 AM CDT SUN JUN 25 2017


...................................

...THE EMPORIA KS CLIMATE SUMMARY FOR JUNE 24 2017...

CLIMATE NORMAL PERIOD 1981 TO 2010
CLIMATE RECORD PERIOD 9999 TO 9999


WEATHER ITEM   OBSERVED NORMAL DEPARTURE LAST
                VALUE   VALUE  FROM      YEAR
                               NORMAL
...............................................
TEMPERATURE (F)
 YESTERDAY
  MAXIMUM         81     86     -5       85
  MINIMUM         55     65    -10       68
  AVERAGE         68     76     -8       77

PRECIPITATION (IN)
  YESTERDAY        0.00   0.19  -0.19     0.04
  MONTH TO DATE    2.26   4.92  -2.66     1.22
  SINCE JUN 1      2.26   4.92  -2.66     1.22
  SINCE JAN 1     17.75  17.60   0.15    16.95

DEGREE DAYS
 HEATING
  YESTERDAY        0      0      0        0
  MONTH TO DATE    0      5     -5        0
  SINCE JUN 1      0      5     -5        0
  SINCE JUL 1   3916   4816   -900     3902

 COOLING
  YESTERDAY        3     11     -8       12
  MONTH TO DATE  230    195     35      311
  SINCE JUN 1    230    195     35      311
  SINCE JAN 1    362    314     48      387
...............................................


WIND (MPH)
  HIGHEST WIND SPEED    14   HIGHEST WIND DIRECTION     N (340)
  HIGHEST GUST SPEED    19   HIGHEST GUST DIRECTION     N (340)
  AVERAGE WIND SPEED     4.6


SKY COVER
  AVERAGE SKY COVER 0.1


WEATHER CONDITIONS
 THE FOLLOWING WEATHER WAS RECORDED YESTERDAY.
  NO SIGNIFICANT WEATHER WAS OBSERVED.


RELATIVE HUMIDITY (PERCENT)
 HIGHEST    93
 LOWEST     30
 AVERAGE    62

..........................................................


THE EMPORIA KS CLIMATE NORMALS FOR TODAY
                         NORMAL
 MAXIMUM TEMPERATURE (F)   87
 MINIMUM TEMPERATURE (F)   65


SUNRISE AND SUNSET
JUNE 25 2017..........SUNRISE   603 AM CDT   SUNSET   852 PM CDT
JUNE 26 2017..........SUNRISE   603 AM CDT   SUNSET   852 PM CDT


-  INDICATES NEGATIVE NUMBERS.
R  INDICATES RECORD WAS SET OR TIED.
MM INDICATES DATA IS MISSING.
T  INDICATES TRACE AMOUNT.




$$
