000
CDUS43 KTOP 050644
CLIEMP


CLIMATE REPORT
NATIONAL WEATHER SERVICE TOPEKA KS
1244 AM CST MON DEC 5 2016


...................................

...THE EMPORIA KS CLIMATE SUMMARY FOR DECEMBER 4 2016...

CLIMATE NORMAL PERIOD 1981 TO 2010
CLIMATE RECORD PERIOD 9999 TO 9999


WEATHER ITEM   OBSERVED NORMAL DEPARTURE LAST
                VALUE   VALUE  FROM      YEAR
                               NORMAL
...............................................
TEMPERATURE (F)
 YESTERDAY
  MAXIMUM         45     47     -2       58
  MINIMUM         30     25      5       25
  AVERAGE         38     36      2       42

PRECIPITATION (IN)
  YESTERDAY        0.32   0.06   0.26     0.00
  MONTH TO DATE    0.51   0.24   0.27      T
  SINCE DEC 1      0.51   0.24   0.27      T
  SINCE JAN 1     38.33  35.28   3.05    32.01

DEGREE DAYS
 HEATING
  YESTERDAY       27     29     -2       23
  MONTH TO DATE  107    114     -7      105
  SINCE DEC 1    107    114     -7      105
  SINCE JUL 1    657   1054   -397      824

 COOLING
  YESTERDAY        0      0      0        0
  MONTH TO DATE    0      0      0        0
  SINCE DEC 1      0      0      0        0
  SINCE JAN 1   1629   1403    226     1490
...............................................


WIND (MPH)
  HIGHEST WIND SPEED    15   HIGHEST WIND DIRECTION    NW (300)
  HIGHEST GUST SPEED    18   HIGHEST GUST DIRECTION    NW (300)
  AVERAGE WIND SPEED     6.4


SKY COVER
  AVERAGE SKY COVER 0.6


WEATHER CONDITIONS
 THE FOLLOWING WEATHER WAS RECORDED YESTERDAY.
  RAIN
  LIGHT RAIN
  FOG


RELATIVE HUMIDITY (PERCENT)
 HIGHEST   100
 LOWEST     70
 AVERAGE    85

..........................................................


THE EMPORIA KS CLIMATE NORMALS FOR TODAY
                         NORMAL
 MAXIMUM TEMPERATURE (F)   46
 MINIMUM TEMPERATURE (F)   25


SUNRISE AND SUNSET
DECEMBER  5 2016......SUNRISE   727 AM CST   SUNSET   504 PM CST
DECEMBER  6 2016......SUNRISE   728 AM CST   SUNSET   504 PM CST


-  INDICATES NEGATIVE NUMBERS.
R  INDICATES RECORD WAS SET OR TIED.
MM INDICATES DATA IS MISSING.
T  INDICATES TRACE AMOUNT.




$$
