535
CDUS43 KTOP 290633
CLIEMP


CLIMATE REPORT
NATIONAL WEATHER SERVICE TOPEKA KS
132 AM CDT SUN MAY 29 2016


...................................

...THE EMPORIA KS CLIMATE SUMMARY FOR MAY 28 2016...

CLIMATE NORMAL PERIOD 1981 TO 2010
CLIMATE RECORD PERIOD 9999 TO 9999


WEATHER ITEM   OBSERVED NORMAL DEPARTURE LAST
                VALUE   VALUE  FROM      YEAR
                               NORMAL
...............................................
TEMPERATURE (F)
 YESTERDAY
  MAXIMUM         78     79     -1       77
  MINIMUM         58     58      0       63
  AVERAGE         68     69     -1       70

PRECIPITATION (IN)
  YESTERDAY        0.00   0.16  -0.16     0.67
  MONTH TO DATE    6.40   4.34   2.06     7.75
  SINCE MAR 1     14.55  10.25   4.30    12.64
  SINCE JAN 1     15.72  12.11   3.61    14.04

DEGREE DAYS
 HEATING
  YESTERDAY        0      1     -1        0
  MONTH TO DATE  124     79     45      101
  SINCE MAR 1    789    986   -197      861
  SINCE JUL 1   3902   4808   -906     4862

 COOLING
  YESTERDAY        3      5     -2        5
  MONTH TO DATE   38     80    -42       59
  SINCE MAR 1     58    103    -45       65
  SINCE JAN 1     58    103    -45       65
...............................................


WIND (MPH)
  HIGHEST WIND SPEED    16   HIGHEST WIND DIRECTION     W (260)
  HIGHEST GUST SPEED    21   HIGHEST GUST DIRECTION     W (290)
  AVERAGE WIND SPEED     7.0


SKY COVER
  AVERAGE SKY COVER 0.3


WEATHER CONDITIONS
 THE FOLLOWING WEATHER WAS RECORDED YESTERDAY.
  NO SIGNIFICANT WEATHER WAS OBSERVED.


RELATIVE HUMIDITY (PERCENT)
 HIGHEST   100
 LOWEST     50
 AVERAGE    75

..........................................................


THE EMPORIA KS CLIMATE NORMALS FOR TODAY
                         NORMAL
 MAXIMUM TEMPERATURE (F)   79
 MINIMUM TEMPERATURE (F)   59


SUNRISE AND SUNSET
MAY 29 2016...........SUNRISE   604 AM CDT   SUNSET   841 PM CDT
MAY 30 2016...........SUNRISE   604 AM CDT   SUNSET   842 PM CDT


-  INDICATES NEGATIVE NUMBERS.
R  INDICATES RECORD WAS SET OR TIED.
MM INDICATES DATA IS MISSING.
T  INDICATES TRACE AMOUNT.




$$
