000
CDUS43 KTOP 300633
CLIEMP


CLIMATE REPORT
NATIONAL WEATHER SERVICE TOPEKA KS
132 AM CDT SAT AUG 30 2014


...................................

...THE EMPORIA KS CLIMATE SUMMARY FOR AUGUST 29 2014...

CLIMATE NORMAL PERIOD 1981 TO 2010
CLIMATE RECORD PERIOD 9999 TO 9999


WEATHER ITEM   OBSERVED NORMAL DEPARTURE LAST
                VALUE   VALUE  FROM      YEAR
                               NORMAL
...............................................
TEMPERATURE (F)
 YESTERDAY
  MAXIMUM         89     88      1       96
  MINIMUM         68     63      5       73
  AVERAGE         79     75      4       85

PRECIPITATION (IN)
  YESTERDAY        0.04   0.15  -0.11     0.00
  MONTH TO DATE    3.37   3.49  -0.12     4.91
  SINCE JUN 1     11.44  13.60  -2.16    11.52
  SINCE JAN 1     17.05  26.28  -9.23    24.09

DEGREE DAYS
 HEATING
  YESTERDAY        0      0      0        0
  MONTH TO DATE    0      0      0        0
  SINCE JUN 1      6      8     -2       14
  SINCE JUL 1      2      0      2        2

 COOLING
  YESTERDAY       14     10      4       20
  MONTH TO DATE  422    370     52      291
  SINCE JUN 1    996   1067    -71      978
  SINCE JAN 1   1172   1186    -14     1094
...............................................


WIND (MPH)
  HIGHEST WIND SPEED    20   HIGHEST WIND DIRECTION    SW (230)
  HIGHEST GUST SPEED    25   HIGHEST GUST DIRECTION    SW (210)
  AVERAGE WIND SPEED     8.8


SKY COVER
  AVERAGE SKY COVER 0.4


WEATHER CONDITIONS
 THE FOLLOWING WEATHER WAS RECORDED YESTERDAY.
  LIGHT RAIN
  FOG


RELATIVE HUMIDITY (PERCENT)
 HIGHEST    93
 LOWEST     41
 AVERAGE    67

..........................................................


THE EMPORIA KS CLIMATE NORMALS FOR TODAY
                         NORMAL
 MAXIMUM TEMPERATURE (F)   87
 MINIMUM TEMPERATURE (F)   63


SUNRISE AND SUNSET
AUGUST 30 2014........SUNRISE   653 AM CDT   SUNSET   758 PM CDT
AUGUST 31 2014........SUNRISE   653 AM CDT   SUNSET   756 PM CDT


-  INDICATES NEGATIVE NUMBERS.
R  INDICATES RECORD WAS SET OR TIED.
MM INDICATES DATA IS MISSING.
T  INDICATES TRACE AMOUNT.




$$
