626
CDUS43 KTOP 220711
CLIEMP


CLIMATE REPORT
NATIONAL WEATHER SERVICE TOPEKA KS
111 AM CST SUN JAN 22 2017


...................................

...THE EMPORIA KS CLIMATE SUMMARY FOR JANUARY 21 2017...

CLIMATE NORMAL PERIOD 1981 TO 2010
CLIMATE RECORD PERIOD 9999 TO 9999


WEATHER ITEM   OBSERVED NORMAL DEPARTURE LAST
                VALUE   VALUE  FROM      YEAR
                               NORMAL
...............................................
TEMPERATURE (F)
 YESTERDAY
  MAXIMUM         56     41     15       28
  MINIMUM         30     21      9       22
  AVERAGE         43     31     12       25

PRECIPITATION (IN)
  YESTERDAY        0.03   0.03   0.00     0.08
  MONTH TO DATE    1.05   0.32   0.73     0.46
  SINCE DEC 1      1.82   1.67   0.15     3.55
  SINCE JAN 1      1.05   0.32   0.73     0.46

DEGREE DAYS
 HEATING
  YESTERDAY       22     34    -12       40
  MONTH TO DATE  682    714    -32      638
  SINCE DEC 1   1728   1707     21     1418
  SINCE JUL 1   2278   2647   -369     2137

 COOLING
  YESTERDAY        0      0      0        0
  MONTH TO DATE    0      0      0        0
  SINCE DEC 1      0      0      0        0
  SINCE JAN 1      0      0      0        0
...............................................


WIND (MPH)
  HIGHEST WIND SPEED    17   HIGHEST WIND DIRECTION     W (250)
  HIGHEST GUST SPEED    24   HIGHEST GUST DIRECTION     W (250)
  AVERAGE WIND SPEED     7.3


SKY COVER
  AVERAGE SKY COVER 0.5


WEATHER CONDITIONS
 THE FOLLOWING WEATHER WAS RECORDED YESTERDAY.
  LIGHT RAIN
  FOG
  FOG W/VISIBILITY <= 1/4 MILE


RELATIVE HUMIDITY (PERCENT)
 HIGHEST   100
 LOWEST     54
 AVERAGE    77

..........................................................


THE EMPORIA KS CLIMATE NORMALS FOR TODAY
                         NORMAL
 MAXIMUM TEMPERATURE (F)   42
 MINIMUM TEMPERATURE (F)   21


SUNRISE AND SUNSET
JANUARY 22 2017.......SUNRISE   737 AM CST   SUNSET   536 PM CST
JANUARY 23 2017.......SUNRISE   736 AM CST   SUNSET   537 PM CST


-  INDICATES NEGATIVE NUMBERS.
R  INDICATES RECORD WAS SET OR TIED.
MM INDICATES DATA IS MISSING.
T  INDICATES TRACE AMOUNT.




$$
