000
CDUS46 KOTX 100836
CLIEPH


CLIMATE REPORT
NATIONAL WEATHER SERVICE SPOKANE, WA
1236 AM PST SAT DEC 10 2016


...................................

...THE EPHRATA WA AIRPORT CLIMATE SUMMARY FOR DECEMBER 9 2016...

CLIMATE NORMAL PERIOD 1981 TO 2010
CLIMATE RECORD PERIOD 9999 TO 9999


WEATHER ITEM   OBSERVED TIME   RECORD YEAR NORMAL DEPARTURE LAST
                VALUE   (LST)  VALUE       VALUE  FROM      YEAR
                                                  NORMAL
..................................................................
TEMPERATURE (F)
 YESTERDAY
  MAXIMUM         24    408 PM  54    2015  34    -10       54
  MINIMUM         22   1144 PM   0    1972  22      0       31
  AVERAGE         23                        28     -5       43

PRECIPITATION (IN)
  YESTERDAY        0.04          0.59 1987   0.04   0.00     0.01
  MONTH TO DATE    0.20                      0.37  -0.17     1.21
  SINCE OCT 1      3.48                      1.96   1.52     1.68
  SINCE JAN 1      9.84                      6.98   2.86     6.04

SNOWFALL (IN)
  YESTERDAY       MM

DEGREE DAYS
 HEATING
  YESTERDAY       42                        37      5       22
  MONTH TO DATE  327                       321      6      252
  SINCE DEC 1    327                       321      6      252
  SINCE JUL 1   1450                      1740   -290     1408

 COOLING
  YESTERDAY        0                         0      0        0
  MONTH TO DATE    0                         0      0        0
  SINCE DEC 1      0                         0      0        0
  SINCE JAN 1    751                       772    -21     1277
..................................................................


WIND (MPH)
  HIGHEST WIND SPEED    14   HIGHEST WIND DIRECTION     N (10)
  HIGHEST GUST SPEED    17   HIGHEST GUST DIRECTION    NE (60)
  AVERAGE WIND SPEED     7.2


SKY COVER
  POSSIBLE SUNSHINE  MM
  AVERAGE SKY COVER 0.9


WEATHER CONDITIONS
 THE FOLLOWING WEATHER WAS RECORDED YESTERDAY.
  SNOW
  LIGHT SNOW
  HAZE


RELATIVE HUMIDITY (PERCENT)
 HIGHEST    81           400 PM
 LOWEST     68           200 AM
 AVERAGE    75

..........................................................


THE EPHRATA WA AIRPORT CLIMATE NORMALS FOR TODAY
                         NORMAL    RECORD    YEAR
 MAXIMUM TEMPERATURE (F)   34        58      1956
 MINIMUM TEMPERATURE (F)   22         0      1963


SUNRISE AND SUNSET
DECEMBER 10 2016......SUNRISE   735 AM PST   SUNSET   408 PM PST
DECEMBER 11 2016......SUNRISE   735 AM PST   SUNSET   408 PM PST


-  INDICATES NEGATIVE NUMBERS.
R  INDICATES RECORD WAS SET OR TIED.
MM INDICATES DATA IS MISSING.
T  INDICATES TRACE AMOUNT.




$$
