000
CDUS46 KOTX 010825
CLIEPH


CLIMATE REPORT
NATIONAL WEATHER SERVICE SPOKANE, WA
123 AM PDT TUE SEP 1 2015


...................................

...THE EPHRATA WA AIRPORT CLIMATE SUMMARY FOR AUGUST 31 2015...

CLIMATE NORMAL PERIOD 1981 TO 2010
CLIMATE RECORD PERIOD 9999 TO 9999


WEATHER ITEM   OBSERVED TIME   RECORD YEAR NORMAL DEPARTURE LAST
                VALUE   (LST)  VALUE       VALUE  FROM      YEAR
                                                  NORMAL
..................................................................
TEMPERATURE (F)
 YESTERDAY
  MAXIMUM         77    322 PM 101    1967  83     -6       78
  MINIMUM         53    355 AM  44    2006  55     -2       58
  AVERAGE         65                        69     -4       68

PRECIPITATION (IN)
  YESTERDAY        0.00          0.08 1961   0.01  -0.01     0.00
  MONTH TO DATE    0.09                      0.19  -0.10     0.83
  SINCE OCT 1      6.99                      7.49  -0.50     4.64
  SINCE JAN 1      4.20                      4.66  -0.46     3.89

SNOWFALL (IN)
  YESTERDAY       MM

DEGREE DAYS
 HEATING
  YESTERDAY        0                         1     -1        0
  MONTH TO DATE    0                         5     -5        0
  SINCE JUN 1      4                        77    -73       24
  SINCE JUL 1      0                        17    -17        1

 COOLING
  YESTERDAY        0                         5     -5        3
  MONTH TO DATE  324                       254     70      370
  SINCE JUN 1   1149                       657    492      989
  SINCE JAN 1   1234                       694    540     1033
..................................................................


WIND (MPH)
  HIGHEST WIND SPEED    22   HIGHEST WIND DIRECTION    SW (210)
  HIGHEST GUST SPEED    26   HIGHEST GUST DIRECTION    SW (210)
  AVERAGE WIND SPEED     9.4


SKY COVER
  POSSIBLE SUNSHINE  MM
  AVERAGE SKY COVER 0.1


WEATHER CONDITIONS
 THE FOLLOWING WEATHER WAS RECORDED YESTERDAY.
  NO SIGNIFICANT WEATHER WAS OBSERVED.


RELATIVE HUMIDITY (PERCENT)
 HIGHEST    77           500 AM
 LOWEST     33           300 PM
 AVERAGE    55

..........................................................


THE EPHRATA WA AIRPORT CLIMATE NORMALS FOR TODAY
                         NORMAL    RECORD    YEAR
 MAXIMUM TEMPERATURE (F)   83       100      1987
 MINIMUM TEMPERATURE (F)   55        41      1980


SUNRISE AND SUNSET
SEPTEMBER  1 2015.....SUNRISE   617 AM PDT   SUNSET   738 PM PDT
SEPTEMBER  2 2015.....SUNRISE   618 AM PDT   SUNSET   736 PM PDT


-  INDICATES NEGATIVE NUMBERS.
R  INDICATES RECORD WAS SET OR TIED.
MM INDICATES DATA IS MISSING.
T  INDICATES TRACE AMOUNT.




$$
