000
CDUS46 KOTX 220842
CLIEPH


CLIMATE REPORT
NATIONAL WEATHER SERVICE SPOKANE, WA
142 AM PDT FRI MAY 22 2015


...................................

...THE EPHRATA WA AIRPORT CLIMATE SUMMARY FOR MAY 21 2015...

CLIMATE NORMAL PERIOD 1981 TO 2010
CLIMATE RECORD PERIOD 9999 TO 9999


WEATHER ITEM   OBSERVED TIME   RECORD YEAR NORMAL DEPARTURE LAST
                VALUE   (LST)  VALUE       VALUE  FROM      YEAR
                                                  NORMAL
..................................................................
TEMPERATURE (F)
 YESTERDAY
  MAXIMUM         87    309 PM  93    1958  74     13       82
  MINIMUM         55    439 AM  32    2010  48      7       57
  AVERAGE         71                        61     10       70

PRECIPITATION (IN)
  YESTERDAY        T             0.79 1972   0.02  -0.02     0.00
  MONTH TO DATE    0.91                      0.39   0.52     0.08
  SINCE OCT 1      6.58                      6.03   0.55     3.54
  SINCE JAN 1      3.79                      3.20   0.59     2.79

SNOWFALL (IN)
  YESTERDAY       MM

DEGREE DAYS
 HEATING
  YESTERDAY        0                         5     -5        0
  MONTH TO DATE   74                       168    -94       93
  SINCE MAR 1    983                      1292   -309     1134
  SINCE JUL 1   4677                      5865  -1188     5716

 COOLING
  YESTERDAY        6                         1      5        5
  MONTH TO DATE   24                        18      6       23
  SINCE MAR 1     24                        20      4       23
  SINCE JAN 1     24                        20      4       23
..................................................................


WIND (MPH)
  HIGHEST WIND SPEED    16   HIGHEST WIND DIRECTION    NW (310)
  HIGHEST GUST SPEED    21   HIGHEST GUST DIRECTION    NW (320)
  AVERAGE WIND SPEED     6.3


SKY COVER
  POSSIBLE SUNSHINE  MM
  AVERAGE SKY COVER 0.1


WEATHER CONDITIONS
 THE FOLLOWING WEATHER WAS RECORDED YESTERDAY.
  NO SIGNIFICANT WEATHER WAS OBSERVED.


RELATIVE HUMIDITY (PERCENT)
 HIGHEST    67           500 AM
 LOWEST     21           300 PM
 AVERAGE    44

..........................................................


THE EPHRATA WA AIRPORT CLIMATE NORMALS FOR TODAY
                         NORMAL    RECORD    YEAR
 MAXIMUM TEMPERATURE (F)   74        96      1958
 MINIMUM TEMPERATURE (F)   48        31      1960


SUNRISE AND SUNSET
MAY 22 2015...........SUNRISE   514 AM PDT   SUNSET   836 PM PDT
MAY 23 2015...........SUNRISE   513 AM PDT   SUNSET   837 PM PDT


-  INDICATES NEGATIVE NUMBERS.
R  INDICATES RECORD WAS SET OR TIED.
MM INDICATES DATA IS MISSING.
T  INDICATES TRACE AMOUNT.




$$
