000
CDUS46 KOTX 260825
CLIEPH


CLIMATE REPORT
NATIONAL WEATHER SERVICE SPOKANE, WA
1222 AM PST FRI DEC 26 2014


...................................

...THE EPHRATA WA AIRPORT CLIMATE SUMMARY FOR DECEMBER 25 2014...

CLIMATE NORMAL PERIOD 1981 TO 2010
CLIMATE RECORD PERIOD 9999 TO 9999


WEATHER ITEM   OBSERVED TIME   RECORD YEAR NORMAL DEPARTURE LAST
                VALUE   (LST)  VALUE       VALUE  FROM      YEAR
                                                  NORMAL
..................................................................
TEMPERATURE (F)
 YESTERDAY
  MAXIMUM         48    153 PM  53    1958  32     16       37
  MINIMUM         29    653 AM  -1    1964  20      9       21
  AVERAGE         39                        26     13       29

PRECIPITATION (IN)
  YESTERDAY        0.00        0.24   1980  0.04  -0.04     0.00
  MONTH TO DATE    0.75                     1.02  -0.27     0.02
  SINCE OCT 1      2.79                     2.61   0.18     0.75
  SINCE JAN 1      6.97                     7.63  -0.66     5.72

SNOWFALL (IN)
  YESTERDAY       MM

DEGREE DAYS
 HEATING
  YESTERDAY       26                        39    -13       36
  MONTH TO DATE  706                       935   -229     1002
  SINCE DEC 1    706                       935   -229     1002
  SINCE JUL 1   1853                      2354   -501     2371

 COOLING
  YESTERDAY        0                         0      0        0
  MONTH TO DATE    0                         0      0        0
  SINCE DEC 1      0                         0      0        0
  SINCE JAN 1   1137                       772    365     1084
..................................................................


WIND (MPH)
  HIGHEST WIND SPEED    22   HIGHEST WIND DIRECTION     N (10)
  HIGHEST GUST SPEED    32   HIGHEST GUST DIRECTION    NE (30)
  AVERAGE WIND SPEED     6.9


SKY COVER
  POSSIBLE SUNSHINE  MM
  AVERAGE SKY COVER 0.2


WEATHER CONDITIONS
 THE FOLLOWING WEATHER WAS RECORDED YESTERDAY.
  NO SIGNIFICANT WEATHER WAS OBSERVED.


RELATIVE HUMIDITY (PERCENT)
 HIGHEST    78           700 AM
 LOWEST     39           200 PM
 AVERAGE    59

..........................................................


THE EPHRATA WA AIRPORT CLIMATE NORMALS FOR TODAY
                         NORMAL    RECORD    YEAR
 MAXIMUM TEMPERATURE (F)   32        60      1980
 MINIMUM TEMPERATURE (F)   20        -2      1988


SUNRISE AND SUNSET
DECEMBER 26 2014......SUNRISE   744 AM PST   SUNSET   413 PM PST
DECEMBER 27 2014......SUNRISE   744 AM PST   SUNSET   414 PM PST


-  INDICATES NEGATIVE NUMBERS.
R  INDICATES RECORD WAS SET OR TIED.
MM INDICATES DATA IS MISSING.
T  INDICATES TRACE AMOUNT.

$$
