000
CDUS46 KOTX 300847
CLIEPH


CLIMATE REPORT
NATIONAL WEATHER SERVICE SPOKANE, WA
147 AM PDT SUN APR 30 2017


...................................

...THE EPHRATA WA AIRPORT CLIMATE SUMMARY FOR APRIL 29 2017...

CLIMATE NORMAL PERIOD 1981 TO 2010
CLIMATE RECORD PERIOD 9999 TO 9999


WEATHER ITEM   OBSERVED TIME   RECORD YEAR NORMAL DEPARTURE LAST
                VALUE   (LST)  VALUE       VALUE  FROM      YEAR
                                                  NORMAL
..................................................................
TEMPERATURE (F)
 YESTERDAY
  MAXIMUM         61    146 PM  89    1957  67     -6       62
  MINIMUM         35    540 AM  26    1952  41     -6       50
  AVERAGE         48                        54     -6       56

PRECIPITATION (IN)
  YESTERDAY        0.00          0.49 1961   0.01  -0.01     0.28
  MONTH TO DATE    1.36                      0.47   0.89     0.55
  SINCE OCT 1      8.35                      5.63   2.72     6.89
  SINCE JAN 1      4.75                      2.80   1.95     4.17

SNOWFALL (IN)
  YESTERDAY       MM

DEGREE DAYS
 HEATING
  YESTERDAY       17                        11      6        9
  MONTH TO DATE  449                       428     21      217
  SINCE MAR 1   1131                      1112     19      818
  SINCE JUL 1   5909                      5685    224     4771

 COOLING
  YESTERDAY        0                         0      0        0
  MONTH TO DATE    0                         0      0        5
  SINCE MAR 1      0                         0      0        5
  SINCE JAN 1      0                         0      0        5
..................................................................


WIND (MPH)
  HIGHEST WIND SPEED    16   HIGHEST WIND DIRECTION     S (200)
  HIGHEST GUST SPEED    20   HIGHEST GUST DIRECTION     S (180)
  AVERAGE WIND SPEED     7.2


SKY COVER
  POSSIBLE SUNSHINE  MM
  AVERAGE SKY COVER 0.3


WEATHER CONDITIONS
 THE FOLLOWING WEATHER WAS RECORDED YESTERDAY.
  NO SIGNIFICANT WEATHER WAS OBSERVED.


RELATIVE HUMIDITY (PERCENT)
 HIGHEST    75           600 AM
 LOWEST     29           200 PM
 AVERAGE    52

..........................................................


THE EPHRATA WA AIRPORT CLIMATE NORMALS FOR TODAY
                         NORMAL    RECORD    YEAR
 MAXIMUM TEMPERATURE (F)   67        90      1998
 MINIMUM TEMPERATURE (F)   41        30      1986


SUNRISE AND SUNSET
APRIL 30 2017.........SUNRISE   543 AM PDT   SUNSET   809 PM PDT
MAY  1 2017...........SUNRISE   541 AM PDT   SUNSET   810 PM PDT


-  INDICATES NEGATIVE NUMBERS.
R  INDICATES RECORD WAS SET OR TIED.
MM INDICATES DATA IS MISSING.
T  INDICATES TRACE AMOUNT.




$$
