000
CDUS46 KOTX 010820
CLIEPH


CLIMATE REPORT
NATIONAL WEATHER SERVICE SPOKANE, WA
120 AM PDT FRI AUG 1 2014


...................................

...THE EPHRATA WA AIRPORT CLIMATE SUMMARY FOR JULY 31 2014...

CLIMATE NORMAL PERIOD 1981 TO 2010
CLIMATE RECORD PERIOD 9999 TO 9999


WEATHER ITEM   OBSERVED TIME   RECORD YEAR NORMAL DEPARTURE LAST
                VALUE   (LST)  VALUE       VALUE  FROM      YEAR
                                                  NORMAL
..................................................................
TEMPERATURE (F)
 YESTERDAY
  MAXIMUM        101    357 PM 107    1971  90     11       94
  MINIMUM         69    442 AM  49    1964  62      7       73
  AVERAGE         85                        76      9       84

PRECIPITATION (IN)
  YESTERDAY        0.00          1.74 1998   0.01  -0.01     0.00
  MONTH TO DATE    T                         0.40  -0.40      T
  SINCE OCT 1      3.81                      7.30  -3.49     7.41
  SINCE JAN 1      3.06                      4.47  -1.41     3.61

SNOWFALL (IN)
  YESTERDAY       MM            MM      MM   0.0   MM       MM
  MONTH TO DATE   MM                         0.0   MM       MM
  SINCE JUN 1     MM                         0.0   MM       MM
  SINCE JUL 1     MM                         0.0   MM       MM
  SNOW DEPTH      MM

DEGREE DAYS
 HEATING
  YESTERDAY        0                         0      0        0
  MONTH TO DATE    1                         4     -3        0
  SINCE JUN 1     24                        68    -44       58
  SINCE JUL 1      1                         8     -7        0

 COOLING
  YESTERDAY       20                        11      9       19
  MONTH TO DATE  473                       293    180      448
  SINCE JUN 1    619                       403    216      560
  SINCE JAN 1    663                       440    223      617
..................................................................


WIND (MPH)
  HIGHEST WIND SPEED    18   HIGHEST WIND DIRECTION    NW (310)
  HIGHEST GUST SPEED    24   HIGHEST GUST DIRECTION    NW (300)
  AVERAGE WIND SPEED     8.9


SKY COVER
  POSSIBLE SUNSHINE  MM
  AVERAGE SKY COVER 0.0


WEATHER CONDITIONS
 THE FOLLOWING WEATHER WAS RECORDED YESTERDAY.
  NO SIGNIFICANT WEATHER WAS OBSERVED.


RELATIVE HUMIDITY (PERCENT)
 HIGHEST    33          1100 PM
 LOWEST      5           400 PM
 AVERAGE    19

..........................................................


THE EPHRATA WA AIRPORT CLIMATE NORMALS FOR TODAY
                         NORMAL    RECORD    YEAR
 MAXIMUM TEMPERATURE (F)   90       106      2009
 MINIMUM TEMPERATURE (F)   62        51      1987


SUNRISE AND SUNSET
AUGUST  1 2014........SUNRISE   537 AM PDT   SUNSET   831 PM PDT
AUGUST  2 2014........SUNRISE   538 AM PDT   SUNSET   830 PM PDT


-  INDICATES NEGATIVE NUMBERS.
R  INDICATES RECORD WAS SET OR TIED.
MM INDICATES DATA IS MISSING.
T  INDICATES TRACE AMOUNT.




$$
