000
CDUS46 KOTX 040832
CLIEPH


CLIMATE REPORT
NATIONAL WEATHER SERVICE SPOKANE, WA
1232 AM PST WED MAR 4 2015


...................................

...THE EPHRATA WA AIRPORT CLIMATE SUMMARY FOR MARCH 3 2015...

CLIMATE NORMAL PERIOD 1981 TO 2010
CLIMATE RECORD PERIOD 9999 TO 9999


WEATHER ITEM   OBSERVED TIME   RECORD YEAR NORMAL DEPARTURE LAST
                VALUE   (LST)  VALUE       VALUE  FROM      YEAR
                                                  NORMAL
..................................................................
TEMPERATURE (F)
 YESTERDAY
  MAXIMUM         46    351 PM  65    1994  49     -3       36
  MINIMUM         23    923 PM  11    1989  29     -6       14
  AVERAGE         35                        39     -4       25

PRECIPITATION (IN)
  YESTERDAY        0.00          0.56 1991   0.02  -0.02     0.03
  MONTH TO DATE    0.00                      0.08  -0.08     0.09
  SINCE OCT 1      4.09                      4.56  -0.47     1.81
  SINCE JAN 1      1.30                      1.73  -0.43     1.06

SNOWFALL (IN)
  YESTERDAY       MM

DEGREE DAYS
 HEATING
  YESTERDAY       30                        26      4       40
  MONTH TO DATE   82                        80      2      121
  SINCE MAR 1     82                        80      2      121
  SINCE JUL 1   3776                      4653   -877     4703

 COOLING
  YESTERDAY        0                         0      0        0
  MONTH TO DATE    0                         0      0        0
  SINCE MAR 1      0                         0      0        0
  SINCE JAN 1      0                         0      0        0
..................................................................


WIND (MPH)
  HIGHEST WIND SPEED    25   HIGHEST WIND DIRECTION     N (360)
  HIGHEST GUST SPEED    31   HIGHEST GUST DIRECTION     N (360)
  AVERAGE WIND SPEED     8.2


SKY COVER
  POSSIBLE SUNSHINE  MM
  AVERAGE SKY COVER 0.0


WEATHER CONDITIONS
 THE FOLLOWING WEATHER WAS RECORDED YESTERDAY.
  NO SIGNIFICANT WEATHER WAS OBSERVED.


RELATIVE HUMIDITY (PERCENT)
 HIGHEST    63          1100 PM
 LOWEST     16           100 PM
 AVERAGE    40

..........................................................


THE EPHRATA WA AIRPORT CLIMATE NORMALS FOR TODAY
                         NORMAL    RECORD    YEAR
 MAXIMUM TEMPERATURE (F)   49        63      2012
 MINIMUM TEMPERATURE (F)   29         2      1955


SUNRISE AND SUNSET
MARCH  4 2015.........SUNRISE   633 AM PST   SUNSET   547 PM PST
MARCH  5 2015.........SUNRISE   631 AM PST   SUNSET   549 PM PST


-  INDICATES NEGATIVE NUMBERS.
R  INDICATES RECORD WAS SET OR TIED.
MM INDICATES DATA IS MISSING.
T  INDICATES TRACE AMOUNT.




$$
