000
CDUS46 KOTX 240835
CLIEPH


CLIMATE REPORT
NATIONAL WEATHER SERVICE SPOKANE, WA
135 AM PDT SAT JUN 24 2017


...................................

...THE EPHRATA WA AIRPORT CLIMATE SUMMARY FOR JUNE 23 2017...

CLIMATE NORMAL PERIOD 1981 TO 2010
CLIMATE RECORD PERIOD 9999 TO 9999


WEATHER ITEM   OBSERVED TIME   RECORD YEAR NORMAL DEPARTURE LAST
                VALUE   (LST)  VALUE       VALUE  FROM      YEAR
                                                  NORMAL
..................................................................
TEMPERATURE (F)
 YESTERDAY
  MAXIMUM         87    402 PM 104    1992  82      5       80
  MINIMUM         52    348 AM  44    1953  55     -3       58
  AVERAGE         70                        68      2       69

PRECIPITATION (IN)
  YESTERDAY        0.00          0.81 1969   0.01  -0.01     0.33
  MONTH TO DATE    0.24                      0.50  -0.26     1.27
  SINCE OCT 1      9.35                      6.79   2.56     8.69
  SINCE JAN 1      5.75                      3.96   1.79     5.97

SNOWFALL (IN)
  YESTERDAY       MM

DEGREE DAYS
 HEATING
  YESTERDAY        0                         1     -1        0
  MONTH TO DATE   43                        52     -9       67
  SINCE JUN 1     43                        52     -9       67
  SINCE JUL 1   6141                      5961    180     4929

 COOLING
  YESTERDAY        5                         5      0        4
  MONTH TO DATE   75                        71      4      105
  SINCE JUN 1     75                        71      4      105
  SINCE JAN 1    133                       108     25      137
..................................................................


WIND (MPH)
  HIGHEST WIND SPEED    14   HIGHEST WIND DIRECTION     N (10)
  HIGHEST GUST SPEED    17   HIGHEST GUST DIRECTION     E (90)
  AVERAGE WIND SPEED     6.4


SKY COVER
  POSSIBLE SUNSHINE  MM
  AVERAGE SKY COVER 0.0


WEATHER CONDITIONS
 THE FOLLOWING WEATHER WAS RECORDED YESTERDAY.
  NO SIGNIFICANT WEATHER WAS OBSERVED.


RELATIVE HUMIDITY (PERCENT)
 HIGHEST    50           300 AM
 LOWEST     13           300 PM
 AVERAGE    32

..........................................................


THE EPHRATA WA AIRPORT CLIMATE NORMALS FOR TODAY
                         NORMAL    RECORD    YEAR
 MAXIMUM TEMPERATURE (F)   82       104      1992
 MINIMUM TEMPERATURE (F)   55        38      1983


SUNRISE AND SUNSET
JUNE 24 2017..........SUNRISE   503 AM PDT   SUNSET   859 PM PDT
JUNE 25 2017..........SUNRISE   503 AM PDT   SUNSET   859 PM PDT


-  INDICATES NEGATIVE NUMBERS.
R  INDICATES RECORD WAS SET OR TIED.
MM INDICATES DATA IS MISSING.
T  INDICATES TRACE AMOUNT.




$$
