000
CDUS46 KOTX 230830
CLIEPH


CLIMATE REPORT
NATIONAL WEATHER SERVICE SPOKANE, WA
130 AM PDT MON MAY 23 2016


...................................

...THE EPHRATA WA AIRPORT CLIMATE SUMMARY FOR MAY 22 2016...

CLIMATE NORMAL PERIOD 1981 TO 2010
CLIMATE RECORD PERIOD 9999 TO 9999


WEATHER ITEM   OBSERVED TIME   RECORD YEAR NORMAL DEPARTURE LAST
                VALUE   (LST)  VALUE       VALUE  FROM      YEAR
                                                  NORMAL
..................................................................
TEMPERATURE (F)
 YESTERDAY
  MAXIMUM         71    254 PM  96    1958  74     -3       86
  MINIMUM         50   1159 PM  31    1960  48      2       57
  AVERAGE         61                        61      0       72

PRECIPITATION (IN)
  YESTERDAY        0.00          0.18 1990   0.03  -0.03      T
  MONTH TO DATE    0.52                      0.42   0.10     0.91
  SINCE OCT 1      7.41                      6.06   1.35     6.58
  SINCE JAN 1      4.69                      3.23   1.46     3.79

SNOWFALL (IN)
  YESTERDAY       MM

DEGREE DAYS
 HEATING
  YESTERDAY        4                         5     -1        0
  MONTH TO DATE   59                       173   -114       74
  SINCE MAR 1    880                      1297   -417      983
  SINCE JUL 1   4833                      5870  -1037     4677

 COOLING
  YESTERDAY        0                         1     -1        7
  MONTH TO DATE   26                        19      7       31
  SINCE MAR 1     31                        21     10       31
  SINCE JAN 1     31                        21     10       31
..................................................................


WIND (MPH)
  HIGHEST WIND SPEED    23   HIGHEST WIND DIRECTION     W (260)
  HIGHEST GUST SPEED    28   HIGHEST GUST DIRECTION     W (260)
  AVERAGE WIND SPEED    12.5


SKY COVER
  POSSIBLE SUNSHINE  MM
  AVERAGE SKY COVER 0.5


WEATHER CONDITIONS
 THE FOLLOWING WEATHER WAS RECORDED YESTERDAY.
  NO SIGNIFICANT WEATHER WAS OBSERVED.


RELATIVE HUMIDITY (PERCENT)
 HIGHEST    68           500 AM
 LOWEST     28           400 PM
 AVERAGE    48

..........................................................


THE EPHRATA WA AIRPORT CLIMATE NORMALS FOR TODAY
                         NORMAL    RECORD    YEAR
 MAXIMUM TEMPERATURE (F)   75        98      2001
 MINIMUM TEMPERATURE (F)   49        32      1964


SUNRISE AND SUNSET
MAY 23 2016...........SUNRISE   512 AM PDT   SUNSET   838 PM PDT
MAY 24 2016...........SUNRISE   511 AM PDT   SUNSET   839 PM PDT


-  INDICATES NEGATIVE NUMBERS.
R  INDICATES RECORD WAS SET OR TIED.
MM INDICATES DATA IS MISSING.
T  INDICATES TRACE AMOUNT.




$$
