000
CDUS46 KOTX 270838
CLIEPH


CLIMATE REPORT
NATIONAL WEATHER SERVICE SPOKANE, WA
132 AM PDT MON JUL 27 2015


...................................

...THE EPHRATA WA AIRPORT CLIMATE SUMMARY FOR JULY 26 2015...

CLIMATE NORMAL PERIOD 1981 TO 2010
CLIMATE RECORD PERIOD 9999 TO 9999


WEATHER ITEM   OBSERVED TIME   RECORD YEAR NORMAL DEPARTURE LAST
                VALUE   (LST)  VALUE       VALUE  FROM      YEAR
                                                  NORMAL
..................................................................
TEMPERATURE (F)
 YESTERDAY
  MAXIMUM         79    338 PM 106    1998  90    -11       90
  MINIMUM         52R   442 AM  52    2015  62    -10       55
                                      2011
  AVERAGE         66                        76    -10       73

PRECIPITATION (IN)
  YESTERDAY        0.00          0.26 1955   0.01  -0.01     0.00
  MONTH TO DATE    0.01                      0.34  -0.33      T
  SINCE OCT 1      6.86                      7.24  -0.38     3.81
  SINCE JAN 1      4.07                      4.41  -0.34     3.06

SNOWFALL (IN)
  YESTERDAY       MM

DEGREE DAYS
 HEATING
  YESTERDAY        0                         0      0        0
  MONTH TO DATE    0                         4     -4        1
  SINCE JUN 1      4                        64    -60       24
  SINCE JUL 1      0                         4     -4        1

 COOLING
  YESTERDAY        1                        11    -10        8
  MONTH TO DATE  399                       239    160      371
  SINCE JUN 1    772                       349    423      517
  SINCE JAN 1    857                       386    471      561
..................................................................


WIND (MPH)
  HIGHEST WIND SPEED    24   HIGHEST WIND DIRECTION    NW (320)
  HIGHEST GUST SPEED    29   HIGHEST GUST DIRECTION    NW (320)
  AVERAGE WIND SPEED    10.4


SKY COVER
  POSSIBLE SUNSHINE  MM
  AVERAGE SKY COVER 0.2


WEATHER CONDITIONS
 THE FOLLOWING WEATHER WAS RECORDED YESTERDAY.
  NO SIGNIFICANT WEATHER WAS OBSERVED.


RELATIVE HUMIDITY (PERCENT)
 HIGHEST    66           500 AM
 LOWEST     23           500 PM
 AVERAGE    45

..........................................................


THE EPHRATA WA AIRPORT CLIMATE NORMALS FOR TODAY
                         NORMAL    RECORD    YEAR
 MAXIMUM TEMPERATURE (F)   90       108      1998
 MINIMUM TEMPERATURE (F)   62        52      1955


SUNRISE AND SUNSET
JULY 27 2015..........SUNRISE   530 AM PDT   SUNSET   838 PM PDT
JULY 28 2015..........SUNRISE   531 AM PDT   SUNSET   837 PM PDT


-  INDICATES NEGATIVE NUMBERS.
R  INDICATES RECORD WAS SET OR TIED.
MM INDICATES DATA IS MISSING.
T  INDICATES TRACE AMOUNT.




$$
