000
CDUS46 KOTX 260826
CLIEPH


CLIMATE REPORT
NATIONAL WEATHER SERVICE SPOKANE, WA
1225 AM PST MON JAN 26 2015


...................................

...THE EPHRATA WA AIRPORT CLIMATE SUMMARY FOR JANUARY 25 2015...

CLIMATE NORMAL PERIOD 1981 TO 2010
CLIMATE RECORD PERIOD 9999 TO 9999


WEATHER ITEM   OBSERVED TIME   RECORD YEAR NORMAL DEPARTURE LAST
                VALUE   (LST)  VALUE       VALUE  FROM      YEAR
                                                  NORMAL
..................................................................
TEMPERATURE (F)
 YESTERDAY
  MAXIMUM         41   1009 PM  53    1992  37      4       32
  MINIMUM         33    826 AM -12    1950  24      9       28
  AVERAGE         37                        30      7       30

PRECIPITATION (IN)
  YESTERDAY        0.00          0.26 1969   0.02  -0.02     0.00
  MONTH TO DATE    0.71                      0.76  -0.05     0.02
  SINCE OCT 1      3.50                      3.59  -0.09     0.77
  SINCE JAN 1      0.71                      0.76  -0.05     0.02

SNOWFALL (IN)
  YESTERDAY       MM

DEGREE DAYS
 HEATING
  YESTERDAY       28                        35     -7       35
  MONTH TO DATE  827                       917    -90      810
  SINCE DEC 1   1755                      2084   -329     2026
  SINCE JUL 1   2902                      3503   -601     3395

 COOLING
  YESTERDAY        0                         0      0        0
  MONTH TO DATE    0                         0      0        0
  SINCE DEC 1      0                         0      0        0
  SINCE JAN 1      0                         0      0        0
..................................................................


WIND (MPH)
  HIGHEST WIND SPEED    14   HIGHEST WIND DIRECTION    NW (320)
  HIGHEST GUST SPEED    17   HIGHEST GUST DIRECTION    NW (330)
  AVERAGE WIND SPEED     7.9


SKY COVER
  POSSIBLE SUNSHINE  MM
  AVERAGE SKY COVER 1.0


WEATHER CONDITIONS
 THE FOLLOWING WEATHER WAS RECORDED YESTERDAY.
  FOG
  FOG W/VISIBILITY <= 1/4 MILE


RELATIVE HUMIDITY (PERCENT)
 HIGHEST   100           100 AM
 LOWEST     85          1000 AM
 AVERAGE    93

..........................................................


THE EPHRATA WA AIRPORT CLIMATE NORMALS FOR TODAY
                         NORMAL    RECORD    YEAR
 MAXIMUM TEMPERATURE (F)   37        56      2003
 MINIMUM TEMPERATURE (F)   24       -19      1957


SUNRISE AND SUNSET
JANUARY 26 2015.......SUNRISE   731 AM PST   SUNSET   451 PM PST
JANUARY 27 2015.......SUNRISE   730 AM PST   SUNSET   452 PM PST


-  INDICATES NEGATIVE NUMBERS.
R  INDICATES RECORD WAS SET OR TIED.
MM INDICATES DATA IS MISSING.
T  INDICATES TRACE AMOUNT.




$$
