000
CDUS46 KOTX 250825
CLIEPH


CLIMATE REPORT
NATIONAL WEATHER SERVICE SPOKANE, WA
124 AM PDT SAT OCT 25 2014


...................................

...THE EPHRATA WA AIRPORT CLIMATE SUMMARY FOR OCTOBER 24 2014...

CLIMATE NORMAL PERIOD 1981 TO 2010
CLIMATE RECORD PERIOD 9999 TO 9999


WEATHER ITEM   OBSERVED TIME   RECORD YEAR NORMAL DEPARTURE LAST
                VALUE   (LST)  VALUE       VALUE  FROM      YEAR
                                                  NORMAL
..................................................................
TEMPERATURE (F)
 YESTERDAY
  MAXIMUM         55    320 PM  69    1988  58     -3       68
  MINIMUM         40    632 AM  22    2002  36      4       38
  AVERAGE         48                        47      1       53

PRECIPITATION (IN)
  YESTERDAY        0.18          0.26 2010   0.02   0.16     0.00
  MONTH TO DATE    0.87                      0.36   0.51      T
  SINCE OCT 1      0.87                      0.36   0.51      T
  SINCE JAN 1      5.05                      5.38  -0.33     4.97

SNOWFALL (IN)
  YESTERDAY       MM

DEGREE DAYS
 HEATING
  YESTERDAY       17                        18     -1       12
  MONTH TO DATE  174                       312   -138      321
  SINCE SEP 1    211                       422   -211      429
  SINCE JUL 1    212                       439   -227      429

 COOLING
  YESTERDAY        0                         0      0        0
  MONTH TO DATE    8                         0      8        0
  SINCE SEP 1    104                        75     29      160
  SINCE JAN 1   1137                       769    368     1084
..................................................................


WIND (MPH)
  HIGHEST WIND SPEED    13   HIGHEST WIND DIRECTION     N (360)
  HIGHEST GUST SPEED    15   HIGHEST GUST DIRECTION     N (360)
  AVERAGE WIND SPEED     6.2


SKY COVER
  POSSIBLE SUNSHINE  MM
  AVERAGE SKY COVER 0.5


WEATHER CONDITIONS
 THE FOLLOWING WEATHER WAS RECORDED YESTERDAY.
  HEAVY RAIN
  RAIN
  LIGHT RAIN
  FOG


RELATIVE HUMIDITY (PERCENT)
 HIGHEST    93           900 PM
 LOWEST     61           200 PM
 AVERAGE    77

..........................................................


THE EPHRATA WA AIRPORT CLIMATE NORMALS FOR TODAY
                         NORMAL    RECORD    YEAR
 MAXIMUM TEMPERATURE (F)   57        71      1987
 MINIMUM TEMPERATURE (F)   35        22      2002


SUNRISE AND SUNSET
OCTOBER 25 2014.......SUNRISE   731 AM PDT   SUNSET   552 PM PDT
OCTOBER 26 2014.......SUNRISE   733 AM PDT   SUNSET   551 PM PDT


-  INDICATES NEGATIVE NUMBERS.
R  INDICATES RECORD WAS SET OR TIED.
MM INDICATES DATA IS MISSING.
T  INDICATES TRACE AMOUNT.




$$
