000
CDUS46 KOTX 050825
CLIEPH


CLIMATE REPORT
NATIONAL WEATHER SERVICE SPOKANE, WA
125 AM PDT SUN JUL 5 2015


...................................

...THE EPHRATA WA AIRPORT CLIMATE SUMMARY FOR JULY 4 2015...

CLIMATE NORMAL PERIOD 1981 TO 2010
CLIMATE RECORD PERIOD 9999 TO 9999


WEATHER ITEM   OBSERVED TIME   RECORD YEAR NORMAL DEPARTURE LAST
                VALUE   (LST)  VALUE       VALUE  FROM      YEAR
                                                  NORMAL
..................................................................
TEMPERATURE (F)
 YESTERDAY
  MAXIMUM        103        MM 106    1968  85     18       86
  MINIMUM         81        MM  45    1989  58     23       55
  AVERAGE         92                        72     20       71

PRECIPITATION (IN)
  YESTERDAY        0.00          0.08 1962   0.02  -0.02     0.00
  MONTH TO DATE    0.00                      0.06  -0.06      T
  SINCE OCT 1      6.85                      6.96  -0.11     3.81
  SINCE JAN 1      4.06                      4.13  -0.07     3.06

SNOWFALL (IN)
  YESTERDAY       MM

DEGREE DAYS
 HEATING
  YESTERDAY        0                         1     -1        0
  MONTH TO DATE    0                         4     -4        0
  SINCE JUN 1      4                        64    -60       23
  SINCE JUL 1      0                         4     -4        0

 COOLING
  YESTERDAY       27                         7     20        6
  MONTH TO DATE  100                        27     73       51
  SINCE JUN 1    473                       137    336      197
  SINCE JAN 1    558                       174    384      241
..................................................................


WIND (MPH)
  HIGHEST WIND SPEED    20   HIGHEST WIND DIRECTION     N (360)
  HIGHEST GUST SPEED    27   HIGHEST GUST DIRECTION    NW (320)
  AVERAGE WIND SPEED    12.8


SKY COVER
  POSSIBLE SUNSHINE  MM
  AVERAGE SKY COVER 0.0


WEATHER CONDITIONS
 THE FOLLOWING WEATHER WAS RECORDED YESTERDAY.
  NO SIGNIFICANT WEATHER WAS OBSERVED.


RELATIVE HUMIDITY (PERCENT)
 HIGHEST    31           100 AM
 LOWEST     14          1100 AM
 AVERAGE    23

..........................................................


THE EPHRATA WA AIRPORT CLIMATE NORMALS FOR TODAY
                         NORMAL    RECORD    YEAR
 MAXIMUM TEMPERATURE (F)   86       108      1975
 MINIMUM TEMPERATURE (F)   58        45      1980


SUNRISE AND SUNSET
JULY  5 2015..........SUNRISE   508 AM PDT   SUNSET   857 PM PDT
JULY  6 2015..........SUNRISE   509 AM PDT   SUNSET   856 PM PDT


-  INDICATES NEGATIVE NUMBERS.
R  INDICATES RECORD WAS SET OR TIED.
MM INDICATES DATA IS MISSING.
T  INDICATES TRACE AMOUNT.




$$
