229
CDUS46 KOTX 100827
CLIEPH


CLIMATE REPORT
NATIONAL WEATHER SERVICE SPOKANE, WA
1226 AM PST WED FEB 10 2016


...................................

...THE EPHRATA WA AIRPORT CLIMATE SUMMARY FOR FEBRUARY 9 2016...

CLIMATE NORMAL PERIOD 1981 TO 2010
CLIMATE RECORD PERIOD 9999 TO 9999


WEATHER ITEM   OBSERVED TIME   RECORD YEAR NORMAL DEPARTURE LAST
                VALUE   (LST)  VALUE       VALUE  FROM      YEAR
                                                  NORMAL
..................................................................
TEMPERATURE (F)
 YESTERDAY
  MAXIMUM         50    257 PM  55    1967  41      9       52
  MINIMUM         31    727 AM  -3    1985  25      6       37
  AVERAGE         41                        33      8       45

PRECIPITATION (IN)
  YESTERDAY        0.00          0.47 1959   0.03  -0.03     0.01
  MONTH TO DATE    0.09                      0.23  -0.14     0.59
  SINCE OCT 1      4.45                      3.97   0.48     4.09
  SINCE JAN 1      1.73                      1.14   0.59     1.30

SNOWFALL (IN)
  YESTERDAY       MM

DEGREE DAYS
 HEATING
  YESTERDAY       24                        32     -8       20
  MONTH TO DATE  278                       296    -18      207
  SINCE DEC 1   2348                      2585   -237     2127
  SINCE JUL 1   3504                      4004   -500     3274

 COOLING
  YESTERDAY        0                         0      0        0
  MONTH TO DATE    0                         0      0        0
  SINCE DEC 1      0                         0      0        0
  SINCE JAN 1      0                         0      0        0
..................................................................


WIND (MPH)
  HIGHEST WIND SPEED    16   HIGHEST WIND DIRECTION    NW (300)
  HIGHEST GUST SPEED    19   HIGHEST GUST DIRECTION    NW (300)
  AVERAGE WIND SPEED     8.4


SKY COVER
  POSSIBLE SUNSHINE  MM
  AVERAGE SKY COVER 0.0


WEATHER CONDITIONS
 THE FOLLOWING WEATHER WAS RECORDED YESTERDAY.
  NO SIGNIFICANT WEATHER WAS OBSERVED.


RELATIVE HUMIDITY (PERCENT)
 HIGHEST    82           800 PM
 LOWEST     56           100 PM
 AVERAGE    69

..........................................................


THE EPHRATA WA AIRPORT CLIMATE NORMALS FOR TODAY
                         NORMAL    RECORD    YEAR
 MAXIMUM TEMPERATURE (F)   41        61      1990
 MINIMUM TEMPERATURE (F)   25         0      1985


SUNRISE AND SUNSET
FEBRUARY 10 2016......SUNRISE   712 AM PST   SUNSET   514 PM PST
FEBRUARY 11 2016......SUNRISE   710 AM PST   SUNSET   515 PM PST


-  INDICATES NEGATIVE NUMBERS.
R  INDICATES RECORD WAS SET OR TIED.
MM INDICATES DATA IS MISSING.
T  INDICATES TRACE AMOUNT.




$$
