000
CDUS41 KCLE 210527
CLIERI


CLIMATE REPORT
NATIONAL WEATHER SERVICE CLEVELAND OH
1226 AM EST TUE FEB 21 2017


...................................

...THE ERIE PA CLIMATE SUMMARY FOR FEBRUARY 20 2017...

CLIMATE NORMAL PERIOD 1981 TO 2010
CLIMATE RECORD PERIOD 1873 TO 2017


WEATHER ITEM   OBSERVED TIME   RECORD YEAR NORMAL DEPARTURE LAST
                VALUE   (LST)  VALUE       VALUE  FROM      YEAR
                                                  NORMAL
..................................................................
TEMPERATURE (F)
 YESTERDAY
  MAXIMUM         46    134 PM  66    2016  36     10       66
                                      1930
  MINIMUM         29    732 AM -17    2015  22      7       23
  AVERAGE         38                        29      9       45

PRECIPITATION (IN)
  YESTERDAY        0.00                      0.08  -0.08     0.00
  MONTH TO DATE    1.83                      1.66   0.17     2.34
  SINCE DEC 1     10.59                      8.35   2.24     8.61
  SINCE JAN 1      6.71                      4.61   2.10     4.72

SNOWFALL (IN)
  YESTERDAY        0.0                       0.6   -0.6      0.0
  MONTH TO DATE    9.8                      13.4   -3.6     20.5
  SINCE DEC 1     65.4                      70.5   -5.1     63.8
  SINCE JUL 1     67.8                      79.2  -11.4     64.3
  SNOW DEPTH       0

DEGREE DAYS
 HEATING
  YESTERDAY       27                        36     -9       20
  MONTH TO DATE  622                       746   -124      688
  SINCE DEC 1   2593                      2928   -335     2451
  SINCE JUL 1   3373                      4084   -711     3342

 COOLING
  YESTERDAY        0                         0      0        0
  MONTH TO DATE    0                         0      0        0
  SINCE DEC 1      0                         0      0        0
  SINCE JAN 1      0                         0      0        0
..................................................................


WIND (MPH)
  HIGHEST WIND SPEED    17   HIGHEST WIND DIRECTION    NE (40)
  HIGHEST GUST SPEED    20   HIGHEST GUST DIRECTION    NE (40)
  AVERAGE WIND SPEED     5.8


SKY COVER
  POSSIBLE SUNSHINE  MM
  AVERAGE SKY COVER 0.0


WEATHER CONDITIONS
 THE FOLLOWING WEATHER WAS RECORDED YESTERDAY.
  NO SIGNIFICANT WEATHER WAS OBSERVED.


RELATIVE HUMIDITY (PERCENT)
 HIGHEST    92           200 AM
 LOWEST     57           400 PM
 AVERAGE    75

..........................................................


THE ERIE PA CLIMATE NORMALS FOR TODAY
                         NORMAL    RECORD    YEAR
 MAXIMUM TEMPERATURE (F)   37        70      1997
 MINIMUM TEMPERATURE (F)   22        -1      1968
                                             1918


SUNRISE AND SUNSET
FEBRUARY 21 2017......SUNRISE   708 AM EST   SUNSET   601 PM EST
FEBRUARY 22 2017......SUNRISE   706 AM EST   SUNSET   603 PM EST


-  INDICATES NEGATIVE NUMBERS.
R  INDICATES RECORD WAS SET OR TIED.
MM INDICATES DATA IS MISSING.
T  INDICATES TRACE AMOUNT.




$$
