000
CDUS46 KPQR 281143
CLIEUG


CLIMATE REPORT
NATIONAL WEATHER SERVICE PORTLAND OREGON
442 AM PDT SAT MAY 28 2016


...................................

...THE EUGENE OR CLIMATE SUMMARY FOR MAY 27 2016...

CLIMATE NORMAL PERIOD 1981 TO 2010
CLIMATE RECORD PERIOD 1892 TO 2016


WEATHER ITEM   OBSERVED TIME   RECORD YEAR NORMAL DEPARTURE LAST
                VALUE   (LST)  VALUE       VALUE  FROM      YEAR
                                                  NORMAL
..................................................................
TEMPERATURE (F)
 YESTERDAY
  MAXIMUM         66    434 PM  87    1952  69     -3       78
  MINIMUM         44   1159 PM  34    1966  45     -1       42
                                      1955
                                      1921
  AVERAGE         55                        57     -2       60

PRECIPITATION (IN)
  YESTERDAY        0.00          0.53 1948   0.09  -0.09     0.00
  MONTH TO DATE    1.30                      2.39  -1.09     0.79
  SINCE OCT 1     38.77                     41.81  -3.04    29.03
  SINCE JAN 1     19.93                     23.01  -3.08    11.98

SNOWFALL (IN)
  YESTERDAY        0.0
  MONTH TO DATE    0.0
  SINCE MAR 1      0.0
  SINCE JUL 1      0.0

DEGREE DAYS
 HEATING
  YESTERDAY       10                         8      2        5
  MONTH TO DATE  177                       274    -97      210
  SINCE MAR 1    957                      1289   -332     1093
  SINCE JUL 1   3762                      4616   -854     3655

 COOLING
  YESTERDAY        0                         0      0        0
  MONTH TO DATE    3                         0      3        0
  SINCE MAR 1      3                         0      3        0
  SINCE JAN 1      3                         0      3        0
..................................................................


WIND (MPH)
  HIGHEST WIND SPEED    13   HIGHEST WIND DIRECTION     N (350)
  HIGHEST GUST SPEED    16   HIGHEST GUST DIRECTION     N (350)
  AVERAGE WIND SPEED     3.1


SKY COVER
  POSSIBLE SUNSHINE  MM
  AVERAGE SKY COVER 0.8


WEATHER CONDITIONS
 THE FOLLOWING WEATHER WAS RECORDED YESTERDAY.
  NO SIGNIFICANT WEATHER WAS OBSERVED.


RELATIVE HUMIDITY (PERCENT)
 HIGHEST    86           300 AM
 LOWEST     40           400 PM
 AVERAGE    63

..........................................................


THE EUGENE OR CLIMATE NORMALS FOR TODAY
                         NORMAL    RECORD    YEAR
 MAXIMUM TEMPERATURE (F)   69        92      1983
 MINIMUM TEMPERATURE (F)   45        32      2007


SUNRISE AND SUNSET
MAY 28 2016...........SUNRISE   535 AM PDT   SUNSET   846 PM PDT
MAY 29 2016...........SUNRISE   534 AM PDT   SUNSET   847 PM PDT


-  INDICATES NEGATIVE NUMBERS.
R  INDICATES RECORD WAS SET OR TIED.
MM INDICATES DATA IS MISSING.
T  INDICATES TRACE AMOUNT.




$$
