000
CDUS46 KPQR 240220
CLIEUG


CLIMATE REPORT
NATIONAL WEATHER SERVICE PORTLAND OREGON
720 PM PDT THU OCT 23 2014


...................................

...THE EUGENE OR CLIMATE SUMMARY FOR OCTOBER 23 2014...
VALID TODAY AS OF 0700 PM LOCAL TIME.

CLIMATE NORMAL PERIOD 1981 TO 2010
CLIMATE RECORD PERIOD 1892 TO 2014


WEATHER ITEM   OBSERVED TIME   RECORD YEAR NORMAL DEPARTURE LAST
                VALUE   (LST)  VALUE       VALUE  FROM      YEAR
                                                  NORMAL
..................................................................
TEMPERATURE (F)
 TODAY
  MAXIMUM         61   1217 PM  78    1992  61      0       67
  MINIMUM         54    559 PM  28    2000  40     14       39
                                      1935
  AVERAGE         58                        50      8       53

PRECIPITATION (IN)
  TODAY            0.10          1.23 2010   0.14  -0.04     0.00
  MONTH TO DATE    2.79                      2.00   0.79     0.50
  SINCE OCT 1      2.79                      2.00   0.79     0.50
  SINCE JAN 1     27.04                     29.30  -2.26    17.50

SNOWFALL (IN)
  TODAY            0.0
  MONTH TO DATE    0.0
  SINCE SEP 1      0.0
  SINCE JUL 1      0.0

DEGREE DAYS
 HEATING
  TODAY            7                        15     -8       12
  MONTH TO DATE   98                       258   -160      316
  SINCE SEP 1    132                       379   -247      414
  SINCE JUL 1    139                       446   -307      432

 COOLING
  TODAY            0                         0      0        0
  MONTH TO DATE    8                         0      8        0
  SINCE SEP 1     67                        30     37       63
  SINCE JAN 1    475                       238    237      411
..................................................................


WIND (MPH)
  HIGHEST WIND SPEED    15   HIGHEST WIND DIRECTION    SW (210)
  HIGHEST GUST SPEED    19   HIGHEST GUST DIRECTION    SW (220)
  AVERAGE WIND SPEED     8.5


SKY COVER
  POSSIBLE SUNSHINE  MM
  AVERAGE SKY COVER 1.0


WEATHER CONDITIONS
 THE FOLLOWING WEATHER WAS RECORDED TODAY.
  LIGHT RAIN
  FOG


RELATIVE HUMIDITY (PERCENT)
 HIGHEST    93          1200 AM
 LOWEST     75           400 PM
 AVERAGE    84

..........................................................


THE EUGENE OR CLIMATE NORMALS FOR TOMORROW
                         NORMAL    RECORD    YEAR
 MAXIMUM TEMPERATURE (F)   60        75      1924
 MINIMUM TEMPERATURE (F)   40        27      1935


SUNRISE AND SUNSET
OCTOBER 23 2014.......SUNRISE   738 AM PDT   SUNSET   616 PM PDT
OCTOBER 24 2014.......SUNRISE   739 AM PDT   SUNSET   614 PM PDT


-  INDICATES NEGATIVE NUMBERS.
R  INDICATES RECORD WAS SET OR TIED.
MM INDICATES DATA IS MISSING.
T  INDICATES TRACE AMOUNT.




$$
