000
CDUS46 KPQR 010221
CLIEUG


CLIMATE REPORT
NATIONAL WEATHER SERVICE PORTLAND OREGON
621 PM PST SAT JAN 31 2015


...................................

...THE EUGENE OR CLIMATE SUMMARY FOR JANUARY 31 2015...
VALID TODAY AS OF 0600 PM LOCAL TIME.

CLIMATE NORMAL PERIOD 1981 TO 2010
CLIMATE RECORD PERIOD 1892 TO 2015


WEATHER ITEM   OBSERVED TIME   RECORD YEAR NORMAL DEPARTURE LAST
                VALUE   (LST)  VALUE       VALUE  FROM      YEAR
                                                  NORMAL
..................................................................
TEMPERATURE (F)
 TODAY
  MAXIMUM         41    551 PM  66    1934  49     -8       48
  MINIMUM         38    952 AM  -3    1950  35      3       34
  AVERAGE         40                        42     -2       41

PRECIPITATION (IN)
  TODAY            0.00          1.53 1987   0.20  -0.20     0.08
  MONTH TO DATE    2.38                      6.87  -4.49     2.58
  SINCE OCT 1     19.43                     25.67  -6.24     6.77
  SINCE JAN 1      2.38                      6.87  -4.49     2.58

SNOWFALL (IN)
  TODAY            0.0
  MONTH TO DATE    0.0
  SINCE DEC 1      0.0
  SINCE JUL 1      0.0

DEGREE DAYS
 HEATING
  TODAY           25                        23      2       24
  MONTH TO DATE  655                       752    -97      779
  SINCE DEC 1   1288                      1537   -249     1749
  SINCE JUL 1   2100                      2710   -610     2925

 COOLING
  TODAY            0                         0      0        0
  MONTH TO DATE    0                         0      0        0
  SINCE DEC 1      0                         0      0        0
  SINCE JAN 1      0                         0      0        0
..................................................................


WIND (MPH)
  HIGHEST WIND SPEED     9   HIGHEST WIND DIRECTION     S (160)
  HIGHEST GUST SPEED    11   HIGHEST GUST DIRECTION     S (160)
  AVERAGE WIND SPEED     3.2


SKY COVER
  POSSIBLE SUNSHINE  MM
  AVERAGE SKY COVER 1.0


WEATHER CONDITIONS
 THE FOLLOWING WEATHER WAS RECORDED TODAY.
  FOG
  FOG W/VISIBILITY <= 1/4 MILE


RELATIVE HUMIDITY (PERCENT)
 HIGHEST   100          1200 AM
 LOWEST     86           100 PM
 AVERAGE    93

..........................................................


THE EUGENE OR CLIMATE NORMALS FOR TOMORROW
                         NORMAL    RECORD    YEAR
 MAXIMUM TEMPERATURE (F)   49        66      1991
 MINIMUM TEMPERATURE (F)   35         5      1950


SUNRISE AND SUNSET
JANUARY 31 2015.......SUNRISE   732 AM PST   SUNSET   521 PM PST
FEBRUARY  1 2015......SUNRISE   731 AM PST   SUNSET   523 PM PST


-  INDICATES NEGATIVE NUMBERS.
R  INDICATES RECORD WAS SET OR TIED.
MM INDICATES DATA IS MISSING.
T  INDICATES TRACE AMOUNT.




$$
