000
CDUS46 KPQR 291146
CLIEUG


CLIMATE REPORT
NATIONAL WEATHER SERVICE PORTLAND OREGON
446 AM PDT WED MAR 29 2017


...................................

...THE EUGENE OR CLIMATE SUMMARY FOR MARCH 28 2017...

CLIMATE NORMAL PERIOD 1981 TO 2010
CLIMATE RECORD PERIOD 1892 TO 2017


WEATHER ITEM   OBSERVED TIME   RECORD YEAR NORMAL DEPARTURE LAST
                VALUE   (LST)  VALUE       VALUE  FROM      YEAR
                                                  NORMAL
..................................................................
TEMPERATURE (F)
 YESTERDAY
  MAXIMUM         62    232 PM  77    1930  58      4       57
  MINIMUM         45    641 AM  28    1975  38      7       39
  AVERAGE         54                        48      6       48

PRECIPITATION (IN)
  YESTERDAY        0.02          1.32 1974   0.15  -0.13      T
  MONTH TO DATE    5.50                      4.54   0.96     5.76
  SINCE OCT 1     38.47                     35.64   2.83    34.44
  SINCE JAN 1     18.88                     16.84   2.04    15.60

SNOWFALL (IN)
  YESTERDAY       MM
  MONTH TO DATE    T
  SINCE MAR 1      T
  SINCE JUL 1      5.1

DEGREE DAYS
 HEATING
  YESTERDAY       11                        17     -6       17
  MONTH TO DATE  471                       517    -46      450
  SINCE MAR 1    471                       517    -46      450
  SINCE JUL 1   3672                      3844   -172     3255

 COOLING
  YESTERDAY        0                         0      0        0
  MONTH TO DATE    0                         0      0        0
  SINCE MAR 1      0                         0      0        0
  SINCE JAN 1      0                         0      0        0
..................................................................


WIND (MPH)
  HIGHEST WIND SPEED    18   HIGHEST WIND DIRECTION     S (180)
  HIGHEST GUST SPEED    22   HIGHEST GUST DIRECTION     S (170)
  AVERAGE WIND SPEED     8.8


SKY COVER
  POSSIBLE SUNSHINE  MM
  AVERAGE SKY COVER 1.0


WEATHER CONDITIONS
 THE FOLLOWING WEATHER WAS RECORDED YESTERDAY.
  LIGHT RAIN


RELATIVE HUMIDITY (PERCENT)
 HIGHEST    92           400 AM
 LOWEST     55           200 PM
 AVERAGE    74

..........................................................


THE EUGENE OR CLIMATE NORMALS FOR TODAY
                         NORMAL    RECORD    YEAR
 MAXIMUM TEMPERATURE (F)   58        80      1923
 MINIMUM TEMPERATURE (F)   38        28      1954
                                             1939
                                             1936


SUNRISE AND SUNSET
MARCH 29 2017.........SUNRISE   659 AM PDT   SUNSET   737 PM PDT
MARCH 30 2017.........SUNRISE   657 AM PDT   SUNSET   738 PM PDT


-  INDICATES NEGATIVE NUMBERS.
R  INDICATES RECORD WAS SET OR TIED.
MM INDICATES DATA IS MISSING.
T  INDICATES TRACE AMOUNT.




$$
