000
CDUS46 KPQR 301144
CLIEUG


CLIMATE REPORT
NATIONAL WEATHER SERVICE PORTLAND OREGON
443 AM PDT SUN AUG 30 2015


...................................

...THE EUGENE OR CLIMATE SUMMARY FOR AUGUST 29 2015...

CLIMATE NORMAL PERIOD 1981 TO 2010
CLIMATE RECORD PERIOD 1892 TO 2015


WEATHER ITEM   OBSERVED TIME   RECORD YEAR NORMAL DEPARTURE LAST
                VALUE   (LST)  VALUE       VALUE  FROM      YEAR
                                                  NORMAL
..................................................................
TEMPERATURE (F)
 YESTERDAY
  MAXIMUM         77   1255 PM 100    1944  81     -4       82
  MINIMUM         62    612 AM  38    1969  50     12       52
  AVERAGE         70                        66      4       67

PRECIPITATION (IN)
  YESTERDAY        0.11          1.17 1983   0.03   0.08     0.00
  MONTH TO DATE    0.11                      0.55  -0.44     0.19
  SINCE OCT 1     29.57                     44.75 -15.18    27.19
  SINCE JAN 1     12.52                     25.95 -13.43    23.00

SNOWFALL (IN)
  YESTERDAY        0.0
  MONTH TO DATE    0.0
  SINCE JUN 1      0.0
  SINCE JUL 1      0.0

DEGREE DAYS
 HEATING
  YESTERDAY        0                         2     -2        0
  MONTH TO DATE    0                        30    -30        0
  SINCE JUN 1     46                       223   -177      113
  SINCE JUL 1      5                        66    -61        6

 COOLING
  YESTERDAY        5                         2      3        2
  MONTH TO DATE  161                        88     73      206
  SINCE JUN 1    487                       200    287      405
  SINCE JAN 1    492                       205    287      408
..................................................................


WIND (MPH)
  HIGHEST WIND SPEED    30   HIGHEST WIND DIRECTION     S (200)
  HIGHEST GUST SPEED    38   HIGHEST GUST DIRECTION     S (190)
  AVERAGE WIND SPEED    13.6


SKY COVER
  POSSIBLE SUNSHINE  MM
  AVERAGE SKY COVER 0.7


WEATHER CONDITIONS
 THE FOLLOWING WEATHER WAS RECORDED YESTERDAY.
  THUNDERSTORM
  LIGHT RAIN
  FOG


RELATIVE HUMIDITY (PERCENT)
 HIGHEST    87           400 AM
 LOWEST     43           100 PM
 AVERAGE    65

..........................................................


THE EUGENE OR CLIMATE NORMALS FOR TODAY
                         NORMAL    RECORD    YEAR
 MAXIMUM TEMPERATURE (F)   81        98      1918
 MINIMUM TEMPERATURE (F)   50        42      2006
                                             1966
                                             1920


SUNRISE AND SUNSET
AUGUST 30 2015........SUNRISE   633 AM PDT   SUNSET   753 PM PDT
AUGUST 31 2015........SUNRISE   635 AM PDT   SUNSET   751 PM PDT


-  INDICATES NEGATIVE NUMBERS.
R  INDICATES RECORD WAS SET OR TIED.
MM INDICATES DATA IS MISSING.
T  INDICATES TRACE AMOUNT.




$$
