556
CDUS46 KPQR 170221
CLIEUG


CLIMATE REPORT
NATIONAL WEATHER SERVICE PORTLAND OREGON
720 PM PDT MON OCT 16 2017


...................................

...THE EUGENE OR CLIMATE SUMMARY FOR OCTOBER 16 2017...
VALID TODAY AS OF 0700 PM LOCAL TIME.

CLIMATE NORMAL PERIOD 1981 TO 2010
CLIMATE RECORD PERIOD 1892 TO 2017


WEATHER ITEM   OBSERVED TIME   RECORD YEAR NORMAL DEPARTURE LAST
                VALUE   (LST)  VALUE       VALUE  FROM      YEAR
                                                  NORMAL
..................................................................
TEMPERATURE (F)
 TODAY
  MAXIMUM         68    304 PM  81    2002  64      4       55
                                      1974
  MINIMUM         34    704 AM  26    1946  41     -7       50
  AVERAGE         51                        52     -1       53

PRECIPITATION (IN)
  TODAY            0.00          1.25 2016   0.10  -0.10     1.25
  MONTH TO DATE    1.05                      1.16  -0.11     5.02
  SINCE OCT 1      1.05                      1.16  -0.11     5.02
  SINCE JAN 1     27.71                     28.46  -0.75    26.76

SNOWFALL (IN)
  TODAY            0.0
  MONTH TO DATE    0.0
  SINCE SEP 1      0.0
  SINCE JUL 1      0.0

DEGREE DAYS
 HEATING
  TODAY           14                        12      2       12
  MONTH TO DATE  229                       162     67      129
  SINCE SEP 1    344                       283     61      234
  SINCE JUL 1    360                       350     10      257

 COOLING
  TODAY            0                         0      0        0
  MONTH TO DATE    0                         0      0        2
  SINCE SEP 1     74                        30     44       12
  SINCE JAN 1    376                       238    138      325
..................................................................


WIND (MPH)
  HIGHEST WIND SPEED     7   HIGHEST WIND DIRECTION    NE (60)
  HIGHEST GUST SPEED     9   HIGHEST GUST DIRECTION     N (20)
  AVERAGE WIND SPEED     2.3


SKY COVER
  POSSIBLE SUNSHINE  MM
  AVERAGE SKY COVER 0.4


WEATHER CONDITIONS
 THE FOLLOWING WEATHER WAS RECORDED TODAY.
  FOG
  FOG W/VISIBILITY <= 1/4 MILE


RELATIVE HUMIDITY (PERCENT)
 HIGHEST   100          1200 AM
 LOWEST     48           300 PM
 AVERAGE    74

..........................................................


THE EUGENE OR CLIMATE NORMALS FOR TOMORROW
                         NORMAL    RECORD    YEAR
 MAXIMUM TEMPERATURE (F)   64        83      1940
 MINIMUM TEMPERATURE (F)   41        26      1971


SUNRISE AND SUNSET
OCTOBER 16 2017.......SUNRISE   729 AM PDT   SUNSET   627 PM PDT
OCTOBER 17 2017.......SUNRISE   731 AM PDT   SUNSET   625 PM PDT


-  INDICATES NEGATIVE NUMBERS.
R  INDICATES RECORD WAS SET OR TIED.
MM INDICATES DATA IS MISSING.
T  INDICATES TRACE AMOUNT.




$$
