000
CDUS46 KPQR 181146
CLIEUG


CLIMATE REPORT
NATIONAL WEATHER SERVICE PORTLAND OREGON
345 AM PST THU DEC 18 2014


...................................

...THE EUGENE OR CLIMATE SUMMARY FOR DECEMBER 17 2014...

CLIMATE NORMAL PERIOD 1981 TO 2010
CLIMATE RECORD PERIOD 1892 TO 2014


WEATHER ITEM   OBSERVED TIME   RECORD YEAR NORMAL DEPARTURE LAST
                VALUE   (LST)  VALUE       VALUE  FROM      YEAR
                                                  NORMAL
..................................................................
TEMPERATURE (F)
 YESTERDAY
  MAXIMUM         51    153 PM  68    1979  45      6       41
  MINIMUM         40    542 AM  10    2008  33      7       35
                                      1964
                                      1924
  AVERAGE         46                        39      7       38

PRECIPITATION (IN)
  YESTERDAY        0.14          1.35 1957   0.24  -0.10      T
  MONTH TO DATE    3.11                      4.56  -1.45     1.33
  SINCE OCT 1     13.09                     15.53  -2.44     4.04
  SINCE JAN 1     37.34                     42.83  -5.49    21.04

SNOWFALL (IN)
  YESTERDAY       MM
  MONTH TO DATE    0.0
  SINCE DEC 1      0.0
  SINCE JUL 1      0.0

DEGREE DAYS
 HEATING
  YESTERDAY       19                        26     -7       27
  MONTH TO DATE  347                       423    -76      610
  SINCE DEC 1    347                       423    -76      610
  SINCE JUL 1   1159                      1596   -437     1786

 COOLING
  YESTERDAY        0                         0      0        0
  MONTH TO DATE    0                         0      0        0
  SINCE DEC 1      0                         0      0        0
  SINCE JAN 1    475                       239    236      411
..................................................................


WIND (MPH)
  HIGHEST WIND SPEED    16   HIGHEST WIND DIRECTION     S (170)
  HIGHEST GUST SPEED    20   HIGHEST GUST DIRECTION     S (170)
  AVERAGE WIND SPEED     4.6


SKY COVER
  POSSIBLE SUNSHINE  MM
  AVERAGE SKY COVER 1.0


WEATHER CONDITIONS
 THE FOLLOWING WEATHER WAS RECORDED YESTERDAY.
  RAIN
  LIGHT RAIN
  FOG


RELATIVE HUMIDITY (PERCENT)
 HIGHEST    96           900 AM
 LOWEST     80           300 PM
 AVERAGE    88

..........................................................


THE EUGENE OR CLIMATE NORMALS FOR TODAY
                         NORMAL    RECORD    YEAR
 MAXIMUM TEMPERATURE (F)   45        64      1931
 MINIMUM TEMPERATURE (F)   33         2      1924


SUNRISE AND SUNSET
DECEMBER 18 2014......SUNRISE   743 AM PST   SUNSET   436 PM PST
DECEMBER 19 2014......SUNRISE   744 AM PST   SUNSET   436 PM PST


-  INDICATES NEGATIVE NUMBERS.
R  INDICATES RECORD WAS SET OR TIED.
MM INDICATES DATA IS MISSING.
T  INDICATES TRACE AMOUNT.




$$
