000
CDUS46 KPQR 040221
CLIEUG


CLIMATE REPORT
NATIONAL WEATHER SERVICE PORTLAND OREGON
721 PM PDT FRI JUL 3 2015


...................................

...THE EUGENE OR CLIMATE SUMMARY FOR JULY 3 2015...
VALID TODAY AS OF 0700 PM LOCAL TIME.

CLIMATE NORMAL PERIOD 1981 TO 2010
CLIMATE RECORD PERIOD 1892 TO 2015


WEATHER ITEM   OBSERVED TIME   RECORD YEAR NORMAL DEPARTURE LAST
                VALUE   (LST)  VALUE       VALUE  FROM      YEAR
                                                  NORMAL
..................................................................
TEMPERATURE (F)
 TODAY
  MAXIMUM        100R   437 PM  99    1970  79     21       77
  MINIMUM         58    342 AM  39    1955  50      8       52
  AVERAGE         79                        64     15       65

PRECIPITATION (IN)
  TODAY            0.00          0.57 1913   0.02  -0.02     0.00
  MONTH TO DATE    0.00                      0.07  -0.07     0.00
  SINCE OCT 1     29.41                     43.73 -14.32    26.63
  SINCE JAN 1     12.36                     24.93 -12.57    22.44

SNOWFALL (IN)
  TODAY            0.0
  MONTH TO DATE    0.0
  SINCE JUN 1      0.0
  SINCE JUL 1      0.0

DEGREE DAYS
 HEATING
  TODAY            0                         2     -2        0
  MONTH TO DATE    0                         7     -7        0
  SINCE JUN 1     41                       164   -123      107
  SINCE JUL 1      0                         7     -7        0

 COOLING
  TODAY           14                         2     12        0
  MONTH TO DATE   43                         6     37       14
  SINCE JUN 1    156                        25    131       20
  SINCE JAN 1    161                        30    131       23
..................................................................


WIND (MPH)
  HIGHEST WIND SPEED    16   HIGHEST WIND DIRECTION     N (10)
  HIGHEST GUST SPEED    19   HIGHEST GUST DIRECTION     N (10)
  AVERAGE WIND SPEED     4.9


SKY COVER
  POSSIBLE SUNSHINE  MM
  AVERAGE SKY COVER 0.1


WEATHER CONDITIONS
 THE FOLLOWING WEATHER WAS RECORDED TODAY.
  NO SIGNIFICANT WEATHER WAS OBSERVED.


RELATIVE HUMIDITY (PERCENT)
 HIGHEST    84           400 AM
 LOWEST     13           200 PM
 AVERAGE    49

..........................................................


THE EUGENE OR CLIMATE NORMALS FOR TOMORROW
                         NORMAL    RECORD    YEAR
 MAXIMUM TEMPERATURE (F)   79        95      1972
                                             1970
 MINIMUM TEMPERATURE (F)   50        40      1932


SUNRISE AND SUNSET
JULY  3 2015..........SUNRISE   535 AM PDT   SUNSET   859 PM PDT
JULY  4 2015..........SUNRISE   535 AM PDT   SUNSET   859 PM PDT


-  INDICATES NEGATIVE NUMBERS.
R  INDICATES RECORD WAS SET OR TIED.
MM INDICATES DATA IS MISSING.
T  INDICATES TRACE AMOUNT.




$$
