000
CDUS46 KPQR 272322
CLIEUG


CLIMATE REPORT
NATIONAL WEATHER SERVICE PORTLAND OREGON
421 PM PDT TUE JUN 27 2017


...................................

...THE EUGENE OR CLIMATE SUMMARY FOR JUNE 27 2017...
VALID TODAY AS OF 0400 PM LOCAL TIME.

CLIMATE NORMAL PERIOD 1981 TO 2010
CLIMATE RECORD PERIOD 1892 TO 2017


WEATHER ITEM   OBSERVED TIME   RECORD YEAR NORMAL DEPARTURE LAST
                VALUE   (LST)  VALUE       VALUE  FROM      YEAR
                                                  NORMAL
..................................................................
TEMPERATURE (F)
 TODAY
  MAXIMUM         73    241 PM  98    2015  77     -4       89
  MINIMUM         54    630 AM  37    1965  49      5       56
                                      1949
  AVERAGE         64                        63      1       73

PRECIPITATION (IN)
  TODAY            T             0.92 1911   0.03  -0.03     0.00
  MONTH TO DATE    1.38                      1.43  -0.05     0.78
  SINCE OCT 1     45.04                     43.59   1.45    39.55
  SINCE JAN 1     25.45                     24.79   0.66    20.71

SNOWFALL (IN)
  TODAY            0.0
  MONTH TO DATE    0.0
  SINCE JUN 1      0.0
  SINCE JUL 1      5.1

DEGREE DAYS
 HEATING
  TODAY            1                         3     -2        0
  MONTH TO DATE  118                       148    -30      100
  SINCE JUN 1    118                       148    -30      100
  SINCE JUL 1   4551                      4797   -246     3885

 COOLING
  TODAY            0                         1     -1        8
  MONTH TO DATE   30                        12     18       61
  SINCE JUN 1     30                        12     18       61
  SINCE JAN 1     43                        17     26       64
..................................................................


WIND (MPH)
  HIGHEST WIND SPEED    10   HIGHEST WIND DIRECTION     N (350)
  HIGHEST GUST SPEED    13   HIGHEST GUST DIRECTION     N (10)
  AVERAGE WIND SPEED     4.8


SKY COVER
  POSSIBLE SUNSHINE  MM
  AVERAGE SKY COVER 1.0


WEATHER CONDITIONS
 THE FOLLOWING WEATHER WAS RECORDED TODAY.
  LIGHT RAIN
  FOG


RELATIVE HUMIDITY (PERCENT)
 HIGHEST   100           300 AM
 LOWEST     53           300 PM
 AVERAGE    77

..........................................................


THE EUGENE OR CLIMATE NORMALS FOR TOMORROW
                         NORMAL    RECORD    YEAR
 MAXIMUM TEMPERATURE (F)   77        97      2008
                                             1951
 MINIMUM TEMPERATURE (F)   49        37      1971
                                             1954


SUNRISE AND SUNSET
JUNE 27 2017..........SUNRISE   532 AM PDT   SUNSET   900 PM PDT
JUNE 28 2017..........SUNRISE   532 AM PDT   SUNSET   900 PM PDT


-  INDICATES NEGATIVE NUMBERS.
R  INDICATES RECORD WAS SET OR TIED.
MM INDICATES DATA IS MISSING.
T  INDICATES TRACE AMOUNT.




$$
