000
CDUS46 KPQR 291157
CLIEUG


CLIMATE REPORT
NATIONAL WEATHER SERVICE PORTLAND OREGON
457 AM PDT WED JUL 29 2015


...................................

...THE EUGENE OR CLIMATE SUMMARY FOR JULY 28 2015...

CLIMATE NORMAL PERIOD 1981 TO 2010
CLIMATE RECORD PERIOD 1892 TO 2015


WEATHER ITEM   OBSERVED TIME   RECORD YEAR NORMAL DEPARTURE LAST
                VALUE   (LST)  VALUE       VALUE  FROM      YEAR
                                                  NORMAL
..................................................................
TEMPERATURE (F)
 YESTERDAY
  MAXIMUM         87    523 PM 106    2009  84      3       96
  MINIMUM         53    532 AM  43    2013  52      1       52
  AVERAGE         70                        68      2       74

PRECIPITATION (IN)
  YESTERDAY        0.00          0.57 1975   0.02  -0.02     0.00
  MONTH TO DATE    0.05                      0.51  -0.46     0.33
  SINCE OCT 1     29.46                     44.17 -14.71    26.96
  SINCE JAN 1     12.41                     25.37 -12.96    22.77

SNOWFALL (IN)
  YESTERDAY        0.0
  MONTH TO DATE    0.0
  SINCE JUN 1      0.0
  SINCE JUL 1      0.0

DEGREE DAYS
 HEATING
  YESTERDAY        0                         1     -1        0
  MONTH TO DATE    5                        37    -32        6
  SINCE JUN 1     46                       194   -148      113
  SINCE JUL 1      5                        37    -32        6

 COOLING
  YESTERDAY        5                         4      1        9
  MONTH TO DATE  169                        85     84      164
  SINCE JUN 1    282                       104    178      170
  SINCE JAN 1    287                       109    178      173
..................................................................


WIND (MPH)
  HIGHEST WIND SPEED    24   HIGHEST WIND DIRECTION     N (10)
  HIGHEST GUST SPEED    30   HIGHEST GUST DIRECTION     N (20)
  AVERAGE WIND SPEED    13.3


SKY COVER
  POSSIBLE SUNSHINE  MM
  AVERAGE SKY COVER 0.0


WEATHER CONDITIONS
 THE FOLLOWING WEATHER WAS RECORDED YESTERDAY.
  NO SIGNIFICANT WEATHER WAS OBSERVED.


RELATIVE HUMIDITY (PERCENT)
 HIGHEST    77           100 AM
 LOWEST     21           400 PM
 AVERAGE    49

..........................................................


THE EUGENE OR CLIMATE NORMALS FOR TODAY
                         NORMAL    RECORD    YEAR
 MAXIMUM TEMPERATURE (F)   84       105      2009
 MINIMUM TEMPERATURE (F)   52        42      1956


SUNRISE AND SUNSET
JULY 29 2015..........SUNRISE   557 AM PDT   SUNSET   841 PM PDT
JULY 30 2015..........SUNRISE   558 AM PDT   SUNSET   840 PM PDT


-  INDICATES NEGATIVE NUMBERS.
R  INDICATES RECORD WAS SET OR TIED.
MM INDICATES DATA IS MISSING.
T  INDICATES TRACE AMOUNT.




$$
