000
CDUS46 KPQR 201148
CLIEUG


CLIMATE REPORT
NATIONAL WEATHER SERVICE PORTLAND OREGON
348 AM PST MON FEB 20 2017


...................................

...THE EUGENE OR CLIMATE SUMMARY FOR FEBRUARY 19 2017...

CLIMATE NORMAL PERIOD 1981 TO 2010
CLIMATE RECORD PERIOD 1892 TO 2017


WEATHER ITEM   OBSERVED TIME   RECORD YEAR NORMAL DEPARTURE LAST
                VALUE   (LST)  VALUE       VALUE  FROM      YEAR
                                                  NORMAL
..................................................................
TEMPERATURE (F)
 YESTERDAY
  MAXIMUM         54   1255 PM  72    1995  52      2       50
  MINIMUM         42    809 AM  18    2006  35      7       40
  AVERAGE         48                        43      5       45

PRECIPITATION (IN)
  YESTERDAY        0.19          1.78 1992   0.20  -0.01     0.31
  MONTH TO DATE    7.10                      3.72   3.38     1.94
  SINCE OCT 1     30.74                     29.39   1.35    28.10
  SINCE JAN 1     11.15                     10.59   0.56     9.26

SNOWFALL (IN)
  YESTERDAY       MM
  MONTH TO DATE    0.0
  SINCE DEC 1      5.1
  SINCE JUL 1      5.1

DEGREE DAYS
 HEATING
  YESTERDAY       17                        22     -5       20
  MONTH TO DATE  383                       428    -45      321
  SINCE DEC 1   2144                      1965    179     1642
  SINCE JUL 1   2977                      3138   -161     2623

 COOLING
  YESTERDAY        0                         0      0        0
  MONTH TO DATE    0                         0      0        0
  SINCE DEC 1      0                         0      0        0
  SINCE JAN 1      0                         0      0        0
..................................................................


WIND (MPH)
  HIGHEST WIND SPEED    23   HIGHEST WIND DIRECTION    SW (220)
  HIGHEST GUST SPEED    29   HIGHEST GUST DIRECTION     S (190)
  AVERAGE WIND SPEED    12.2


SKY COVER
  POSSIBLE SUNSHINE  MM
  AVERAGE SKY COVER 0.8


WEATHER CONDITIONS
 THE FOLLOWING WEATHER WAS RECORDED YESTERDAY.
  RAIN
  LIGHT RAIN
  FOG


RELATIVE HUMIDITY (PERCENT)
 HIGHEST   100          1200 AM
 LOWEST     64           100 PM
 AVERAGE    82

..........................................................


THE EUGENE OR CLIMATE NORMALS FOR TODAY
                         NORMAL    RECORD    YEAR
 MAXIMUM TEMPERATURE (F)   52        67      1995
 MINIMUM TEMPERATURE (F)   35        18      2006


SUNRISE AND SUNSET
FEBRUARY 20 2017......SUNRISE   704 AM PST   SUNSET   550 PM PST
FEBRUARY 21 2017......SUNRISE   702 AM PST   SUNSET   551 PM PST


-  INDICATES NEGATIVE NUMBERS.
R  INDICATES RECORD WAS SET OR TIED.
MM INDICATES DATA IS MISSING.
T  INDICATES TRACE AMOUNT.




$$
