000
CDUS43 KPAH 030632
CLIEVV


CLIMATE REPORT
NATIONAL WEATHER SERVICE PADUCAH KY
1228 AM CST TUE MAR 3 2015


...................................

...THE EVANSVILLE IN CLIMATE SUMMARY FOR MARCH 2 2015...

CLIMATE NORMAL PERIOD 1981 TO 2010
CLIMATE RECORD PERIOD 1896 TO 2015


WEATHER ITEM   OBSERVED TIME   RECORD YEAR NORMAL DEPARTURE LAST
                VALUE   (LST)  VALUE       VALUE  FROM      YEAR
                                                  NORMAL
..................................................................
TEMPERATURE (F)
 YESTERDAY
  MAXIMUM         39    407 PM  78    1992  51    -12       37
  MINIMUM         24    637 AM   4    1980  31     -7       16
  AVERAGE         32                        41     -9       27

PRECIPITATION (IN)
  YESTERDAY        0.00          1.33 1945   0.11  -0.11     0.78
  MONTH TO DATE    0.04                      0.23  -0.19     0.78
  SINCE MAR 1      0.04                      0.23  -0.19     0.78
  SINCE JAN 1      5.57                      6.50  -0.93     4.73

SNOWFALL (IN)
  YESTERDAY        0.0           6.9  1960   0.0    0.0      1.7
  MONTH TO DATE    0.0                       0.1   -0.1      1.7
  SINCE MAR 1      0.0                       0.1   -0.1      1.7
  SINCE JUL 1     10.0                      10.8   -0.8     11.7
  SNOW DEPTH       T

DEGREE DAYS
 HEATING
  YESTERDAY       33                        24      9       38
  MONTH TO DATE   64                        48     16       59
  SINCE MAR 1     64                        48     16       59
  SINCE JUL 1   3900                      3622    278     4021

 COOLING
  YESTERDAY        0                         0      0        0
  MONTH TO DATE    0                         0      0        0
  SINCE MAR 1      0                         0      0        0
  SINCE JAN 1      0                         0      0        0
..................................................................


WIND (MPH)
  HIGHEST WIND SPEED    15   HIGHEST WIND DIRECTION    NE (40)
  HIGHEST GUST SPEED    20   HIGHEST GUST DIRECTION     N (340)
  AVERAGE WIND SPEED     6.4


SKY COVER
  AVERAGE SKY COVER 0.0


WEATHER CONDITIONS
 THE FOLLOWING WEATHER WAS RECORDED YESTERDAY.
  NO SIGNIFICANT WEATHER WAS OBSERVED.


RELATIVE HUMIDITY (PERCENT)
 HIGHEST    81
 LOWEST     37
 AVERAGE    59

..........................................................


THE EVANSVILLE IN CLIMATE NORMALS FOR TODAY
                         NORMAL    RECORD    YEAR
 MAXIMUM TEMPERATURE (F)   52        78      1983
 MINIMUM TEMPERATURE (F)   32         1      1943


SUNRISE AND SUNSET
MARCH  3 2015.........SUNRISE   619 AM CST   SUNSET   545 PM CST
MARCH  4 2015.........SUNRISE   618 AM CST   SUNSET   546 PM CST


-  INDICATES NEGATIVE NUMBERS.
R  INDICATES RECORD WAS SET OR TIED.
MM INDICATES DATA IS MISSING.
T  INDICATES TRACE AMOUNT.




$$
