150
CDUS43 KPAH 220630
CLIEVV


CLIMATE REPORT
NATIONAL WEATHER SERVICE PADUCAH KY
128 AM CDT FRI MAY 22 2015


...................................

...THE EVANSVILLE IN CLIMATE SUMMARY FOR MAY 21 2015...

CLIMATE NORMAL PERIOD 1981 TO 2010
CLIMATE RECORD PERIOD 1896 TO 2015


WEATHER ITEM   OBSERVED TIME   RECORD YEAR NORMAL DEPARTURE LAST
                VALUE   (LST)  VALUE       VALUE  FROM      YEAR
                                                  NORMAL
..................................................................
TEMPERATURE (F)
 YESTERDAY
  MAXIMUM         60    541 PM  94    1987  78    -18       87
  MINIMUM         46   1154 PM  40    2002  56    -10       65
                                      1954
  AVERAGE         53                        67    -14       76

PRECIPITATION (IN)
  YESTERDAY        T             1.73 1983   0.18  -0.18     0.00
  MONTH TO DATE    2.43                      3.66  -1.23     3.64
  SINCE MAR 1     15.90                     12.27   3.63    17.46
  SINCE JAN 1     21.43                     18.54   2.89    21.41

SNOWFALL (IN)
  YESTERDAY        0.0           T    1950   0.0    0.0      0.0
  MONTH TO DATE    0.0                       0.0    0.0      0.0
  SINCE MAR 1      8.5                       1.1    7.4      2.6
  SINCE JUL 1     18.5                      11.8    6.7     12.6
  SNOW DEPTH       0

DEGREE DAYS
 HEATING
  YESTERDAY       12                         2     10        0
  MONTH TO DATE   47                        72    -25       92
  SINCE MAR 1    862                       953    -91     1018
  SINCE JUL 1   4698                      4527    171     4980

 COOLING
  YESTERDAY        0                         4     -4       11
  MONTH TO DATE   99                        55     44       94
  SINCE MAR 1    127                        82     45      104
  SINCE JAN 1    127                        82     45      104
..................................................................


WIND (MPH)
  HIGHEST WIND SPEED    15   HIGHEST WIND DIRECTION     N (360)
  HIGHEST GUST SPEED    22   HIGHEST GUST DIRECTION    NW (330)
  AVERAGE WIND SPEED     7.1


SKY COVER
  AVERAGE SKY COVER 0.7


WEATHER CONDITIONS
 THE FOLLOWING WEATHER WAS RECORDED YESTERDAY.
  LIGHT RAIN
  FOG
  HAZE


RELATIVE HUMIDITY (PERCENT)
 HIGHEST    86
 LOWEST     55
 AVERAGE    71

..........................................................


THE EVANSVILLE IN CLIMATE NORMALS FOR TODAY
                         NORMAL    RECORD    YEAR
 MAXIMUM TEMPERATURE (F)   79        93      1975
 MINIMUM TEMPERATURE (F)   56        38      1963


SUNRISE AND SUNSET
MAY 22 2015...........SUNRISE   535 AM CDT   SUNSET   759 PM CDT
MAY 23 2015...........SUNRISE   534 AM CDT   SUNSET   800 PM CDT


-  INDICATES NEGATIVE NUMBERS.
R  INDICATES RECORD WAS SET OR TIED.
MM INDICATES DATA IS MISSING.
T  INDICATES TRACE AMOUNT.




$$
