000
CDUS45 KSLC 291227
CLIEVW


CLIMATE REPORT
NATIONAL WEATHER SERVICE SALT LAKE CITY UT
627 AM MDT SAT APR 29 2017


...................................

...THE EVANSTON WY CLIMATE SUMMARY FOR APRIL 28 2017...

CLIMATE NORMAL PERIOD 1981 TO 2010
CLIMATE RECORD PERIOD 9999 TO 9999


WEATHER ITEM   OBSERVED TIME   RECORD YEAR NORMAL DEPARTURE LAST
                VALUE   (LST)  VALUE       VALUE  FROM      YEAR
                                                  NORMAL
..................................................................
TEMPERATURE (F)
 YESTERDAY
  MAXIMUM         34    224 PM  MM      MM  54    -20       38
  MINIMUM         19    526 AM  MM      MM  32    -13       31
  AVERAGE         27                        43    -16       35

PRECIPITATION (IN)
  YESTERDAY       MM            MM      MM   0.05  MM         T
  MONTH TO DATE    0.31                      1.04  -0.73     0.76
  SINCE OCT 1      4.92                      5.84  -0.92     2.32
  SINCE JAN 1      3.34                      3.05   0.29     1.33

DEGREE DAYS
 HEATING
  YESTERDAY       38                        22     16       30
  MONTH TO DATE  709                       727    -18      601
  SINCE MAR 1   1567                      1787   -220     1521
  SINCE JUL 1   7144                      7795   -651     7048

 COOLING
  YESTERDAY        0                         0      0        0
  MONTH TO DATE    0                         0      0        0
  SINCE MAR 1      0                         0      0        0
  SINCE JAN 1      0                         0      0        0
..................................................................


WIND (MPH)
  RESULTANT WIND SPEED   5   RESULTANT WIND DIRECTION  NW (300)
  HIGHEST WIND SPEED    31   HIGHEST WIND DIRECTION     N (350)
  HIGHEST GUST SPEED    36   HIGHEST GUST DIRECTION     N (350)
  AVERAGE WIND SPEED    11.4


SKY COVER
  POSSIBLE SUNSHINE  MM
  AVERAGE SKY COVER 0.8


WEATHER CONDITIONS
 THE FOLLOWING WEATHER WAS RECORDED YESTERDAY.
  HEAVY SNOW
  SNOW
  LIGHT SNOW
  FOG
  FOG W/VISIBILITY <= 1/4 MILE
  HAZE


RELATIVE HUMIDITY (PERCENT)
 HIGHEST   100           500 PM
 LOWEST     77           400 AM
 AVERAGE    89

..........................................................


THE EVANSTON WY CLIMATE NORMALS FOR TODAY
                         NORMAL    RECORD    YEAR
 MAXIMUM TEMPERATURE (F)   55        MM        MM
 MINIMUM TEMPERATURE (F)   32        MM        MM


SUNRISE AND SUNSET
APRIL 29 2017.........SUNRISE   624 AM MDT   SUNSET   820 PM MDT
APRIL 30 2017.........SUNRISE   622 AM MDT   SUNSET   821 PM MDT


-  INDICATES NEGATIVE NUMBERS.
R  INDICATES RECORD WAS SET OR TIED.
MM INDICATES DATA IS MISSING.
T  INDICATES TRACE AMOUNT.




$$
