000
CDUS45 KSLC 231244
CLIEVW


CLIMATE REPORT
NATIONAL WEATHER SERVICE SALT LAKE CITY UT
644 AM MDT SAT AUG 23 2014


...................................

...THE EVANSTON WY CLIMATE SUMMARY FOR AUGUST 22 2014...

CLIMATE NORMAL PERIOD 1981 TO 2010
CLIMATE RECORD PERIOD 9999 TO 9999


WEATHER ITEM   OBSERVED TIME   RECORD YEAR NORMAL DEPARTURE LAST
                VALUE   (LST)  VALUE       VALUE  FROM      YEAR
                                                  NORMAL
..................................................................
TEMPERATURE (F)
 YESTERDAY
  MAXIMUM         71   1252 PM  MM      MM  78     -7       81
  MINIMUM         45   1159 PM  MM      MM  49     -4       52
  AVERAGE         58                        64     -6       67

PRECIPITATION (IN)
  YESTERDAY        0.43         MM      MM   0.03   0.40      T
  MONTH TO DATE    1.56                      0.68   0.88     0.14
  SINCE OCT 1      6.12                     10.54  -4.42     4.58
  SINCE JAN 1      4.92                      7.75  -2.83     2.35

DEGREE DAYS
 HEATING
  YESTERDAY        7                         3      4        0
  MONTH TO DATE   30                        34     -4        1
  SINCE JUN 1    272                       300    -28      138
  SINCE JUL 1     49                        70    -21        5

 COOLING
  YESTERDAY        0                         1     -1        2
  MONTH TO DATE   39                        52    -13       85
  SINCE JUN 1    201                       147     54      305
  SINCE JAN 1    206                       148     58      305
..................................................................


WIND (MPH)
  RESULTANT WIND SPEED   5   RESULTANT WIND DIRECTION   N (20)
  HIGHEST WIND SPEED    28   HIGHEST WIND DIRECTION     N (10)
  HIGHEST GUST SPEED    33   HIGHEST GUST DIRECTION     N (350)
  AVERAGE WIND SPEED     9.9


SKY COVER
  POSSIBLE SUNSHINE  MM
  AVERAGE SKY COVER 0.6


WEATHER CONDITIONS
 THE FOLLOWING WEATHER WAS RECORDED YESTERDAY.
  THUNDERSTORM
  HEAVY RAIN
  RAIN
  LIGHT RAIN
  FOG


RELATIVE HUMIDITY (PERCENT)
 HIGHEST    93           500 AM
 LOWEST     40           100 PM
 AVERAGE    67

..........................................................


THE EVANSTON WY CLIMATE NORMALS FOR TODAY
                         NORMAL    RECORD    YEAR
 MAXIMUM TEMPERATURE (F)   77        MM        MM
 MINIMUM TEMPERATURE (F)   49        MM        MM


SUNRISE AND SUNSET
AUGUST 23 2014........SUNRISE   642 AM MDT   SUNSET   811 PM MDT
AUGUST 24 2014........SUNRISE   643 AM MDT   SUNSET   810 PM MDT


-  INDICATES NEGATIVE NUMBERS.
R  INDICATES RECORD WAS SET OR TIED.
MM INDICATES DATA IS MISSING.
T  INDICATES TRACE AMOUNT.




$$
