000
CDUS45 KSLC 311239
CLIEVW


CLIMATE REPORT
NATIONAL WEATHER SERVICE SALT LAKE CITY UT
638 AM MDT THU JUL 31 2014


...................................

...THE EVANSTON WY CLIMATE SUMMARY FOR JULY 30 2014...

CLIMATE NORMAL PERIOD 1981 TO 2010
CLIMATE RECORD PERIOD 9999 TO 9999


WEATHER ITEM   OBSERVED TIME   RECORD YEAR NORMAL DEPARTURE LAST
                VALUE   (LST)  VALUE       VALUE  FROM      YEAR
                                                  NORMAL
..................................................................
TEMPERATURE (F)
 YESTERDAY
  MAXIMUM         62    316 PM  MM      MM  82    -20       83
  MINIMUM         54    715 AM  MM      MM  54      0       51
  AVERAGE         58                        68    -10       67

PRECIPITATION (IN)
  YESTERDAY        0.08         MM      MM   0.03   0.05     0.00
  MONTH TO DATE    0.99                      0.87   0.12     0.20
  SINCE OCT 1      4.56                      9.83  -5.27     4.44
  SINCE JAN 1      3.36                      7.04  -3.68     2.21

DEGREE DAYS
 HEATING
  YESTERDAY        7                         1      6        0
  MONTH TO DATE   17                        42    -25        4
  SINCE JUN 1    240                       272    -32      137
  SINCE JUL 1     17                        42    -25        4

 COOLING
  YESTERDAY        0                         3     -3        2
  MONTH TO DATE  161                        78     83      158
  SINCE JUN 1    162                        91     71      213
  SINCE JAN 1    167                        92     75      213
..................................................................


WIND (MPH)
  RESULTANT WIND SPEED  11   RESULTANT WIND DIRECTION   E (70)
  HIGHEST WIND SPEED    20   HIGHEST WIND DIRECTION     E (80)
  HIGHEST GUST SPEED    24   HIGHEST GUST DIRECTION    NE (60)
  AVERAGE WIND SPEED    11.4


SKY COVER
  POSSIBLE SUNSHINE  MM
  AVERAGE SKY COVER 0.9


WEATHER CONDITIONS
 THE FOLLOWING WEATHER WAS RECORDED YESTERDAY.
  LIGHT RAIN
  FOG


RELATIVE HUMIDITY (PERCENT)
 HIGHEST   100           300 AM
 LOWEST     72           200 PM
 AVERAGE    86

..........................................................


THE EVANSTON WY CLIMATE NORMALS FOR TODAY
                         NORMAL    RECORD    YEAR
 MAXIMUM TEMPERATURE (F)   82        MM        MM
 MINIMUM TEMPERATURE (F)   54        MM        MM


SUNRISE AND SUNSET
JULY 31 2014..........SUNRISE   619 AM MDT   SUNSET   842 PM MDT
AUGUST  1 2014........SUNRISE   619 AM MDT   SUNSET   841 PM MDT


-  INDICATES NEGATIVE NUMBERS.
R  INDICATES RECORD WAS SET OR TIED.
MM INDICATES DATA IS MISSING.
T  INDICATES TRACE AMOUNT.




$$
