000
CDUS45 KSLC 291219
CLIEVW


CLIMATE REPORT
NATIONAL WEATHER SERVICE SALT LAKE CITY UT
618 AM MDT FRI MAY 29 2015


...................................

...THE EVANSTON WY CLIMATE SUMMARY FOR MAY 28 2015...

CLIMATE NORMAL PERIOD 1981 TO 2010
CLIMATE RECORD PERIOD 9999 TO 9999


WEATHER ITEM   OBSERVED TIME   RECORD YEAR NORMAL DEPARTURE LAST
                VALUE   (LST)  VALUE       VALUE  FROM      YEAR
                                                  NORMAL
..................................................................
TEMPERATURE (F)
 YESTERDAY
  MAXIMUM         59   1141 AM  MM      MM  65     -6       83
  MINIMUM         38    455 AM  MM      MM  40     -2       56
  AVERAGE         49                        52     -3       70

PRECIPITATION (IN)
  YESTERDAY        0.17         MM      MM   0.05   0.12      T
  MONTH TO DATE    4.49                      1.60   2.89     0.84
  SINCE OCT 1      7.39                      7.55  -0.16     2.37
  SINCE JAN 1      6.51                      4.76   1.75     1.17

DEGREE DAYS
 HEATING
  YESTERDAY       16                        13      3        0
  MONTH TO DATE  492                       468     24      396
  SINCE MAR 1   1945                      2297   -352     2085
  SINCE JUL 1   6917                      8305  -1388     7735

 COOLING
  YESTERDAY        0                         0      0        5
  MONTH TO DATE    0                         0      0        5
  SINCE MAR 1      0                         0      0        5
  SINCE JAN 1      0                         0      0        5
..................................................................


WIND (MPH)
  RESULTANT WIND SPEED   6   RESULTANT WIND DIRECTION  SW (240)
  HIGHEST WIND SPEED    31   HIGHEST WIND DIRECTION     W (250)
  HIGHEST GUST SPEED    39   HIGHEST GUST DIRECTION    NW (320)
  AVERAGE WIND SPEED    10.2


SKY COVER
  POSSIBLE SUNSHINE  MM
  AVERAGE SKY COVER 0.2


WEATHER CONDITIONS
 THE FOLLOWING WEATHER WAS RECORDED YESTERDAY.
  THUNDERSTORM
  HEAVY RAIN
  RAIN
  LIGHT RAIN
  FOG


RELATIVE HUMIDITY (PERCENT)
 HIGHEST    93           800 AM
 LOWEST     51           100 PM
 AVERAGE    72

..........................................................


THE EVANSTON WY CLIMATE NORMALS FOR TODAY
                         NORMAL    RECORD    YEAR
 MAXIMUM TEMPERATURE (F)   65        MM        MM
 MINIMUM TEMPERATURE (F)   40        MM        MM


SUNRISE AND SUNSET
MAY 29 2015...........SUNRISE   555 AM MDT   SUNSET   848 PM MDT
MAY 30 2015...........SUNRISE   554 AM MDT   SUNSET   849 PM MDT


-  INDICATES NEGATIVE NUMBERS.
R  INDICATES RECORD WAS SET OR TIED.
MM INDICATES DATA IS MISSING.
T  INDICATES TRACE AMOUNT.




$$
