000
CDUS45 KSLC 290045
CLIEVW


CLIMATE REPORT
NATIONAL WEATHER SERVICE SALT LAKE CITY UT
645 PM MDT WED JUN 28 2017


...................................

...THE EVANSTON WY CLIMATE SUMMARY FOR JUNE 28 2017...
VALID TODAY AS OF 0500 PM LOCAL TIME.

CLIMATE NORMAL PERIOD 1981 TO 2010
CLIMATE RECORD PERIOD 9999 TO 9999


WEATHER ITEM   OBSERVED TIME   RECORD YEAR NORMAL DEPARTURE LAST
                VALUE   (LST)  VALUE       VALUE  FROM      YEAR
                                                  NORMAL
..................................................................
TEMPERATURE (F)
 TODAY
  MAXIMUM         79    200 PM  MM      MM  76      3       91
  MINIMUM         49        MM  MM      MM  48      1       58
  AVERAGE         64                        62      2       75

PRECIPITATION (IN)
  TODAY            0.00         MM      MM   0.03  -0.03     0.00
  MONTH TO DATE    0.09                      1.18  -1.09     0.13
  SINCE OCT 1      6.83                      8.90  -2.07     4.52
  SINCE JAN 1      5.25                      6.11  -0.86     3.53

DEGREE DAYS
 HEATING
  TODAY            1                         4     -3        0
  MONTH TO DATE  117                       224   -107       52
  SINCE JUN 1    117                       224   -107       52
  SINCE JUL 1   7780                      8566   -786     7670

 COOLING
  TODAY            0                         1     -1       10
  MONTH TO DATE   22                         6     16       51
  SINCE JUN 1     22                         6     16       51
  SINCE JAN 1     22                         7     15       51
..................................................................


WIND (MPH)
  RESULTANT WIND SPEED   8   RESULTANT WIND DIRECTION  SW (240)
  HIGHEST WIND SPEED    29   HIGHEST WIND DIRECTION     W (250)
  HIGHEST GUST SPEED    38   HIGHEST GUST DIRECTION     W (270)
  AVERAGE WIND SPEED    12.3


SKY COVER
  POSSIBLE SUNSHINE  MM
  AVERAGE SKY COVER 0.0


WEATHER CONDITIONS
 THE FOLLOWING WEATHER WAS RECORDED TODAY.
  NO SIGNIFICANT WEATHER WAS OBSERVED.


RELATIVE HUMIDITY (PERCENT)
 HIGHEST    46           600 AM
 LOWEST     14           200 PM
 AVERAGE    30

..........................................................


THE EVANSTON WY CLIMATE NORMALS FOR TOMORROW
                         NORMAL    RECORD    YEAR
 MAXIMUM TEMPERATURE (F)   76        MM        MM
 MINIMUM TEMPERATURE (F)   49        MM        MM


SUNRISE AND SUNSET
JUNE 28 2017..........SUNRISE   554 AM MDT   SUNSET   901 PM MDT
JUNE 29 2017..........SUNRISE   554 AM MDT   SUNSET   901 PM MDT


-  INDICATES NEGATIVE NUMBERS.
R  INDICATES RECORD WAS SET OR TIED.
MM INDICATES DATA IS MISSING.
T  INDICATES TRACE AMOUNT.




$$
