000
CDUS45 KSLC 170029
CLIEVW


CLIMATE REPORT
NATIONAL WEATHER SERVICE SALT LAKE CITY UT
528 PM MST MON JAN 16 2017


...................................

...THE EVANSTON WY CLIMATE SUMMARY FOR JANUARY 16 2017...
VALID TODAY AS OF 0500 PM LOCAL TIME.

CLIMATE NORMAL PERIOD 1981 TO 2010
CLIMATE RECORD PERIOD 9999 TO 9999


WEATHER ITEM   OBSERVED TIME   RECORD YEAR NORMAL DEPARTURE LAST
                VALUE   (LST)  VALUE       VALUE  FROM      YEAR
                                                  NORMAL
..................................................................
TEMPERATURE (F)
 TODAY
  MAXIMUM         11        MM  MM      MM  29    -18       29
  MINIMUM         -4        MM  MM      MM  15    -19       16
  AVERAGE          4                        22    -18       23

PRECIPITATION (IN)
  TODAY            0.00         MM      MM   0.02  -0.02      T
  MONTH TO DATE    0.65                      0.30   0.35     0.08
  SINCE OCT 1      2.23                      3.09  -0.86     1.07
  SINCE JAN 1      0.65                      0.30   0.35     0.08

DEGREE DAYS
 HEATING
  TODAY           61                        43     18       42
  MONTH TO DATE  772                       698     74      761
  SINCE DEC 1   2140                      2068     72     2121
  SINCE JUL 1   3791                      4177   -386     3810

 COOLING
  TODAY            0                         0      0        0
  MONTH TO DATE    0                         0      0        0
  SINCE DEC 1      0                         0      0        0
  SINCE JAN 1      0                         0      0        0
..................................................................


WIND (MPH)
  RESULTANT WIND SPEED   1   RESULTANT WIND DIRECTION  NE (60)
  HIGHEST WIND SPEED     5   HIGHEST WIND DIRECTION     E (70)
  HIGHEST GUST SPEED    MM   HIGHEST GUST DIRECTION    MM
  AVERAGE WIND SPEED     2.0


SKY COVER
  POSSIBLE SUNSHINE  MM
  AVERAGE SKY COVER 0.4


WEATHER CONDITIONS
 THE FOLLOWING WEATHER WAS RECORDED TODAY.
  FOG
  HAZE


RELATIVE HUMIDITY (PERCENT)
 HIGHEST   100          1100 AM
 LOWEST     72           700 AM
 AVERAGE    86

..........................................................


THE EVANSTON WY CLIMATE NORMALS FOR TOMORROW
                         NORMAL    RECORD    YEAR
 MAXIMUM TEMPERATURE (F)   29        MM        MM
 MINIMUM TEMPERATURE (F)   15        MM        MM


SUNRISE AND SUNSET
JANUARY 16 2017.......SUNRISE   747 AM MST   SUNSET   521 PM MST
JANUARY 17 2017.......SUNRISE   746 AM MST   SUNSET   523 PM MST


-  INDICATES NEGATIVE NUMBERS.
R  INDICATES RECORD WAS SET OR TIED.
MM INDICATES DATA IS MISSING.
T  INDICATES TRACE AMOUNT.




$$
