000
CDUS42 KMHX 190545
CLIEWN


CLIMATE REPORT
NATIONAL WEATHER SERVICE NEWPORT/MOREHEAD CITY NC
145 AM EDT FRI SEP 19 2014


...................................

...THE NEW BERN NC CLIMATE SUMMARY FOR SEPTEMBER 18 2014...

CLIMATE NORMAL PERIOD 1981 TO 2010
CLIMATE RECORD PERIOD 1948 TO 2014


WEATHER ITEM   OBSERVED TIME   RECORD YEAR NORMAL DEPARTURE LAST
                VALUE   (LST)  VALUE       VALUE  FROM      YEAR
                                                  NORMAL
..................................................................
TEMPERATURE (F)
 YESTERDAY
  MAXIMUM         82    141 PM  95    1958  83     -1       78
  MINIMUM         64   1036 PM  52    1990  65     -1       57
  AVERAGE         73                        74     -1       68

PRECIPITATION (IN)
  YESTERDAY        0.00          5.18 2003   0.21  -0.21     0.00
  MONTH TO DATE    6.60                      3.67   2.93     2.03
  SINCE SEP 1      6.60                      3.67   2.93     2.03
  SINCE JAN 1     43.61                     40.47   3.14    31.40

SNOWFALL (IN)
  YESTERDAY        0.0
  MONTH TO DATE    0.0
  SINCE NOV 1     14.0
  SINCE JUL 1      0.0
  SNOW DEPTH       0

DEGREE DAYS
 HEATING
  YESTERDAY        0                         0      0        0
  MONTH TO DATE    0                         0      0        0
  SINCE SEP 1      0                         0      0        0
  SINCE JUL 1      0                         0      0        0

 COOLING
  YESTERDAY        8                         9     -1        3
  MONTH TO DATE  270                       191     79      218
  SINCE SEP 1    270                       191     79      218
  SINCE JAN 1   1981                      1720    261     1835
..................................................................


WIND (MPH)
  HIGHEST WIND SPEED    13   HIGHEST WIND DIRECTION     E (70)
  HIGHEST GUST SPEED    24   HIGHEST GUST DIRECTION    NE (30)
  AVERAGE WIND SPEED     6.6


SKY COVER
  POSSIBLE SUNSHINE  MM
  AVERAGE SKY COVER 0.2


WEATHER CONDITIONS
 THE FOLLOWING WEATHER WAS RECORDED YESTERDAY.
  NO SIGNIFICANT WEATHER WAS OBSERVED.


RELATIVE HUMIDITY (PERCENT)
 HIGHEST    87           200 AM
 LOWEST     51          1200 PM
 AVERAGE    69

..........................................................


THE NEW BERN NC CLIMATE NORMALS FOR TODAY
                         NORMAL    RECORD    YEAR
 MAXIMUM TEMPERATURE (F)   82        93      1978
 MINIMUM TEMPERATURE (F)   64        51      1990


SUNRISE AND SUNSET
SEPTEMBER 19 2014.....SUNRISE   654 AM EDT   SUNSET   709 PM EDT
SEPTEMBER 20 2014.....SUNRISE   655 AM EDT   SUNSET   708 PM EDT


-  INDICATES NEGATIVE NUMBERS.
R  INDICATES RECORD WAS SET OR TIED.
MM INDICATES DATA IS MISSING.
T  INDICATES TRACE AMOUNT.




$$
