000
CDUS42 KMHX 242242
CLIEWN


CLIMATE REPORT
NATIONAL WEATHER SERVICE NEWPORT/MOREHEAD CITY NC
541 PM EST WED DEC 24 2014


...................................

...THE NEW BERN NC CLIMATE SUMMARY FOR DECEMBER 24 2014...
VALID TODAY AS OF 0500 PM LOCAL TIME.

CLIMATE NORMAL PERIOD 1981 TO 2010
CLIMATE RECORD PERIOD 1948 TO 2014


WEATHER ITEM   OBSERVED TIME   RECORD YEAR NORMAL DEPARTURE LAST
                VALUE   (LST)  VALUE       VALUE  FROM      YEAR
                                                  NORMAL
..................................................................
TEMPERATURE (F)
 TODAY
  MAXIMUM         73    427 PM  76    1964  55     18       58
  MINIMUM         55    206 AM   9    1983  34     21       38
  AVERAGE         64                        45     19       48

PRECIPITATION (IN)
  TODAY            2.31          2.87 1978   0.12   2.19     0.18
  MONTH TO DATE    3.82                      2.65   1.17     1.88
  SINCE DEC 1      3.82                      2.65   1.17     1.88
  SINCE JAN 1     54.53                     52.00   2.53    42.16

SNOWFALL (IN)
  TODAY            0.0
  MONTH TO DATE    0.0
  SINCE NOV 1      0.0
  SINCE JUL 1      0.0
  SNOW DEPTH       0

DEGREE DAYS
 HEATING
  TODAY            1                        20    -19       17
  MONTH TO DATE  366                       423    -57      300
  SINCE DEC 1    366                       423    -57      300
  SINCE JUL 1    811                       850    -39      723

 COOLING
  TODAY            0                         0      0        0
  MONTH TO DATE    0                         0      0       27
  SINCE DEC 1      0                         0      0       27
  SINCE JAN 1   2193                      1900    293     2033
..................................................................


WIND (MPH)
  HIGHEST WIND SPEED    24   HIGHEST WIND DIRECTION     S (180)
  HIGHEST GUST SPEED    33   HIGHEST GUST DIRECTION     S (170)
  AVERAGE WIND SPEED     9.4


SKY COVER
  POSSIBLE SUNSHINE  MM
  AVERAGE SKY COVER 1.0


WEATHER CONDITIONS
 THE FOLLOWING WEATHER WAS RECORDED TODAY.
  HEAVY RAIN
  RAIN
  LIGHT RAIN
  FOG


RELATIVE HUMIDITY (PERCENT)
 HIGHEST    93          1200 AM
 LOWEST     79           500 PM
 AVERAGE    86

..........................................................


THE NEW BERN NC CLIMATE NORMALS FOR TOMORROW
                         NORMAL    RECORD    YEAR
 MAXIMUM TEMPERATURE (F)   55        78      1955
 MINIMUM TEMPERATURE (F)   34        -4      1989


SUNRISE AND SUNSET
DECEMBER 24 2014......SUNRISE   714 AM EST   SUNSET   502 PM EST
DECEMBER 25 2014......SUNRISE   714 AM EST   SUNSET   502 PM EST


-  INDICATES NEGATIVE NUMBERS.
R  INDICATES RECORD WAS SET OR TIED.
MM INDICATES DATA IS MISSING.
T  INDICATES TRACE AMOUNT.




$$
