000
CDUS42 KMHX 260526
CLIEWN


CLIMATE REPORT
NATIONAL WEATHER SERVICE NEWPORT/MOREHEAD CITY NC
125 AM EDT TUE SEP 26 2017


...................................

...THE NEW BERN NC CLIMATE SUMMARY FOR SEPTEMBER 25 2017...

CLIMATE NORMAL PERIOD 1981 TO 2010
CLIMATE RECORD PERIOD 1948 TO 2017


WEATHER ITEM   OBSERVED TIME   RECORD YEAR NORMAL DEPARTURE LAST
                VALUE   (LST)  VALUE       VALUE  FROM      YEAR
                                                  NORMAL
..................................................................
TEMPERATURE (F)
 YESTERDAY
  MAXIMUM         82   1221 PM  93    1986  81      1       77
  MINIMUM         70    224 AM  46    1949  62      8       67
  AVERAGE         76                        71      5       72

PRECIPITATION (IN)
  YESTERDAY        0.00          2.83 1989   0.18  -0.18     0.00
  MONTH TO DATE    3.20                      4.98  -1.78    10.83
  SINCE SEP 1      3.20                      4.98  -1.78    10.83
  SINCE JAN 1     41.84                     41.78   0.06    54.20

SNOWFALL (IN)
  YESTERDAY        0.0
  MONTH TO DATE    0.0
  SINCE NOV 1      T
  SINCE JUL 1      0.0
  SNOW DEPTH       0

DEGREE DAYS
 HEATING
  YESTERDAY        0                         0      0        0
  MONTH TO DATE    0                         0      0        0
  SINCE SEP 1      0                         0      0        0
  SINCE JUL 1      0                         0      0        0

 COOLING
  YESTERDAY       11                         7      4        7
  MONTH TO DATE  252                       244      8      319
  SINCE SEP 1    252                       244      8      319
  SINCE JAN 1   1935                      1773    162     2074
..................................................................


WIND (MPH)
  HIGHEST WIND SPEED    21   HIGHEST WIND DIRECTION     N (20)
  HIGHEST GUST SPEED    26   HIGHEST GUST DIRECTION     N (20)
  AVERAGE WIND SPEED    12.3


SKY COVER
  POSSIBLE SUNSHINE  MM
  AVERAGE SKY COVER 1.0


WEATHER CONDITIONS
 THE FOLLOWING WEATHER WAS RECORDED YESTERDAY.
  FOG


RELATIVE HUMIDITY (PERCENT)
 HIGHEST   100          1200 AM
 LOWEST     74          1100 AM
 AVERAGE    87

..........................................................


THE NEW BERN NC CLIMATE NORMALS FOR TODAY
                         NORMAL    RECORD    YEAR
 MAXIMUM TEMPERATURE (F)   80        93      1986
 MINIMUM TEMPERATURE (F)   62        46      1967


SUNRISE AND SUNSET
SEPTEMBER 26 2017.....SUNRISE   659 AM EDT   SUNSET   659 PM EDT
SEPTEMBER 27 2017.....SUNRISE   700 AM EDT   SUNSET   657 PM EDT


-  INDICATES NEGATIVE NUMBERS.
R  INDICATES RECORD WAS SET OR TIED.
MM INDICATES DATA IS MISSING.
T  INDICATES TRACE AMOUNT.




$$
