000
CDUS42 KMHX 282132
CLIEWN


CLIMATE REPORT
NATIONAL WEATHER SERVICE NEWPORT/MOREHEAD CITY NC
530 PM EDT THU APR 28 2016


...................................

...THE NEW BERN NC CLIMATE SUMMARY FOR APRIL 28 2016...
VALID TODAY AS OF 0500 PM LOCAL TIME.

CLIMATE NORMAL PERIOD 1981 TO 2010
CLIMATE RECORD PERIOD 1948 TO 2016


WEATHER ITEM   OBSERVED TIME   RECORD YEAR NORMAL DEPARTURE LAST
                VALUE   (LST)  VALUE       VALUE  FROM      YEAR
                                                  NORMAL
..................................................................
TEMPERATURE (F)
 TODAY
  MAXIMUM         87    330 PM  92    1957  76     11       69
  MINIMUM         63    141 AM  37    1967  53     10       46
  AVERAGE         75                        65     10       58

PRECIPITATION (IN)
  TODAY            0.01          1.26 1949   0.11  -0.10     0.00
  MONTH TO DATE    1.35                      2.97  -1.62     2.03
  SINCE MAR 1      4.68                      7.36  -2.68     5.59
  SINCE JAN 1     15.70                     15.04   0.66    13.96

SNOWFALL (IN)
  TODAY            0.0
  MONTH TO DATE    0.0
  SINCE NOV 1      T
  SINCE JUL 1      T
  SNOW DEPTH       0

DEGREE DAYS
 HEATING
  TODAY            0                         3     -3        7
  MONTH TO DATE  169                       147     22       92
  SINCE MAR 1    386                       516   -130      444
  SINCE JUL 1   2074                      2662   -588     2687

 COOLING
  TODAY           10                         3      7        0
  MONTH TO DATE   53                        51      2       65
  SINCE MAR 1    101                        62     39       88
  SINCE JAN 1    101                        65     36       95
..................................................................


WIND (MPH)
  HIGHEST WIND SPEED    15   HIGHEST WIND DIRECTION     W (250)
  HIGHEST GUST SPEED    21   HIGHEST GUST DIRECTION     W (250)
  AVERAGE WIND SPEED     6.4


SKY COVER
  POSSIBLE SUNSHINE  MM
  AVERAGE SKY COVER 0.5


WEATHER CONDITIONS
 THE FOLLOWING WEATHER WAS RECORDED TODAY.
  LIGHT RAIN
  FOG


RELATIVE HUMIDITY (PERCENT)
 HIGHEST    87           200 AM
 LOWEST     48           300 PM
 AVERAGE    68

..........................................................


THE NEW BERN NC CLIMATE NORMALS FOR TOMORROW
                         NORMAL    RECORD    YEAR
 MAXIMUM TEMPERATURE (F)   77        90      1974
 MINIMUM TEMPERATURE (F)   54        33      1967


SUNRISE AND SUNSET
APRIL 28 2016.........SUNRISE   620 AM EDT   SUNSET   752 PM EDT
APRIL 29 2016.........SUNRISE   619 AM EDT   SUNSET   753 PM EDT


-  INDICATES NEGATIVE NUMBERS.
R  INDICATES RECORD WAS SET OR TIED.
MM INDICATES DATA IS MISSING.
T  INDICATES TRACE AMOUNT.




$$
