000
CDUS42 KMHX 230537
CLIEWN


CLIMATE REPORT
NATIONAL WEATHER SERVICE NEWPORT/MOREHEAD CITY NC
135 AM EDT SAT MAY 23 2015


...................................

...THE NEW BERN NC CLIMATE SUMMARY FOR MAY 22 2015...

CLIMATE NORMAL PERIOD 1981 TO 2010
CLIMATE RECORD PERIOD 1948 TO 2015


WEATHER ITEM   OBSERVED TIME   RECORD YEAR NORMAL DEPARTURE LAST
                VALUE   (LST)  VALUE       VALUE  FROM      YEAR
                                                  NORMAL
..................................................................
TEMPERATURE (F)
 YESTERDAY
  MAXIMUM         74    509 PM  95    1975  82     -8       91
  MINIMUM         53   1154 PM  45    1992  61     -8       70
  AVERAGE         64                        71     -7       81

PRECIPITATION (IN)
  YESTERDAY        T             1.27 1990   0.14  -0.14     0.00
  MONTH TO DATE    2.83                      2.84  -0.01     1.79
  SINCE MAR 1      8.45                     10.40  -1.95    11.22
  SINCE JAN 1     16.82                     18.08  -1.26    17.75

SNOWFALL (IN)
  YESTERDAY        0.0
  MONTH TO DATE    0.0
  SINCE NOV 1      3.0
  SINCE JUL 1      3.0
  SNOW DEPTH       0

DEGREE DAYS
 HEATING
  YESTERDAY        1                         1      0        0
  MONTH TO DATE   19                        31    -12        5
  SINCE MAR 1    476                       552    -76      563
  SINCE JUL 1   2719                      2698     21     2637

 COOLING
  YESTERDAY        0                         7     -7       16
  MONTH TO DATE  135                       103     32      185
  SINCE MAR 1    223                       170     53      265
  SINCE JAN 1    230                       173     57      270
..................................................................


WIND (MPH)
  HIGHEST WIND SPEED    15   HIGHEST WIND DIRECTION     N (360)
  HIGHEST GUST SPEED    20   HIGHEST GUST DIRECTION     N (20)
  AVERAGE WIND SPEED     6.3


SKY COVER
  POSSIBLE SUNSHINE  MM
  AVERAGE SKY COVER 0.5


WEATHER CONDITIONS
 THE FOLLOWING WEATHER WAS RECORDED YESTERDAY.
  LIGHT RAIN


RELATIVE HUMIDITY (PERCENT)
 HIGHEST    90          1200 AM
 LOWEST     41           500 PM
 AVERAGE    66

..........................................................


THE NEW BERN NC CLIMATE NORMALS FOR TODAY
                         NORMAL    RECORD    YEAR
 MAXIMUM TEMPERATURE (F)   82        97      1953
 MINIMUM TEMPERATURE (F)   61        44      2002


SUNRISE AND SUNSET
MAY 23 2015...........SUNRISE   559 AM EDT   SUNSET   811 PM EDT
MAY 24 2015...........SUNRISE   559 AM EDT   SUNSET   812 PM EDT


-  INDICATES NEGATIVE NUMBERS.
R  INDICATES RECORD WAS SET OR TIED.
MM INDICATES DATA IS MISSING.
T  INDICATES TRACE AMOUNT.




$$
