000
CDUS42 KMHX 200526
CLIEWN


CLIMATE REPORT
NATIONAL WEATHER SERVICE NEWPORT/MOREHEAD CITY NC
1225 AM EST TUE FEB 20 2018


...................................

...THE NEW BERN NC CLIMATE SUMMARY FOR FEBRUARY 19 2018...

CLIMATE NORMAL PERIOD 1981 TO 2010
CLIMATE RECORD PERIOD 1948 TO 2018


WEATHER ITEM   OBSERVED TIME   RECORD YEAR NORMAL DEPARTURE LAST
                VALUE   (LST)  VALUE       VALUE  FROM      YEAR
                                                  NORMAL
..................................................................
TEMPERATURE (F)
 YESTERDAY
  MAXIMUM         75    115 PM  80    2000  59     16       73
  MINIMUM         46    136 AM  16    1958  37      9       48
  AVERAGE         61                        48     13       61

PRECIPITATION (IN)
  YESTERDAY        T             1.55 1949   0.14  -0.14     0.00
  MONTH TO DATE    0.90                      2.42  -1.52     1.97
  SINCE DEC 1     10.19                      9.84   0.35     9.72
  SINCE JAN 1      5.96                      6.44  -0.48     6.22

SNOWFALL (IN)
  YESTERDAY        0.0
  MONTH TO DATE    0.0
  SINCE NOV 1      6.0
  SINCE JUL 1      6.0
  SNOW DEPTH       0

DEGREE DAYS
 HEATING
  YESTERDAY        4                        18    -14        4
  MONTH TO DATE  253                       358   -105      255
  SINCE DEC 1   1688                      1571    117     1283
  SINCE JUL 1   2127                      1998    129     1678

 COOLING
  YESTERDAY        0                         0      0        0
  MONTH TO DATE   12                         0     12        6
  SINCE DEC 1     15                         4     11        6
  SINCE JAN 1     15                         1     14        6
..................................................................


WIND (MPH)
  HIGHEST WIND SPEED    17   HIGHEST WIND DIRECTION     S (180)
  HIGHEST GUST SPEED    23   HIGHEST GUST DIRECTION    SW (210)
  AVERAGE WIND SPEED     7.6


SKY COVER
  POSSIBLE SUNSHINE  MM
  AVERAGE SKY COVER 1.0


WEATHER CONDITIONS
 THE FOLLOWING WEATHER WAS RECORDED YESTERDAY.
  LIGHT RAIN
  FOG


RELATIVE HUMIDITY (PERCENT)
 HIGHEST   100          1100 PM
 LOWEST     68           100 PM
 AVERAGE    84

..........................................................


THE NEW BERN NC CLIMATE NORMALS FOR TODAY
                         NORMAL    RECORD    YEAR
 MAXIMUM TEMPERATURE (F)   59        81      1991
 MINIMUM TEMPERATURE (F)   37        11      2015


SUNRISE AND SUNSET
FEBRUARY 20 2018......SUNRISE   649 AM EST   SUNSET   556 PM EST
FEBRUARY 21 2018......SUNRISE   647 AM EST   SUNSET   557 PM EST


-  INDICATES NEGATIVE NUMBERS.
R  INDICATES RECORD WAS SET OR TIED.
MM INDICATES DATA IS MISSING.
T  INDICATES TRACE AMOUNT.




$$
