323
CDUS42 KMHX 230526
CLIEWN


CLIMATE REPORT
NATIONAL WEATHER SERVICE NEWPORT/MOREHEAD CITY NC
126 AM EDT TUE MAY 23 2017


...................................

...THE NEW BERN NC CLIMATE SUMMARY FOR MAY 22 2017...

CLIMATE NORMAL PERIOD 1981 TO 2010
CLIMATE RECORD PERIOD 1948 TO 2017


WEATHER ITEM   OBSERVED TIME   RECORD YEAR NORMAL DEPARTURE LAST
                VALUE   (LST)  VALUE       VALUE  FROM      YEAR
                                                  NORMAL
..................................................................
TEMPERATURE (F)
 YESTERDAY
  MAXIMUM         86    248 PM  95    1975  82      4       70
  MINIMUM         68   1159 PM  45    1992  61      7       56
  AVERAGE         77                        71      6       63

PRECIPITATION (IN)
  YESTERDAY        0.06          1.27 1990   0.14  -0.08      T
  MONTH TO DATE    1.97                      2.84  -0.87     4.41
  SINCE MAR 1     10.37                     10.40  -0.03     9.42
  SINCE JAN 1     16.59                     18.08  -1.49    20.44

SNOWFALL (IN)
  YESTERDAY        0.0
  MONTH TO DATE    0.0
  SINCE NOV 1      T
  SINCE JUL 1      T
  SNOW DEPTH       0

DEGREE DAYS
 HEATING
  YESTERDAY        0                         1     -1        2
  MONTH TO DATE   28                        31     -3       29
  SINCE MAR 1    494                       552    -58      419
  SINCE JUL 1   2234                      2698   -464     2107

 COOLING
  YESTERDAY       12                         7      5        0
  MONTH TO DATE  124                       103     21       97
  SINCE MAR 1    266                       170     96      198
  SINCE JAN 1    272                       173     99      198
..................................................................


WIND (MPH)
  HIGHEST WIND SPEED    18   HIGHEST WIND DIRECTION    SW (220)
  HIGHEST GUST SPEED    25   HIGHEST GUST DIRECTION     S (200)
  AVERAGE WIND SPEED     6.3


SKY COVER
  POSSIBLE SUNSHINE  MM
  AVERAGE SKY COVER 0.4


WEATHER CONDITIONS
 THE FOLLOWING WEATHER WAS RECORDED YESTERDAY.
  THUNDERSTORM
  LIGHT RAIN
  FOG


RELATIVE HUMIDITY (PERCENT)
 HIGHEST   100          1200 AM
 LOWEST     61           200 PM
 AVERAGE    81

..........................................................


THE NEW BERN NC CLIMATE NORMALS FOR TODAY
                         NORMAL    RECORD    YEAR
 MAXIMUM TEMPERATURE (F)   82        97      1953
 MINIMUM TEMPERATURE (F)   61        44      2002


SUNRISE AND SUNSET
MAY 23 2017...........SUNRISE   559 AM EDT   SUNSET   811 PM EDT
MAY 24 2017...........SUNRISE   559 AM EDT   SUNSET   812 PM EDT


-  INDICATES NEGATIVE NUMBERS.
R  INDICATES RECORD WAS SET OR TIED.
MM INDICATES DATA IS MISSING.
T  INDICATES TRACE AMOUNT.




$$
