000
CDUS42 KMHX 010625
CLIEWN


CLIMATE REPORT
NATIONAL WEATHER SERVICE NEWPORT/MOREHEAD CITY NC
125 AM EST SUN FEB 1 2015


...................................

...THE NEW BERN NC CLIMATE SUMMARY FOR JANUARY 31 2015...

CLIMATE NORMAL PERIOD 1981 TO 2010
CLIMATE RECORD PERIOD 1948 TO 2015


WEATHER ITEM   OBSERVED TIME   RECORD YEAR NORMAL DEPARTURE LAST
                VALUE   (LST)  VALUE       VALUE  FROM      YEAR
                                                  NORMAL
..................................................................
TEMPERATURE (F)
 YESTERDAY
  MAXIMUM         49    326 PM  81    1950  56     -7       56
  MINIMUM         27   1102 PM  15    1966  35     -8       27
  AVERAGE         38                        45     -7       42

PRECIPITATION (IN)
  YESTERDAY        0.00          2.29 1960   0.14  -0.14     0.03
  MONTH TO DATE    4.49                      4.02   0.47     3.97
  SINCE DEC 1      8.64                      7.42   1.22     6.36
  SINCE JAN 1      4.49                      4.02   0.47     3.97

SNOWFALL (IN)
  YESTERDAY        0.0
  MONTH TO DATE    0.0
  SINCE NOV 1      0.0
  SINCE JUL 1      0.0
  SNOW DEPTH       0

DEGREE DAYS
 HEATING
  YESTERDAY       27                        20      7       23
  MONTH TO DATE  603                       644    -41      728
  SINCE DEC 1   1075                      1213   -138     1158
  SINCE JUL 1   1520                      1640   -120     1581

 COOLING
  YESTERDAY        0                         0      0        0
  MONTH TO DATE    7                         1      6        1
  SINCE DEC 1      7                         4      3       28
  SINCE JAN 1      7                         1      6        1
..................................................................


WIND (MPH)
  HIGHEST WIND SPEED    16   HIGHEST WIND DIRECTION    NW (330)
  HIGHEST GUST SPEED    24   HIGHEST GUST DIRECTION    NW (320)
  AVERAGE WIND SPEED     6.6


SKY COVER
  POSSIBLE SUNSHINE  MM
  AVERAGE SKY COVER 0.0


WEATHER CONDITIONS
 THE FOLLOWING WEATHER WAS RECORDED YESTERDAY.
  NO SIGNIFICANT WEATHER WAS OBSERVED.


RELATIVE HUMIDITY (PERCENT)
 HIGHEST    75          1100 PM
 LOWEST     19           200 PM
 AVERAGE    47

..........................................................


THE NEW BERN NC CLIMATE NORMALS FOR TODAY
                         NORMAL    RECORD    YEAR
 MAXIMUM TEMPERATURE (F)   56        81      2002
 MINIMUM TEMPERATURE (F)   35        11      1965


SUNRISE AND SUNSET
FEBRUARY  1 2015......SUNRISE   707 AM EST   SUNSET   537 PM EST
FEBRUARY  2 2015......SUNRISE   707 AM EST   SUNSET   538 PM EST


-  INDICATES NEGATIVE NUMBERS.
R  INDICATES RECORD WAS SET OR TIED.
MM INDICATES DATA IS MISSING.
T  INDICATES TRACE AMOUNT.




$$
