734
CDUS42 KMHX 070525
CLIEWN


CLIMATE REPORT
NATIONAL WEATHER SERVICE NEWPORT/MOREHEAD CITY NC
1225 AM EST SUN FEB 7 2016


...................................

...THE NEW BERN NC CLIMATE SUMMARY FOR FEBRUARY 6 2016...

CLIMATE NORMAL PERIOD 1981 TO 2010
CLIMATE RECORD PERIOD 1948 TO 2016


WEATHER ITEM   OBSERVED TIME   RECORD YEAR NORMAL DEPARTURE LAST
                VALUE   (LST)  VALUE       VALUE  FROM      YEAR
                                                  NORMAL
..................................................................
TEMPERATURE (F)
 YESTERDAY
  MAXIMUM         50    244 PM  82    2008  56     -6       42
  MINIMUM         30    348 AM  15    2009  35     -5       21
  AVERAGE         40                        46     -6       32

PRECIPITATION (IN)
  YESTERDAY        0.00          1.54 1964   0.12  -0.12     0.00
  MONTH TO DATE    4.52                      0.76   3.76     1.21
  SINCE DEC 1     14.65                      8.18   6.47     9.85
  SINCE JAN 1      8.23                      4.78   3.45     5.70

SNOWFALL (IN)
  YESTERDAY        0.0
  MONTH TO DATE    0.0
  SINCE NOV 1      T
  SINCE JUL 1      T
  SNOW DEPTH       0

DEGREE DAYS
 HEATING
  YESTERDAY       25                        19      6       33
  MONTH TO DATE   68                       118    -50      139
  SINCE DEC 1    890                      1331   -441     1214
  SINCE JUL 1   1173                      1758   -585     1659

 COOLING
  YESTERDAY        0                         0      0        0
  MONTH TO DATE    0                         0      0        0
  SINCE DEC 1     49                         4     45        7
  SINCE JAN 1      0                         1     -1        7
..................................................................


WIND (MPH)
  HIGHEST WIND SPEED    15   HIGHEST WIND DIRECTION     N (20)
  HIGHEST GUST SPEED    18   HIGHEST GUST DIRECTION     N (20)
  AVERAGE WIND SPEED     7.6


SKY COVER
  POSSIBLE SUNSHINE  MM
  AVERAGE SKY COVER 0.5


WEATHER CONDITIONS
 THE FOLLOWING WEATHER WAS RECORDED YESTERDAY.
  NO SIGNIFICANT WEATHER WAS OBSERVED.


RELATIVE HUMIDITY (PERCENT)
 HIGHEST    92           300 AM
 LOWEST     39           200 PM
 AVERAGE    66

..........................................................


THE NEW BERN NC CLIMATE NORMALS FOR TODAY
                         NORMAL    RECORD    YEAR
 MAXIMUM TEMPERATURE (F)   57        73      1989
 MINIMUM TEMPERATURE (F)   35        19      1978


SUNRISE AND SUNSET
FEBRUARY  7 2016......SUNRISE   703 AM EST   SUNSET   542 PM EST
FEBRUARY  8 2016......SUNRISE   702 AM EST   SUNSET   543 PM EST


-  INDICATES NEGATIVE NUMBERS.
R  INDICATES RECORD WAS SET OR TIED.
MM INDICATES DATA IS MISSING.
T  INDICATES TRACE AMOUNT.




$$
