000
CDUS42 KMHX 280532
CLIEWN


CLIMATE REPORT
NATIONAL WEATHER SERVICE NEWPORT/MOREHEAD CITY NC
131 AM EDT FRI JUL 28 2017


...................................

...THE NEW BERN NC CLIMATE SUMMARY FOR JULY 27 2017...

CLIMATE NORMAL PERIOD 1981 TO 2010
CLIMATE RECORD PERIOD 1948 TO 2017


WEATHER ITEM   OBSERVED TIME   RECORD YEAR NORMAL DEPARTURE LAST
                VALUE   (LST)  VALUE       VALUE  FROM      YEAR
                                                  NORMAL
..................................................................
TEMPERATURE (F)
 YESTERDAY
  MAXIMUM         90    208 PM  99    2005  89      1       97
                                      1949
  MINIMUM         67    548 AM  61    1962  72     -5       75
  AVERAGE         79                        81     -2       86

PRECIPITATION (IN)
  YESTERDAY        0.00          1.39 1974   0.22  -0.22     0.97
  MONTH TO DATE    4.74                      5.30  -0.56    11.30
  SINCE JUN 1     10.40                      9.89   0.51    14.72
  SINCE JAN 1     29.91                     29.28   0.63    37.43

SNOWFALL (IN)
  YESTERDAY        0.0
  MONTH TO DATE    0.0
  SINCE NOV 1      T
  SINCE JUL 1      0.0
  SNOW DEPTH       0

DEGREE DAYS
 HEATING
  YESTERDAY        0                         0      0        0
  MONTH TO DATE    0                         0      0        0
  SINCE JUN 1      2                         1      1        0
  SINCE JUL 1      0                         0      0        0

 COOLING
  YESTERDAY       14                        16     -2       21
  MONTH TO DATE  468                       425     43      484
  SINCE JUN 1    832                       790     42      877
  SINCE JAN 1   1204                      1033    171     1147
..................................................................


WIND (MPH)
  HIGHEST WIND SPEED    14   HIGHEST WIND DIRECTION     S (180)
  HIGHEST GUST SPEED    19   HIGHEST GUST DIRECTION    SW (210)
  AVERAGE WIND SPEED     5.0


SKY COVER
  POSSIBLE SUNSHINE  MM
  AVERAGE SKY COVER 0.1


WEATHER CONDITIONS
 THE FOLLOWING WEATHER WAS RECORDED YESTERDAY.
  FOG


RELATIVE HUMIDITY (PERCENT)
 HIGHEST   100           200 AM
 LOWEST     53          1100 AM
 AVERAGE    77

..........................................................


THE NEW BERN NC CLIMATE NORMALS FOR TODAY
                         NORMAL    RECORD    YEAR
 MAXIMUM TEMPERATURE (F)   89        99      1952
 MINIMUM TEMPERATURE (F)   72        60      1962


SUNRISE AND SUNSET
JULY 28 2017..........SUNRISE   615 AM EDT   SUNSET   814 PM EDT
JULY 29 2017..........SUNRISE   615 AM EDT   SUNSET   813 PM EDT


-  INDICATES NEGATIVE NUMBERS.
R  INDICATES RECORD WAS SET OR TIED.
MM INDICATES DATA IS MISSING.
T  INDICATES TRACE AMOUNT.




$$
