000
CDUS42 KMHX 240539
CLIEWN


CLIMATE REPORT
NATIONAL WEATHER SERVICE NEWPORT/MOREHEAD CITY NC
139 AM EDT FRI OCT 24 2014


...................................

...THE NEW BERN NC CLIMATE SUMMARY FOR OCTOBER 23 2014...

CLIMATE NORMAL PERIOD 1981 TO 2010
CLIMATE RECORD PERIOD 1948 TO 2014


WEATHER ITEM   OBSERVED TIME   RECORD YEAR NORMAL DEPARTURE LAST
                VALUE   (LST)  VALUE       VALUE  FROM      YEAR
                                                  NORMAL
..................................................................
TEMPERATURE (F)
 YESTERDAY
  MAXIMUM         71    259 PM  86    2007  73     -2       74
  MINIMUM         50    656 AM  35    1987  51     -1       52
  AVERAGE         61                        62     -1       63

PRECIPITATION (IN)
  YESTERDAY        0.00          2.75 1971   0.09  -0.09     0.07
  MONTH TO DATE    2.13                      2.52  -0.39     3.21
  SINCE SEP 1      9.71                      8.41   1.30     6.46
  SINCE JAN 1     46.72                     45.21   1.51    35.83

SNOWFALL (IN)
  YESTERDAY        0.0
  MONTH TO DATE    0.0
  SINCE NOV 1     14.0
  SINCE JUL 1      0.0
  SNOW DEPTH      MM

DEGREE DAYS
 HEATING
  YESTERDAY        4                         5     -1        2
  MONTH TO DATE   31                        64    -33       11
  SINCE SEP 1     31                        71    -40       13
  SINCE JUL 1     31                        71    -40       13

 COOLING
  YESTERDAY        0                         2     -2        0
  MONTH TO DATE  107                        72     35      105
  SINCE SEP 1    457                       346    111      373
  SINCE JAN 1   2168                      1875    293     1990
..................................................................


WIND (MPH)
  HIGHEST WIND SPEED    17   HIGHEST WIND DIRECTION     W (260)
  HIGHEST GUST SPEED    24   HIGHEST GUST DIRECTION     W (280)
  AVERAGE WIND SPEED     7.7


SKY COVER
  POSSIBLE SUNSHINE  MM
  AVERAGE SKY COVER 0.1


WEATHER CONDITIONS
 THE FOLLOWING WEATHER WAS RECORDED YESTERDAY.
  NO SIGNIFICANT WEATHER WAS OBSERVED.


RELATIVE HUMIDITY (PERCENT)
 HIGHEST    77           200 AM
 LOWEST     40           100 PM
 AVERAGE    59

..........................................................


THE NEW BERN NC CLIMATE NORMALS FOR TODAY
                         NORMAL    RECORD    YEAR
 MAXIMUM TEMPERATURE (F)   73        88      2001
 MINIMUM TEMPERATURE (F)   50        35      2006


SUNRISE AND SUNSET
OCTOBER 24 2014.......SUNRISE   722 AM EDT   SUNSET   622 PM EDT
OCTOBER 25 2014.......SUNRISE   723 AM EDT   SUNSET   621 PM EDT


-  INDICATES NEGATIVE NUMBERS.
R  INDICATES RECORD WAS SET OR TIED.
MM INDICATES DATA IS MISSING.
T  INDICATES TRACE AMOUNT.




$$
