893
CDUS41 KOKX 310718
CLIEWR


CLIMATE REPORT
NATIONAL WEATHER SERVICE NEW YORK NY
317 AM EDT TUE MAY 31 2016


...................................

...THE NEWARK NJ CLIMATE SUMMARY FOR MAY 30 2016...

CLIMATE NORMAL PERIOD 1981 TO 2010
CLIMATE RECORD PERIOD 1929 TO 2016


WEATHER ITEM   OBSERVED TIME   RECORD YEAR NORMAL DEPARTURE LAST
                VALUE   (LST)  VALUE       VALUE  FROM      YEAR
                                                  NORMAL
..................................................................
TEMPERATURE (F)
 YESTERDAY
  MAXIMUM         83    106 PM  98    1987  76      7       86
  MINIMUM         69    541 AM  39    1949  58     11       65
  AVERAGE         76                        67      9       76

PRECIPITATION (IN)
  YESTERDAY        1.57          2.39 1984   0.15   1.42     0.00
  MONTH TO DATE    3.85                      3.95  -0.10     1.10
  SINCE MAR 1      6.35                     12.33  -5.98     7.40
  SINCE JAN 1     14.40                     18.75  -4.35    13.88

SNOWFALL (IN)
  YESTERDAY        0.0           0.0  2002   0.0    0.0      0.0
                                      2001
  MONTH TO DATE    0.0                       0.0    0.0      0.0
  SINCE OCT 1     36.4                      28.5    7.9     46.4
  SINCE JUL 1     36.4                      28.5    7.9     46.4
  SNOW DEPTH       0

DEGREE DAYS
 HEATING
  YESTERDAY        0                         2     -2        0
  MONTH TO DATE  170                       134     36       48
  SINCE MAR 1   1026                      1219   -193     1211
  SINCE JUL 1   3899                      4854   -955     5114

 COOLING
  YESTERDAY       11                         4      7       11
  MONTH TO DATE   87                        60     27      147
  SINCE MAR 1    105                        72     33      150
  SINCE JAN 1    105                        72     33      150
..................................................................


WIND (MPH)
  HIGHEST WIND SPEED    16   HIGHEST WIND DIRECTION    SW (220)
  HIGHEST GUST SPEED    21   HIGHEST GUST DIRECTION    SW (230)
  AVERAGE WIND SPEED     6.5


SKY COVER
  AVERAGE SKY COVER 0.9


WEATHER CONDITIONS
 THE FOLLOWING WEATHER WAS RECORDED YESTERDAY.
  HEAVY RAIN
  RAIN
  LIGHT RAIN
  FOG


RELATIVE HUMIDITY (PERCENT)
 HIGHEST   100           100 AM
 LOWEST     62          1200 PM
 AVERAGE    81

..........................................................


THE NEWARK NJ CLIMATE NORMALS FOR TODAY
                         NORMAL    RECORD    YEAR
 MAXIMUM TEMPERATURE (F)   77        96      1987
 MINIMUM TEMPERATURE (F)   58        44      1938


SUNRISE AND SUNSET
MAY 31 2016...........SUNRISE   528 AM EDT   SUNSET   821 PM EDT
JUNE  1 2016..........SUNRISE   528 AM EDT   SUNSET   822 PM EDT


-  INDICATES NEGATIVE NUMBERS.
R  INDICATES RECORD WAS SET OR TIED.
MM INDICATES DATA IS MISSING.
T  INDICATES TRACE AMOUNT.




$$
