000
CDUS41 KOKX 310620
CLIEWR


CLIMATE REPORT
NATIONAL WEATHER SERVICE NEW YORK NY
119 AM EST SAT JAN 31 2015


...................................

...THE NEWARK NJ CLIMATE SUMMARY FOR JANUARY 30 2015...

CLIMATE NORMAL PERIOD 1981 TO 2010
CLIMATE RECORD PERIOD 1929 TO 2015


WEATHER ITEM   OBSERVED TIME   RECORD YEAR NORMAL DEPARTURE LAST
                VALUE   (LST)  VALUE       VALUE  FROM      YEAR
                                                  NORMAL
..................................................................
TEMPERATURE (F)
 YESTERDAY
  MAXIMUM         38    253 PM  66    2013  39     -1       28
  MINIMUM         18   1159 PM   3    1935  25     -7       10
  AVERAGE         28                        32     -4       19

PRECIPITATION (IN)
  YESTERDAY        0.04          1.07 1939   0.11  -0.07     0.00
  MONTH TO DATE    4.42                      3.43   0.99     2.78
  SINCE DEC 1      9.33                      7.24   2.09     7.40
  SINCE JAN 1      4.42                      3.43   0.99     2.78

SNOWFALL (IN)
  YESTERDAY        0.7           5.6  1966   0.3    0.4      0.0
  MONTH TO DATE   14.9                       7.6    7.3     20.8
  SINCE OCT 1     16.6                      13.4    3.2     30.2
  SINCE JUL 1     16.6                      13.4    3.2     30.2
  SNOW DEPTH       6

DEGREE DAYS
 HEATING
  YESTERDAY       37                        33      4       46
  MONTH TO DATE 1078                      1003     75     1132
  SINCE DEC 1   1843                      1885    -42     1994
  SINCE JUL 1   2675                      2753    -78     2864

 COOLING
  YESTERDAY        0                         0      0        0
  MONTH TO DATE    0                         0      0        0
  SINCE DEC 1      0                         0      0        0
  SINCE JAN 1      0                         0      0        0
..................................................................


WIND (MPH)
  HIGHEST WIND SPEED    31   HIGHEST WIND DIRECTION    NW (320)
  HIGHEST GUST SPEED    43   HIGHEST GUST DIRECTION     W (290)
  AVERAGE WIND SPEED    13.3


SKY COVER
  AVERAGE SKY COVER 0.7


WEATHER CONDITIONS
 THE FOLLOWING WEATHER WAS RECORDED YESTERDAY.
  LIGHT SNOW
  FOG


RELATIVE HUMIDITY (PERCENT)
 HIGHEST    92           100 AM
 LOWEST     47           400 PM
 AVERAGE    70

..........................................................


THE NEWARK NJ CLIMATE NORMALS FOR TODAY
                         NORMAL    RECORD    YEAR
 MAXIMUM TEMPERATURE (F)   40        64      1947
 MINIMUM TEMPERATURE (F)   25         1      1948
                                             1935


SUNRISE AND SUNSET
JANUARY 31 2015.......SUNRISE   708 AM EST   SUNSET   513 PM EST
FEBRUARY  1 2015......SUNRISE   707 AM EST   SUNSET   514 PM EST


-  INDICATES NEGATIVE NUMBERS.
R  INDICATES RECORD WAS SET OR TIED.
MM INDICATES DATA IS MISSING.
T  INDICATES TRACE AMOUNT.




$$
