000
CDUS41 KOKX 172139
CLIEWR


CLIMATE REPORT
NATIONAL WEATHER SERVICE NEW YORK NY
439 PM EST SAT FEB 17 2018


...................................

...THE NEWARK NJ CLIMATE SUMMARY FOR FEBRUARY 17 2018...
VALID TODAY AS OF 0400 PM LOCAL TIME.

CLIMATE NORMAL PERIOD 1981 TO 2010
CLIMATE RECORD PERIOD 1929 TO 2018


WEATHER ITEM   OBSERVED TIME   RECORD YEAR NORMAL DEPARTURE LAST
                VALUE   (LST)  VALUE       VALUE  FROM      YEAR
                                                  NORMAL
..................................................................
TEMPERATURE (F)
 TODAY
  MAXIMUM         39   1207 PM  66    2011  43     -4       44
                                      1976
  MINIMUM         25    659 AM   0    1979  27     -2       27
  AVERAGE         32                        35     -3       36

PRECIPITATION (IN)
  TODAY            0.00          0.94 2003   0.10  -0.10     0.00
  MONTH TO DATE    3.96                      1.70   2.26     1.55
  SINCE DEC 1      7.66                      9.05  -1.39     9.11
  SINCE JAN 1      6.02                      5.24   0.78     6.20

SNOWFALL (IN)
  TODAY            0.0          18.6  2003   0.4   -0.4      0.0
  MONTH TO DATE    0.6                       5.8   -5.2      7.9
  SINCE OCT 1     18.4                      19.5   -1.1     20.6
  SINCE JUL 1     18.4                      19.5   -1.1     20.6
  SNOW DEPTH       0

DEGREE DAYS
 HEATING
  TODAY           33                        30      3       29
  MONTH TO DATE  470                       535    -65      488
  SINCE DEC 1   2453                      2451      2     2161
  SINCE JUL 1   3138                      3319   -181     2844

 COOLING
  TODAY            0                         0      0        0
  MONTH TO DATE    0                         0      0        0
  SINCE DEC 1      0                         0      0        0
  SINCE JAN 1      0                         0      0        0
..................................................................


WIND (MPH)
  HIGHEST WIND SPEED    21   HIGHEST WIND DIRECTION    NW (310)
  HIGHEST GUST SPEED    25   HIGHEST GUST DIRECTION    NW (310)
  AVERAGE WIND SPEED    10.5


SKY COVER
  AVERAGE SKY COVER 0.5


WEATHER CONDITIONS
 THE FOLLOWING WEATHER WAS RECORDED TODAY.
  NO SIGNIFICANT WEATHER WAS OBSERVED.


RELATIVE HUMIDITY (PERCENT)
 HIGHEST    59           100 PM
 LOWEST     38          1200 AM
 AVERAGE    49

..........................................................


THE NEWARK NJ CLIMATE NORMALS FOR TOMORROW
                         NORMAL    RECORD    YEAR
 MAXIMUM TEMPERATURE (F)   43        71      2011
 MINIMUM TEMPERATURE (F)   27        -1      1979


SUNRISE AND SUNSET
FEBRUARY 17 2018......SUNRISE   648 AM EST   SUNSET   534 PM EST
FEBRUARY 18 2018......SUNRISE   647 AM EST   SUNSET   535 PM EST


-  INDICATES NEGATIVE NUMBERS.
R  INDICATES RECORD WAS SET OR TIED.
MM INDICATES DATA IS MISSING.
T  INDICATES TRACE AMOUNT.




$$
