000
CDUS43 KIND 210532
CLIEYE


CLIMATE REPORT
NATIONAL WEATHER SERVICE INDIANAPOLIS IN
131 AM EDT SUN SEP 21 2014


...................................

...THE INDIANAPOLIS EAGLE CREEK IN CLIMATE SUMMARY FOR SEPTEMBER 20 2014...

CLIMATE NORMAL PERIOD 1981 TO 2010
CLIMATE RECORD PERIOD 9999 TO 9999


WEATHER ITEM   OBSERVED TIME   NORMAL DEPARTURE LAST
                VALUE   (LST)  VALUE  FROM      YEAR
                                      NORMAL
......................................................
TEMPERATURE (F)
 YESTERDAY
  MAXIMUM         80    508 PM  76      4       78
  MINIMUM         53    652 AM  55     -2       63
  AVERAGE         67            65      2       71

PRECIPITATION (IN)
  YESTERDAY        0.08          0.08   0.00     0.39
  MONTH TO DATE    3.38          1.49   1.89     1.57
  SINCE SEP 1      3.38          1.49   1.89     1.57
  SINCE JAN 1     32.20         30.14   2.06    29.06

DEGREE DAYS
 HEATING
  YESTERDAY        0             2     -2        0
  MONTH TO DATE   53            16     37       22
  SINCE SEP 1     53            16     37       22
  SINCE JUL 1     61            19     42       33

 COOLING
  YESTERDAY        2             3     -1        6
  MONTH TO DATE   77           103    -26      137
  SINCE SEP 1     77           103    -26      137
  SINCE JAN 1    870          1023   -153      972
......................................................


WIND (MPH)
  HIGHEST WIND SPEED    16   HIGHEST WIND DIRECTION    SW (220)
  HIGHEST GUST SPEED    23   HIGHEST GUST DIRECTION     S (200)
  AVERAGE WIND SPEED     5.7


SKY COVER
  AVERAGE SKY COVER 0.2


WEATHER CONDITIONS
 THE FOLLOWING WEATHER WAS RECORDED YESTERDAY.
  THUNDERSTORM
  RAIN
  LIGHT RAIN
  FOG
  HAZE


RELATIVE HUMIDITY (PERCENT)
 HIGHEST    93           700 AM
 LOWEST     54           100 PM
 AVERAGE    74

..........................................................


THE INDIANAPOLIS EAGLE CREEK IN CLIMATE NORMALS FOR TODAY
                         NORMAL
 MAXIMUM TEMPERATURE (F)   75
 MINIMUM TEMPERATURE (F)   55


SUNRISE AND SUNSET
SEPTEMBER 21 2014.....SUNRISE   732 AM EDT   SUNSET   744 PM EDT
SEPTEMBER 22 2014.....SUNRISE   733 AM EDT   SUNSET   742 PM EDT


-  INDICATES NEGATIVE NUMBERS.
R  INDICATES RECORD WAS SET OR TIED.
MM INDICATES DATA IS MISSING.
T  INDICATES TRACE AMOUNT.




$$
