000
CDUS43 KIND 250534
CLIEYE


CLIMATE REPORT
NATIONAL WEATHER SERVICE INDIANAPOLIS IN
132 AM EDT SAT MAR 25 2017


...................................

...THE INDIANAPOLIS EAGLE CREEK IN CLIMATE SUMMARY FOR MARCH 24 2017...

CLIMATE NORMAL PERIOD 1981 TO 2010
CLIMATE RECORD PERIOD 9999 TO 9999


WEATHER ITEM   OBSERVED TIME   NORMAL DEPARTURE LAST
                VALUE   (LST)  VALUE  FROM      YEAR
                                      NORMAL
......................................................
TEMPERATURE (F)
 YESTERDAY
  MAXIMUM         74    508 PM  55     19       64
  MINIMUM         51   1241 AM  36     15       38
  AVERAGE         63            46     17       51

PRECIPITATION (IN)
  YESTERDAY        0.00          0.14  -0.14     0.77
  MONTH TO DATE    2.00          2.34  -0.34     1.54
  SINCE MAR 1      2.00          2.34  -0.34     1.54
  SINCE JAN 1      7.16          6.68   0.48     3.50

DEGREE DAYS
 HEATING
  YESTERDAY        2            19    -17       14
  MONTH TO DATE  591           572     19      384
  SINCE MAR 1    591           572     19      384
  SINCE JUL 1   3851          4697   -846     3897

 COOLING
  YESTERDAY        0             0      0        0
  MONTH TO DATE    0             0      0        0
  SINCE MAR 1      0             0      0        0
  SINCE JAN 1      0             0      0        0
......................................................


WIND (MPH)
  HIGHEST WIND SPEED    23   HIGHEST WIND DIRECTION    SW (210)
  HIGHEST GUST SPEED    36   HIGHEST GUST DIRECTION    SW (230)
  AVERAGE WIND SPEED    11.0


SKY COVER
  AVERAGE SKY COVER 0.3


WEATHER CONDITIONS
 THE FOLLOWING WEATHER WAS RECORDED YESTERDAY.
  NO SIGNIFICANT WEATHER WAS OBSERVED.


RELATIVE HUMIDITY (PERCENT)
 HIGHEST    67           800 AM
 LOWEST     44          1200 AM
 AVERAGE    56

..........................................................


THE INDIANAPOLIS EAGLE CREEK IN CLIMATE NORMALS FOR TODAY
                         NORMAL
 MAXIMUM TEMPERATURE (F)   55
 MINIMUM TEMPERATURE (F)   37


SUNRISE AND SUNSET
MARCH 25 2017.........SUNRISE   740 AM EDT   SUNSET   803 PM EDT
MARCH 26 2017.........SUNRISE   739 AM EDT   SUNSET   804 PM EDT


-  INDICATES NEGATIVE NUMBERS.
R  INDICATES RECORD WAS SET OR TIED.
MM INDICATES DATA IS MISSING.
T  INDICATES TRACE AMOUNT.




$$
