000
CDUS43 KIND 210534
CLIEYE


CLIMATE REPORT
NATIONAL WEATHER SERVICE INDIANAPOLIS IN
1234 AM EST SUN DEC 21 2014


...................................

...THE INDIANAPOLIS EAGLE CREEK IN CLIMATE SUMMARY FOR DECEMBER 20 2014...

CLIMATE NORMAL PERIOD 1981 TO 2010
CLIMATE RECORD PERIOD 9999 TO 9999


WEATHER ITEM   OBSERVED TIME   NORMAL DEPARTURE LAST
                VALUE   (LST)  VALUE  FROM      YEAR
                                      NORMAL
......................................................
TEMPERATURE (F)
 YESTERDAY
  MAXIMUM         33    457 PM  37     -4       60
  MINIMUM         22   1159 PM  23     -1       50
  AVERAGE         28            30     -2       55

PRECIPITATION (IN)
  YESTERDAY        0.00          0.11  -0.11     0.45
  MONTH TO DATE    1.67          1.65   0.02     1.16
  SINCE DEC 1      1.67          1.65   0.02     1.16
  SINCE JAN 1     39.08         39.36  -0.28    39.34

DEGREE DAYS
 HEATING
  YESTERDAY       37            35      2       10
  MONTH TO DATE  624           637    -13      691
  SINCE DEC 1    624           637    -13      691
  SINCE JUL 1   1863          1661    202     1869

 COOLING
  YESTERDAY        0             0      0        0
  MONTH TO DATE    0             0      0        0
  SINCE DEC 1      0             0      0        0
  SINCE JAN 1    893          1058   -165     1006
......................................................


WIND (MPH)
  HIGHEST WIND SPEED     5   HIGHEST WIND DIRECTION     N (360)
  HIGHEST GUST SPEED     6   HIGHEST GUST DIRECTION     W (250)
  AVERAGE WIND SPEED     0.8


SKY COVER
  AVERAGE SKY COVER 0.8


WEATHER CONDITIONS
 THE FOLLOWING WEATHER WAS RECORDED YESTERDAY.
  FOG


RELATIVE HUMIDITY (PERCENT)
 HIGHEST   100          1100 PM
 LOWEST     63           100 PM
 AVERAGE    82

..........................................................


THE INDIANAPOLIS EAGLE CREEK IN CLIMATE NORMALS FOR TODAY
                         NORMAL
 MAXIMUM TEMPERATURE (F)   37
 MINIMUM TEMPERATURE (F)   23


SUNRISE AND SUNSET
DECEMBER 21 2014......SUNRISE   803 AM EST   SUNSET   524 PM EST
DECEMBER 22 2014......SUNRISE   803 AM EST   SUNSET   524 PM EST


-  INDICATES NEGATIVE NUMBERS.
R  INDICATES RECORD WAS SET OR TIED.
MM INDICATES DATA IS MISSING.
T  INDICATES TRACE AMOUNT.




$$
