000
CDUS43 KIND 300536
CLIEYE


CLIMATE REPORT
NATIONAL WEATHER SERVICE INDIANAPOLIS IN
1236 AM EST FRI JAN 30 2015


...................................

...THE INDIANAPOLIS EAGLE CREEK IN CLIMATE SUMMARY FOR JANUARY 29 2015...

CLIMATE NORMAL PERIOD 1981 TO 2010
CLIMATE RECORD PERIOD 9999 TO 9999


WEATHER ITEM   OBSERVED TIME   NORMAL DEPARTURE LAST
                VALUE   (LST)  VALUE  FROM      YEAR
                                      NORMAL
......................................................
TEMPERATURE (F)
 YESTERDAY
  MAXIMUM         45   1003 AM  36      9       24
  MINIMUM         32   1031 PM  21     11        2
  AVERAGE         39            29     10       13

PRECIPITATION (IN)
  YESTERDAY        T             0.03  -0.03     0.00
  MONTH TO DATE    1.64          2.14  -0.50     1.87
  SINCE DEC 1      4.12          5.22  -1.10     5.37
  SINCE JAN 1      1.64          2.14  -0.50     1.87

DEGREE DAYS
 HEATING
  YESTERDAY       26            36    -10       52
  MONTH TO DATE 1127          1072     55     1305
  SINCE DEC 1   2094          2104    -10     2381
  SINCE JUL 1   3333          3128    205     3559

 COOLING
  YESTERDAY        0             0      0        0
  MONTH TO DATE    0             0      0        0
  SINCE DEC 1      0             0      0        0
  SINCE JAN 1      0             0      0        0
......................................................


WIND (MPH)
  HIGHEST WIND SPEED    25   HIGHEST WIND DIRECTION     W (280)
  HIGHEST GUST SPEED    35   HIGHEST GUST DIRECTION     W (280)
  AVERAGE WIND SPEED    13.3


SKY COVER
  AVERAGE SKY COVER 0.7


WEATHER CONDITIONS
 THE FOLLOWING WEATHER WAS RECORDED YESTERDAY.
  LIGHT RAIN
  FOG
  HAZE


RELATIVE HUMIDITY (PERCENT)
 HIGHEST    89           100 PM
 LOWEST     51          1200 AM
 AVERAGE    70

..........................................................


THE INDIANAPOLIS EAGLE CREEK IN CLIMATE NORMALS FOR TODAY
                         NORMAL
 MAXIMUM TEMPERATURE (F)   36
 MINIMUM TEMPERATURE (F)   21


SUNRISE AND SUNSET
JANUARY 30 2015.......SUNRISE   755 AM EST   SUNSET   602 PM EST
JANUARY 31 2015.......SUNRISE   754 AM EST   SUNSET   603 PM EST


-  INDICATES NEGATIVE NUMBERS.
R  INDICATES RECORD WAS SET OR TIED.
MM INDICATES DATA IS MISSING.
T  INDICATES TRACE AMOUNT.




$$
