000
CDUS43 KIND 290550
CLIEYE


CLIMATE REPORT
NATIONAL WEATHER SERVICE INDIANAPOLIS IN
150 AM EDT WED JUL 29 2015


...................................

...THE INDIANAPOLIS EAGLE CREEK IN CLIMATE SUMMARY FOR JULY 28 2015...

CLIMATE NORMAL PERIOD 1981 TO 2010
CLIMATE RECORD PERIOD 9999 TO 9999


WEATHER ITEM   OBSERVED TIME   NORMAL DEPARTURE LAST
                VALUE   (LST)  VALUE  FROM      YEAR
                                      NORMAL
......................................................
TEMPERATURE (F)
 YESTERDAY
  MAXIMUM         91    330 PM  83      8       72
  MINIMUM         72    452 AM  66      6       56
  AVERAGE         82            75      7       64

PRECIPITATION (IN)
  YESTERDAY        0.00          0.10  -0.10     0.00
  MONTH TO DATE    7.35          3.98   3.37     2.64
  SINCE JUN 1     12.52          8.37   4.15     8.70
  SINCE JAN 1     24.87         25.18  -0.31    25.15

DEGREE DAYS
 HEATING
  YESTERDAY        0             0      0        1
  MONTH TO DATE    1             0      1        5
  SINCE JUN 1     19            14      5        8
  SINCE JUL 1      1             0      1        5

 COOLING
  YESTERDAY       17            10      7        0
  MONTH TO DATE  271           290    -19      149
  SINCE JUN 1    506           524    -18      400
  SINCE JAN 1    633           608     25      508
......................................................


WIND (MPH)
  HIGHEST WIND SPEED    13   HIGHEST WIND DIRECTION     W (290)
  HIGHEST GUST SPEED    15   HIGHEST GUST DIRECTION     W (280)
  AVERAGE WIND SPEED     3.0


SKY COVER
  AVERAGE SKY COVER 0.1


WEATHER CONDITIONS
 THE FOLLOWING WEATHER WAS RECORDED YESTERDAY.
  FOG
  HAZE


RELATIVE HUMIDITY (PERCENT)
 HIGHEST    93           300 AM
 LOWEST     52           300 PM
 AVERAGE    73

..........................................................


THE INDIANAPOLIS EAGLE CREEK IN CLIMATE NORMALS FOR TODAY
                         NORMAL
 MAXIMUM TEMPERATURE (F)   83
 MINIMUM TEMPERATURE (F)   66


SUNRISE AND SUNSET
JULY 29 2015..........SUNRISE   641 AM EDT   SUNSET   902 PM EDT
JULY 30 2015..........SUNRISE   642 AM EDT   SUNSET   901 PM EDT


-  INDICATES NEGATIVE NUMBERS.
R  INDICATES RECORD WAS SET OR TIED.
MM INDICATES DATA IS MISSING.
T  INDICATES TRACE AMOUNT.




$$
