000
CDUS42 KKEY 202131
CLIEYW

CLIMATE REPORT
NATIONAL WEATHER SERVICE KEY WEST, FL
426 PM EST SAT DEC 20 2014

...................................

...THE KEY WEST CLIMATE SUMMARY FOR DECEMBER 20 2014...
VALID TODAY AS OF 0400 PM LOCAL TIME.

CLIMATE NORMAL PERIOD 1981 TO 2010
CLIMATE RECORD PERIOD 1871 TO 2014


WEATHER ITEM   OBSERVED TIME   RECORD YEAR NORMAL DEPARTURE LAST
                VALUE   (LST)  VALUE       VALUE  FROM      YEAR
                                                  NORMAL
..................................................................
EMPERATURE (F)
 TODAY
  MAXIMUM         79    254 PM  84    1986  76      3       80
  MINIMUM         69    204 AM  50    1981  66      3       71
  AVERAGE         74                        71      3       76

PRECIPITATION (IN)
  TODAY            0.00          2.50 1973   0.08  -0.08     0.00
  MONTH TO DATE    0.01                      1.55  -1.54     0.94
  SINCE DEC 1      0.01                      1.55  -1.54     0.94
  SINCE JAN 1     34.38                     39.16  -4.78    46.54

SNOWFALL (IN)
  TODAY            0.0
  MONTH TO DATE    0.0
  SINCE DEC 1      0.0
  SINCE JUL 1      0.0
  SNOW DEPTH       0

DEGREE DAYS
 HEATING
  TODAY            0                         1     -1        0
  MONTH TO DATE    5                         4      1        0
  SINCE DEC 1      5                         4      1        0
  SINCE JUL 1      6                         5      1        0

 COOLING
  TODAY            9                         7      2       11
  MONTH TO DATE  126                       152    -26      216
  SINCE DEC 1    126                       152    -26      216
  SINCE JAN 1   4969                      4685    284     4977

..................................................................

WIND (MPH)
  HIGHEST WIND SPEED    14   HIGHEST WIND DIRECTION    SE (130)
  HIGHEST GUST SPEED    19   HIGHEST GUST DIRECTION     E (110)
  AVERAGE WIND SPEED     8.7

SKY COVER
  POSSIBLE SUNSHINE  MM
  AVERAGE SKY COVER 0.3

WEATHER CONDITIONS
 THE FOLLOWING WEATHER WAS RECORDED TODAY.
  NO SIGNIFICANT WEATHER WAS OBSERVED.

RELATIVE HUMIDITY (PERCENT)
 HIGHEST    84
 LOWEST     68
 AVERAGE    76

..........................................................

THE KEY WEST CLIMATE NORMALS FOR TOMORROW
                         NORMAL    RECORD    YEAR
 MAXIMUM TEMPERATURE (F)   75        84      1956
                                             1940
 MINIMUM TEMPERATURE (F)   66        50      1901

SUNRISE AND SUNSET
DECEMBER 20 2014......SUNRISE   706 AM EST   SUNSET   543 PM EST
DECEMBER 21 2014......SUNRISE   707 AM EST   SUNSET   544 PM EST

-  INDICATES NEGATIVE NUMBERS.
R  INDICATES RECORD WAS SET OR TIED.
MM INDICATES DATA IS MISSING.
T  INDICATES TRACE AMOUNT.

$$
