000
CDUS42 KKEY 280638
CLIEYW

CLIMATE REPORT
NATIONAL WEATHER SERVICE KEY WEST FL
240 AM EDT SAT MAR 28 2015

...................................

...THE KEY WEST CLIMATE SUMMARY FOR MARCH 27 2015...

CLIMATE NORMAL PERIOD 1981 TO 2010
CLIMATE RECORD PERIOD 1871 TO 2015

WEATHER ITEM   OBSERVED TIME   RECORD YEAR NORMAL DEPARTURE LAST
                VALUE   (LST)  VALUE       VALUE  FROM      YEAR
                                                  NORMAL
..................................................................
TEMPERATURE (F)
 YESTERDAY
  MAXIMUM         83    429 PM  87    1994  79      4       78
                                      1874
  MINIMUM         71    758 PM  57    2013  69      2       69
  AVERAGE         77                        74      3       74

PRECIPITATION (IN)
  YESTERDAY        0.66          2.07 1940   0.06   0.60     0.00
  MONTH TO DATE    1.48                      1.79  -0.31     3.72
  SINCE MAR 1      1.48                      1.79  -0.31     3.72
  SINCE JAN 1      4.71                      5.32  -0.61    11.32

SNOWFALL (IN)
  YESTERDAY        0.0
  MONTH TO DATE    0.0
  SINCE MAR 1      0.0
  SINCE JUL 1      0.0
  SNOW DEPTH       0

DEGREE DAYS
 HEATING
  YESTERDAY        0                         0      0        0
  MONTH TO DATE    0                         0      0        0
  SINCE MAR 1      0                         0      0        0
  SINCE JUL 1     27                        66    -39       22

 COOLING
  YESTERDAY       12                         9      3        9
  MONTH TO DATE  346                       225    121      237
  SINCE MAR 1    346                       225    121      237
  SINCE JAN 1    704                       573    131      663
..................................................................

WIND (MPH)
  HIGHEST WIND SPEED    29   HIGHEST WIND DIRECTION    NW (310)
  HIGHEST GUST SPEED    39   HIGHEST GUST DIRECTION     W (290)
  AVERAGE WIND SPEED    13.0

SKY COVER
  POSSIBLE SUNSHINE  MM
  AVERAGE SKY COVER 0.3

WEATHER CONDITIONS
 THE FOLLOWING WEATHER WAS RECORDED YESTERDAY.
  THUNDERSTORM
  HEAVY RAIN

RELATIVE HUMIDITY (PERCENT)
 HIGHEST    97
 LOWEST     74
 AVERAGE    86
..........................................................

THE KEY WEST CLIMATE NORMALS FOR TODAY
                         NORMAL    RECORD    YEAR
 MAXIMUM TEMPERATURE (F)   79        88      1994
 MINIMUM TEMPERATURE (F)   69        58      2013

SUNRISE AND SUNSET
MARCH 28 2015.........SUNRISE   723 AM EDT   SUNSET   741 PM EDT
MARCH 29 2015.........SUNRISE   722 AM EDT   SUNSET   742 PM EDT

-  INDICATES NEGATIVE NUMBERS.
R  INDICATES RECORD WAS SET OR TIED.
MM INDICATES DATA IS MISSING.
T  INDICATES TRACE AMOUNT.

$$
BS
