000
CDUS42 KKEY 310543
CLIEYW

CLIMATE REPORT
NATIONAL WEATHER SERVICE KEY WEST, FL
139 AM EDT SUN AUG 31 2014

...................................

...THE KEY WEST CLIMATE SUMMARY FOR AUGUST 30 2014...

CLIMATE NORMAL PERIOD 1981 TO 2010
CLIMATE RECORD PERIOD 1871 TO 2014

WEATHER ITEM   OBSERVED TIME   RECORD YEAR NORMAL DEPARTURE LAST
                VALUE   (LST)  VALUE       VALUE  FROM      YEAR
                                                  NORMAL
..................................................................
TEMPERATURE (F)
 YESTERDAY
  MAXIMUM         91    321 PM  94    1878  89      2       90
  MINIMUM         85   1109 PM  70    1960  79      6       78
                                      1889
  AVERAGE         88                        84      4       84

PRECIPITATION (IN)
  YESTERDAY        0.00          3.76 1891   0.20  -0.20     0.00
  MONTH TO DATE    3.16                      5.18  -2.02     4.38
  SINCE JUN 1      8.40                     12.84  -4.44    20.72
  SINCE JAN 1     21.25                     23.47  -2.22    35.51

SNOWFALL (IN)
  YESTERDAY        0.0
  MONTH TO DATE    0.0
  SINCE JUN 1      0.0
  SINCE JUL 1      0.0
  SNOW DEPTH       0

DEGREE DAYS
 HEATING
  YESTERDAY        0                         0      0        0
  MONTH TO DATE    0                         0      0        0
  SINCE JUN 1      0                         0      0        0
  SINCE JUL 1      0                         0      0        0

 COOLING
  YESTERDAY       23                        19      4       19
  MONTH TO DATE  654                       587     67      558
  SINCE JUN 1   1879                      1742    137     1672
  SINCE JAN 1   3501                      3172    329     3301
..................................................................


WIND (MPH)
  HIGHEST WIND SPEED    24   HIGHEST WIND DIRECTION    SE (120)
  HIGHEST GUST SPEED    29   HIGHEST GUST DIRECTION    SE (120)
  AVERAGE WIND SPEED    17.5


SKY COVER
  POSSIBLE SUNSHINE  MM
  AVERAGE SKY COVER 0.1


WEATHER CONDITIONS
 THE FOLLOWING WEATHER WAS RECORDED YESTERDAY.
  NO SIGNIFICANT WEATHER WAS OBSERVED.


RELATIVE HUMIDITY (PERCENT)
 HIGHEST    70
 LOWEST     60
 AVERAGE    65

..........................................................


THE KEY WEST CLIMATE NORMALS FOR TODAY
                         NORMAL    RECORD    YEAR
 MAXIMUM TEMPERATURE (F)   89        94      1956
                                             1952
                                             1878
 MINIMUM TEMPERATURE (F)   79        71      1916
                                             1896
                                             1893


SUNRISE AND SUNSET
AUGUST 31 2014........SUNRISE   708 AM EDT   SUNSET   746 PM EDT
SEPTEMBER  1 2014.....SUNRISE   708 AM EDT   SUNSET   745 PM EDT


-  INDICATES NEGATIVE NUMBERS.
R  INDICATES RECORD WAS SET OR TIED.
MM INDICATES DATA IS MISSING.
T  INDICATES TRACE AMOUNT.

$$

BWC
