407
CDUS42 KKEY 030541
CLIEYW


CLIMATE REPORT
NATIONAL WEATHER SERVICE KEY WEST, FL
1240 AM EST SAT DEC 3 2016


...................................

...THE KEY WEST CLIMATE SUMMARY FOR DECEMBER 2 2016...

CLIMATE NORMAL PERIOD 1981 TO 2010
CLIMATE RECORD PERIOD 1871 TO 2016


WEATHER ITEM   OBSERVED TIME   RECORD YEAR NORMAL DEPARTURE LAST
                VALUE   (LST)  VALUE       VALUE  FROM      YEAR
                                                  NORMAL
..................................................................
TEMPERATURE (F)
 YESTERDAY
  MAXIMUM         81    300 PM  86    1978  78      3       81
  MINIMUM         75    651 AM  44    1876  69      6       75
  AVERAGE         78                        74      4       78

PRECIPITATION (IN)
  YESTERDAY        T             1.53 1898   0.08  -0.08     0.06
  MONTH TO DATE    0.43                      0.16   0.27     0.06
  SINCE DEC 1      0.43                      0.16   0.27     0.06
  SINCE JAN 1     36.04                     37.77  -1.73    31.72

SNOWFALL (IN)
  YESTERDAY        0.0
  MONTH TO DATE    0.0
  SINCE DEC 1      0.0
  SINCE JUL 1      0.0
  SNOW DEPTH       0

DEGREE DAYS
 HEATING
  YESTERDAY        0                         0      0        0
  MONTH TO DATE    0                         0      0        0
  SINCE DEC 1      0                         0      0        0
  SINCE JUL 1      0                         1     -1        0

 COOLING
  YESTERDAY       13                         9      4       13
  MONTH TO DATE   28                        18     10       26
  SINCE DEC 1     28                        18     10       26
  SINCE JAN 1   4781                      4551    230     5205
..................................................................


WIND (MPH)
  HIGHEST WIND SPEED    16   HIGHEST WIND DIRECTION    NE (30)
  HIGHEST GUST SPEED    21   HIGHEST GUST DIRECTION     N (20)
  AVERAGE WIND SPEED     7.6


SKY COVER
  POSSIBLE SUNSHINE  MM
  AVERAGE SKY COVER 0.9


WEATHER CONDITIONS
 THE FOLLOWING WEATHER WAS RECORDED YESTERDAY.
  LIGHT RAIN
  FOG


RELATIVE HUMIDITY (PERCENT)
 HIGHEST   100
 LOWEST     85
 AVERAGE    93

..........................................................


THE KEY WEST CLIMATE NORMALS FOR TODAY
                         NORMAL    RECORD    YEAR
 MAXIMUM TEMPERATURE (F)   78        86      1978
 MINIMUM TEMPERATURE (F)   69        45      1876


SUNRISE AND SUNSET
DECEMBER  3 2016......SUNRISE   656 AM EST   SUNSET   538 PM EST
DECEMBER  4 2016......SUNRISE   657 AM EST   SUNSET   538 PM EST


-  INDICATES NEGATIVE NUMBERS.
R  INDICATES RECORD WAS SET OR TIED.
MM INDICATES DATA IS MISSING.
T  INDICATES TRACE AMOUNT.




$$
