000
CDUS42 KKEY 202120
CLIEYW


CLIMATE REPORT
NATIONAL WEATHER SERVICE KEY WEST, FL
420 PM EST MON NOV 20 2017


...................................

...THE KEY WEST CLIMATE SUMMARY FOR NOVEMBER 20 2017...
VALID TODAY AS OF 0400 PM LOCAL TIME.

CLIMATE NORMAL PERIOD 1981 TO 2010
CLIMATE RECORD PERIOD 1871 TO 2017


WEATHER ITEM   OBSERVED TIME   RECORD YEAR NORMAL DEPARTURE LAST
                VALUE   (LST)  VALUE       VALUE  FROM      YEAR
                                                  NORMAL
..................................................................
TEMPERATURE (F)
 TODAY
  MAXIMUM         80    326 PM  87    1880  79      1       75
  MINIMUM         70    332 AM  54    1873  71     -1       68
  AVERAGE         75                        75      0       72

PRECIPITATION (IN)
  TODAY            0.02          7.71 1959   0.06  -0.04     0.00
  MONTH TO DATE    0.07                      1.58  -1.51     0.03
  SINCE SEP 1     15.16                     13.22   1.94    10.19
  SINCE JAN 1     35.40                     36.89  -1.49    35.53

SNOWFALL (IN)
  TODAY            0.0
  MONTH TO DATE    0.0
  SINCE SEP 1      0.0
  SINCE JUL 1      0.0
  SNOW DEPTH       0

DEGREE DAYS
 HEATING
  TODAY            0                         0      0        0
  MONTH TO DATE    0                         0      0        0
  SINCE SEP 1      0                         0      0        0
  SINCE JUL 1      0                         0      0        0

 COOLING
  TODAY           10                        10      0        7
  MONTH TO DATE  262                       230     32      244
  SINCE SEP 1   1354                      1249    105     1338
  SINCE JAN 1   4985                      4438    547     4645
..................................................................


WIND (MPH)
  HIGHEST WIND SPEED    15   HIGHEST WIND DIRECTION     E (70)
  HIGHEST GUST SPEED    23   HIGHEST GUST DIRECTION    NE (60)
  AVERAGE WIND SPEED     7.6


SKY COVER
  POSSIBLE SUNSHINE  MM
  AVERAGE SKY COVER 0.3


WEATHER CONDITIONS
 THE FOLLOWING WEATHER WAS RECORDED TODAY.
  RAIN
  LIGHT RAIN


RELATIVE HUMIDITY (PERCENT)
 HIGHEST    93
 LOWEST     71
 AVERAGE    82

..........................................................


THE KEY WEST CLIMATE NORMALS FOR TOMORROW
                         NORMAL    RECORD    YEAR
 MAXIMUM TEMPERATURE (F)   79        88      1964
 MINIMUM TEMPERATURE (F)   71        52      1873


SUNRISE AND SUNSET
NOVEMBER 20 2017......SUNRISE   647 AM EST   SUNSET   539 PM EST
NOVEMBER 21 2017......SUNRISE   647 AM EST   SUNSET   538 PM EST


-  INDICATES NEGATIVE NUMBERS.
R  INDICATES RECORD WAS SET OR TIED.
MM INDICATES DATA IS MISSING.
T  INDICATES TRACE AMOUNT.




$$
