000
CDUS42 KKEY 010532
CLIEYW

CLIMATE REPORT
NATIONAL WEATHER SERVICE KEY WEST, FL
131 AM EDT SAT AUG 1 2015

...................................

...THE KEY WEST CLIMATE SUMMARY FOR JULY 31 2015...

CLIMATE NORMAL PERIOD 1981 TO 2010
CLIMATE RECORD PERIOD 1871 TO 2015

WEATHER ITEM   OBSERVED TIME   RECORD YEAR NORMAL DEPARTURE LAST
               VALUE    (LST)  VALUE       VALUE  FROM      YEAR
                                                  NORMAL
..................................................................
TEMPERATURE (F)
 YESTERDAY
  MAXIMUM         90    334 PM  95    1874  90      0       90
  MINIMUM         82    118 AM  71    1889  80      2       77
  AVERAGE         86                        85      1       84

PRECIPITATION (IN)
  YESTERDAY        0.00          3.05 1970   0.12  -0.12     0.83
  MONTH TO DATE    0.67                      3.55  -2.88     2.86
  SINCE JUN 1      3.31                      7.66  -4.35     5.24
  SINCE JAN 1     15.74                     18.29  -2.55    18.09

SNOWFALL (IN)
  YESTERDAY        0.0
  MONTH TO DATE    0.0
  SINCE JUN 1      0.0
  SINCE JUL 1      0.0
  SNOW DEPTH       0

DEGREE DAYS
 HEATING
  YESTERDAY        0                         0      0        0
  MONTH TO DATE    0                         0      0        0
  SINCE JUN 1      0                         0      0        0
  SINCE JUL 1      0                         0      0        0

 COOLING
  YESTERDAY       21                        20      1       19
  MONTH TO DATE  652                       606     46      667
  SINCE JUN 1   1223                      1155     68     1225
  SINCE JAN 1   2940                      2585    355     2847
..................................................................

WIND (MPH)
  HIGHEST WIND SPEED    12   HIGHEST WIND DIRECTION    SE (120)
  HIGHEST GUST SPEED    16   HIGHEST GUST DIRECTION    SE (120)
  AVERAGE WIND SPEED     6.7

SKY COVER
  POSSIBLE SUNSHINE  MM
  AVERAGE SKY COVER 0.1

WEATHER CONDITIONS
 THE FOLLOWING WEATHER WAS RECORDED YESTERDAY.
  NO SIGNIFICANT WEATHER WAS OBSERVED.

RELATIVE HUMIDITY (PERCENT)
 HIGHEST    80
 LOWEST     64
 AVERAGE    72

..........................................................

THE KEY WEST CLIMATE NORMALS FOR TODAY
                         NORMAL    RECORD    YEAR
 MAXIMUM TEMPERATURE (F)   90        95      1884
                                             1880
 MINIMUM TEMPERATURE (F)   80        71      1971

SUNRISE AND SUNSET
AUGUST  1 2015........SUNRISE   655 AM EDT   SUNSET   811 PM EDT
AUGUST  2 2015........SUNRISE   656 AM EDT   SUNSET   811 PM EDT

-  INDICATES NEGATIVE NUMBERS.
R  INDICATES RECORD WAS SET OR TIED.
MM INDICATES DATA IS MISSING.
T  INDICATES TRACE AMOUNT.

$$
