000
CDUS42 KKEY 160535
CLIEYW

CLIMATE REPORT
NATIONAL WEATHER SERVICE KEY WEST, FL
130 AM EDT WED APR 16 2014


...................................

...THE KEY WEST CLIMATE SUMMARY FOR APRIL 15 2014...

CLIMATE NORMAL PERIOD 1981 TO 2010
CLIMATE RECORD PERIOD 1871 TO 2014


WEATHER ITEM   OBSERVED TIME   RECORD YEAR NORMAL DEPARTURE LAST
                VALUE   (LST)  VALUE       VALUE  FROM      YEAR
                                                  NORMAL
..................................................................
TEMPERATURE (F)
 YESTERDAY
  MAXIMUM         83    506 PM  88    1982  81      2       87
                                      1926
  MINIMUM         78   1159 PM  57    1940  72      6       80
  AVERAGE         81                        76      5       84

PRECIPITATION (IN)
  YESTERDAY        0.00          3.04 1942   0.07  -0.07     0.00
  MONTH TO DATE    0.47                      1.01  -0.54     1.43
  SINCE MAR 1      4.25                      3.06   1.19     3.63
  SINCE JAN 1     11.85                      6.59   5.26     5.17

SNOWFALL (IN)
  YESTERDAY        0.0
  MONTH TO DATE    0.0
  SINCE MAR 1      0.0
  SINCE JUL 1      0.0
  SNOW DEPTH       0

DEGREE DAYS
 HEATING
  YESTERDAY        0                         0      0        0
  MONTH TO DATE    0                         0      0        0
  SINCE MAR 1      0                         7     -7       16
  SINCE JUL 1     22                        73    -51       28

 COOLING
  YESTERDAY       16                        11      5       19
  MONTH TO DATE  181                       158     23      207
  SINCE MAR 1    458                       420     38      369
  SINCE JAN 1    884                       768    116      903
..................................................................


WIND (MPH)
  HIGHEST WIND SPEED    16   HIGHEST WIND DIRECTION    NW (320)
  HIGHEST GUST SPEED    20   HIGHEST GUST DIRECTION    NW (310)
  AVERAGE WIND SPEED    10.3


SKY COVER
  POSSIBLE SUNSHINE  MM
  AVERAGE SKY COVER 0.1


WEATHER CONDITIONS
 THE FOLLOWING WEATHER WAS RECORDED YESTERDAY.
  NO SIGNIFICANT WEATHER WAS OBSERVED.


RELATIVE HUMIDITY (PERCENT)
 HIGHEST    91
 LOWEST     79
 AVERAGE    85

..........................................................


THE KEY WEST CLIMATE NORMALS FOR TODAY
                         NORMAL    RECORD    YEAR
 MAXIMUM TEMPERATURE (F)   81        88      1989
                                             1982
                                             1965
 MINIMUM TEMPERATURE (F)   72        59      1988


SUNRISE AND SUNSET
APRIL 16 2014.........SUNRISE   704 AM EDT   SUNSET   750 PM EDT
APRIL 17 2014.........SUNRISE   703 AM EDT   SUNSET   750 PM EDT


-  INDICATES NEGATIVE NUMBERS.
R  INDICATES RECORD WAS SET OR TIED.
MM INDICATES DATA IS MISSING.
T  INDICATES TRACE AMOUNT.




$$
