000
CDUS42 KKEY 252020
CLIEYW


CLIMATE REPORT
NATIONAL WEATHER SERVICE KEY WEST, FL
420 PM EDT THU MAY 25 2017


...................................

...THE KEY WEST CLIMATE SUMMARY FOR MAY 25 2017...
VALID TODAY AS OF 0400 PM LOCAL TIME.

CLIMATE NORMAL PERIOD 1981 TO 2010
CLIMATE RECORD PERIOD 1871 TO 2017


WEATHER ITEM   OBSERVED TIME   RECORD YEAR NORMAL DEPARTURE LAST
                VALUE   (LST)  VALUE       VALUE  FROM      YEAR
                                                  NORMAL
..................................................................
TEMPERATURE (F)
 TODAY
  MAXIMUM         85    259 PM  91    2008  86     -1       86
                                      1989
  MINIMUM         81    210 AM  70    1992  77      4       74
                                      1913
  AVERAGE         83                        82      1       80

PRECIPITATION (IN)
  TODAY            0.04          3.34 1985   0.12  -0.08     0.12
  MONTH TO DATE    1.19                      2.16  -0.97     2.30
  SINCE MAR 1      6.00                      6.26  -0.26     4.00
  SINCE JAN 1      9.05                      9.79  -0.74    11.08

SNOWFALL (IN)
  TODAY            0.0
  MONTH TO DATE    0.0
  SINCE MAR 1      0.0
  SINCE JUL 1      0.0
  SNOW DEPTH       0

DEGREE DAYS
 HEATING
  TODAY            0                         0      0        0
  MONTH TO DATE    0                         0      0        0
  SINCE MAR 1      0                         7     -7        0
  SINCE JUL 1      5                        73    -68       24

 COOLING
  TODAY           18                        17      1       15
  MONTH TO DATE  397                       375     22      366
  SINCE MAR 1   1091                       981    110     1059
  SINCE JAN 1   1631                      1329    302     1387
..................................................................


WIND (MPH)
  HIGHEST WIND SPEED    17   HIGHEST WIND DIRECTION    SW (220)
  HIGHEST GUST SPEED    23   HIGHEST GUST DIRECTION     S (200)
  AVERAGE WIND SPEED    12.5


SKY COVER
  POSSIBLE SUNSHINE  MM
  AVERAGE SKY COVER 0.3


WEATHER CONDITIONS
 THE FOLLOWING WEATHER WAS RECORDED TODAY.
  LIGHT RAIN
  FOG


RELATIVE HUMIDITY (PERCENT)
 HIGHEST    88
 LOWEST     79
 AVERAGE    84

..........................................................


THE KEY WEST CLIMATE NORMALS FOR TOMORROW
                         NORMAL    RECORD    YEAR
 MAXIMUM TEMPERATURE (F)   86        91      1989
                                             1873
 MINIMUM TEMPERATURE (F)   77        68      1992


SUNRISE AND SUNSET
MAY 25 2017...........SUNRISE   640 AM EDT   SUNSET   809 PM EDT
MAY 26 2017...........SUNRISE   639 AM EDT   SUNSET   809 PM EDT


-  INDICATES NEGATIVE NUMBERS.
R  INDICATES RECORD WAS SET OR TIED.
MM INDICATES DATA IS MISSING.
T  INDICATES TRACE AMOUNT.




$$
