938
CDAK49 PAFG 270954
CLIFAI

CLIMATE REPORT
NATIONAL WEATHER SERVICE FAIRBANKS AK
1254 AM AKST MON FEB 27 2017

...................................

...THE FAIRBANKS AK CLIMATE SUMMARY FOR FEBRUARY 26 2017...

CLIMATE NORMAL PERIOD 1981 TO 2010
CLIMATE RECORD PERIOD 1904 TO 2017


WEATHER ITEM   OBSERVED TIME   RECORD YEAR NORMAL DEPARTURE LAST
                VALUE   (LST)  VALUE       VALUE  FROM      YEAR
                                                  NORMAL
..................................................................
TEMPERATURE (F)
 YESTERDAY
  MAXIMUM         33    647 AM  43    1911  16     17       41
  MINIMUM         23    722 PM -53    1932 -10     33       10
  AVERAGE         28                         3     25       26

PRECIPITATION (IN)
  YESTERDAY        0.04          0.24 2006   0.01   0.03     0.00
  MONTH TO DATE    1.18                      0.40   0.78     0.05
  SINCE DEC 1      4.10                      1.62   2.48     0.13
  SINCE JAN 1      2.14                      0.98   1.16     0.06

SNOWFALL (IN)
  YESTERDAY        0.9           4.3  2006   0.3    0.6      0.0
  MONTH TO DATE   22.1                       7.7   14.4      0.6
  SINCE DEC 1     72.0                      30.1   41.9      2.5
  SINCE JUL 1     77.2                      55.9   21.3     52.6
  SNOW DEPTH      34

DEGREE DAYS
 HEATING
  YESTERDAY       37                        62    -25       39
  MONTH TO DATE 1691                      1735    -44     1524
  SINCE DEC 1   6258                      6136    122     5495
  SINCE JUL 1  10028                     10267   -239     9283

 COOLING
  YESTERDAY        0                         0      0        0
  MONTH TO DATE    0                         0      0        0
  SINCE DEC 1      0                         0      0        0
  SINCE JAN 1      0                         0      0        0
..................................................................


WIND (MPH)
  HIGHEST GUST SPEED    32   HIGHEST GUST DIRECTION     W (260)


SKY COVER
  AVERAGE SKY COVER 0.9


WEATHER CONDITIONS
 THE FOLLOWING WEATHER WAS RECORDED YESTERDAY.
  LIGHT SNOW
  FOG


RELATIVE HUMIDITY (PERCENT)
 HIGHEST    92
 LOWEST     72
 AVERAGE    82

..........................................................


THE FAIRBANKS AK CLIMATE NORMALS FOR TODAY
                         NORMAL    RECORD    YEAR
 MAXIMUM TEMPERATURE (F)   17        45      1928
 MINIMUM TEMPERATURE (F)   -8       -51      1932


SUNRISE AND SUNSET
FEBRUARY 27 2017..........SUNRISE  806 AM AKST   SUNSET  603 PM AKST
FEBRUARY 28 2017..........SUNRISE  803 AM AKST   SUNSET  607 PM AKST


-  INDICATES NEGATIVE NUMBERS.
R  INDICATES RECORD WAS SET OR TIED.
MM INDICATES DATA IS MISSING.
T  INDICATES TRACE AMOUNT.

&&

SNOW DEPTH IS MEASURED AT 3AM AKST/4AM AKDT

----------------------------
AVAILABLE DAYLIGHT

AMOUNT OF DAYLIGHT TODAY  (HOUR:MIN)........9:57
GAIN SINCE YESTERDAY........................7 MINUTES
----------------------------

$$
CCC FEB 17
