494
CDAK49 PAFG 240940
CLIFAI

CLIMATE REPORT
NATIONAL WEATHER SERVICE FAIRBANKS AK
1240 AM AKST SAT FEB 24 2018

...................................

...THE FAIRBANKS AK CLIMATE SUMMARY FOR FEBRUARY 23 2018...

CLIMATE NORMAL PERIOD 1981 TO 2010
CLIMATE RECORD PERIOD 1904 TO 2018


WEATHER ITEM   OBSERVED TIME   RECORD YEAR NORMAL DEPARTURE LAST
                VALUE   (LST)  VALUE       VALUE  FROM      YEAR
                                                  NORMAL
..................................................................
TEMPERATURE (F)
 YESTERDAY
  MAXIMUM         24   1254 AM  48    1945  15      9       27
  MINIMUM         -9   1133 PM -50    1932  -9      0        5
  AVERAGE          8                         2      6       16

PRECIPITATION (IN)
  YESTERDAY        0.04          0.20 1918   0.02   0.02     0.19
  MONTH TO DATE    1.11                      0.36   0.75     0.38
  SINCE DEC 1      2.59                      1.58   1.01     3.30
  SINCE JAN 1      2.21                      0.94   1.27     1.34

SNOWFALL (IN)
  YESTERDAY        1.4           2.8  2017   0.3    1.1      2.8
  MONTH TO DATE   16.2                       6.9    9.3     10.7
  SINCE DEC 1     37.3                      29.3    8.0     60.6
  SINCE JUL 1     67.1                      55.1   12.0     65.8
  SNOW DEPTH      29

DEGREE DAYS
 HEATING
  YESTERDAY       57                        63     -6       49
  MONTH TO DATE 1437                      1548   -111     1585
  SINCE DEC 1   5357                      5949   -592     6152
  SINCE JUL 1   8922                     10080  -1158     9922

 COOLING
  YESTERDAY        0                         0      0        0
  MONTH TO DATE    0                         0      0        0
  SINCE DEC 1      0                         0      0        0
  SINCE JAN 1      0                         0      0        0
..................................................................


WIND (MPH)
  HIGHEST GUST SPEED    36   HIGHEST GUST DIRECTION     W (260)


SKY COVER
  AVERAGE SKY COVER 0.8


WEATHER CONDITIONS
 THE FOLLOWING WEATHER WAS RECORDED YESTERDAY.
  LIGHT SNOW
  FOG
  BLOWING SNOW


RELATIVE HUMIDITY (PERCENT)
 HIGHEST    95
 LOWEST     67
 AVERAGE    81

..........................................................


THE FAIRBANKS AK CLIMATE NORMALS FOR TODAY
                         NORMAL    RECORD    YEAR
 MAXIMUM TEMPERATURE (F)   15        50      1943
 MINIMUM TEMPERATURE (F)   -9       -52      1932


SUNRISE AND SUNSET
FEBRUARY 24 2018......SUNRISE   818 AM AKST  SUNSET   553 PM AKST
FEBRUARY 25 2018......SUNRISE   814 AM AKST  SUNSET   556 PM AKST


-  INDICATES NEGATIVE NUMBERS.
R  INDICATES RECORD WAS SET OR TIED.
MM INDICATES DATA IS MISSING.
T  INDICATES TRACE AMOUNT.

&&

SNOW DEPTH IS MEASURED AT 3AM AKST/4AM AKDT

----------------------------
AVAILABLE DAYLIGHT

AMOUNT OF DAYLIGHT TODAY  (HOUR:MIN)........09:35
GAIN SINCE YESTERDAY........................7 MINUTES
----------------------------

$$
SDB FEB 18
