000
CDAK49 PAFG 230035
CLIFAI

CLIMATE REPORT
NATIONAL WEATHER SERVICE FAIRBANKS AK
435 PM AKDT FRI AUG 22 2014

...................................

...THE FAIRBANKS AK CLIMATE SUMMARY FOR AUGUST 22 2014...
VALID TODAY AS OF 0400 PM LOCAL TIME.

CLIMATE NORMAL PERIOD 1981 TO 2010
CLIMATE RECORD PERIOD 1904 TO 2014


WEATHER ITEM   OBSERVED TIME   RECORD YEAR NORMAL DEPARTURE LAST
                VALUE   (LST)  VALUE       VALUE  FROM      YEAR
                                                  NORMAL
..................................................................
TEMPERATURE (F)
 TODAY
  MAXIMUM         67    101 PM  86    1977  65      2       66
  MINIMUM         40    453 AM  30    1905  45     -5       43
  AVERAGE         54                        55     -1       55

PRECIPITATION (IN)
  TODAY            0.00          1.57 1953   0.05  -0.05     0.03
  MONTH TO DATE    1.93                      1.39   0.54     1.24
  SINCE JUN 1     11.27                      4.92   6.35     2.68
  SINCE JAN 1     12.36                      7.08   5.28     5.02

SNOWFALL (IN)
  TODAY            0.0           0.0  2002   0.0    0.0      0.0
                                      2001
                                      2000
  MONTH TO DATE    0.0                       0.0    0.0      0.0
  SINCE JUN 1      0.0                       0.0    0.0      0.0
  SINCE JUL 1      0.0                       0.0    0.0      0.0
  SNOW DEPTH       0

DEGREE DAYS
 HEATING
  TODAY           11                        10      1       10
  MONTH TO DATE   82                       171    -89       67
  SINCE JUN 1    411                       439    -28      207
  SINCE JUL 1    219                       279    -60      136

 COOLING
  TODAY            0                         0      0        0
  MONTH TO DATE    7                         0      7       24
  SINCE JUN 1     27                        54    -27      213
  SINCE JAN 1     27                        55    -28      226
..................................................................


WIND (MPH)
  HIGHEST GUST SPEED    10   HIGHEST GUST DIRECTION     W (250)


SKY COVER
  AVERAGE SKY COVER 0.4


WEATHER CONDITIONS
 THE FOLLOWING WEATHER WAS RECORDED TODAY.
  NO SIGNIFICANT WEATHER WAS OBSERVED.


RELATIVE HUMIDITY (PERCENT)
 HIGHEST    89
 LOWEST     40
 AVERAGE    65

..........................................................


THE FAIRBANKS AK CLIMATE NORMALS FOR TOMORROW
                         NORMAL    RECORD    YEAR
 MAXIMUM TEMPERATURE (F)   64        83      1923
 MINIMUM TEMPERATURE (F)   44        28      1994


SUNRISE AND SUNSET
AUGUST 22 2014..........SUNRISE  602 AM AKDT   SUNSET  946 PM AKDT
AUGUST 23 2014..........SUNRISE  605 AM AKDT   SUNSET  942 PM AKDT


-  INDICATES NEGATIVE NUMBERS.
R  INDICATES RECORD WAS SET OR TIED.
MM INDICATES DATA IS MISSING.
T  INDICATES TRACE AMOUNT.

&&

SNOW DEPTH IS MEASURED AT 3AM AKST/4AM AKDT

----------------------------
AVAILABLE DAYLIGHT

AMOUNT OF DAYLIGHT TODAY  (HOUR:MIN)........15:44
LOSS SINCE YESTERDAY........................7 MINUTES
----------------------------

$$
BJB AUG 14
