533
CDAK49 PAFG 300934
CLIFAI

CLIMATE REPORT
NATIONAL WEATHER SERVICE FAIRBANKS AK
134 AM AKDT SAT JUL 30 2016

...................................

...THE FAIRBANKS AK CLIMATE SUMMARY FOR JULY 29 2016...

CLIMATE NORMAL PERIOD 1981 TO 2010
CLIMATE RECORD PERIOD 1904 TO 2016


WEATHER ITEM   OBSERVED TIME   RECORD YEAR NORMAL DEPARTURE LAST
                VALUE   (LST)  VALUE       VALUE  FROM      YEAR
                                                  NORMAL
..................................................................
TEMPERATURE (F)
 YESTERDAY
  MAXIMUM         60   1059 AM  95    1919  70    -10       70
  MINIMUM         56   1159 PM  33    1929  51      5       48
  AVERAGE         58                        61     -3       59

PRECIPITATION (IN)
  YESTERDAY        0.45          0.77 2008   0.07   0.38     0.46
  MONTH TO DATE    3.72                      2.01   1.71     2.35
  SINCE JUN 1      7.01                      3.38   3.63     3.38
  SINCE JAN 1      8.90                      5.54   3.36     4.95

SNOWFALL (IN)
  YESTERDAY        0.0           0.0  2002   0.0    0.0      0.0
                                      2001
                                      2000
  MONTH TO DATE    0.0                       0.0    0.0      0.0
  SINCE JUN 1      0.0                       0.0    0.0      0.0
  SINCE JUL 1      0.0                       0.0    0.0      0.0
  SNOW DEPTH       0

DEGREE DAYS
 HEATING
  YESTERDAY        7                         5      2        6
  MONTH TO DATE   71                       100    -29       95
  SINCE JUN 1    232                       260    -28      276
  SINCE JUL 1     71                       100    -29       95

 COOLING
  YESTERDAY        0                         0      0        0
  MONTH TO DATE   43                        29     14       24
  SINCE JUN 1     62                        52     10       55
  SINCE JAN 1     68                        53     15       57
..................................................................


WIND (MPH)
  HIGHEST GUST SPEED    26   HIGHEST GUST DIRECTION     W (250)


SKY COVER
  AVERAGE SKY COVER 1.0


WEATHER CONDITIONS
 THE FOLLOWING WEATHER WAS RECORDED YESTERDAY.
  RAIN
  LIGHT RAIN
  FOG


RELATIVE HUMIDITY (PERCENT)
 HIGHEST   100
 LOWEST     75
 AVERAGE    88

..........................................................


THE FAIRBANKS AK CLIMATE NORMALS FOR TODAY
                         NORMAL    RECORD    YEAR
 MAXIMUM TEMPERATURE (F)   70        90      1977
 MINIMUM TEMPERATURE (F)   51        32      1929


SUNRISE AND SUNSET
JULY 30 2016..........SUNRISE  447 AM AKDT   SUNSET  1107 PM AKDT
JULY 31 2016..........SUNRISE  451 AM AKDT   SUNSET  1103 PM AKDT


-  INDICATES NEGATIVE NUMBERS.
R  INDICATES RECORD WAS SET OR TIED.
MM INDICATES DATA IS MISSING.
T  INDICATES TRACE AMOUNT.

&&

SNOW DEPTH IS MEASURED AT 3AM AKST/4AM AKDT

----------------------------
AVAILABLE DAYLIGHT

AMOUNT OF DAYLIGHT TODAY  (HOUR:MIN)........18:20
LOSS SINCE YESTERDAY........................7 MINUTES
----------------------------

$$
CCC JUL 16
