000
CDAK49 PAFG 261038
CLIFAI

CLIMATE REPORT
NATIONAL WEATHER SERVICE FAIRBANKS AK
238 AM AKDT SAT JUL 26 2014

...................................

...THE FAIRBANKS AK CLIMATE SUMMARY FOR JULY 25 2014...

CLIMATE NORMAL PERIOD 1981 TO 2010
CLIMATE RECORD PERIOD 1904 TO 2014


WEATHER ITEM   OBSERVED TIME   RECORD YEAR NORMAL DEPARTURE LAST
                VALUE   (LST)  VALUE       VALUE  FROM      YEAR
                                                  NORMAL
..................................................................
TEMPERATURE (F)
 YESTERDAY
  MAXIMUM         61    628 PM  93    1955  71    -10       75
  MINIMUM         48    858 AM  40    1958  52     -4       59
  AVERAGE         55                        61     -6       67

PRECIPITATION (IN)
  YESTERDAY        0.10          0.72 1984   0.07   0.03      T
  MONTH TO DATE    5.78                      1.72   4.06     1.01
  SINCE JUN 1      9.34                      3.09   6.25     1.44
  SINCE JAN 1     10.43                      5.25   5.18     3.78

SNOWFALL (IN)
  YESTERDAY       MM             0.0  2002   0.0   MM        0.0
                                      2001
                                      2000
  MONTH TO DATE    0.0                       0.0    0.0      0.0
  SINCE JUN 1      0.0                       0.0    0.0      0.0
  SINCE JUL 1      0.0                       0.0    0.0      0.0
  SNOW DEPTH       0

DEGREE DAYS
 HEATING
  YESTERDAY       10                         4      6        0
  MONTH TO DATE  101                        81     20       67
  SINCE JUN 1    293                       241     52      138
  SINCE JUL 1    101                        81     20       67

 COOLING
  YESTERDAY        0                         1     -1        2
  MONTH TO DATE   19                        29    -10       33
  SINCE JUN 1     20                        52    -32      168
  SINCE JAN 1     20                        53    -33      181
..................................................................


WIND (MPH)
  HIGHEST GUST SPEED    17   HIGHEST GUST DIRECTION     N (340)


SKY COVER
  AVERAGE SKY COVER 0.8


WEATHER CONDITIONS
 THE FOLLOWING WEATHER WAS RECORDED YESTERDAY.
  LIGHT RAIN
  FOG


RELATIVE HUMIDITY (PERCENT)
 HIGHEST    89
 LOWEST     51
 AVERAGE    70

..........................................................


THE FAIRBANKS AK CLIMATE NORMALS FOR TODAY
                         NORMAL    RECORD    YEAR
 MAXIMUM TEMPERATURE (F)   71        89      1919
 MINIMUM TEMPERATURE (F)   51        36      1946


SUNRISE AND SUNSET
JULY 26 2014..........SUNRISE  432 AM AKDT   SUNSET  1123 PM AKDT
JULY 27 2014..........SUNRISE  435 AM AKDT   SUNSET  1119 PM AKDT


-  INDICATES NEGATIVE NUMBERS.
R  INDICATES RECORD WAS SET OR TIED.
MM INDICATES DATA IS MISSING.
T  INDICATES TRACE AMOUNT.

&&

SNOW DEPTH IS MEASURED AT 3AM AKST/4AM AKDT

----------------------------
AVAILABLE DAYLIGHT

AMOUNT OF DAYLIGHT TODAY  (HOUR:MIN)........18:51
LOSS SINCE YESTERDAY........................7 MINUTES
----------------------------

$$
JL JUL 14
