000
CDAK49 PAFG 250941
CLIFAI

CLIMATE REPORT
NATIONAL WEATHER SERVICE FAIRBANKS AK
141 AM AKDT TUE APR 25 2017

...................................

...THE FAIRBANKS AK CLIMATE SUMMARY FOR APRIL 24 2017...

CLIMATE NORMAL PERIOD 1981 TO 2010
CLIMATE RECORD PERIOD 1904 TO 2017


WEATHER ITEM   OBSERVED TIME   RECORD YEAR NORMAL DEPARTURE LAST
                VALUE   (LST)  VALUE       VALUE  FROM      YEAR
                                                  NORMAL
..................................................................
TEMPERATURE (F)
 YESTERDAY
  MAXIMUM         58    534 PM  67    1940  50      8       66
  MINIMUM         33    501 AM -10    1948  27      6       30
  AVERAGE         46                        39      7       48

PRECIPITATION (IN)
  YESTERDAY        0.00          0.17 1937   0.01  -0.01     0.00
  MONTH TO DATE    0.09                      0.22  -0.13     0.21
  SINCE MAR 1      0.26                      0.47  -0.21     0.74
  SINCE JAN 1      2.46                      1.47   0.99     0.80

SNOWFALL (IN)
  YESTERDAY        0.0           1.9  1941   0.1   -0.1      0.0
  MONTH TO DATE    1.2                       2.5   -1.3      3.7
  SINCE MAR 1      4.7                       7.4   -2.7      7.4
  SINCE JUL 1     83.1                      63.7   19.4     60.0
  SNOW DEPTH       7

DEGREE DAYS
 HEATING
  YESTERDAY       19                        26     -7       17
  MONTH TO DATE  726                       829   -103      579
  SINCE MAR 1   2825                      2489    336     1975
  SINCE JUL 1  12955                     12879     76    11381

 COOLING
  YESTERDAY        0                         0      0        0
  MONTH TO DATE    0                         0      0        0
  SINCE MAR 1      0                         0      0        0
  SINCE JAN 1      0                         0      0        0
..................................................................


WIND (MPH)
  HIGHEST GUST SPEED    15   HIGHEST GUST DIRECTION     N (360)


SKY COVER
  AVERAGE SKY COVER 0.8


WEATHER CONDITIONS
 THE FOLLOWING WEATHER WAS RECORDED YESTERDAY.
  NO SIGNIFICANT WEATHER WAS OBSERVED.


RELATIVE HUMIDITY (PERCENT)
 HIGHEST    64
 LOWEST     26
 AVERAGE    45

..........................................................


THE FAIRBANKS AK CLIMATE NORMALS FOR TODAY
                         NORMAL    RECORD    YEAR
 MAXIMUM TEMPERATURE (F)   51        69      1997
                                             1940
 MINIMUM TEMPERATURE (F)   28         0      1948


SUNRISE AND SUNSET
APRIL 25 2017..........SUNRISE  539 AM AKDT   SUNSET  1002 PM AKDT
APRIL 26 2017..........SUNRISE  535 AM AKDT   SUNSET  1006 PM AKDT


-  INDICATES NEGATIVE NUMBERS.
R  INDICATES RECORD WAS SET OR TIED.
MM INDICATES DATA IS MISSING.
T  INDICATES TRACE AMOUNT.

&&

SNOW DEPTH IS MEASURED AT 3AM AKST/4AM AKDT

----------------------------
AVAILABLE DAYLIGHT

AMOUNT OF DAYLIGHT TODAY  (HOUR:MIN)........16:23
GAIN SINCE YESTERDAY........................6 MINUTES
----------------------------

$$
SDB APR 17
