000
CDAK49 PAFG 240106
CLIFAI

CLIMATE REPORT
NATIONAL WEATHER SERVICE FAIRBANKS AK
506 PM AKDT TUE SEP 23 2014

...................................

...THE FAIRBANKS AK CLIMATE SUMMARY FOR SEPTEMBER 23 2014...
VALID TODAY AS OF 0400 PM LOCAL TIME.

CLIMATE NORMAL PERIOD 1981 TO 2010
CLIMATE RECORD PERIOD 1904 TO 2014


WEATHER ITEM   OBSERVED TIME   RECORD YEAR NORMAL DEPARTURE LAST
                VALUE   (LST)  VALUE       VALUE  FROM      YEAR
                                                  NORMAL
..................................................................
TEMPERATURE (F)
 TODAY
  MAXIMUM         42    259 PM  72    1940  51     -9       41
  MINIMUM         29    152 AM   7    1992  32     -3       23
  AVERAGE         36                        41     -5       32

PRECIPITATION (IN)
  TODAY            0.13          0.29 1961   0.03   0.10      T
  MONTH TO DATE    2.80                      0.89   1.91     1.70
  SINCE SEP 1      2.80                      0.89   1.91     1.70
  SINCE JAN 1     15.52                      8.46   7.06     7.50

SNOWFALL (IN)
  TODAY            T             1.4  1924   0.1   -0.1       T
  MONTH TO DATE    T                         1.0   -1.0      0.7
  SINCE SEP 1      T                         1.0   -1.0      0.7
  SINCE JUL 1      T                         1.0   -1.0      0.7
  SNOW DEPTH       0

DEGREE DAYS
 HEATING
  TODAY           29                        24      5       33
  MONTH TO DATE  356                       424    -68      463
  SINCE SEP 1    356                       424    -68      463
  SINCE JUL 1    677                       813   -136      722

 COOLING
  TODAY            0                         0      0        0
  MONTH TO DATE    0                         0      0        0
  SINCE SEP 1      0                         0      0        0
  SINCE JAN 1     27                        61    -34      226
..................................................................


WIND (MPH)
  HIGHEST GUST SPEED    13   HIGHEST GUST DIRECTION     W (250)


SKY COVER
  AVERAGE SKY COVER 0.8


WEATHER CONDITIONS
 THE FOLLOWING WEATHER WAS RECORDED TODAY.
  MIXED PRECIP
  RAIN
  LIGHT RAIN
  SNOW
  LIGHT SNOW
  FOG


RELATIVE HUMIDITY (PERCENT)
 HIGHEST    85
 LOWEST     75
 AVERAGE    80

..........................................................


THE FAIRBANKS AK CLIMATE NORMALS FOR TOMORROW
                         NORMAL    RECORD    YEAR
 MAXIMUM TEMPERATURE (F)   50        69      1942
 MINIMUM TEMPERATURE (F)   32         8      1992


SUNRISE AND SUNSET
SEPTEMBER 23 2014..........SUNRISE  738 AM AKDT   SUNSET  748 PM AKDT
SEPTEMBER 24 2014..........SUNRISE  741 AM AKDT   SUNSET  745 PM AKDT


-  INDICATES NEGATIVE NUMBERS.
R  INDICATES RECORD WAS SET OR TIED.
MM INDICATES DATA IS MISSING.
T  INDICATES TRACE AMOUNT.

&&

SNOW DEPTH IS MEASURED AT 3AM AKST/4AM AKDT

----------------------------
AVAILABLE DAYLIGHT

AMOUNT OF DAYLIGHT TODAY  (HOUR:MIN)........12:10
LOSS SINCE YESTERDAY........................7 MINUTES
----------------------------

$$
ET SEP 14
