000
CDAK49 PAFG 300036
CLIFAI

CLIMATE REPORT
NATIONAL WEATHER SERVICE FAIRBANKS AK
436 PM AKDT SUN MAY 29 2016

...................................

...THE FAIRBANKS AK CLIMATE SUMMARY FOR MAY 29 2016...
VALID TODAY AS OF 0400 PM LOCAL TIME.

CLIMATE NORMAL PERIOD 1981 TO 2010
CLIMATE RECORD PERIOD 1904 TO 2016


WEATHER ITEM   OBSERVED TIME   RECORD YEAR NORMAL DEPARTURE LAST
                VALUE   (LST)  VALUE       VALUE  FROM      YEAR
                                                  NORMAL
..................................................................
TEMPERATURE (F)
 TODAY
  MAXIMUM         67    249 PM  86    1947  66      1       70
  MINIMUM         50    418 AM  29    1934  43      7       46
  AVERAGE         59                        55      4       58

PRECIPITATION (IN)
  TODAY            0.00          0.74 1946   0.02  -0.02     0.00
  MONTH TO DATE    0.78                      0.55   0.23     0.29
  SINCE MAR 1      1.83                      1.11   0.72     0.94
  SINCE JAN 1      1.89                      2.11  -0.22     1.57

SNOWFALL (IN)
  TODAY            0.0           T    1931   0.0    0.0      0.0
  MONTH TO DATE    0.0                       0.9   -0.9      0.0
  SINCE MAR 1      7.4                       8.7   -1.3     10.2
  SINCE JUL 1     60.0                      65.0   -5.0     43.8
  SNOW DEPTH       0

DEGREE DAYS
 HEATING
  TODAY            6                        11     -5        7
  MONTH TO DATE  346                       466   -120      284
  SINCE MAR 1   2413                      3100   -687     2652
  SINCE JUL 1  11819                     13490  -1671    12119

 COOLING
  TODAY            0                         0      0        0
  MONTH TO DATE    6                         0      6        2
  SINCE MAR 1      6                         0      6        2
  SINCE JAN 1      6                         0      6        2
..................................................................


WIND (MPH)
  HIGHEST GUST SPEED    31   HIGHEST GUST DIRECTION     E (70)


SKY COVER
  AVERAGE SKY COVER 0.2


WEATHER CONDITIONS
 THE FOLLOWING WEATHER WAS RECORDED TODAY.
  NO SIGNIFICANT WEATHER WAS OBSERVED.


RELATIVE HUMIDITY (PERCENT)
 HIGHEST    61
 LOWEST     18
 AVERAGE    40

..........................................................


THE FAIRBANKS AK CLIMATE NORMALS FOR TOMORROW
                         NORMAL    RECORD    YEAR
 MAXIMUM TEMPERATURE (F)   67        84      2013
                                             1983
 MINIMUM TEMPERATURE (F)   43        28      1931


SUNRISE AND SUNSET
MAY 29 2016..........SUNRISE  341 AM AKDT   SUNSET  1201 AM AKDT
MAY 30 2016..........SUNRISE  338 AM AKDT   SUNSET  1204 AM AKDT


-  INDICATES NEGATIVE NUMBERS.
R  INDICATES RECORD WAS SET OR TIED.
MM INDICATES DATA IS MISSING.
T  INDICATES TRACE AMOUNT.

&&

SNOW DEPTH IS MEASURED AT 3AM AKST/4AM AKDT

----------------------------
AVAILABLE DAYLIGHT

AMOUNT OF DAYLIGHT TODAY  (HOUR:MIN)........20:20
GAIN SINCE YESTERDAY........................6 MINUTES
----------------------------

$$
APW MAY 16
