000
CDAK49 PAFG 050031
CLIFAI

CLIMATE REPORT
NATIONAL WEATHER SERVICE FAIRBANKS AK
431 PM AKDT TUE AUG 4 2015

...................................

...THE FAIRBANKS AK CLIMATE SUMMARY FOR AUGUST 4 2015...
VALID TODAY AS OF 0400 PM LOCAL TIME.

CLIMATE NORMAL PERIOD 1981 TO 2010
CLIMATE RECORD PERIOD 1904 TO 2015


WEATHER ITEM   OBSERVED TIME   RECORD YEAR NORMAL DEPARTURE LAST
                VALUE   (LST)  VALUE       VALUE  FROM      YEAR
                                                  NORMAL
..................................................................
TEMPERATURE (F)
 TODAY
  MAXIMUM         79    259 PM  91    1994  69     10       77
  MINIMUM         51    420 AM  33    1926  50      1       53
  AVERAGE         65                        59      6       65

PRECIPITATION (IN)
  TODAY            0.00          1.53 1932   0.07  -0.07     0.34
  MONTH TO DATE    0.07                      0.28  -0.21     1.38
  SINCE JUN 1      3.88                      3.81   0.07    10.72
  SINCE JAN 1      5.45                      5.97  -0.52    11.81

SNOWFALL (IN)
  TODAY            0.0           T    2012   0.0    0.0      0.0
  MONTH TO DATE    0.0                       0.0    0.0      0.0
  SINCE JUN 1      0.0                       0.0    0.0      0.0
  SINCE JUL 1      0.0                       0.0    0.0      0.0
  SNOW DEPTH       0

DEGREE DAYS
 HEATING
  TODAY            0                         6     -6        0
  MONTH TO DATE   14                        23     -9        8
  SINCE JUN 1    299                       291      8      337
  SINCE JUL 1    118                       131    -13      145

 COOLING
  TODAY            0                         0      0        0
  MONTH TO DATE    1                         0      1        2
  SINCE JUN 1     56                        54      2       22
  SINCE JAN 1     58                        55      3       22
..................................................................


WIND (MPH)
  HIGHEST GUST SPEED     9   HIGHEST GUST DIRECTION     N (360)


SKY COVER
  AVERAGE SKY COVER 0.4


WEATHER CONDITIONS
 THE FOLLOWING WEATHER WAS RECORDED TODAY.
  NO SIGNIFICANT WEATHER WAS OBSERVED.


RELATIVE HUMIDITY (PERCENT)
 HIGHEST    96
 LOWEST     42
 AVERAGE    69

..........................................................


THE FAIRBANKS AK CLIMATE NORMALS FOR TOMORROW
                         NORMAL    RECORD    YEAR
 MAXIMUM TEMPERATURE (F)   69        93      1994
 MINIMUM TEMPERATURE (F)   50        33      1946


SUNRISE AND SUNSET
AUGUST 04 2015..........SUNRISE  502 AM AKDT   SUNSET  1052 PM AKDT
AUGUST 05 2015..........SUNRISE  505 AM AKDT   SUNSET  1048 PM AKDT


-  INDICATES NEGATIVE NUMBERS.
R  INDICATES RECORD WAS SET OR TIED.
MM INDICATES DATA IS MISSING.
T  INDICATES TRACE AMOUNT.

&&

SNOW DEPTH IS MEASURED AT 3AM AKST/4AM AKDT

----------------------------
AVAILABLE DAYLIGHT

AMOUNT OF DAYLIGHT TODAY  (HOUR:MIN)........17:50
LOSS SINCE YESTERDAY........................7 MINUTES
----------------------------

$$
RF AUG 15
