000
CDAK49 PAFG 250948
CLIFAI

CLIMATE REPORT
NATIONAL WEATHER SERVICE FAIRBANKS AK
148 AM AKDT SAT MAR 25 2017

...................................

...THE FAIRBANKS AK CLIMATE SUMMARY FOR MARCH 24 2017...

CLIMATE NORMAL PERIOD 1981 TO 2010
CLIMATE RECORD PERIOD 1904 TO 2017


WEATHER ITEM   OBSERVED TIME   RECORD YEAR NORMAL DEPARTURE LAST
                VALUE   (LST)  VALUE       VALUE  FROM      YEAR
                                                  NORMAL
..................................................................
TEMPERATURE (F)
 YESTERDAY
  MAXIMUM         18    503 PM  56    1915  30    -12       45
  MINIMUM        -20    646 AM -38    1935   2    -22        5
  AVERAGE         -1                        16    -17       25

PRECIPITATION (IN)
  YESTERDAY        0.00          0.34 1963   0.01  -0.01     0.00
  MONTH TO DATE    0.07                      0.20  -0.13     0.16
  SINCE MAR 1      0.07                      0.20  -0.13     0.16
  SINCE JAN 1      2.27                      1.20   1.07     0.22

SNOWFALL (IN)
  YESTERDAY        0.0           4.6  1963   0.1   -0.1      0.0
  MONTH TO DATE    1.7                       3.9   -2.2      3.5
  SINCE MAR 1      1.7                       3.9   -2.2      3.5
  SINCE JUL 1     80.1                      60.2   19.9     56.1
  SNOW DEPTH      26

DEGREE DAYS
 HEATING
  YESTERDAY       66                        49     17       40
  MONTH TO DATE 1743                      1335    408     1186
  SINCE MAR 1   1743                      1335    408     1186
  SINCE JUL 1  11873                     11725    148    10592

 COOLING
  YESTERDAY        0                         0      0        0
  MONTH TO DATE    0                         0      0        0
  SINCE MAR 1      0                         0      0        0
  SINCE JAN 1      0                         0      0        0
..................................................................


WIND (MPH)
  HIGHEST GUST SPEED     7   HIGHEST GUST DIRECTION     S (200)


SKY COVER
  AVERAGE SKY COVER 0.1


WEATHER CONDITIONS
 THE FOLLOWING WEATHER WAS RECORDED YESTERDAY.
  NO SIGNIFICANT WEATHER WAS OBSERVED.


RELATIVE HUMIDITY (PERCENT)
 HIGHEST    86
 LOWEST     47
 AVERAGE    67

..........................................................


THE FAIRBANKS AK CLIMATE NORMALS FOR TODAY
                         NORMAL    RECORD    YEAR
 MAXIMUM TEMPERATURE (F)   30        51      2016
 MINIMUM TEMPERATURE (F)    3       -39      1935


SUNRISE AND SUNSET
MARCH 25 2017..........SUNRISE  732 AM AKDT   SUNSET  824 PM AKDT
MARCH 26 2017..........SUNRISE  728 AM AKDT   SUNSET  827 PM AKDT


-  INDICATES NEGATIVE NUMBERS.
R  INDICATES RECORD WAS SET OR TIED.
MM INDICATES DATA IS MISSING.
T  INDICATES TRACE AMOUNT.

&&

SNOW DEPTH IS MEASURED AT 3AM AKST/4AM AKDT

----------------------------
AVAILABLE DAYLIGHT

AMOUNT OF DAYLIGHT TODAY  (HOUR:MIN)........12:52
GAIN SINCE YESTERDAY........................7 MINUTES
----------------------------

$$
MAR 17
