000
CDAK49 PAFG 220959
CLIFAI

CLIMATE REPORT
NATIONAL WEATHER SERVICE FAIRBANKS AK
1259 AM AKST WED NOV 22 2017

...................................

...THE FAIRBANKS AK CLIMATE SUMMARY FOR NOVEMBER 21 2017...

CLIMATE NORMAL PERIOD 1981 TO 2010
CLIMATE RECORD PERIOD 1904 TO 2017


WEATHER ITEM   OBSERVED TIME   RECORD YEAR NORMAL DEPARTURE LAST
                VALUE   (LST)  VALUE       VALUE  FROM      YEAR
                                                  NORMAL
..................................................................
TEMPERATURE (F)
 YESTERDAY
  MAXIMUM          3   1159 PM  41    1947   8     -5        2
  MINIMUM        -26    215 AM -38    2011  -7    -19      -13
  AVERAGE        -11                         0    -11       -5

PRECIPITATION (IN)
  YESTERDAY        0.10          0.53 1956   0.02   0.08     0.00
  MONTH TO DATE    1.14                      0.48   0.66     0.24
  SINCE SEP 1      5.00                      2.41   2.59     2.34
  SINCE JAN 1     13.87                      9.98   3.89    14.05

SNOWFALL (IN)
  YESTERDAY        3.1           6.3  1956   0.5    2.6      0.0
  MONTH TO DATE   19.3                       9.4    9.9      3.3
  SINCE SEP 1     24.5                      22.0    2.5      4.1
  SINCE JUL 1     24.5                      22.0    2.5      4.1
  SNOW DEPTH      12

DEGREE DAYS
 HEATING
  YESTERDAY       76                        65     11       70
  MONTH TO DATE 1147                      1274   -127     1159
  SINCE SEP 1   2691                      3144   -453     2895
  SINCE JUL 1   2914                      3533   -619     3097

 COOLING
  YESTERDAY        0                         0      0        0
  MONTH TO DATE    0                         0      0        0
  SINCE SEP 1      0                         0      0        0
  SINCE JAN 1    104                        61     43       76
..................................................................


WIND (MPH)
  HIGHEST GUST SPEED    11   HIGHEST GUST DIRECTION     S (180)


SKY COVER
  AVERAGE SKY COVER 0.6


WEATHER CONDITIONS
 THE FOLLOWING WEATHER WAS RECORDED YESTERDAY.
  LIGHT SNOW
  FOG


RELATIVE HUMIDITY (PERCENT)
 HIGHEST    95
 LOWEST     78
 AVERAGE    87

..........................................................


THE FAIRBANKS AK CLIMATE NORMALS FOR TODAY
                         NORMAL    RECORD    YEAR
 MAXIMUM TEMPERATURE (F)    8        47      1947
 MINIMUM TEMPERATURE (F)   -9       -36      1963


SUNRISE AND SUNSET
NOVEMBER 22 2017......SUNRISE   952 AM AKST  SUNSET   323 PM AKST
NOVEMBER 23 2017......SUNRISE   955 AM AKST  SUNSET   320 PM AKST


-  INDICATES NEGATIVE NUMBERS.
R  INDICATES RECORD WAS SET OR TIED.
MM INDICATES DATA IS MISSING.
T  INDICATES TRACE AMOUNT.

&&

SNOW DEPTH IS MEASURED AT 3AM AKST/4AM AKDT

----------------------------
AVAILABLE DAYLIGHT

AMOUNT OF DAYLIGHT TODAY  (HOUR:MIN)........05:31
LOSS SINCE YESTERDAY........................6 MINUTES
----------------------------

$$
SDB NOV 17
