000
CDAK49 PAFG 300932
CLIFAI

CLIMATE REPORT
NATIONAL WEATHER SERVICE FAIRBANKS AK
1232 AM AKST FRI JAN 30 2015

...................................

...THE FAIRBANKS AK CLIMATE SUMMARY FOR JANUARY 29 2015...

CLIMATE NORMAL PERIOD 1981 TO 2010
CLIMATE RECORD PERIOD 1904 TO 2015


WEATHER ITEM   OBSERVED TIME   RECORD YEAR NORMAL DEPARTURE LAST
                VALUE   (LST)  VALUE       VALUE  FROM      YEAR
                                                  NORMAL
..................................................................
TEMPERATURE (F)
 YESTERDAY
  MAXIMUM        -28    409 PM  35    1994   2    -30       18
  MINIMUM        -41   1059 PM -58    1933 -16    -25       -3
  AVERAGE        -34                        -7    -27        8

PRECIPITATION (IN)
  YESTERDAY        T             0.23 1934   0.01  -0.01     0.00
  MONTH TO DATE    0.15                      0.54  -0.39     0.22
  SINCE DEC 1      1.08                      1.18  -0.10     1.00
  SINCE JAN 1      0.15                      0.54  -0.39     0.22

SNOWFALL (IN)
  YESTERDAY        T             4.0  1973   0.4   -0.4      0.0
  MONTH TO DATE    4.6                       9.7   -5.1      2.5
  SINCE DEC 1     19.8                      21.8   -2.0     16.8
  SINCE JUL 1     29.6                      47.6  -18.0     35.8
  SNOW DEPTH      13

DEGREE DAYS
 HEATING
  YESTERDAY       99                        72     27       57
  MONTH TO DATE 2026                      2118    -92     1641
  SINCE DEC 1   3783                      4259   -476     3788
  SINCE JUL 1   7501                      8390   -889     7325

 COOLING
  YESTERDAY        0                         0      0        0
  MONTH TO DATE    0                         0      0        0
  SINCE DEC 1      0                         0      0        0
  SINCE JAN 1      0                         0      0        0
..................................................................


WIND (MPH)
  HIGHEST GUST SPEED     4   HIGHEST GUST DIRECTION    SW (240)


SKY COVER
  AVERAGE SKY COVER 0.2


WEATHER CONDITIONS
 THE FOLLOWING WEATHER WAS RECORDED YESTERDAY.
  LIGHT SNOW
  FOG


RELATIVE HUMIDITY (PERCENT)
 HIGHEST    69
 LOWEST     69
 AVERAGE    69

..........................................................


THE FAIRBANKS AK CLIMATE NORMALS FOR TODAY
                         NORMAL    RECORD    YEAR
 MAXIMUM TEMPERATURE (F)    3        38      1985
 MINIMUM TEMPERATURE (F)  -16       -56      1947


SUNRISE AND SUNSET
JANUARY 30 2015..........SUNRISE  944 AM AKST   SUNSET  428 PM AKST
JANUARY 31 2015..........SUNRISE  941 AM AKST   SUNSET  431 PM AKST


-  INDICATES NEGATIVE NUMBERS.
R  INDICATES RECORD WAS SET OR TIED.
MM INDICATES DATA IS MISSING.
T  INDICATES TRACE AMOUNT.

&&

SNOW DEPTH IS MEASURED AT 3AM AKST/4AM AKDT

----------------------------
AVAILABLE DAYLIGHT

AMOUNT OF DAYLIGHT TODAY  (HOUR:MIN)........6:44
GAIN SINCE YESTERDAY........................7 MINUTES
----------------------------

$$
SDB JAN 15
