952
CDUS43 KFGF 250642
CLIFAR


CLIMATE REPORT
NATIONAL WEATHER SERVICE EASTERN NORTH DAKOTA/GRAND FORKS
141 AM CDT WED MAY 25 2016


...................................

...THE FARGO HECTOR INTL AP ND CLIMATE SUMMARY FOR MAY 24 2016...

CLIMATE NORMAL PERIOD 1981 TO 2010
CLIMATE RECORD PERIOD 1881 TO 2016


WEATHER ITEM   OBSERVED TIME   RECORD YEAR NORMAL DEPARTURE LAST
                VALUE   (LST)  VALUE       VALUE  FROM      YEAR
                                                  NORMAL
..................................................................
TEMPERATURE (F)
 YESTERDAY
  MAXIMUM         85    459 PM  90    2014  72     13       71
                                      2010
  MINIMUM         59    222 AM  26    2002  48     11       49
                                      1897
  AVERAGE         72                        60     12       60

PRECIPITATION (IN)
  YESTERDAY        T             1.16 1981   0.09  -0.09     0.00
  MONTH TO DATE    0.10                      2.10  -2.00     5.82
  SINCE MAR 1      3.17                      4.79  -1.62     7.10
  SINCE JAN 1      4.16                      6.10  -1.94     8.07

SNOWFALL (IN)
  YESTERDAY        0.0           0.1  1918   0.0    0.0      0.0
  MONTH TO DATE    T                         0.0    0.0       T
  SINCE MAR 1      3.1                      12.4   -9.3      0.4
  SINCE JUL 1     27.4                      50.4  -23.0     16.0
  SNOW DEPTH       0

DEGREE DAYS
 HEATING
  YESTERDAY        0                         6     -6        5
  MONTH TO DATE  171                       233    -62      269
  SINCE MAR 1   1617                      2011   -394     1766
  SINCE JUL 1   7140                      8689  -1549     8182

 COOLING
  YESTERDAY        7                         1      6        0
  MONTH TO DATE   37                        20     17        4
  SINCE MAR 1     37                        23     14        4
  SINCE JAN 1     37                        23     14        4
..................................................................


WIND (MPH)
  HIGHEST WIND SPEED    18   HIGHEST WIND DIRECTION    NW (330)
  HIGHEST GUST SPEED    24   HIGHEST GUST DIRECTION    NW (330)
  AVERAGE WIND SPEED     9.4


SKY COVER
  POSSIBLE SUNSHINE  MM
  AVERAGE SKY COVER 0.1


WEATHER CONDITIONS
 THE FOLLOWING WEATHER WAS RECORDED YESTERDAY.
  NO SIGNIFICANT WEATHER WAS OBSERVED.


RELATIVE HUMIDITY (PERCENT)
 HIGHEST    64          1200 AM
 LOWEST     20           500 PM
 AVERAGE    42

..........................................................


THE FARGO HECTOR INTL AP ND CLIMATE NORMALS FOR TODAY
                         NORMAL    RECORD    YEAR
 MAXIMUM TEMPERATURE (F)   72        92      1959
 MINIMUM TEMPERATURE (F)   48        30      1983
                                             1891


SUNRISE AND SUNSET
MAY 25 2016...........SUNRISE   541 AM CDT   SUNSET   908 PM CDT
MAY 26 2016...........SUNRISE   540 AM CDT   SUNSET   909 PM CDT


-  INDICATES NEGATIVE NUMBERS.
R  INDICATES RECORD WAS SET OR TIED.
MM INDICATES DATA IS MISSING.
T  INDICATES TRACE AMOUNT.




$$
