000
CDUS43 KFGF 240635
CLIFAR


CLIMATE REPORT
NATIONAL WEATHER SERVICE EASTERN NORTH DAKOTA/GRAND FORKS
135 AM CDT WED AUG 24 2016


...................................

...THE FARGO HECTOR INTL AP ND CLIMATE SUMMARY FOR AUGUST 23 2016...

CLIMATE NORMAL PERIOD 1981 TO 2010
CLIMATE RECORD PERIOD 1881 TO 2016


WEATHER ITEM   OBSERVED TIME   RECORD YEAR NORMAL DEPARTURE LAST
                VALUE   (LST)  VALUE       VALUE  FROM      YEAR
                                                  NORMAL
..................................................................
TEMPERATURE (F)
 YESTERDAY
  MAXIMUM         91    332 PM  99    1948  80     11       70
                                      1925
  MINIMUM         69    603 AM  34    1891  56     13       53
  AVERAGE         80                        68     12       62

PRECIPITATION (IN)
  YESTERDAY        0.00          1.21 1992   0.10  -0.10     0.06
  MONTH TO DATE    1.26                      1.81  -0.55     1.29
  SINCE JUN 1      9.69                      8.50   1.19     6.82
  SINCE JAN 1     15.17                     15.31  -0.14    16.92

SNOWFALL (IN)
  YESTERDAY        0.0           0.0    MM   0.0    0.0      0.0
  MONTH TO DATE    0.0                       0.0    0.0      0.0
  SINCE JUN 1      0.0                       0.0    0.0      0.0
  SINCE JUL 1      0.0                       0.0    0.0      0.0
  SNOW DEPTH       0

DEGREE DAYS
 HEATING
  YESTERDAY        0                         1     -1        3
  MONTH TO DATE    6                        19    -13       18
  SINCE JUN 1     41                       108    -67       53
  SINCE JUL 1     14                        35    -21       30

 COOLING
  YESTERDAY       15                         5     10        0
  MONTH TO DATE  158                       137     21      137
  SINCE JUN 1    533                       446     87      487
  SINCE JAN 1    581                       477    104      502
..................................................................


WIND (MPH)
  HIGHEST WIND SPEED    28   HIGHEST WIND DIRECTION     S (200)
  HIGHEST GUST SPEED    40   HIGHEST GUST DIRECTION     S (180)
  AVERAGE WIND SPEED    17.2


SKY COVER
  POSSIBLE SUNSHINE  MM
  AVERAGE SKY COVER 0.2


WEATHER CONDITIONS
 THE FOLLOWING WEATHER WAS RECORDED YESTERDAY.
  NO SIGNIFICANT WEATHER WAS OBSERVED.


RELATIVE HUMIDITY (PERCENT)
 HIGHEST    79           200 AM
 LOWEST     44           400 PM
 AVERAGE    62

..........................................................


THE FARGO HECTOR INTL AP ND CLIMATE NORMALS FOR TODAY
                         NORMAL    RECORD    YEAR
 MAXIMUM TEMPERATURE (F)   80       100      1976
                                             1948
                                             1886
 MINIMUM TEMPERATURE (F)   56        38      1887
                                             1885


SUNRISE AND SUNSET
AUGUST 24 2016........SUNRISE   637 AM CDT   SUNSET   821 PM CDT
AUGUST 25 2016........SUNRISE   638 AM CDT   SUNSET   819 PM CDT


-  INDICATES NEGATIVE NUMBERS.
R  INDICATES RECORD WAS SET OR TIED.
MM INDICATES DATA IS MISSING.
T  INDICATES TRACE AMOUNT.




$$
