000
CDUS43 KFGF 302148
CLIFAR


CLIMATE REPORT
NATIONAL WEATHER SERVICE EASTERN NORTH DAKOTA/GRAND FORKS
448 PM CDT SAT AUG 30 2014


...................................

...THE FARGO HECTOR INTL AP ND CLIMATE SUMMARY FOR AUGUST 30 2014...
VALID TODAY AS OF 0400 PM LOCAL TIME.

CLIMATE NORMAL PERIOD 1981 TO 2010
CLIMATE RECORD PERIOD 1881 TO 2014


WEATHER ITEM   OBSERVED TIME   RECORD YEAR NORMAL DEPARTURE LAST
                VALUE   (LST)  VALUE       VALUE  FROM      YEAR
                                                  NORMAL
..................................................................
TEMPERATURE (F)
 TODAY
  MAXIMUM         73    242 PM  97    1961  78     -5       88
  MINIMUM         56    903 AM  36    1931  54      2       64
  AVERAGE         65                        66     -1       76

PRECIPITATION (IN)
  TODAY            0.00          1.73 1952   0.09  -0.09     0.00
  MONTH TO DATE    1.92                      2.47  -0.55     0.39
  SINCE JUN 1      9.25                      9.16   0.09     9.02
  SINCE JAN 1     16.27                     15.97   0.30    21.92

SNOWFALL (IN)
  TODAY            0.0           0.0    MM   0.0    0.0      0.0
  MONTH TO DATE    0.0                       0.0    0.0      0.0
  SINCE JUN 1      0.0                       0.0    0.0      0.0
  SINCE JUL 1      0.0                       0.0    0.0      0.0
  SNOW DEPTH       0

DEGREE DAYS
 HEATING
  TODAY            0                         2     -2        0
  MONTH TO DATE   12                        33    -21       17
  SINCE JUN 1     62                       122    -60       96
  SINCE JUL 1     32                        49    -17       34

 COOLING
  TODAY            0                         3     -3       11
  MONTH TO DATE  156                       164     -8      200
  SINCE JUN 1    421                       473    -52      579
  SINCE JAN 1    500                       504     -4      608
..................................................................


WIND (MPH)
  HIGHEST WIND SPEED    18   HIGHEST WIND DIRECTION     N (360)
  HIGHEST GUST SPEED    23   HIGHEST GUST DIRECTION     N (350)
  AVERAGE WIND SPEED    10.2


SKY COVER
  POSSIBLE SUNSHINE  MM
  AVERAGE SKY COVER 1.0


WEATHER CONDITIONS
 THE FOLLOWING WEATHER WAS RECORDED TODAY.
  NO SIGNIFICANT WEATHER WAS OBSERVED.


RELATIVE HUMIDITY (PERCENT)
 HIGHEST    93           900 AM
 LOWEST     61           200 PM
 AVERAGE    77

..........................................................


THE FARGO HECTOR INTL AP ND CLIMATE NORMALS FOR TOMORROW
                         NORMAL    RECORD    YEAR
 MAXIMUM TEMPERATURE (F)   78        95      1953
 MINIMUM TEMPERATURE (F)   54        32      1886


SUNRISE AND SUNSET
AUGUST 30 2014........SUNRISE   644 AM CDT   SUNSET   810 PM CDT
AUGUST 31 2014........SUNRISE   645 AM CDT   SUNSET   809 PM CDT


-  INDICATES NEGATIVE NUMBERS.
R  INDICATES RECORD WAS SET OR TIED.
MM INDICATES DATA IS MISSING.
T  INDICATES TRACE AMOUNT.




$$
