000
CDUS43 KFGF 242147
CLIFAR


CLIMATE REPORT
NATIONAL WEATHER SERVICE EASTERN NORTH DAKOTA/GRAND FORKS
446 PM CDT SUN SEP 24 2017


...................................

...THE FARGO HECTOR INTL AP ND CLIMATE SUMMARY FOR SEPTEMBER 24 2017...
VALID TODAY AS OF 0400 PM LOCAL TIME.

CLIMATE NORMAL PERIOD 1981 TO 2010
CLIMATE RECORD PERIOD 1881 TO 2017


WEATHER ITEM   OBSERVED TIME   RECORD YEAR NORMAL DEPARTURE LAST
                VALUE   (LST)  VALUE       VALUE  FROM      YEAR
                                                  NORMAL
..................................................................
TEMPERATURE (F)
 TODAY
  MAXIMUM         57    149 PM  87    1990  67    -10       80
                                      1908
  MINIMUM         55    259 PM  25    1951  44     11       65
  AVERAGE         56                        55      1       73

PRECIPITATION (IN)
  TODAY            0.93          2.07 1973   0.07   0.86     0.17
  MONTH TO DATE    2.19                      2.11   0.08     2.60
  SINCE SEP 1      2.19                      2.11   0.08     2.60
  SINCE JAN 1     12.69                     18.17  -5.48    18.07

SNOWFALL (IN)
  TODAY            0.0           T    1942   0.0    0.0      0.0
                                      1926
                                      1893
  MONTH TO DATE    0.0                       0.0    0.0      0.0
  SINCE SEP 1      0.0                       0.0    0.0      0.0
  SINCE JUL 1      0.0                       0.0    0.0      0.0
  SNOW DEPTH       0

DEGREE DAYS
 HEATING
  TODAY            9                        10     -1        0
  MONTH TO DATE   85                       150    -65       58
  SINCE SEP 1     85                       150    -65       58
  SINCE JUL 1    101                       200    -99       75

 COOLING
  TODAY            0                         1     -1        8
  MONTH TO DATE   69                        42     27       50
  SINCE SEP 1     69                        42     27       50
  SINCE JAN 1    516                       547    -31      653
..................................................................


WIND (MPH)
  HIGHEST WIND SPEED    16   HIGHEST WIND DIRECTION    NW (310)
  HIGHEST GUST SPEED    19   HIGHEST GUST DIRECTION    NE (40)
  AVERAGE WIND SPEED     9.3


SKY COVER
  POSSIBLE SUNSHINE  MM
  AVERAGE SKY COVER 1.0


WEATHER CONDITIONS
 THE FOLLOWING WEATHER WAS RECORDED TODAY.
  HEAVY RAIN
  RAIN
  LIGHT RAIN
  FOG


RELATIVE HUMIDITY (PERCENT)
 HIGHEST   100          1200 AM
 LOWEST     93           300 AM
 AVERAGE    97

..........................................................


THE FARGO HECTOR INTL AP ND CLIMATE NORMALS FOR TOMORROW
                         NORMAL    RECORD    YEAR
 MAXIMUM TEMPERATURE (F)   66        92      1885
 MINIMUM TEMPERATURE (F)   43        22      1965


SUNRISE AND SUNSET
SEPTEMBER 24 2017.....SUNRISE   717 AM CDT   SUNSET   720 PM CDT
SEPTEMBER 25 2017.....SUNRISE   718 AM CDT   SUNSET   718 PM CDT


-  INDICATES NEGATIVE NUMBERS.
R  INDICATES RECORD WAS SET OR TIED.
MM INDICATES DATA IS MISSING.
T  INDICATES TRACE AMOUNT.




$$
