000
CDUS43 KFGF 170641
CLIFAR


CLIMATE REPORT
NATIONAL WEATHER SERVICE EASTERN NORTH DAKOTA/GRAND FORKS
140 AM CDT THU APR 17 2014


...................................

...THE FARGO HECTOR INTL AP ND CLIMATE SUMMARY FOR APRIL 16 2014...

CLIMATE NORMAL PERIOD 1981 TO 2010
CLIMATE RECORD PERIOD 1881 TO 2014


WEATHER ITEM   OBSERVED TIME   RECORD YEAR NORMAL DEPARTURE LAST
                VALUE   (LST)  VALUE       VALUE  FROM      YEAR
                                                  NORMAL
..................................................................
TEMPERATURE (F)
 YESTERDAY
  MAXIMUM         38    619 PM  89    2002  57    -19       37
  MINIMUM         28    849 AM  13    1973  33     -5       25
                                      1953
  AVERAGE         33                        45    -12       31

PRECIPITATION (IN)
  YESTERDAY        0.10          0.96 1967   0.04   0.06     0.00
  MONTH TO DATE    0.56                      0.64  -0.08     1.77
  SINCE MAR 1      1.28                      1.94  -0.66     3.21
  SINCE JAN 1      2.16                      3.25  -1.09     5.40

SNOWFALL (IN)
  YESTERDAY        1.5           2.5  1945   0.1    1.4      0.0
  MONTH TO DATE    2.0                       1.9    0.1     13.2
  SINCE MAR 1      7.3                      11.0   -3.7     27.8
  SINCE JUL 1     34.9                      49.0  -14.1     64.9
  SNOW DEPTH       1

DEGREE DAYS
 HEATING
  YESTERDAY       32                        20     12       34
  MONTH TO DATE  445                       392     53      575
  SINCE MAR 1   1761                      1544    217     2045
  SINCE JUL 1   9038                      8222    816     8636

 COOLING
  YESTERDAY        0                         0      0        0
  MONTH TO DATE    0                         0      0        0
  SINCE MAR 1      0                         0      0        0
  SINCE JAN 1      0                         0      0        0
..................................................................


WIND (MPH)
  HIGHEST WIND SPEED    22   HIGHEST WIND DIRECTION    SE (120)
  HIGHEST GUST SPEED    27   HIGHEST GUST DIRECTION    SE (120)
  AVERAGE WIND SPEED    14.4


SKY COVER
  POSSIBLE SUNSHINE  MM
  AVERAGE SKY COVER 0.8


WEATHER CONDITIONS
 THE FOLLOWING WEATHER WAS RECORDED YESTERDAY.
  LIGHT SNOW
  FOG
  HAZE


RELATIVE HUMIDITY (PERCENT)
 HIGHEST    85           200 AM
 LOWEST     54          1200 AM
 AVERAGE    70

..........................................................


THE FARGO HECTOR INTL AP ND CLIMATE NORMALS FOR TODAY
                         NORMAL    RECORD    YEAR
 MAXIMUM TEMPERATURE (F)   57        82      1987
                                             1931
                                             1915
 MINIMUM TEMPERATURE (F)   33         9      1953


SUNRISE AND SUNSET
APRIL 17 2014.........SUNRISE   636 AM CDT   SUNSET   818 PM CDT
APRIL 18 2014.........SUNRISE   634 AM CDT   SUNSET   820 PM CDT


-  INDICATES NEGATIVE NUMBERS.
R  INDICATES RECORD WAS SET OR TIED.
MM INDICATES DATA IS MISSING.
T  INDICATES TRACE AMOUNT.




$$
