000
CDUS43 KFGF 230631
CLIFAR


CLIMATE REPORT
NATIONAL WEATHER SERVICE EASTERN NORTH DAKOTA/GRAND FORKS
131 AM CDT SUN JUL 23 2017


...................................

...THE FARGO HECTOR INTL AP ND CLIMATE SUMMARY FOR JULY 22 2017...

CLIMATE NORMAL PERIOD 1981 TO 2010
CLIMATE RECORD PERIOD 1881 TO 2017


WEATHER ITEM   OBSERVED TIME   RECORD YEAR NORMAL DEPARTURE LAST
                VALUE   (LST)  VALUE       VALUE  FROM      YEAR
                                                  NORMAL
..................................................................
TEMPERATURE (F)
 YESTERDAY
  MAXIMUM         86    106 PM 106    1934  83      3       92
  MINIMUM         61   1156 PM  42    1887  60      1       63
  AVERAGE         74                        71      3       78

PRECIPITATION (IN)
  YESTERDAY        0.17          2.12 1969   0.08   0.09     0.00
  MONTH TO DATE    0.90                      2.13  -1.23     4.47
  SINCE JUN 1      3.40                      6.03  -2.63     6.92
  SINCE JAN 1      8.04                     12.84  -4.80    12.40

SNOWFALL (IN)
  YESTERDAY        0.0           0.0    MM   0.0    0.0      0.0
  MONTH TO DATE    0.0                       0.0    0.0      0.0
  SINCE JUN 1      0.0                       0.0    0.0      0.0
  SINCE JUL 1      0.0                       0.0    0.0      0.0
  SNOW DEPTH       0

DEGREE DAYS
 HEATING
  YESTERDAY        0                         0      0        0
  MONTH TO DATE    7                        12     -5        8
  SINCE JUN 1     42                        85    -43       35
  SINCE JUL 1      7                        12     -5        8

 COOLING
  YESTERDAY        9                         7      2       13
  MONTH TO DATE  164                       144     20      150
  SINCE JUN 1    290                       251     39      297
  SINCE JAN 1    301                       282     19      345
..................................................................


WIND (MPH)
  HIGHEST WIND SPEED    36   HIGHEST WIND DIRECTION    NW (330)
  HIGHEST GUST SPEED    43   HIGHEST GUST DIRECTION     N (340)
  AVERAGE WIND SPEED    11.5


SKY COVER
  POSSIBLE SUNSHINE  MM
  AVERAGE SKY COVER 0.1


WEATHER CONDITIONS
 THE FOLLOWING WEATHER WAS RECORDED YESTERDAY.
  THUNDERSTORM
  HEAVY RAIN
  RAIN
  LIGHT RAIN
  FOG


RELATIVE HUMIDITY (PERCENT)
 HIGHEST    93           600 AM
 LOWEST     34           100 PM
 AVERAGE    64

..........................................................


THE FARGO HECTOR INTL AP ND CLIMATE NORMALS FOR TODAY
                         NORMAL    RECORD    YEAR
 MAXIMUM TEMPERATURE (F)   83        97      1894
 MINIMUM TEMPERATURE (F)   60        45      1889


SUNRISE AND SUNSET
JULY 23 2017..........SUNRISE   557 AM CDT   SUNSET   910 PM CDT
JULY 24 2017..........SUNRISE   558 AM CDT   SUNSET   909 PM CDT


-  INDICATES NEGATIVE NUMBERS.
R  INDICATES RECORD WAS SET OR TIED.
MM INDICATES DATA IS MISSING.
T  INDICATES TRACE AMOUNT.




$$
