000
CDUS43 KFGF 050722
CLIFAR


CLIMATE REPORT
NATIONAL WEATHER SERVICE EASTERN NORTH DAKOTA/GRAND FORKS
122 AM CST THU MAR 5 2015


...................................

...THE FARGO HECTOR INTL AP ND CLIMATE SUMMARY FOR MARCH 4 2015...

CLIMATE NORMAL PERIOD 1981 TO 2010
CLIMATE RECORD PERIOD 1881 TO 2015


WEATHER ITEM   OBSERVED TIME   RECORD YEAR NORMAL DEPARTURE LAST
                VALUE   (LST)  VALUE       VALUE  FROM      YEAR
                                                  NORMAL
..................................................................
TEMPERATURE (F)
 YESTERDAY
  MAXIMUM          7    408 PM  55    2000  30    -23       14
  MINIMUM         -7   1156 PM -27    1917  14    -21        3
  AVERAGE          0                        22    -22        9

PRECIPITATION (IN)
  YESTERDAY        0.00          0.54 1966   0.04  -0.04     0.01
  MONTH TO DATE    0.02                      0.15  -0.13     0.07
  SINCE MAR 1      0.02                      0.15  -0.13     0.07
  SINCE JAN 1      0.99                      1.46  -0.47     0.95

SNOWFALL (IN)
  YESTERDAY        0.0           5.4  1966   0.3   -0.3      0.3
  MONTH TO DATE    0.2                       1.4   -1.2      1.8
  SINCE MAR 1      0.2                       1.4   -1.2      1.8
  SINCE JUL 1     15.8                      39.4  -23.6     29.4
  SNOW DEPTH       0

DEGREE DAYS
 HEATING
  YESTERDAY       65                        43     22       56
  MONTH TO DATE  218                       176     42      272
  SINCE MAR 1    218                       176     42      272
  SINCE JUL 1   6634                      6854   -220     7549

 COOLING
  YESTERDAY        0                         0      0        0
  MONTH TO DATE    0                         0      0        0
  SINCE MAR 1      0                         0      0        0
  SINCE JAN 1      0                         0      0        0
..................................................................


WIND (MPH)
  HIGHEST WIND SPEED    21   HIGHEST WIND DIRECTION    NW (300)
  HIGHEST GUST SPEED    29   HIGHEST GUST DIRECTION    NW (300)
  AVERAGE WIND SPEED    12.5


SKY COVER
  POSSIBLE SUNSHINE  MM
  AVERAGE SKY COVER 0.3


WEATHER CONDITIONS
 THE FOLLOWING WEATHER WAS RECORDED YESTERDAY.
  HAZE


RELATIVE HUMIDITY (PERCENT)
 HIGHEST    75           600 AM
 LOWEST     54           300 PM
 AVERAGE    65

..........................................................


THE FARGO HECTOR INTL AP ND CLIMATE NORMALS FOR TODAY
                         NORMAL    RECORD    YEAR
 MAXIMUM TEMPERATURE (F)   30        67      2000
 MINIMUM TEMPERATURE (F)   14       -22      1997


SUNRISE AND SUNSET
MARCH  5 2015.........SUNRISE   700 AM CST   SUNSET   618 PM CST
MARCH  6 2015.........SUNRISE   658 AM CST   SUNSET   620 PM CST


-  INDICATES NEGATIVE NUMBERS.
R  INDICATES RECORD WAS SET OR TIED.
MM INDICATES DATA IS MISSING.
T  INDICATES TRACE AMOUNT.




$$
