000
CDUS43 KFGF 030648
CLIFAR


CLIMATE REPORT
NATIONAL WEATHER SERVICE EASTERN NORTH DAKOTA/GRAND FORKS
1247 AM CST SAT DEC 3 2016


...................................

...THE FARGO HECTOR INTL AP ND CLIMATE SUMMARY FOR DECEMBER 2 2016...

CLIMATE NORMAL PERIOD 1981 TO 2010
CLIMATE RECORD PERIOD 1881 TO 2016


WEATHER ITEM   OBSERVED TIME   RECORD YEAR NORMAL DEPARTURE LAST
                VALUE   (LST)  VALUE       VALUE  FROM      YEAR
                                                  NORMAL
..................................................................
TEMPERATURE (F)
 YESTERDAY
  MAXIMUM         31    332 PM  55    1982  27      4       29
                                      1941
  MINIMUM         27   1159 PM -30    1886  11     16       12
  AVERAGE         29                        19     10       21

PRECIPITATION (IN)
  YESTERDAY        0.00          0.34 1901   0.03  -0.03     0.00
  MONTH TO DATE    T                         0.06  -0.06     0.19
  SINCE DEC 1      T                         0.06  -0.06     0.19
  SINCE JAN 1     22.26                     21.84   0.42    20.86

SNOWFALL (IN)
  YESTERDAY        0.0           3.4  1901   0.4   -0.4      0.0
  MONTH TO DATE    T                         0.7   -0.7      2.1
  SINCE DEC 1      T                         0.7   -0.7      2.1
  SINCE JUL 1      3.7                       9.3   -5.6      5.0
  SNOW DEPTH       0

DEGREE DAYS
 HEATING
  YESTERDAY       36                        46    -10       44
  MONTH TO DATE   70                        91    -21       77
  SINCE DEC 1     70                        91    -21       77
  SINCE JUL 1   1375                      2053   -678     1518

 COOLING
  YESTERDAY        0                         0      0        0
  MONTH TO DATE    0                         0      0        0
  SINCE DEC 1      0                         0      0        0
  SINCE JAN 1    661                       551    110      677
..................................................................


WIND (MPH)
  HIGHEST WIND SPEED    15   HIGHEST WIND DIRECTION     N (340)
  HIGHEST GUST SPEED    18   HIGHEST GUST DIRECTION    NW (330)
  AVERAGE WIND SPEED     8.6


SKY COVER
  POSSIBLE SUNSHINE  MM
  AVERAGE SKY COVER 1.0


WEATHER CONDITIONS
 THE FOLLOWING WEATHER WAS RECORDED YESTERDAY.
  NO SIGNIFICANT WEATHER WAS OBSERVED.


RELATIVE HUMIDITY (PERCENT)
 HIGHEST    78           100 AM
 LOWEST     63           500 PM
 AVERAGE    71

..........................................................


THE FARGO HECTOR INTL AP ND CLIMATE NORMALS FOR TODAY
                         NORMAL    RECORD    YEAR
 MAXIMUM TEMPERATURE (F)   27        55      1941
 MINIMUM TEMPERATURE (F)   11       -33      1886


SUNRISE AND SUNSET
DECEMBER  3 2016......SUNRISE   755 AM CST   SUNSET   439 PM CST
DECEMBER  4 2016......SUNRISE   756 AM CST   SUNSET   439 PM CST


-  INDICATES NEGATIVE NUMBERS.
R  INDICATES RECORD WAS SET OR TIED.
MM INDICATES DATA IS MISSING.
T  INDICATES TRACE AMOUNT.




$$
