000
CDUS43 KFGF 290642
CLIFAR


CLIMATE REPORT
NATIONAL WEATHER SERVICE EASTERN NORTH DAKOTA/GRAND FORKS
1241 AM CST MON DEC 29 2014


...................................

...THE FARGO HECTOR INTL AP ND CLIMATE SUMMARY FOR DECEMBER 28 2014...

CLIMATE NORMAL PERIOD 1981 TO 2010
CLIMATE RECORD PERIOD 1881 TO 2014


WEATHER ITEM   OBSERVED TIME   RECORD YEAR NORMAL DEPARTURE LAST
                VALUE   (LST)  VALUE       VALUE  FROM      YEAR
                                                  NORMAL
..................................................................
TEMPERATURE (F)
 YESTERDAY
  MAXIMUM         23   1231 AM  50    1898  19      4       35
  MINIMUM         -4   1159 PM -30    1924   2     -6      -12
  AVERAGE         10                        11     -1       12

PRECIPITATION (IN)
  YESTERDAY        0.00          0.40 2000   0.03  -0.03     0.01
  MONTH TO DATE    0.25                      0.75  -0.50     1.17
  SINCE DEC 1      0.25                      0.75  -0.50     1.17
  SINCE JAN 1     20.20                     22.53  -2.33    32.06

SNOWFALL (IN)
  YESTERDAY        0.0           8.0  2000   0.4   -0.4      0.2
  MONTH TO DATE    0.9                      10.0   -9.1     15.5
  SINCE DEC 1      0.9                      10.0   -9.1     15.5
  SINCE JUL 1      4.5                      18.6  -14.1     15.8
  SNOW DEPTH       0

DEGREE DAYS
 HEATING
  YESTERDAY       55                        54      1       53
  MONTH TO DATE 1163                      1414   -251     1652
  SINCE DEC 1   1163                      1414   -251     1652
  SINCE JUL 1   3120                      3376   -256     3493

 COOLING
  YESTERDAY        0                         0      0        0
  MONTH TO DATE    0                         0      0        0
  SINCE DEC 1      0                         0      0        0
  SINCE JAN 1    544                       551     -7      699
..................................................................


WIND (MPH)
  HIGHEST WIND SPEED    23   HIGHEST WIND DIRECTION     N (10)
  HIGHEST GUST SPEED    28   HIGHEST GUST DIRECTION     N (360)
  AVERAGE WIND SPEED    13.9


SKY COVER
  POSSIBLE SUNSHINE  MM
  AVERAGE SKY COVER 0.3


WEATHER CONDITIONS
 THE FOLLOWING WEATHER WAS RECORDED YESTERDAY.
  NO SIGNIFICANT WEATHER WAS OBSERVED.


RELATIVE HUMIDITY (PERCENT)
 HIGHEST    88          1200 AM
 LOWEST     63           200 PM
 AVERAGE    76

..........................................................


THE FARGO HECTOR INTL AP ND CLIMATE NORMALS FOR TODAY
                         NORMAL    RECORD    YEAR
 MAXIMUM TEMPERATURE (F)   19        52      1999
 MINIMUM TEMPERATURE (F)    2       -36      1887


SUNRISE AND SUNSET
DECEMBER 29 2014......SUNRISE   812 AM CST   SUNSET   446 PM CST
DECEMBER 30 2014......SUNRISE   812 AM CST   SUNSET   447 PM CST


-  INDICATES NEGATIVE NUMBERS.
R  INDICATES RECORD WAS SET OR TIED.
MM INDICATES DATA IS MISSING.
T  INDICATES TRACE AMOUNT.




$$
