000
CDUS43 KFGF 030632
CLIFAR


CLIMATE REPORT
NATIONAL WEATHER SERVICE EASTERN NORTH DAKOTA/GRAND FORKS
131 AM CDT THU SEP 3 2015


...................................

...THE FARGO HECTOR INTL AP ND CLIMATE SUMMARY FOR SEPTEMBER 2 2015...

CLIMATE NORMAL PERIOD 1981 TO 2010
CLIMATE RECORD PERIOD 1881 TO 2015


WEATHER ITEM   OBSERVED TIME   RECORD YEAR NORMAL DEPARTURE LAST
                VALUE   (LST)  VALUE       VALUE  FROM      YEAR
                                                  NORMAL
..................................................................
TEMPERATURE (F)
 YESTERDAY
  MAXIMUM         90    311 PM  99    1976  77     13       80
                                      1960
  MINIMUM         68    649 AM  34    1946  53     15       51
  AVERAGE         79                        65     14       66

PRECIPITATION (IN)
  YESTERDAY        0.00          3.37 1957   0.09  -0.09     0.00
  MONTH TO DATE    0.00                      0.19  -0.19     0.00
  SINCE SEP 1      0.00                      0.19  -0.19     0.00
  SINCE JAN 1     16.92                     16.25   0.67    16.46

SNOWFALL (IN)
  YESTERDAY        0.0           0.0    MM   0.0    0.0      0.0
  MONTH TO DATE    0.0                       0.0    0.0      0.0
  SINCE SEP 1      0.0                       0.0    0.0      0.0
  SINCE JUL 1      0.0                       0.0    0.0      0.0
  SNOW DEPTH       0

DEGREE DAYS
 HEATING
  YESTERDAY        0                         3     -3        0
  MONTH TO DATE    0                         6     -6        0
  SINCE SEP 1      0                         6     -6        0
  SINCE JUL 1     44                        56    -12       32

 COOLING
  YESTERDAY       14                         3     11        1
  MONTH TO DATE   23                         6     17        1
  SINCE SEP 1     23                         6     17        1
  SINCE JAN 1    565                       511     54      502
..................................................................


WIND (MPH)
  HIGHEST WIND SPEED    21   HIGHEST WIND DIRECTION    SE (130)
  HIGHEST GUST SPEED    26   HIGHEST GUST DIRECTION     E (110)
  AVERAGE WIND SPEED    11.8


SKY COVER
  POSSIBLE SUNSHINE  MM
  AVERAGE SKY COVER 0.0


WEATHER CONDITIONS
 THE FOLLOWING WEATHER WAS RECORDED YESTERDAY.
  FOG


RELATIVE HUMIDITY (PERCENT)
 HIGHEST    90           300 AM
 LOWEST     44           200 PM
 AVERAGE    67

..........................................................


THE FARGO HECTOR INTL AP ND CLIMATE NORMALS FOR TODAY
                         NORMAL    RECORD    YEAR
 MAXIMUM TEMPERATURE (F)   76        98      1925
 MINIMUM TEMPERATURE (F)   53        31      1885


SUNRISE AND SUNSET
SEPTEMBER  3 2015.....SUNRISE   649 AM CDT   SUNSET   803 PM CDT
SEPTEMBER  4 2015.....SUNRISE   650 AM CDT   SUNSET   801 PM CDT


-  INDICATES NEGATIVE NUMBERS.
R  INDICATES RECORD WAS SET OR TIED.
MM INDICATES DATA IS MISSING.
T  INDICATES TRACE AMOUNT.




$$
