000
CDUS46 KHNX 220024
CLIFAT


CLIMATE REPORT
NATIONAL WEATHER SERVICE SAN JOAQUIN VALLEY, CA
423 PM PST SUN DEC 21 2014


...................................

...THE FRESNO CA CLIMATE SUMMARY FOR DECEMBER 21 2014...
VALID AS OF 0400 PM LOCAL TIME.

CLIMATE NORMAL PERIOD 1981 TO 2010
CLIMATE RECORD PERIOD 1887 TO 2014


WEATHER ITEM   OBSERVED TIME   RECORD YEAR NORMAL DEPARTURE LAST
                VALUE   (LST)  VALUE       VALUE  FROM      YEAR
                                                  NORMAL
..................................................................
TEMPERATURE (F)
 TODAY
  MAXIMUM         61    229 PM  71    1955  54      7       59
  MINIMUM         45    716 AM  23    1897  38      7       36
  AVERAGE         53                        46      7       48

PRECIPITATION (IN)
  TODAY            0.00          1.10 1940   0.07  -0.07     0.00
  MONTH TO DATE    2.29                      1.08   1.21     0.15
  SINCE JUL 1      3.38                      2.97   0.41     0.73
  SINCE JAN 1      7.46                     10.81  -3.35     3.01

SNOWFALL (IN)
  TODAY            0.0
  MONTH TO DATE    0.0
  SINCE DEC 1      0.0
  SINCE JUL 1      0.0
  SNOW DEPTH       0

DEGREE DAYS
 HEATING
  TODAY           12                        19     -7       17
  MONTH TO DATE  212                       378   -166      396
  SINCE DEC 1    212                       378   -166      396
  SINCE JUL 1    433                       766   -333      617

 COOLING
  TODAY            0                         0      0        0
  MONTH TO DATE    0                         0      0        0
  SINCE DEC 1      0                         0      0        0
  SINCE JAN 1   2932                      2124    808     2625
..................................................................


WIND (MPH)
  HIGHEST WIND SPEED    13   HIGHEST WIND DIRECTION    NW (310)
  HIGHEST GUST SPEED    15   HIGHEST GUST DIRECTION    NW (310)
  AVERAGE WIND SPEED     1.9




RELATIVE HUMIDITY (PERCENT)
 HIGHEST   100
 LOWEST     78
 AVERAGE    89

..........................................................


THE FRESNO CA CLIMATE NORMALS FOR TOMORROW
                         NORMAL    RECORD    YEAR
 MAXIMUM TEMPERATURE (F)   54        70      1964
                                             1919
 MINIMUM TEMPERATURE (F)   38        19      1990


SUNRISE AND SUNSET
DECEMBER 21 2014......SUNRISE   708 AM PST   SUNSET   446 PM PST
DECEMBER 22 2014......SUNRISE   708 AM PST   SUNSET   447 PM PST


-  INDICATES NEGATIVE NUMBERS.
R  INDICATES RECORD WAS SET OR TIED.
MM INDICATES DATA IS MISSING.
T  INDICATES TRACE AMOUNT.




$$
