000
CDUS46 KHNX 260823
CLIFAT


CLIMATE REPORT
NATIONAL WEATHER SERVICE SAN JOAQUIN VALLEY, CA
123 AM PDT FRI MAY 26 2017


...................................

...THE FRESNO CA CLIMATE SUMMARY FOR MAY 25 2017...

CLIMATE NORMAL PERIOD 1981 TO 2010
CLIMATE RECORD PERIOD 1887 TO 2017


WEATHER ITEM   OBSERVED TIME   RECORD YEAR NORMAL DEPARTURE
                VALUE   (LST)  VALUE       VALUE  FROM
                                                  NORMAL
...............................................................
TEMPERATURE (F)
 YESTERDAY
  MAXIMUM         81        MM 102    1890  87     -6
  MINIMUM         56        MM  42    1980  58     -2
  AVERAGE         69                        72     -3

PRECIPITATION (IN)
  YESTERDAY        0.00          0.24 1901   0.01  -0.01
  MONTH TO DATE    0.12                      0.36  -0.24
  SINCE OCT 1     17.20                     11.03   6.17
  SINCE JAN 1     12.64                      7.56   5.08

SNOWFALL (IN)
  YESTERDAY        0.0
  MONTH TO DATE    0.0
  SINCE MAR 1      0.0
  SINCE JUL 1      0.0
  SNOW DEPTH       0

DEGREE DAYS
 HEATING
  YESTERDAY        0                                0
  MONTH TO DATE   26                               -3
  SINCE MAR 1    322                             -108
  SINCE JUL 1   1936                             -406

 COOLING
  YESTERDAY        4                               -4
  MONTH TO DATE  179                               40
  SINCE MAR 1    209                               19
  SINCE JAN 1    209                               19
...............................................................


WIND (MPH)
  HIGHEST WIND SPEED    16   HIGHEST WIND DIRECTION    NW (330)
  HIGHEST GUST SPEED    MM   HIGHEST GUST DIRECTION    MM
  AVERAGE WIND SPEED     8.0




RELATIVE HUMIDITY (PERCENT)
 HIGHEST    83
 LOWEST     30
 AVERAGE    57

..........................................................


THE FRESNO CA CLIMATE NORMALS FOR TODAY
                         NORMAL    RECORD    YEAR
 MAXIMUM TEMPERATURE (F)   87       103      1974
                                             1951
 MINIMUM TEMPERATURE (F)   58        40      1953


SUNRISE AND SUNSET
MAY 26 2017...........SUNRISE   544 AM PDT   SUNSET   808 PM PDT
MAY 27 2017...........SUNRISE   543 AM PDT   SUNSET   809 PM PDT


-  INDICATES NEGATIVE NUMBERS.
R  INDICATES RECORD WAS SET OR TIED.
MM INDICATES DATA IS MISSING.
T  INDICATES TRACE AMOUNT.




$$
