000
CDUS46 KHNX 110823
CLIFAT


CLIMATE REPORT
NATIONAL WEATHER SERVICE SAN JOAQUIN VALLEY, CA
1222 AM PST MON DEC 11 2017


...................................

...THE FRESNO CA CLIMATE SUMMARY FOR DECEMBER 10 2017...

CLIMATE NORMAL PERIOD 1981 TO 2010
CLIMATE RECORD PERIOD 1887 TO 2017


WEATHER ITEM   OBSERVED TIME   RECORD YEAR NORMAL DEPARTURE
                VALUE   (LST)  VALUE       VALUE  FROM
                                                  NORMAL
...............................................................
TEMPERATURE (F)
 YESTERDAY
  MAXIMUM         64    232 PM  74    1939  56      8
  MINIMUM         34    714 AM  26    1951  38     -4
  AVERAGE         49                        47      2

PRECIPITATION (IN)
  YESTERDAY        0.00          1.62 1937   0.05  -0.05
  MONTH TO DATE    T                         0.46  -0.46
  SINCE OCT 1      0.37                      2.16  -1.79
  SINCE JAN 1     13.17                     10.19   2.98

SNOWFALL (IN)
  YESTERDAY        0.0
  MONTH TO DATE    0.0
  SINCE DEC 1      0.0
  SINCE JUL 1      0.0
  SNOW DEPTH       0

DEGREE DAYS
 HEATING
  YESTERDAY       16                               -2
  MONTH TO DATE  163                               -8
  SINCE DEC 1    163                               -8
  SINCE JUL 1    421                             -138

 COOLING
  YESTERDAY        0                                0
  MONTH TO DATE    0                                0
  SINCE DEC 1      0                                0
  SINCE JAN 1   2490                              366
...............................................................


WIND (MPH)
  HIGHEST WIND SPEED     7   HIGHEST WIND DIRECTION    NW (300)
  HIGHEST GUST SPEED     8   HIGHEST GUST DIRECTION     S (170)
  AVERAGE WIND SPEED     2.3




RELATIVE HUMIDITY (PERCENT)
 HIGHEST    89
 LOWEST     34
 AVERAGE    62

..........................................................


THE FRESNO CA CLIMATE NORMALS FOR TODAY
                         NORMAL    RECORD    YEAR
 MAXIMUM TEMPERATURE (F)   56        69      1933
                                             1910
 MINIMUM TEMPERATURE (F)   38        25      1972
                                             1949


SUNRISE AND SUNSET
DECEMBER 11 2017......SUNRISE   702 AM PST   SUNSET   443 PM PST
DECEMBER 12 2017......SUNRISE   702 AM PST   SUNSET   443 PM PST


-  INDICATES NEGATIVE NUMBERS.
R  INDICATES RECORD WAS SET OR TIED.
MM INDICATES DATA IS MISSING.
T  INDICATES TRACE AMOUNT.




$$
