000
CDUS46 KHNX 060821
CLIFAT


CLIMATE REPORT
NATIONAL WEATHER SERVICE SAN JOAQUIN VALLEY, CA
121 AM PDT MON JUL 6 2015


...................................

...THE FRESNO CA CLIMATE SUMMARY FOR JULY 5 2015...

CLIMATE NORMAL PERIOD 1981 TO 2010
CLIMATE RECORD PERIOD 1887 TO 2015


WEATHER ITEM   OBSERVED TIME   RECORD YEAR NORMAL DEPARTURE
                VALUE   (LST)  VALUE       VALUE  FROM
                                                  NORMAL
...............................................................
TEMPERATURE (F)
 YESTERDAY
  MAXIMUM         98    324 PM 112    1991  97      1
                                      1905
  MINIMUM         71    446 AM  52    1948  67      4
  AVERAGE         85                        82      3

PRECIPITATION (IN)
  YESTERDAY        0.00          T    1970   0.00   0.00
                                      1967
                                      1896
  MONTH TO DATE    0.07                      0.00   0.07
  SINCE OCT 1      6.49                     11.31  -4.82
  SINCE JAN 1      3.30                      7.84  -4.54

SNOWFALL (IN)
  YESTERDAY        0.0
  MONTH TO DATE    0.0
  SINCE JUN 1      0.0
  SINCE JUL 1      0.0
  SNOW DEPTH       0

DEGREE DAYS
 HEATING
  YESTERDAY        0                                0
  MONTH TO DATE    0                                0
  SINCE JUN 1      0                               -3
  SINCE JUL 1      0                                0

 COOLING
  YESTERDAY       20                                3
  MONTH TO DATE  115                               33
  SINCE JUN 1    628                              177
  SINCE JAN 1    901                              209
...............................................................


WIND (MPH)
  HIGHEST WIND SPEED    20   HIGHEST WIND DIRECTION    NW (310)
  HIGHEST GUST SPEED    24   HIGHEST GUST DIRECTION    NW (310)
  AVERAGE WIND SPEED     9.6




RELATIVE HUMIDITY (PERCENT)
 HIGHEST    57
 LOWEST     24
 AVERAGE    41

..........................................................


THE FRESNO CA CLIMATE NORMALS FOR TODAY
                         NORMAL    RECORD    YEAR
 MAXIMUM TEMPERATURE (F)   97       111      2007
                                             1984
                                             1905
 MINIMUM TEMPERATURE (F)   67        50      1955


SUNRISE AND SUNSET
JULY  6 2015..........SUNRISE   546 AM PDT   SUNSET   821 PM PDT
JULY  7 2015..........SUNRISE   547 AM PDT   SUNSET   821 PM PDT


-  INDICATES NEGATIVE NUMBERS.
R  INDICATES RECORD WAS SET OR TIED.
MM INDICATES DATA IS MISSING.
T  INDICATES TRACE AMOUNT.




$$
