000
CDUS46 KHNX 250823
CLIFAT


CLIMATE REPORT
NATIONAL WEATHER SERVICE SAN JOAQUIN VALLEY, CA
123 AM PDT MON JUL 25 2016


...................................

...THE FRESNO CA CLIMATE SUMMARY FOR JULY 24 2016...

CLIMATE NORMAL PERIOD 1981 TO 2010
CLIMATE RECORD PERIOD 1887 TO 2016


WEATHER ITEM   OBSERVED TIME   RECORD YEAR NORMAL DEPARTURE
                VALUE   (LST)  VALUE       VALUE  FROM
                                                  NORMAL
...............................................................
TEMPERATURE (F)
 YESTERDAY
  MAXIMUM        105    455 PM 113    2006  99      6
  MINIMUM         70    547 AM  55    1903  68      2
                                      1889
  AVERAGE         88                        84      4

PRECIPITATION (IN)
  YESTERDAY        0.00          T    1965   0.00   0.00
                                      1946
  MONTH TO DATE    0.00                      0.01  -0.01
  SINCE OCT 1     14.29                     11.32   2.97
  SINCE JAN 1      9.09                      7.85   1.24

SNOWFALL (IN)
  YESTERDAY        0.0
  MONTH TO DATE    0.0
  SINCE JUN 1      0.0
  SINCE JUL 1      0.0
  SNOW DEPTH       0

DEGREE DAYS
 HEATING
  YESTERDAY        0                                0
  MONTH TO DATE    0                                0
  SINCE JUN 1      0                               -3
  SINCE JUL 1      0                                0

 COOLING
  YESTERDAY       23                                4
  MONTH TO DATE  419                              -10
  SINCE JUN 1    906                              108
  SINCE JAN 1   1184                              145
...............................................................


WIND (MPH)
  HIGHEST WIND SPEED    12   HIGHEST WIND DIRECTION    NW (320)
  HIGHEST GUST SPEED    15   HIGHEST GUST DIRECTION    NW (320)
  AVERAGE WIND SPEED     5.0




RELATIVE HUMIDITY (PERCENT)
 HIGHEST    57
 LOWEST      6
 AVERAGE    32

..........................................................


THE FRESNO CA CLIMATE NORMALS FOR TODAY
                         NORMAL    RECORD    YEAR
 MAXIMUM TEMPERATURE (F)   99       113      2006
 MINIMUM TEMPERATURE (F)   68        56      1889


SUNRISE AND SUNSET
JULY 25 2016..........SUNRISE   559 AM PDT   SUNSET   811 PM PDT
JULY 26 2016..........SUNRISE   600 AM PDT   SUNSET   810 PM PDT


-  INDICATES NEGATIVE NUMBERS.
R  INDICATES RECORD WAS SET OR TIED.
MM INDICATES DATA IS MISSING.
T  INDICATES TRACE AMOUNT.




$$
