000
CDUS46 KHNX 030822
CLIFAT


CLIMATE REPORT
NATIONAL WEATHER SERVICE SAN JOAQUIN VALLEY, CA
122 AM PDT TUE MAY 3 2016


...................................

...THE FRESNO CA CLIMATE SUMMARY FOR MAY 2 2016...

CLIMATE NORMAL PERIOD 1981 TO 2010
CLIMATE RECORD PERIOD 1887 TO 2016


WEATHER ITEM   OBSERVED TIME   RECORD YEAR NORMAL DEPARTURE
                VALUE   (LST)  VALUE       VALUE  FROM
                                                  NORMAL
...............................................................
TEMPERATURE (F)
 YESTERDAY
  MAXIMUM         88    314 PM 101    1947  80      8
  MINIMUM         57    542 AM  40    1964  53      4
                                      1915
                                      1912
  AVERAGE         73                        67      6

PRECIPITATION (IN)
  YESTERDAY        0.00          0.57 1908   0.03  -0.03
  MONTH TO DATE    0.06                      0.05   0.01
  SINCE OCT 1     14.00                     10.72   3.28
  SINCE JAN 1      8.80                      7.25   1.55

SNOWFALL (IN)
  YESTERDAY        0.0
  MONTH TO DATE    0.0
  SINCE MAR 1      0.0
  SINCE JUL 1      0.0
  SNOW DEPTH       0

DEGREE DAYS
 HEATING
  YESTERDAY        0                               -2
  MONTH TO DATE    0                               -4
  SINCE MAR 1    236                             -169
  SINCE JUL 1   1937                             -380

 COOLING
  YESTERDAY        8                                5
  MONTH TO DATE   15                                9
  SINCE MAR 1     79                               22
  SINCE JAN 1     79                               22
...............................................................


WIND (MPH)
  HIGHEST WIND SPEED    13   HIGHEST WIND DIRECTION    NW (300)
  HIGHEST GUST SPEED    18   HIGHEST GUST DIRECTION    SW (240)
  AVERAGE WIND SPEED     4.5




RELATIVE HUMIDITY (PERCENT)
 HIGHEST    67
 LOWEST     16
 AVERAGE    42

..........................................................


THE FRESNO CA CLIMATE NORMALS FOR TODAY
                         NORMAL    RECORD    YEAR
 MAXIMUM TEMPERATURE (F)   80        99      2004
                                             1947
 MINIMUM TEMPERATURE (F)   53        38      1964


SUNRISE AND SUNSET
MAY  3 2016...........SUNRISE   602 AM PDT   SUNSET   750 PM PDT
MAY  4 2016...........SUNRISE   601 AM PDT   SUNSET   751 PM PDT


-  INDICATES NEGATIVE NUMBERS.
R  INDICATES RECORD WAS SET OR TIED.
MM INDICATES DATA IS MISSING.
T  INDICATES TRACE AMOUNT.




$$
