000
CDUS46 KHNX 230827
CLIFAT


CLIMATE REPORT
NATIONAL WEATHER SERVICE SAN JOAQUIN VALLEY, CA
127 AM PDT WED APR 23 2014


...................................

...THE FRESNO CA CLIMATE SUMMARY FOR APRIL 22 2014...

CLIMATE NORMAL PERIOD 1981 TO 2010
CLIMATE RECORD PERIOD 1887 TO 2014


WEATHER ITEM   OBSERVED TIME   RECORD YEAR NORMAL DEPARTURE
                VALUE   (LST)  VALUE       VALUE  FROM
                                                  NORMAL
...............................................................
TEMPERATURE (F)
 YESTERDAY
  MAXIMUM         72    334 PM  96    2012  77     -5
                                      2009
  MINIMUM         54   1159 PM  33    1968  51      3
  AVERAGE         63                        64     -1

PRECIPITATION (IN)
  YESTERDAY        T             0.74 1908   0.03  -0.03
  MONTH TO DATE    0.12                      0.74  -0.62
  SINCE JUL 1      4.15                     10.65  -6.50
  SINCE JAN 1      3.42                      6.99  -3.57

SNOWFALL (IN)
  YESTERDAY        0.0
  MONTH TO DATE    0.0
  SINCE MAR 1      0.0
  SINCE JUL 1      0.0
  SNOW DEPTH       0

DEGREE DAYS
 HEATING
  YESTERDAY        2                               -1
  MONTH TO DATE   46                              -70
  SINCE MAR 1    134                             -247
  SINCE JUL 1   1479                             -814

 COOLING
  YESTERDAY        0                               -2
  MONTH TO DATE  115                               88
  SINCE MAR 1    127                               95
  SINCE JAN 1    127                               95
...............................................................


WIND (MPH)
  HIGHEST WIND SPEED    23   HIGHEST WIND DIRECTION    NW (310)
  HIGHEST GUST SPEED    30   HIGHEST GUST DIRECTION    NW (310)
  AVERAGE WIND SPEED    16.8




RELATIVE HUMIDITY (PERCENT)
 HIGHEST    62
 LOWEST     15
 AVERAGE    39

..........................................................


THE FRESNO CA CLIMATE NORMALS FOR TODAY
                         NORMAL    RECORD    YEAR
 MAXIMUM TEMPERATURE (F)   77       100      1910
 MINIMUM TEMPERATURE (F)   51        39      1958
                                             1904


SUNRISE AND SUNSET
APRIL 23 2014.........SUNRISE   614 AM PDT   SUNSET   740 PM PDT
APRIL 24 2014.........SUNRISE   613 AM PDT   SUNSET   741 PM PDT


-  INDICATES NEGATIVE NUMBERS.
R  INDICATES RECORD WAS SET OR TIED.
MM INDICATES DATA IS MISSING.
T  INDICATES TRACE AMOUNT.




$$
