000
CDUS46 KHNX 160827
CLIFAT


CLIMATE REPORT
NATIONAL WEATHER SERVICE SAN JOAQUIN VALLEY, CA
127 AM PDT WED APR 16 2014


...................................

...THE FRESNO CA CLIMATE SUMMARY FOR APRIL 15 2014...

CLIMATE NORMAL PERIOD 1981 TO 2010
CLIMATE RECORD PERIOD 1887 TO 2014


WEATHER ITEM   OBSERVED TIME   RECORD YEAR NORMAL DEPARTURE
                VALUE   (LST)  VALUE       VALUE  FROM
                                                  NORMAL
...............................................................
TEMPERATURE (F)
 YESTERDAY
  MAXIMUM         91    225 PM  96    1947  74     17
  MINIMUM         60    556 AM  35    1970  49     11
                                      1896
  AVERAGE         76                        62     14

PRECIPITATION (IN)
  YESTERDAY        0.00          0.67 1935   0.03  -0.03
  MONTH TO DATE    0.12                      0.54  -0.42
  SINCE JUL 1      4.15                     10.45  -6.30
  SINCE JAN 1      3.42                      6.79  -3.37

SNOWFALL (IN)
  YESTERDAY        0.0
  MONTH TO DATE    0.0
  SINCE MAR 1      0.0
  SINCE JUL 1      0.0
  SNOW DEPTH       0

DEGREE DAYS
 HEATING
  YESTERDAY        0                               -5
  MONTH TO DATE   44                              -44
  SINCE MAR 1    132                             -221
  SINCE JUL 1   1477                             -788

 COOLING
  YESTERDAY       11                               10
  MONTH TO DATE   73                               60
  SINCE MAR 1     85                               67
  SINCE JAN 1     85                               67
...............................................................


WIND (MPH)
  HIGHEST WIND SPEED    17   HIGHEST WIND DIRECTION    NW (320)
  HIGHEST GUST SPEED    21   HIGHEST GUST DIRECTION     W (280)
  AVERAGE WIND SPEED     6.8




RELATIVE HUMIDITY (PERCENT)
 HIGHEST    60
 LOWEST      9
 AVERAGE    35

..........................................................


THE FRESNO CA CLIMATE NORMALS FOR TODAY
                         NORMAL    RECORD    YEAR
 MAXIMUM TEMPERATURE (F)   75        95      1947
 MINIMUM TEMPERATURE (F)   49        35      1896


SUNRISE AND SUNSET
APRIL 16 2014.........SUNRISE   623 AM PDT   SUNSET   734 PM PDT
APRIL 17 2014.........SUNRISE   622 AM PDT   SUNSET   735 PM PDT


-  INDICATES NEGATIVE NUMBERS.
R  INDICATES RECORD WAS SET OR TIED.
MM INDICATES DATA IS MISSING.
T  INDICATES TRACE AMOUNT.




$$
