501
CDUS46 KHNX 210823
CLIFAT


CLIMATE REPORT
NATIONAL WEATHER SERVICE SAN JOAQUIN VALLEY, CA
1223 AM PST SAT JAN 21 2017


...................................

...THE FRESNO CA CLIMATE SUMMARY FOR JANUARY 20 2017...

CLIMATE NORMAL PERIOD 1981 TO 2010
CLIMATE RECORD PERIOD 1887 TO 2017


WEATHER ITEM   OBSERVED TIME   RECORD YEAR NORMAL DEPARTURE
                VALUE   (LST)  VALUE       VALUE  FROM
                                                  NORMAL
...............................................................
TEMPERATURE (F)
 YESTERDAY
  MAXIMUM         54    223 PM  72    1994  55     -1
  MINIMUM         42   1051 PM  24    1963  38      4
  AVERAGE         48                        47      1

PRECIPITATION (IN)
  YESTERDAY        0.58          1.04 1896   0.06   0.52
  MONTH TO DATE    4.92                      1.43   3.49
  SINCE OCT 1      9.48                      4.90   4.58
  SINCE JAN 1      4.92                      1.43   3.49

SNOWFALL (IN)
  YESTERDAY        0.0
  MONTH TO DATE    0.0
  SINCE DEC 1      0.0
  SINCE JUL 1      0.0
  SNOW DEPTH       0

DEGREE DAYS
 HEATING
  YESTERDAY       17                               -1
  MONTH TO DATE  320                              -61
  SINCE DEC 1    864                              -92
  SINCE JUL 1   1115                             -229

 COOLING
  YESTERDAY        0                                0
  MONTH TO DATE    0                                0
  SINCE DEC 1      0                                0
  SINCE JAN 1      0                                0
...............................................................


WIND (MPH)
  HIGHEST WIND SPEED    25   HIGHEST WIND DIRECTION    SE (120)
  HIGHEST GUST SPEED    33   HIGHEST GUST DIRECTION    SE (120)
  AVERAGE WIND SPEED    12.2




RELATIVE HUMIDITY (PERCENT)
 HIGHEST    93
 LOWEST     77
 AVERAGE    85

..........................................................


THE FRESNO CA CLIMATE NORMALS FOR TODAY
                         NORMAL    RECORD    YEAR
 MAXIMUM TEMPERATURE (F)   55        72      1994
 MINIMUM TEMPERATURE (F)   38        19      1937


SUNRISE AND SUNSET
JANUARY 21 2017.......SUNRISE   708 AM PST   SUNSET   513 PM PST
JANUARY 22 2017.......SUNRISE   707 AM PST   SUNSET   514 PM PST


-  INDICATES NEGATIVE NUMBERS.
R  INDICATES RECORD WAS SET OR TIED.
MM INDICATES DATA IS MISSING.
T  INDICATES TRACE AMOUNT.




$$
