000
CDUS42 KRAH 172144
CLIFAY


CLIMATE REPORT
NATIONAL WEATHER SERVICE RALEIGH NC
442 PM EST FRI NOV 17 2017


...................................

...THE FAYETTEVILLE REGL AIRPORT NC CLIMATE SUMMARY FOR NOVEMBER 17 2017...
VALID TODAY AS OF 0440 PM LOCAL TIME.

CLIMATE NORMAL PERIOD 1981 TO 2010
CLIMATE RECORD PERIOD 1910 TO 2017


WEATHER ITEM   OBSERVED TIME   RECORD YEAR NORMAL DEPARTURE LAST
                VALUE   (LST)  VALUE       VALUE  FROM      YEAR
                                                  NORMAL
..................................................................
TEMPERATURE (F)
 TODAY
  MAXIMUM         60    311 PM  85    1955  67     -7       70
  MINIMUM         37    548 AM  17    1933  42     -5       45
  AVERAGE         49                        55     -6       58

PRECIPITATION (IN)
  TODAY            0.00          3.86 1920   0.10  -0.10     0.00
  MONTH TO DATE    0.49                      1.49  -1.00     0.49
  SINCE SEP 1      6.98                      9.10  -2.12    26.63
  SINCE JAN 1     38.78                     40.53  -1.75    53.29

DEGREE DAYS
 HEATING
  TODAY           16                        11      5        7
  MONTH TO DATE  164                       152     12      154
  SINCE SEP 1    245                       279    -34      203
  SINCE JUL 1    245                       279    -34      203

 COOLING
  TODAY            0                         0      0        0
  MONTH TO DATE   12                        11      1        7
  SINCE SEP 1    476                       349    127      524
  SINCE JAN 1   2455                      1989    466     2518
..................................................................


WIND (MPH)
  HIGHEST WIND SPEED    13   HIGHEST WIND DIRECTION    NE (30)
  HIGHEST GUST SPEED    16   HIGHEST GUST DIRECTION    NE (40)
  AVERAGE WIND SPEED     6.2


SKY COVER
  POSSIBLE SUNSHINE  MM
  AVERAGE SKY COVER 0.0


WEATHER CONDITIONS
 THE FOLLOWING WEATHER WAS RECORDED TODAY.
  NO SIGNIFICANT WEATHER WAS OBSERVED.


RELATIVE HUMIDITY (PERCENT)
 HIGHEST    82           600 AM
 LOWEST     37           300 PM
 AVERAGE    60

..........................................................


THE FAYETTEVILLE REGL AIRPORT NC CLIMATE NORMALS FOR TOMORROW
                         NORMAL    RECORD    YEAR
 MAXIMUM TEMPERATURE (F)   66        84      1938
 MINIMUM TEMPERATURE (F)   42        23      1914


SUNRISE AND SUNSET
NOVEMBER 17 2017......SUNRISE   652 AM EST   SUNSET   509 PM EST
NOVEMBER 18 2017......SUNRISE   653 AM EST   SUNSET   508 PM EST


-  INDICATES NEGATIVE NUMBERS.
R  INDICATES RECORD WAS SET OR TIED.
MM INDICATES DATA IS MISSING.
T  INDICATES TRACE AMOUNT.




$$
