000
CDUS42 KRAH 062155
CLIFAY


CLIMATE REPORT
NATIONAL WEATHER SERVICE RALEIGH NC
453 PM EST FRI MAR 6 2015


...................................

...THE FAYETTEVILLE REGL AIRPORT NC CLIMATE SUMMARY FOR MARCH 6 2015...
VALID TODAY AS OF 0453 PM LOCAL TIME.

CLIMATE NORMAL PERIOD 1981 TO 2010
CLIMATE RECORD PERIOD 1910 TO 2015


WEATHER ITEM   OBSERVED TIME   RECORD YEAR NORMAL DEPARTURE LAST
                VALUE   (LST)  VALUE       VALUE  FROM      YEAR
                                                  NORMAL
..................................................................
TEMPERATURE (F)
 TODAY
  MAXIMUM         42    434 PM  86    1918  64    -22       44
  MINIMUM         29    825 AM  19    1960  39    -10       29
  AVERAGE         36                        51    -15       37

PRECIPITATION (IN)
  TODAY            0.00          1.70 1959   0.11  -0.11     0.67
  MONTH TO DATE    0.60                      0.62  -0.02     1.21
  SINCE MAR 1      0.60                      0.62  -0.02     1.21
  SINCE JAN 1      8.25                      6.68   1.57     7.93

DEGREE DAYS
 HEATING
  TODAY           29                        14     15       28
  MONTH TO DATE  113                        87     26      143
  SINCE MAR 1    113                        87     26      143
  SINCE JUL 1   2609                      2312    297     2468

 COOLING
  TODAY            0                         0      0        0
  MONTH TO DATE    0                         0      0        0
  SINCE MAR 1      0                         0      0        0
  SINCE JAN 1      0                         4     -4        3
..................................................................


WIND (MPH)
  HIGHEST WIND SPEED    26   HIGHEST WIND DIRECTION    NE (30)
  HIGHEST GUST SPEED    36   HIGHEST GUST DIRECTION     N (20)
  AVERAGE WIND SPEED    13.9


SKY COVER
  POSSIBLE SUNSHINE  MM
  AVERAGE SKY COVER 0.5


WEATHER CONDITIONS
 THE FOLLOWING WEATHER WAS RECORDED TODAY.
  NO SIGNIFICANT WEATHER WAS OBSERVED.


RELATIVE HUMIDITY (PERCENT)
 HIGHEST    82          1200 AM
 LOWEST     30           400 PM
 AVERAGE    56

..........................................................


THE FAYETTEVILLE REGL AIRPORT NC CLIMATE NORMALS FOR TOMORROW
                         NORMAL    RECORD    YEAR
 MAXIMUM TEMPERATURE (F)   64        84      1961
 MINIMUM TEMPERATURE (F)   40        18      1960


SUNRISE AND SUNSET
MARCH  6 2015.........SUNRISE   639 AM EST   SUNSET   615 PM EST
MARCH  7 2015.........SUNRISE   637 AM EST   SUNSET   616 PM EST


-  INDICATES NEGATIVE NUMBERS.
R  INDICATES RECORD WAS SET OR TIED.
MM INDICATES DATA IS MISSING.
T  INDICATES TRACE AMOUNT.




$$
