000
CDUS42 KRAH 292059
CLIFAY


CLIMATE REPORT
NATIONAL WEATHER SERVICE RALEIGH NC
459 PM EDT WED MAR 29 2017


...................................

...THE FAYETTEVILLE REGL AIRPORT NC CLIMATE SUMMARY FOR MARCH 29 2017...
VALID TODAY AS OF 0500 PM LOCAL TIME.

CLIMATE NORMAL PERIOD 1981 TO 2010
CLIMATE RECORD PERIOD 1910 TO 2017


WEATHER ITEM   OBSERVED TIME   RECORD YEAR NORMAL DEPARTURE LAST
                VALUE   (LST)  VALUE       VALUE  FROM      YEAR
                                                  NORMAL
..................................................................
TEMPERATURE (F)
 TODAY
  MAXIMUM         78    308 PM  86    1945  70      8       69
  MINIMUM         59    615 AM  24    1982  46     13       45
  AVERAGE         69                        58     11       57

PRECIPITATION (IN)
  TODAY            0.00          2.15 1912   0.14  -0.14     0.00
  MONTH TO DATE    1.78                      3.28  -1.50     1.01
  SINCE MAR 1      1.78                      3.28  -1.50     1.01
  SINCE JAN 1      5.20                      9.34  -4.14     8.85

DEGREE DAYS
 HEATING
  TODAY            0                         8     -8        8
  MONTH TO DATE  348                       329     19      181
  SINCE MAR 1    348                       329     19      181
  SINCE JUL 1   1970                      2554   -584     1994

 COOLING
  TODAY            4                         1      3        0
  MONTH TO DATE   28                         4     24       62
  SINCE MAR 1     28                         4     24       62
  SINCE JAN 1     43                         8     35       62
..................................................................


WIND (MPH)
  HIGHEST WIND SPEED    15   HIGHEST WIND DIRECTION     N (20)
  HIGHEST GUST SPEED    20   HIGHEST GUST DIRECTION    NE (30)
  AVERAGE WIND SPEED     8.5


SKY COVER
  POSSIBLE SUNSHINE  MM
  AVERAGE SKY COVER 0.4


WEATHER CONDITIONS
 THE FOLLOWING WEATHER WAS RECORDED TODAY.
  NO SIGNIFICANT WEATHER WAS OBSERVED.


RELATIVE HUMIDITY (PERCENT)
 HIGHEST    72           600 AM
 LOWEST     47           300 PM
 AVERAGE    60

..........................................................


THE FAYETTEVILLE REGL AIRPORT NC CLIMATE NORMALS FOR TOMORROW
                         NORMAL    RECORD    YEAR
 MAXIMUM TEMPERATURE (F)   71        90      1910
 MINIMUM TEMPERATURE (F)   46        26      1955


SUNRISE AND SUNSET
MARCH 29 2017.........SUNRISE   706 AM EDT   SUNSET   735 PM EDT
MARCH 30 2017.........SUNRISE   705 AM EDT   SUNSET   735 PM EDT


-  INDICATES NEGATIVE NUMBERS.
R  INDICATES RECORD WAS SET OR TIED.
MM INDICATES DATA IS MISSING.
T  INDICATES TRACE AMOUNT.




$$
