000
CDUS42 KRAH 210715
CLIFAY


CLIMATE REPORT
NATIONAL WEATHER SERVICE RALEIGH NC
313 AM EDT THU SEP 21 2017


...................................

...THE FAYETTEVILLE REGL AIRPORT NC CLIMATE SUMMARY FOR SEPTEMBER 20 2017...

CLIMATE NORMAL PERIOD 1981 TO 2010
CLIMATE RECORD PERIOD 1910 TO 2017


WEATHER ITEM   OBSERVED TIME   RECORD YEAR NORMAL DEPARTURE LAST
                VALUE   (LST)  VALUE       VALUE  FROM      YEAR
                                                  NORMAL
..................................................................
TEMPERATURE (F)
 YESTERDAY
  MAXIMUM         91    336 PM  98    1954  82      9       79
  MINIMUM         66    641 AM  28    1941  63      3       73
  AVERAGE         79                        73      6       76

PRECIPITATION (IN)
  YESTERDAY        0.02          2.90 1938   0.15  -0.13     0.02
  MONTH TO DATE    3.73                      2.98   0.75     4.46
  SINCE SEP 1      3.73                      2.98   0.75     4.46
  SINCE JAN 1     35.53                     34.41   1.12    31.12

DEGREE DAYS
 HEATING
  YESTERDAY        0                         0      0        0
  MONTH TO DATE    2                         0      2        0
  SINCE SEP 1      2                         0      2        0
  SINCE JUL 1      2                         0      2        0

 COOLING
  YESTERDAY       14                         8      6       11
  MONTH TO DATE  199                       206     -7      289
  SINCE SEP 1    199                       206     -7      289
  SINCE JAN 1   2178                      1846    332     2283
..................................................................


WIND (MPH)
  HIGHEST WIND SPEED    15   HIGHEST WIND DIRECTION    SW (220)
  HIGHEST GUST SPEED    19   HIGHEST GUST DIRECTION    SW (240)
  AVERAGE WIND SPEED     5.2


SKY COVER
  POSSIBLE SUNSHINE  MM
  AVERAGE SKY COVER 0.2


WEATHER CONDITIONS
 THE FOLLOWING WEATHER WAS RECORDED YESTERDAY.
  THUNDERSTORM
  LIGHT RAIN


RELATIVE HUMIDITY (PERCENT)
 HIGHEST   100           300 AM
 LOWEST     49           200 PM
 AVERAGE    75

..........................................................


THE FAYETTEVILLE REGL AIRPORT NC CLIMATE NORMALS FOR TODAY
                         NORMAL    RECORD    YEAR
 MAXIMUM TEMPERATURE (F)   82        99      1931
 MINIMUM TEMPERATURE (F)   62        44      1962


SUNRISE AND SUNSET
SEPTEMBER 21 2017.....SUNRISE   703 AM EDT   SUNSET   713 PM EDT
SEPTEMBER 22 2017.....SUNRISE   704 AM EDT   SUNSET   712 PM EDT


-  INDICATES NEGATIVE NUMBERS.
R  INDICATES RECORD WAS SET OR TIED.
MM INDICATES DATA IS MISSING.
T  INDICATES TRACE AMOUNT.

$$
