000
CDUS42 KRAH 252148
CLIFAY


CLIMATE REPORT
NATIONAL WEATHER SERVICE RALEIGH NC
446 PM EST SUN JAN 25 2015


...................................

...THE FAYETTEVILLE REGL AIRPORT NC CLIMATE SUMMARY FOR JANUARY 25 2015...
VALID TODAY AS OF 0446 PM LOCAL TIME.

CLIMATE NORMAL PERIOD 1981 TO 2010
CLIMATE RECORD PERIOD 1910 TO 2015


WEATHER ITEM   OBSERVED TIME   RECORD YEAR NORMAL DEPARTURE LAST
                VALUE   (LST)  VALUE       VALUE  FROM      YEAR
                                                  NORMAL
..................................................................
TEMPERATURE (F)
 TODAY
  MAXIMUM         57    331 PM  78    1943  55      2       47
  MINIMUM         30    755 AM  13    1963  34     -4       14
  AVERAGE         44                        44      0       31

PRECIPITATION (IN)
  TODAY            0.00          1.24 1964   0.13  -0.13     0.00
  MONTH TO DATE    4.37                      2.50   1.87     3.83
  SINCE DEC 1      8.59                      5.15   3.44     8.11
  SINCE JAN 1      4.37                      2.50   1.87     3.83

DEGREE DAYS
 HEATING
  TODAY           21                        21      0       34
  MONTH TO DATE  533                       542     -9      601
  SINCE DEC 1   1073                      1153    -80     1098
  SINCE JUL 1   1617                      1601     16     1614

 COOLING
  TODAY            0                         0      0        0
  MONTH TO DATE    0                         0      0        0
  SINCE DEC 1      0                         2     -2       17
  SINCE JAN 1      0                         0      0        0
..................................................................


WIND (MPH)
  HIGHEST WIND SPEED    13   HIGHEST WIND DIRECTION     S (190)
  HIGHEST GUST SPEED    17   HIGHEST GUST DIRECTION    SW (210)
  AVERAGE WIND SPEED     5.7


SKY COVER
  POSSIBLE SUNSHINE  MM
  AVERAGE SKY COVER 0.0


WEATHER CONDITIONS
 THE FOLLOWING WEATHER WAS RECORDED TODAY.
  NO SIGNIFICANT WEATHER WAS OBSERVED.


RELATIVE HUMIDITY (PERCENT)
 HIGHEST    89           100 AM
 LOWEST     40           300 PM
 AVERAGE    65

..........................................................


THE FAYETTEVILLE REGL AIRPORT NC CLIMATE NORMALS FOR TOMORROW
                         NORMAL    RECORD    YEAR
 MAXIMUM TEMPERATURE (F)   55        79      1990
 MINIMUM TEMPERATURE (F)   34        14      1963


SUNRISE AND SUNSET
JANUARY 25 2015.......SUNRISE   719 AM EST   SUNSET   537 PM EST
JANUARY 26 2015.......SUNRISE   718 AM EST   SUNSET   538 PM EST


-  INDICATES NEGATIVE NUMBERS.
R  INDICATES RECORD WAS SET OR TIED.
MM INDICATES DATA IS MISSING.
T  INDICATES TRACE AMOUNT.




$$
