000
CDUS42 KRAH 290859
CLIFAY


CLIMATE REPORT
NATIONAL WEATHER SERVICE RALEIGH NC
358 AM EST MON DEC 29 2014


...................................

...THE FAYETTEVILLE REGL AIRPORT NC CLIMATE SUMMARY FOR DECEMBER 28 2014...

CLIMATE NORMAL PERIOD 1981 TO 2010
CLIMATE RECORD PERIOD 1910 TO 2014


WEATHER ITEM   OBSERVED TIME   RECORD YEAR NORMAL DEPARTURE LAST
                VALUE   (LST)  VALUE       VALUE  FROM      YEAR
                                                  NORMAL
..................................................................
TEMPERATURE (F)
 YESTERDAY
  MAXIMUM         66    333 PM  78    1916  53     13       60
  MINIMUM         49    143 AM  10    1925  33     16       25
  AVERAGE         58                        43     15       43

PRECIPITATION (IN)
  YESTERDAY        0.04          1.30 1922   0.07  -0.03      T
  MONTH TO DATE    3.79                      2.45   1.34     2.56
  SINCE DEC 1      3.79                      2.45   1.34     2.56
  SINCE JAN 1     41.72                     44.26  -2.54    41.64

DEGREE DAYS
 HEATING
  YESTERDAY        7                        22    -15       22
  MONTH TO DATE  476                       545    -69      452
  SINCE DEC 1    476                       545    -69      452
  SINCE JUL 1   1020                       993     27      968

 COOLING
  YESTERDAY        0                         0      0        0
  MONTH TO DATE    0                         0      0       17
  SINCE DEC 1      0                         0      0       17
  SINCE JAN 1   2139                      1991    148     1955
..................................................................


WIND (MPH)
  HIGHEST WIND SPEED    18   HIGHEST WIND DIRECTION    SW (230)
  HIGHEST GUST SPEED    22   HIGHEST GUST DIRECTION    SW (240)
  AVERAGE WIND SPEED     5.6


SKY COVER
  POSSIBLE SUNSHINE  MM
  AVERAGE SKY COVER 0.7


WEATHER CONDITIONS
 THE FOLLOWING WEATHER WAS RECORDED YESTERDAY.
  LIGHT RAIN
  FOG


RELATIVE HUMIDITY (PERCENT)
 HIGHEST    97           800 PM
 LOWEST     73           300 PM
 AVERAGE    85

..........................................................


THE FAYETTEVILLE REGL AIRPORT NC CLIMATE NORMALS FOR TODAY
                         NORMAL    RECORD    YEAR
 MAXIMUM TEMPERATURE (F)   53        77      1988
 MINIMUM TEMPERATURE (F)   33        12      1917


SUNRISE AND SUNSET
DECEMBER 29 2014......SUNRISE   723 AM EST   SUNSET   513 PM EST
DECEMBER 30 2014......SUNRISE   723 AM EST   SUNSET   513 PM EST


-  INDICATES NEGATIVE NUMBERS.
R  INDICATES RECORD WAS SET OR TIED.
MM INDICATES DATA IS MISSING.
T  INDICATES TRACE AMOUNT.




$$
