000
CDUS42 KRAH 080535
CLIFAY


CLIMATE REPORT
NATIONAL WEATHER SERVICE RALEIGH NC
1234 AM EST THU DEC 8 2016


...................................

...THE FAYETTEVILLE REGL AIRPORT NC CLIMATE SUMMARY FOR DECEMBER 7 2016...

CLIMATE NORMAL PERIOD 1981 TO 2010
CLIMATE RECORD PERIOD 1910 TO 2016


WEATHER ITEM   OBSERVED TIME   RECORD YEAR NORMAL DEPARTURE LAST
                VALUE   (LST)  VALUE       VALUE  FROM      YEAR
                                                  NORMAL
..................................................................
TEMPERATURE (F)
 YESTERDAY
  MAXIMUM         61    332 PM  79    1998  58      3       53
  MINIMUM         40    738 AM  17    1954  37      3       47
  AVERAGE         51                        48      3       50

PRECIPITATION (IN)
  YESTERDAY        0.00          1.58 1976   0.10  -0.10     0.54
  MONTH TO DATE    0.99                      0.77   0.22     0.63
  SINCE DEC 1      0.99                      0.77   0.22     0.63
  SINCE JAN 1     54.60                     42.58  12.02    47.82

DEGREE DAYS
 HEATING
  YESTERDAY       14                        18     -4       15
  MONTH TO DATE  103                       116    -13       98
  SINCE DEC 1    103                       116    -13       98
  SINCE JUL 1    454                       564   -110      417

 COOLING
  YESTERDAY        0                         0      0        0
  MONTH TO DATE    0                         0      0        0
  SINCE DEC 1      0                         0      0        0
  SINCE JAN 1   2527                      1991    536     2231
..................................................................


WIND (MPH)
  HIGHEST WIND SPEED    13   HIGHEST WIND DIRECTION     W (290)
  HIGHEST GUST SPEED    16   HIGHEST GUST DIRECTION     W (280)
  AVERAGE WIND SPEED     3.1


SKY COVER
  POSSIBLE SUNSHINE  MM
  AVERAGE SKY COVER 0.3


WEATHER CONDITIONS
 THE FOLLOWING WEATHER WAS RECORDED YESTERDAY.
  FOG


RELATIVE HUMIDITY (PERCENT)
 HIGHEST    96           400 AM
 LOWEST     51           200 PM
 AVERAGE    74

..........................................................


THE FAYETTEVILLE REGL AIRPORT NC CLIMATE NORMALS FOR TODAY
                         NORMAL    RECORD    YEAR
 MAXIMUM TEMPERATURE (F)   58        82      1998
 MINIMUM TEMPERATURE (F)   37        16      1954


SUNRISE AND SUNSET
DECEMBER  8 2016......SUNRISE   711 AM EST   SUNSET   504 PM EST
DECEMBER  9 2016......SUNRISE   712 AM EST   SUNSET   504 PM EST


-  INDICATES NEGATIVE NUMBERS.
R  INDICATES RECORD WAS SET OR TIED.
MM INDICATES DATA IS MISSING.
T  INDICATES TRACE AMOUNT.




$$
