841
CDUS42 KRAH 112158
CLIFAY


CLIMATE REPORT
NATIONAL WEATHER SERVICE RALEIGH NC
457 PM EST THU FEB 11 2016


...................................

...THE FAYETTEVILLE REGL AIRPORT NC CLIMATE SUMMARY FOR FEBRUARY 11 2016...
VALID TODAY AS OF 0457 PM LOCAL TIME.

CLIMATE NORMAL PERIOD 1981 TO 2010
CLIMATE RECORD PERIOD 1910 TO 2016


WEATHER ITEM   OBSERVED TIME   RECORD YEAR NORMAL DEPARTURE LAST
                VALUE   (LST)  VALUE       VALUE  FROM      YEAR
                                                  NORMAL
..................................................................
TEMPERATURE (F)
 TODAY
  MAXIMUM         46    434 PM  77    2009  58    -12       54
  MINIMUM         20    724 AM  15    1912  35    -15       33
  AVERAGE         33                        47    -14       44

PRECIPITATION (IN)
  TODAY            0.00          1.64 1983   0.09  -0.09     0.00
  MONTH TO DATE    2.88                      0.99   1.89     0.81
  SINCE DEC 1     11.09                      6.94   4.15     9.40
  SINCE JAN 1      4.58                      4.29   0.29     5.18

DEGREE DAYS
 HEATING
  TODAY           32                        19     13       21
  MONTH TO DATE  204                       213     -9      214
  SINCE DEC 1   1157                      1491   -334     1437
  SINCE JUL 1   1476                      1939   -463     1981

 COOLING
  TODAY            0                         0      0        0
  MONTH TO DATE    0                         0      0        0
  SINCE DEC 1     47                         4     43        0
  SINCE JAN 1      0                         2     -2        0
..................................................................


WIND (MPH)
  HIGHEST WIND SPEED    16   HIGHEST WIND DIRECTION     W (280)
  HIGHEST GUST SPEED    23   HIGHEST GUST DIRECTION     W (270)
  AVERAGE WIND SPEED     6.5


SKY COVER
  POSSIBLE SUNSHINE  MM
  AVERAGE SKY COVER 0.0


WEATHER CONDITIONS
 THE FOLLOWING WEATHER WAS RECORDED TODAY.
  NO SIGNIFICANT WEATHER WAS OBSERVED.


RELATIVE HUMIDITY (PERCENT)
 HIGHEST    73           700 AM
 LOWEST     27          1200 PM
 AVERAGE    50

..........................................................


THE FAYETTEVILLE REGL AIRPORT NC CLIMATE NORMALS FOR TOMORROW
                         NORMAL    RECORD    YEAR
 MAXIMUM TEMPERATURE (F)   59        78      1965
 MINIMUM TEMPERATURE (F)   35        10      1973


SUNRISE AND SUNSET
FEBRUARY 11 2016......SUNRISE   706 AM EST   SUNSET   554 PM EST
FEBRUARY 12 2016......SUNRISE   705 AM EST   SUNSET   555 PM EST


-  INDICATES NEGATIVE NUMBERS.
R  INDICATES RECORD WAS SET OR TIED.
MM INDICATES DATA IS MISSING.
T  INDICATES TRACE AMOUNT.




$$
