270
CDUS42 KRAH 162147
CLIFAY


CLIMATE REPORT
NATIONAL WEATHER SERVICE RALEIGH NC
446 PM EST MON JAN 16 2017


...................................

...THE FAYETTEVILLE REGL AIRPORT NC CLIMATE SUMMARY FOR JANUARY 16 2017...
VALID TODAY AS OF 0400 PM LOCAL TIME.

CLIMATE NORMAL PERIOD 1981 TO 2010
CLIMATE RECORD PERIOD 1910 TO 2017


WEATHER ITEM   OBSERVED TIME   RECORD YEAR NORMAL DEPARTURE LAST
                VALUE   (LST)  VALUE       VALUE  FROM      YEAR
                                                  NORMAL
..................................................................
TEMPERATURE (F)
 TODAY
  MAXIMUM         54    232 PM  77    1950  54      0       64
  MINIMUM         45    903 AM   8    1994  33     12       44
  AVERAGE         50                        43      7       54

PRECIPITATION (IN)
  TODAY            0.00          1.35 1954   0.09  -0.09     0.00
  MONTH TO DATE    1.99                      1.54   0.45     0.77
  SINCE DEC 1      4.63                      4.19   0.44     7.28
  SINCE JAN 1      1.99                      1.54   0.45     0.77

DEGREE DAYS
 HEATING
  TODAY           15                        22     -7       11
  MONTH TO DATE  290                       352    -62      342
  SINCE DEC 1    847                       963   -116      575
  SINCE JUL 1   1198                      1411   -213      894

 COOLING
  TODAY            0                         0      0        0
  MONTH TO DATE    1                         0      1        0
  SINCE DEC 1      1                         2     -1       47
  SINCE JAN 1      1                         0      1        0
..................................................................


WIND (MPH)
  HIGHEST WIND SPEED    12   HIGHEST WIND DIRECTION    NE (40)
  HIGHEST GUST SPEED    15   HIGHEST GUST DIRECTION    NE (40)
  AVERAGE WIND SPEED     6.8


SKY COVER
  POSSIBLE SUNSHINE  MM
  AVERAGE SKY COVER 1.0


WEATHER CONDITIONS
 THE FOLLOWING WEATHER WAS RECORDED TODAY.
  NO SIGNIFICANT WEATHER WAS OBSERVED.


RELATIVE HUMIDITY (PERCENT)
 HIGHEST    83          1200 AM
 LOWEST     63           100 PM
 AVERAGE    73

..........................................................


THE FAYETTEVILLE REGL AIRPORT NC CLIMATE NORMALS FOR TOMORROW
                         NORMAL    RECORD    YEAR
 MAXIMUM TEMPERATURE (F)   54        80      1943
 MINIMUM TEMPERATURE (F)   33         6      1977


SUNRISE AND SUNSET
JANUARY 16 2017.......SUNRISE   723 AM EST   SUNSET   528 PM EST
JANUARY 17 2017.......SUNRISE   722 AM EST   SUNSET   529 PM EST


-  INDICATES NEGATIVE NUMBERS.
R  INDICATES RECORD WAS SET OR TIED.
MM INDICATES DATA IS MISSING.
T  INDICATES TRACE AMOUNT.




$$
