000
CDUS42 KRAH 250547
CLIFAY


CLIMATE REPORT
NATIONAL WEATHER SERVICE RALEIGH NC
146 AM EDT MON JUL 25 2016


...................................

...THE FAYETTEVILLE REGL AIRPORT NC CLIMATE SUMMARY FOR JULY 24 2016...

CLIMATE NORMAL PERIOD 1981 TO 2010
CLIMATE RECORD PERIOD 1910 TO 2016


WEATHER ITEM   OBSERVED TIME   RECORD YEAR NORMAL DEPARTURE LAST
                VALUE   (LST)  VALUE       VALUE  FROM      YEAR
                                                  NORMAL
..................................................................
TEMPERATURE (F)
 YESTERDAY
  MAXIMUM         96    433 PM 105    1952  91      5       89
  MINIMUM         73    604 AM  59    1947  72      1       71
  AVERAGE         85                        81      4       80

PRECIPITATION (IN)
  YESTERDAY        0.00          2.17 1919   0.21  -0.21     0.00
  MONTH TO DATE    4.53                      4.54  -0.01     3.38
  SINCE JUN 1      7.74                      8.89  -1.15    12.52
  SINCE JAN 1     25.31                     24.56   0.75    27.79

DEGREE DAYS
 HEATING
  YESTERDAY        0                         0      0        0
  MONTH TO DATE    0                         0      0        0
  SINCE JUN 1      0                         0      0        0
  SINCE JUL 1      0                         0      0        0

 COOLING
  YESTERDAY       20                        16      4       15
  MONTH TO DATE  454                       395     59      435
  SINCE JUN 1    906                       791    115      924
  SINCE JAN 1   1242                      1075    167     1254
..................................................................


WIND (MPH)
  HIGHEST WIND SPEED    15   HIGHEST WIND DIRECTION     S (170)
  HIGHEST GUST SPEED    19   HIGHEST GUST DIRECTION     S (170)
  AVERAGE WIND SPEED     4.5


SKY COVER
  POSSIBLE SUNSHINE  MM
  AVERAGE SKY COVER 0.0


WEATHER CONDITIONS
 THE FOLLOWING WEATHER WAS RECORDED YESTERDAY.
  FOG


RELATIVE HUMIDITY (PERCENT)
 HIGHEST    93           400 AM
 LOWEST     38           400 PM
 AVERAGE    66

..........................................................


THE FAYETTEVILLE REGL AIRPORT NC CLIMATE NORMALS FOR TODAY
                         NORMAL    RECORD    YEAR
 MAXIMUM TEMPERATURE (F)   91       103      1914
 MINIMUM TEMPERATURE (F)   72        58      1947


SUNRISE AND SUNSET
JULY 25 2016..........SUNRISE   620 AM EDT   SUNSET   824 PM EDT
JULY 26 2016..........SUNRISE   621 AM EDT   SUNSET   823 PM EDT


-  INDICATES NEGATIVE NUMBERS.
R  INDICATES RECORD WAS SET OR TIED.
MM INDICATES DATA IS MISSING.
T  INDICATES TRACE AMOUNT.

$$
