000
CDUS43 KLMK 080627
CLIFFT


CLIMATE REPORT
NATIONAL WEATHER SERVICE LOUISVILLE KY
127 AM EST THU DEC 8 2016


...................................

...THE FRANKFORT KY CLIMATE SUMMARY FOR DECEMBER 7 2016...

CLIMATE NORMAL PERIOD 1981 TO 2010
CLIMATE RECORD PERIOD 1895 TO 2016


WEATHER ITEM   OBSERVED TIME   RECORD YEAR NORMAL DEPARTURE LAST
                VALUE   (LST)  VALUE       VALUE  FROM      YEAR
                                                  NORMAL
..................................................................
TEMPERATURE (F)
 YESTERDAY
  MAXIMUM         44    230 PM  73    1998  47     -3       50
  MINIMUM         30    817 AM   0    1984  28      2       38
  AVERAGE         37                        38     -1       44

PRECIPITATION (IN)
  YESTERDAY        0.00          2.70 1919   0.15  -0.15     0.02
  MONTH TO DATE    0.94                      1.00  -0.06     0.92
  SINCE DEC 1      0.94                      1.00  -0.06     0.92
  SINCE JAN 1     41.18                     42.61  -1.43    56.07

SNOWFALL (IN)
  YESTERDAY       MM            MM      MM  MM     MM       MM
  MONTH TO DATE   MM                        MM     MM       MM
  SINCE DEC 1     MM                        MM     MM       MM
  SINCE JUL 1     MM                        MM     MM       MM
  SNOW DEPTH      MM

DEGREE DAYS
 HEATING
  YESTERDAY       28                        27      1       21
  MONTH TO DATE  173                       184    -11      168
  SINCE DEC 1    173                       184    -11      168
  SINCE JUL 1    791                      1095   -304      902

 COOLING
  YESTERDAY        0                         0      0        0
  MONTH TO DATE    0                         0      0        0
  SINCE DEC 1      0                         0      0        0
  SINCE JAN 1   1639                      1155    484     1232
..................................................................


WIND (MPH)
  HIGHEST WIND SPEED     9   HIGHEST WIND DIRECTION    NW (310)
  HIGHEST GUST SPEED    15   HIGHEST GUST DIRECTION    NW (300)
  AVERAGE WIND SPEED     3.1


SKY COVER
  POSSIBLE SUNSHINE  MM
  AVERAGE SKY COVER 0.6


WEATHER CONDITIONS
 THE FOLLOWING WEATHER WAS RECORDED YESTERDAY.
  NO SIGNIFICANT WEATHER WAS OBSERVED.


RELATIVE HUMIDITY (PERCENT)
 HIGHEST    85           800 AM
 LOWEST     49           200 PM
 AVERAGE    67

..........................................................


THE FRANKFORT KY CLIMATE NORMALS FOR TODAY
                         NORMAL    RECORD    YEAR
 MAXIMUM TEMPERATURE (F)   46        71      1922
 MINIMUM TEMPERATURE (F)   28         2      1977


SUNRISE AND SUNSET
DECEMBER  8 2016......SUNRISE   744 AM EST   SUNSET   519 PM EST
DECEMBER  9 2016......SUNRISE   745 AM EST   SUNSET   520 PM EST


-  INDICATES NEGATIVE NUMBERS.
R  INDICATES RECORD WAS SET OR TIED.
MM INDICATES DATA IS MISSING.
T  INDICATES TRACE AMOUNT.




$$
