308
CDUS43 KLMK 300626
CLIFFT


CLIMATE REPORT
NATIONAL WEATHER SERVICE LOUISVILLE KY
226 AM EDT SUN APR 30 2017


...................................

...THE FRANKFORT KY CLIMATE SUMMARY FOR APRIL 29 2017...

CLIMATE NORMAL PERIOD 1981 TO 2010
CLIMATE RECORD PERIOD 1895 TO 2017


WEATHER ITEM   OBSERVED TIME   RECORD YEAR NORMAL DEPARTURE LAST
                VALUE   (LST)  VALUE       VALUE  FROM      YEAR
                                                  NORMAL
..................................................................
TEMPERATURE (F)
 YESTERDAY
  MAXIMUM         84    526 PM  89    1914  71     13       71
  MINIMUM         64    518 AM  31    1976  48     16       51
  AVERAGE         74                        59     15       61

PRECIPITATION (IN)
  YESTERDAY        0.52          2.20 2002   0.14   0.38     0.00
  MONTH TO DATE    3.15                      3.54  -0.39     2.57
  SINCE MAR 1      8.24                      7.92   0.32     8.65
  SINCE JAN 1     14.34                     14.47  -0.13    14.67

SNOWFALL (IN)
  YESTERDAY       MM            MM      MM  MM     MM       MM
  MONTH TO DATE   MM                        MM     MM       MM
  SINCE MAR 1     MM                        MM     MM       MM
  SINCE JUL 1     MM                        MM     MM       MM
  SNOW DEPTH      MM

DEGREE DAYS
 HEATING
  YESTERDAY        0                         7     -7        4
  MONTH TO DATE  136                       309   -173      253
  SINCE MAR 1    669                       934   -265      663
  SINCE JUL 1   3439                      4573  -1134     3735

 COOLING
  YESTERDAY        9                         1      8        0
  MONTH TO DATE   56                        21     35       25
  SINCE MAR 1     62                        23     39       26
  SINCE JAN 1     65                        23     42       26
..................................................................


WIND (MPH)
  HIGHEST WIND SPEED    28   HIGHEST WIND DIRECTION    NW (330)
  HIGHEST GUST SPEED    36   HIGHEST GUST DIRECTION     N (340)
  AVERAGE WIND SPEED     7.4


SKY COVER
  POSSIBLE SUNSHINE  MM
  AVERAGE SKY COVER 0.4


WEATHER CONDITIONS
 THE FOLLOWING WEATHER WAS RECORDED YESTERDAY.
  THUNDERSTORM
  HEAVY RAIN
  RAIN
  LIGHT RAIN
  FOG


RELATIVE HUMIDITY (PERCENT)
 HIGHEST    87           200 AM
 LOWEST     55           300 PM
 AVERAGE    71

..........................................................


THE FRANKFORT KY CLIMATE NORMALS FOR TODAY
                         NORMAL    RECORD    YEAR
 MAXIMUM TEMPERATURE (F)   71        91      1942
 MINIMUM TEMPERATURE (F)   48        32      2008
                                             1958


SUNRISE AND SUNSET
APRIL 30 2017.........SUNRISE   644 AM EDT   SUNSET   830 PM EDT
MAY  1 2017...........SUNRISE   643 AM EDT   SUNSET   831 PM EDT


-  INDICATES NEGATIVE NUMBERS.
R  INDICATES RECORD WAS SET OR TIED.
MM INDICATES DATA IS MISSING.
T  INDICATES TRACE AMOUNT.




$$
