000
CDUS43 KFGF 040640
CLIFGF


CLIMATE REPORT
NATIONAL WEATHER SERVICE EASTERN NORTH DAKOTA/GRAND FORKS
135 AM CDT SAT JUL 4 2015


...................................

...THE GRAND FORKS UNIV. (NWS) ND CLIMATE SUMMARY FOR JULY 3 2015...

CLIMATE NORMAL PERIOD 1981 TO 2010
CLIMATE RECORD PERIOD 1890 TO 2015


WEATHER ITEM   OBSERVED TIME   RECORD YEAR NORMAL DEPARTURE LAST
                VALUE   (LST)  VALUE       VALUE  FROM      YEAR
                                                  NORMAL
..................................................................
TEMPERATURE (F)
 YESTERDAY
  MAXIMUM         82        MM  92    1980  80      2       77
  MINIMUM         63        MM  34    1972  58      5       49
  AVERAGE         73                        69      4       63

PRECIPITATION (IN)
  YESTERDAY        0.00          1.16   MM   0.11  -0.11     0.00
  MONTH TO DATE    0.00                      0.34  -0.34     0.06
  SINCE JUN 1      2.32                      4.08  -1.76     6.81
  SINCE JAN 1      8.22                     10.13  -1.91    13.80

SNOWFALL (IN)
  YESTERDAY        0.0           0.0    MM   0.0    0.0      0.0
  MONTH TO DATE    0.0                       0.0    0.0      0.0
  SINCE JUN 1      0.1                       0.0    0.1      0.0
  SINCE JUL 1      0.0                       0.0    0.0      0.0
  SNOW DEPTH       0

DEGREE DAYS
 HEATING
  YESTERDAY        0                         1     -1        2
  MONTH TO DATE    0                         3     -3       14
  SINCE JUN 1     46                        86    -40       66
  SINCE JUL 1      0                         3     -3       14

 COOLING
  YESTERDAY        8                         5      3        0
  MONTH TO DATE   17                        15      2        0
  SINCE JUN 1    118                       106     12       63
  SINCE JAN 1    129                       132     -3      118
..................................................................


WIND (MPH)
  RESULTANT WIND SPEED  MM   RESULTANT WIND DIRECTION  MM
  HIGHEST WIND SPEED    MM   HIGHEST WIND DIRECTION    MM
  HIGHEST GUST SPEED    MM   HIGHEST GUST DIRECTION    MM
  AVERAGE WIND SPEED    MM


SKY COVER
  POSSIBLE SUNSHINE  MM
  AVERAGE SKY COVER  MM


WEATHER CONDITIONS
 THE FOLLOWING WEATHER WAS RECORDED YESTERDAY.
  FOG
  HAZE


RELATIVE HUMIDITY (PERCENT)
 HIGHEST    MM
 LOWEST     MM
 AVERAGE    MM

..........................................................


THE GRAND FORKS UNIV. (NWS) ND CLIMATE NORMALS FOR TODAY
                         NORMAL    RECORD    YEAR
 MAXIMUM TEMPERATURE (F)   80        97      1989
 MINIMUM TEMPERATURE (F)   58        38      1972


SUNRISE AND SUNSET
JULY  4 2015..........SUNRISE   535 AM CDT   SUNSET   930 PM CDT
JULY  5 2015..........SUNRISE   536 AM CDT   SUNSET   930 PM CDT


-  INDICATES NEGATIVE NUMBERS.
R  INDICATES RECORD WAS SET OR TIED.
MM INDICATES DATA IS MISSING.
T  INDICATES TRACE AMOUNT.




$$
