000
CDUS43 KFGF 250641
CLIFGF


CLIMATE REPORT
NATIONAL WEATHER SERVICE EASTERN NORTH DAKOTA/GRAND FORKS
1238 AM CST SAT FEB 25 2017


...................................

...THE GRAND FORKS UNIV. (NWS) ND CLIMATE SUMMARY FOR FEBRUARY 24 2017...

CLIMATE NORMAL PERIOD 1981 TO 2010
CLIMATE RECORD PERIOD 1890 TO 2017


WEATHER ITEM   OBSERVED TIME   RECORD YEAR NORMAL DEPARTURE LAST
                VALUE   (LST)  VALUE       VALUE  FROM      YEAR
                                                  NORMAL
..................................................................
TEMPERATURE (F)
 YESTERDAY
  MAXIMUM         22        MM  51    1976  25     -3       34
  MINIMUM         12        MM -29    1950   8      4       18
  AVERAGE         17                        17      0       26

PRECIPITATION (IN)
  YESTERDAY        T             0.39 1977   0.03  -0.03      T
  MONTH TO DATE    0.43                      0.48  -0.05     0.33
  SINCE DEC 1      2.87                      1.84   1.03     1.75
  SINCE JAN 1      1.03                      1.19  -0.16     0.63

SNOWFALL (IN)
  YESTERDAY        T             4.0  2001   0.2   -0.2       T
  MONTH TO DATE    4.0                       5.8   -1.8      4.3
  SINCE DEC 1     40.8                      27.1   13.7     23.8
  SINCE JUL 1     41.7                      34.2    7.5     27.2
  SNOW DEPTH       T

DEGREE DAYS
 HEATING
  YESTERDAY       48                        48      0       39
  MONTH TO DATE 1066                      1253   -187     1087
  SINCE DEC 1   4302                      4677   -375     4124
  SINCE JUL 1   5756                      6771  -1015     5733

 COOLING
  YESTERDAY        0                         0      0        0
  MONTH TO DATE    0                         0      0        0
  SINCE DEC 1      0                         0      0        0
  SINCE JAN 1      0                         0      0        0
..................................................................


WIND (MPH)
  RESULTANT WIND SPEED  MM   RESULTANT WIND DIRECTION  MM
  HIGHEST WIND SPEED    MM   HIGHEST WIND DIRECTION    MM
  HIGHEST GUST SPEED    MM   HIGHEST GUST DIRECTION    MM
  AVERAGE WIND SPEED    MM


SKY COVER
  POSSIBLE SUNSHINE  MM
  AVERAGE SKY COVER  MM


WEATHER CONDITIONS
 THE FOLLOWING WEATHER WAS RECORDED YESTERDAY.
  LIGHT SNOW


RELATIVE HUMIDITY (PERCENT)
 HIGHEST    MM
 LOWEST     MM
 AVERAGE    MM

..........................................................


THE GRAND FORKS UNIV. (NWS) ND CLIMATE NORMALS FOR TODAY
                         NORMAL    RECORD    YEAR
 MAXIMUM TEMPERATURE (F)   26        65      1958
 MINIMUM TEMPERATURE (F)    9       -33      1950


SUNRISE AND SUNSET
FEBRUARY 25 2017......SUNRISE   716 AM CST   SUNSET   607 PM CST
FEBRUARY 26 2017......SUNRISE   714 AM CST   SUNSET   609 PM CST


-  INDICATES NEGATIVE NUMBERS.
R  INDICATES RECORD WAS SET OR TIED.
MM INDICATES DATA IS MISSING.
T  INDICATES TRACE AMOUNT.




$$
