000
CSUS97 KFGF 230635
CLIFGF


CLIMATE REPORT
NATIONAL WEATHER SERVICE EASTERN NORTH DAKOTA/GRAND FORKS
134 AM CDT WED APR 23 2014


...................................

...THE GRAND FORKS UNIV. (NWS) ND CLIMATE SUMMARY FOR APRIL 22 2014...

CLIMATE NORMAL PERIOD 1981 TO 2010
CLIMATE RECORD PERIOD 1890 TO 2014


WEATHER ITEM   OBSERVED TIME   RECORD YEAR NORMAL DEPARTURE LAST
                VALUE   (LST)  VALUE       VALUE  FROM      YEAR
                                                  NORMAL
..................................................................
TEMPERATURE (F)
 YESTERDAY
  MAXIMUM         62        MM  88    1990  59      3       36
  MINIMUM         33        MM  16    1909  34     -1       25
  AVERAGE         48                        47      1       31

PRECIPITATION (IN)
  YESTERDAY        0.00          0.80   MM   0.03  -0.03     0.00
  MONTH TO DATE    0.16                      0.63  -0.47     0.72
  SINCE MAR 1      1.27                      1.65  -0.38     1.44
  SINCE JAN 1      2.00                      2.95  -0.95     2.26

SNOWFALL (IN)
  YESTERDAY        0.0           6.0    MM   0.0    0.0      0.0
  MONTH TO DATE    1.1                       0.9    0.2      6.7
  SINCE MAR 1     14.6                       7.3    7.3     25.9
  SINCE JUL 1     60.3                      42.6   17.7     59.5
  SNOW DEPTH       0

DEGREE DAYS
 HEATING
  YESTERDAY       17                        19     -2       34
  MONTH TO DATE  630                       530    100      796
  SINCE MAR 1   2066                      1736    330     2302
  SINCE JUL 1   9812                      8696   1116     9319

 COOLING
  YESTERDAY        0                         0      0        0
  MONTH TO DATE    0                         0      0        0
  SINCE MAR 1      0                         0      0        0
  SINCE JAN 1      0                         0      0        0
..................................................................


WIND (MPH)
  RESULTANT WIND SPEED  MM   RESULTANT WIND DIRECTION  MM
  HIGHEST WIND SPEED    MM   HIGHEST WIND DIRECTION    MM
  HIGHEST GUST SPEED    MM   HIGHEST GUST DIRECTION    MM
  AVERAGE WIND SPEED    MM


SKY COVER
  POSSIBLE SUNSHINE  MM
  AVERAGE SKY COVER  MM


WEATHER CONDITIONS
 THE FOLLOWING WEATHER WAS RECORDED YESTERDAY.
  NO SIGNIFICANT WEATHER WAS OBSERVED.


RELATIVE HUMIDITY (PERCENT)
 HIGHEST    MM
 LOWEST     MM
 AVERAGE    MM

..........................................................


THE GRAND FORKS UNIV. (NWS) ND CLIMATE NORMALS FOR TODAY
                         NORMAL    RECORD    YEAR
 MAXIMUM TEMPERATURE (F)   59        91      1990
 MINIMUM TEMPERATURE (F)   35        10      1909


SUNRISE AND SUNSET
APRIL 23 2014.........SUNRISE   624 AM CDT   SUNSET   830 PM CDT
APRIL 24 2014.........SUNRISE   622 AM CDT   SUNSET   832 PM CDT


-  INDICATES NEGATIVE NUMBERS.
R  INDICATES RECORD WAS SET OR TIED.
MM INDICATES DATA IS MISSING.
T  INDICATES TRACE AMOUNT.




$$
