000
CDUS43 KFGF 230631
CLIFGF


CLIMATE REPORT
NATIONAL WEATHER SERVICE EASTERN NORTH DAKOTA/GRAND FORKS
131 AM CDT SUN JUL 23 2017


...................................

...THE GRAND FORKS UNIV. (NWS) ND CLIMATE SUMMARY FOR JULY 22 2017...

CLIMATE NORMAL PERIOD 1981 TO 2010
CLIMATE RECORD PERIOD 1893 TO 2017


WEATHER ITEM   OBSERVED TIME   RECORD YEAR NORMAL DEPARTURE LAST
                VALUE   (LST)  VALUE       VALUE  FROM      YEAR
                                                  NORMAL
..................................................................
TEMPERATURE (F)
 YESTERDAY
  MAXIMUM         82        MM  98    1940  82      0       85
  MINIMUM         62        MM  45    1949  59      3       67
                                      1907
  AVERAGE         72                        70      2       76

PRECIPITATION (IN)
  YESTERDAY        0.02          1.40 1923   0.09  -0.07     0.00
  MONTH TO DATE    1.36                      2.36  -1.00     5.71
  SINCE JUN 1      7.00                      6.10   0.90     9.43
  SINCE JAN 1     11.57                     12.15  -0.58    16.53

SNOWFALL (IN)
  YESTERDAY        0.0           0.0    MM   0.0    0.0      0.0
  MONTH TO DATE    0.0                       0.0    0.0      0.0
  SINCE JUN 1      0.0                       0.0    0.0      0.0
  SINCE JUL 1      0.0                       0.0    0.0      0.0
  SNOW DEPTH       0

DEGREE DAYS
 HEATING
  YESTERDAY        0                         0      0        0
  MONTH TO DATE    9                        19    -10        8
  SINCE JUN 1     54                       102    -48       54
  SINCE JUL 1      9                        19    -10        8

 COOLING
  YESTERDAY        7                         6      1       11
  MONTH TO DATE  139                       122     17      115
  SINCE JUN 1    232                       213     19      202
  SINCE JAN 1    232                       239     -7      226
..................................................................


WIND (MPH)
  RESULTANT WIND SPEED  MM   RESULTANT WIND DIRECTION  MM
  HIGHEST WIND SPEED    MM   HIGHEST WIND DIRECTION    MM
  HIGHEST GUST SPEED    MM   HIGHEST GUST DIRECTION    MM
  AVERAGE WIND SPEED    MM


SKY COVER
  POSSIBLE SUNSHINE  MM
  AVERAGE SKY COVER  MM


WEATHER CONDITIONS
 THE FOLLOWING WEATHER WAS RECORDED YESTERDAY.
  NO SIGNIFICANT WEATHER WAS OBSERVED.


RELATIVE HUMIDITY (PERCENT)
 HIGHEST    MM
 LOWEST     MM
 AVERAGE    MM

..........................................................


THE GRAND FORKS UNIV. (NWS) ND CLIMATE NORMALS FOR TODAY
                         NORMAL    RECORD    YEAR
 MAXIMUM TEMPERATURE (F)   82        97      1945
                                             1894
 MINIMUM TEMPERATURE (F)   59        46      1904


SUNRISE AND SUNSET
JULY 23 2017..........SUNRISE   554 AM CDT   SUNSET   915 PM CDT
JULY 24 2017..........SUNRISE   555 AM CDT   SUNSET   914 PM CDT


-  INDICATES NEGATIVE NUMBERS.
R  INDICATES RECORD WAS SET OR TIED.
MM INDICATES DATA IS MISSING.
T  INDICATES TRACE AMOUNT.




$$
