000
CSUS97 KFGF 222159
CLIFGF


CLIMATE REPORT
NATIONAL WEATHER SERVICE EASTERN NORTH DAKOTA/GRAND FORKS
458 PM CDT TUE JUL 22 2014


...................................

...THE GRAND FORKS UNIV. (NWS) ND CLIMATE SUMMARY FOR JULY 22 2014...
VALID TODAY AS OF 0400 PM LOCAL TIME.

CLIMATE NORMAL PERIOD 1981 TO 2010
CLIMATE RECORD PERIOD 1890 TO 2014


WEATHER ITEM   OBSERVED TIME   RECORD YEAR NORMAL DEPARTURE LAST
                VALUE   (LST)  VALUE       VALUE  FROM      YEAR
                                                  NORMAL
..................................................................
TEMPERATURE (F)
 TODAY
  MAXIMUM         76        MM  98    1940  82     -6       70
  MINIMUM         61        MM  45    1949  59      2       56
                                      1907
  AVERAGE         69                        70     -1       63

PRECIPITATION (IN)
  TODAY            0.03          1.40   MM   0.09  -0.06     0.00
  MONTH TO DATE    3.42                      2.36   1.06     1.39
  SINCE JUN 1     10.17                      6.10   4.07     4.17
  SINCE JAN 1     17.16                     12.15   5.01    12.38

SNOWFALL (IN)
  TODAY            0.0           0.0    MM   0.0    0.0      0.0
  MONTH TO DATE    0.0                       0.0    0.0      0.0
  SINCE JUN 1      0.0                       0.0    0.0      0.0
  SINCE JUL 1      0.0                       0.0    0.0      0.0
  SNOW DEPTH       0

DEGREE DAYS
 HEATING
  TODAY            0                         0      0        2
  MONTH TO DATE   30                        19     11        5
  SINCE JUN 1     82                       102    -20       80
  SINCE JUL 1     30                        19     11        5

 COOLING
  TODAY            4                         6     -2        0
  MONTH TO DATE   99                       122    -23      172
  SINCE JUN 1    162                       213    -51      287
  SINCE JAN 1    217                       239    -22      296
..................................................................


WIND (MPH)
  HIGHEST WIND SPEED    MM   HIGHEST WIND DIRECTION    MM
  HIGHEST GUST SPEED    MM   HIGHEST GUST DIRECTION    MM
  AVERAGE WIND SPEED    MM


SKY COVER
  POSSIBLE SUNSHINE  MM
  AVERAGE SKY COVER  MM


WEATHER CONDITIONS
 THE FOLLOWING WEATHER WAS RECORDED TODAY.
  NO SIGNIFICANT WEATHER WAS OBSERVED.


RELATIVE HUMIDITY (PERCENT)
 HIGHEST    MM
 LOWEST     MM
 AVERAGE    MM

..........................................................


THE GRAND FORKS UNIV. (NWS) ND CLIMATE NORMALS FOR TOMORROW
                         NORMAL    RECORD    YEAR
 MAXIMUM TEMPERATURE (F)   82        97      1945
 MINIMUM TEMPERATURE (F)   59        47      2004
                                             1953
                                             1917


SUNRISE AND SUNSET
JULY 22 2014..........SUNRISE   553 AM CDT   SUNSET   916 PM CDT
JULY 23 2014..........SUNRISE   554 AM CDT   SUNSET   915 PM CDT


-  INDICATES NEGATIVE NUMBERS.
R  INDICATES RECORD WAS SET OR TIED.
MM INDICATES DATA IS MISSING.
T  INDICATES TRACE AMOUNT.




$$
