000
CDUS43 KFGF 270636
CLIFGF


CLIMATE REPORT
NATIONAL WEATHER SERVICE EASTERN NORTH DAKOTA/GRAND FORKS
1235 AM CST TUE JAN 27 2015


...................................

...THE GRAND FORKS UNIV. (NWS) ND CLIMATE SUMMARY FOR JANUARY 26 2015...

CLIMATE NORMAL PERIOD 1981 TO 2010
CLIMATE RECORD PERIOD 1890 TO 2015


WEATHER ITEM   OBSERVED TIME   RECORD YEAR NORMAL DEPARTURE LAST
                VALUE   (LST)  VALUE       VALUE  FROM      YEAR
                                                  NORMAL
..................................................................
TEMPERATURE (F)
 YESTERDAY
  MAXIMUM         39        MM  43    1990  17     22       11
  MINIMUM         24        MM -32    1950  -1     25      -14
                                      1918
  AVERAGE         32                         8     24       -1

PRECIPITATION (IN)
  YESTERDAY        0.00          0.30   MM   0.02  -0.02     0.01
  MONTH TO DATE    0.27                      0.61  -0.34     0.47
  SINCE DEC 1      0.40                      1.26  -0.86     1.16
  SINCE JAN 1      0.27                      0.61  -0.34     0.47

SNOWFALL (IN)
  YESTERDAY        0.0           5.0    MM   0.3   -0.3      1.0
  MONTH TO DATE    6.0                       9.0   -3.0     15.9
  SINCE DEC 1      7.8                      19.9  -12.1     38.7
  SINCE JUL 1     11.6                      27.0  -15.4     40.3
  SNOW DEPTH       T

DEGREE DAYS
 HEATING
  YESTERDAY       33                        57    -24       66
  MONTH TO DATE 1376                      1503   -127     1602
  SINCE DEC 1   2809                      3140   -331     3590
  SINCE JUL 1   4929                      5234   -305     5641

 COOLING
  YESTERDAY        0                         0      0        0
  MONTH TO DATE    0                         0      0        0
  SINCE DEC 1      0                         0      0        0
  SINCE JAN 1      0                         0      0        0
..................................................................


WIND (MPH)
  RESULTANT WIND SPEED  MM   RESULTANT WIND DIRECTION  MM
  HIGHEST WIND SPEED    MM   HIGHEST WIND DIRECTION    MM
  HIGHEST GUST SPEED    MM   HIGHEST GUST DIRECTION    MM
  AVERAGE WIND SPEED    MM


SKY COVER
  POSSIBLE SUNSHINE  MM
  AVERAGE SKY COVER  MM


WEATHER CONDITIONS
 THE FOLLOWING WEATHER WAS RECORDED YESTERDAY.
  NO SIGNIFICANT WEATHER WAS OBSERVED.


RELATIVE HUMIDITY (PERCENT)
 HIGHEST    MM
 LOWEST     MM
 AVERAGE    MM

..........................................................


THE GRAND FORKS UNIV. (NWS) ND CLIMATE NORMALS FOR TODAY
                         NORMAL    RECORD    YEAR
 MAXIMUM TEMPERATURE (F)   17        41      1990
 MINIMUM TEMPERATURE (F)   -1       -38      1915


SUNRISE AND SUNSET
JANUARY 27 2015.......SUNRISE   802 AM CST   SUNSET   521 PM CST
JANUARY 28 2015.......SUNRISE   801 AM CST   SUNSET   522 PM CST


-  INDICATES NEGATIVE NUMBERS.
R  INDICATES RECORD WAS SET OR TIED.
MM INDICATES DATA IS MISSING.
T  INDICATES TRACE AMOUNT.




$$
