000
CSUS97 KFGF 210633
CLIFGF


CLIMATE REPORT
NATIONAL WEATHER SERVICE EASTERN NORTH DAKOTA/GRAND FORKS
133 AM CDT SUN SEP 21 2014


...................................

...THE GRAND FORKS UNIV. (NWS) ND CLIMATE SUMMARY FOR SEPTEMBER 20 2014...

CLIMATE NORMAL PERIOD 1981 TO 2010
CLIMATE RECORD PERIOD 1890 TO 2014


WEATHER ITEM   OBSERVED TIME   RECORD YEAR NORMAL DEPARTURE LAST
                VALUE   (LST)  VALUE       VALUE  FROM      YEAR
                                                  NORMAL
..................................................................
TEMPERATURE (F)
 YESTERDAY
  MAXIMUM         68        MM  91    1914  68      0       60
  MINIMUM         49        MM  23    1918  44      5       48
  AVERAGE         59                        56      3       54

PRECIPITATION (IN)
  YESTERDAY        0.32          1.04   MM   0.05   0.27     0.07
  MONTH TO DATE    1.06                      1.41  -0.35     0.60
  SINCE SEP 1      1.06                      1.41  -0.35     0.60
  SINCE JAN 1     21.48                     17.51   3.97    14.04

SNOWFALL (IN)
  YESTERDAY        0.0           0.0    MM   0.0    0.0      0.0
  MONTH TO DATE    0.0                       0.0    0.0      0.0
  SINCE SEP 1      0.0                       0.0    0.0      0.0
  SINCE JUL 1      0.0                       0.0    0.0      0.0
  SNOW DEPTH       0

DEGREE DAYS
 HEATING
  YESTERDAY        6                         9     -3       11
  MONTH TO DATE  145                       124     21       68
  SINCE SEP 1    145                       124     21       68
  SINCE JUL 1    201                       188     13      127

 COOLING
  YESTERDAY        0                         0      0        0
  MONTH TO DATE   12                        28    -16       34
  SINCE SEP 1     12                        28    -16       34
  SINCE JAN 1    376                       460    -84      516
..................................................................


WIND (MPH)
  RESULTANT WIND SPEED  MM   RESULTANT WIND DIRECTION  MM
  HIGHEST WIND SPEED    MM   HIGHEST WIND DIRECTION    MM
  HIGHEST GUST SPEED    MM   HIGHEST GUST DIRECTION    MM
  AVERAGE WIND SPEED    MM


SKY COVER
  POSSIBLE SUNSHINE  MM
  AVERAGE SKY COVER  MM


WEATHER CONDITIONS
 THE FOLLOWING WEATHER WAS RECORDED YESTERDAY.
  NO SIGNIFICANT WEATHER WAS OBSERVED.


RELATIVE HUMIDITY (PERCENT)
 HIGHEST    MM
 LOWEST     MM
 AVERAGE    MM

..........................................................


THE GRAND FORKS UNIV. (NWS) ND CLIMATE NORMALS FOR TODAY
                         NORMAL    RECORD    YEAR
 MAXIMUM TEMPERATURE (F)   67        92      1908
 MINIMUM TEMPERATURE (F)   44        24      1934


SUNRISE AND SUNSET
SEPTEMBER 21 2014.....SUNRISE   714 AM CDT   SUNSET   728 PM CDT
SEPTEMBER 22 2014.....SUNRISE   715 AM CDT   SUNSET   726 PM CDT


-  INDICATES NEGATIVE NUMBERS.
R  INDICATES RECORD WAS SET OR TIED.
MM INDICATES DATA IS MISSING.
T  INDICATES TRACE AMOUNT.




$$
