414
CDUS45 KFGZ 300057
CLIFLG
CLIMATE REPORT
NATIONAL WEATHER SERVICE FLAGSTAFF, AZ
556 PM MST MON MAY 29 2017


...................................

...THE FLAGSTAFF AZ AIRPORT CLIMATE SUMMARY FOR MAY 29 2017...
VALID TODAY AS OF 0500 PM LOCAL TIME.

CLIMATE NORMAL PERIOD 1981 TO 2010
CLIMATE RECORD PERIOD 1898 TO 2017


WEATHER ITEM   OBSERVED TIME   RECORD YEAR NORMAL DEPARTURE LAST
                VALUE   (LST)  VALUE       VALUE  FROM      YEAR
                                                  NORMAL
..................................................................
TEMPERATURE (F)
 TODAY
  MAXIMUM         77    315 PM  86    2000  72      5       71
                                      1910
  MINIMUM         37    536 AM  22    1918  37      0       31
  AVERAGE         57                        55      2       51

PRECIPITATION (IN)
  TODAY            0.00          0.92 1992   0.02  -0.02     0.00
  MONTH TO DATE    0.79                      0.59   0.20     1.57
  SINCE SEP 1     18.25                     15.74   2.51    15.85
  SINCE JAN 1      9.64                      8.07   1.57     7.02

SNOWFALL (IN)
  TODAY            0.0           2.5  1971   0.0    0.0      0.0
  MONTH TO DATE    1.2                       0.7    0.5      1.9
  SINCE SEP 1     96.7                     101.7   -5.0     78.3
  SNOW DEPTH       0

DEGREE DAYS
 HEATING
  TODAY            8                        10     -2       14
  MONTH TO DATE  424                       396     28      484
  SINCE JUL 1   6207                      6752   -545     6566

 COOLING
  TODAY            0                         0      0        0
  MONTH TO DATE    0                         0      0        0
  SINCE JAN 1      0                         0      0        0
..................................................................


WIND (MPH)
  HIGHEST WIND SPEED    24   HIGHEST WIND DIRECTION     N (350)
  HIGHEST GUST SPEED    32   HIGHEST GUST DIRECTION     N (340)
  AVERAGE WIND SPEED     5.2


SKY COVER
  POSSIBLE SUNSHINE  MM
  AVERAGE SKY COVER 0.1


WEATHER CONDITIONS
 THE FOLLOWING WEATHER WAS RECORDED TODAY.
  NO SIGNIFICANT WEATHER WAS OBSERVED.


RELATIVE HUMIDITY (PERCENT)
 HIGHEST    54           500 AM
 LOWEST     13           300 PM
 AVERAGE    34

..........................................................


THE FLAGSTAFF AZ AIRPORT CLIMATE NORMALS FOR TOMORROW
                         NORMAL    RECORD    YEAR
 MAXIMUM TEMPERATURE (F)   73        88      2002
 MINIMUM TEMPERATURE (F)   37        18      1918


SUNRISE AND SUNSET
MAY 29 2017...........SUNRISE   515 AM MST   SUNSET   734 PM MST
MAY 30 2017...........SUNRISE   514 AM MST   SUNSET   735 PM MST


-  INDICATES NEGATIVE NUMBERS.
R  INDICATES RECORD WAS SET OR TIED.
MM INDICATES DATA IS MISSING.
T  INDICATES TRACE AMOUNT.




$$
&&

-------------------------------------------------------------------
SNOW DEPTH DATA FOR FLAGSTAFF AIRPORT IS REPORTED AT 5 AM MST


-------------------------------------------------------------------
SUPPLEMENTARY CLIMATE DATA FOR NWS BELLEMONT, ARIZONA

SNOW DEPTH (IN) AT 11 AM...................................0.0
WATER EQUIVALENT OF SNOW PACK (IN) AT 11 AM*...............
* ONLY MEASURED IF SNOW DEPTH IS 2.0 INCHES OR GREATER
-------------------------------------------------------------------
