000
CDUS45 KFGZ 300747
CLIFLG
CLIMATE REPORT
NATIONAL WEATHER SERVICE FLAGSTAFF, AZ
1246 AM MST SAT APR 30 2016


...................................

...THE FLAGSTAFF AZ AIRPORT CLIMATE SUMMARY FOR APRIL 29 2016...

CLIMATE NORMAL PERIOD 1981 TO 2010
CLIMATE RECORD PERIOD 1898 TO 2016


WEATHER ITEM   OBSERVED TIME   RECORD YEAR NORMAL DEPARTURE LAST
                VALUE   (LST)  VALUE       VALUE  FROM      YEAR
                                                  NORMAL
..................................................................
TEMPERATURE (F)
 YESTERDAY
  MAXIMUM         51    411 PM  78    1992  63    -12       70
  MINIMUM         33   1140 PM   7    1970  32      1       32
  AVERAGE         42                        47     -5

PRECIPITATION (IN)
  YESTERDAY        0.08          0.74 1951   0.03   0.05     0.00
  MONTH TO DATE    0.91                      1.12  -0.21     1.09
  SINCE SEP 1     13.89                     15.12  -1.23    16.96
  SINCE JAN 1      5.06                      7.45  -2.39     9.13

SNOWFALL (IN)
  YESTERDAY        T             9.5  1951   0.2             0.0
  MONTH TO DATE    3.5                       6.9             0.8
  SINCE JUL 1     76.4                     100.8            57.0
  SNOW DEPTH       0

DEGREE DAYS
 HEATING
  YESTERDAY       23                        18      5       14
  MONTH TO DATE  607                       632    -25      631
  SINCE JUL 1   6058                      6339   -281     5389

 COOLING
  YESTERDAY        0                         0      0        0
  MONTH TO DATE    0                         0      0        0
  SINCE JAN 1      0                         0      0        0
..................................................................


WIND (MPH)
  HIGHEST WIND SPEED    23   HIGHEST WIND DIRECTION    SW (210)
  HIGHEST GUST SPEED    32   HIGHEST GUST DIRECTION    SW (230)
  AVERAGE WIND SPEED     7.7


SKY COVER
  POSSIBLE SUNSHINE  MM
  AVERAGE SKY COVER 0.8


WEATHER CONDITIONS
 THE FOLLOWING WEATHER WAS RECORDED YESTERDAY.
  LIGHT RAIN
  LIGHT SNOW
  FOG


RELATIVE HUMIDITY (PERCENT)
 HIGHEST   100           300 AM
 LOWEST     46           400 PM
 AVERAGE    73

..........................................................


THE FLAGSTAFF AZ AIRPORT CLIMATE NORMALS FOR TODAY
                         NORMAL    RECORD    YEAR
 MAXIMUM TEMPERATURE (F)   63        78      1981
                                             1945
 MINIMUM TEMPERATURE (F)   32        10      1967


SUNRISE AND SUNSET
APRIL 30 2016.........SUNRISE   536 AM MST   SUNSET   712 PM MST
MAY  1 2016...........SUNRISE   535 AM MST   SUNSET   713 PM MST


-  INDICATES NEGATIVE NUMBERS.
R  INDICATES RECORD WAS SET OR TIED.
MM INDICATES DATA IS MISSING.
T  INDICATES TRACE AMOUNT.




$$
&&

-------------------------------------------------------------------
SNOW DEPTH DATA FOR FLAGSTAFF AIRPORT IS REPORTED AT 5 AM MST


-------------------------------------------------------------------
SUPPLEMENTARY CLIMATE DATA FOR NWS BELLEMONT, ARIZONA

SNOW DEPTH (IN) AT 11 AM........................................0
WATER EQUIVALENT OF SNOW PACK (IN) AT 11 AM*....................
* ONLY MEASURED IF SNOW DEPTH IS 2.0 INCHES OR GREATER
-------------------------------------------------------------------
