000
CDUS45 KFGZ 230054
CLIFLG
CLIMATE REPORT
NATIONAL WEATHER SERVICE FLAGSTAFF, AZ
554 PM MST MON DEC 22 2014


...................................

...THE FLAGSTAFF AZ AIRPORT CLIMATE SUMMARY FOR DECEMBER 22 2014...
VALID TODAY AS OF 0500 PM LOCAL TIME.

CLIMATE NORMAL PERIOD 1981 TO 2010
CLIMATE RECORD PERIOD 1898 TO 2014


WEATHER ITEM   OBSERVED TIME   RECORD YEAR NORMAL DEPARTURE LAST
                VALUE   (LST)  VALUE       VALUE  FROM      YEAR
                                                  NORMAL
..................................................................
TEMPERATURE (F)
 TODAY
  MAXIMUM         54    245 PM  64    1901  42     12       42
  MINIMUM         38    119 AM -16    1968  16     22        8
  AVERAGE         46                        29     17       25

PRECIPITATION (IN)
  TODAY            0.00          1.50 1965   0.06  -0.06     0.00
  MONTH TO DATE    2.71                      1.27   1.44     1.35
  SINCE SEP 1      7.10                      7.07   0.03     7.11
  SINCE JAN 1     19.94                     21.26  -1.32    24.79

SNOWFALL (IN)
  TODAY            0.0          12.7  1965   0.5   -0.5      0.0
  MONTH TO DATE    4.4                      11.4   -7.0     17.9
  SINCE SEP 1      4.4                      23.6  -19.2     29.9
  SNOW DEPTH       0

DEGREE DAYS
 HEATING
  TODAY           19                        36    -17       40
  MONTH TO DATE  624                       773   -149      857
  SINCE JUL 1   2041                      2505   -464     2612

 COOLING
  TODAY            0                         0      0        0
  MONTH TO DATE    0                         0      0        0
  SINCE JAN 1    109                       117     -8      148
..................................................................


WIND (MPH)
  HIGHEST WIND SPEED    15   HIGHEST WIND DIRECTION    NW (310)
  HIGHEST GUST SPEED    26   HIGHEST GUST DIRECTION    NW (330)
  AVERAGE WIND SPEED     5.8


SKY COVER
  POSSIBLE SUNSHINE  MM
  AVERAGE SKY COVER 0.0


WEATHER CONDITIONS
 THE FOLLOWING WEATHER WAS RECORDED TODAY.
  NO SIGNIFICANT WEATHER WAS OBSERVED.


RELATIVE HUMIDITY (PERCENT)
 HIGHEST    70           400 AM
 LOWEST     41           200 PM
 AVERAGE    56

..........................................................


THE FLAGSTAFF AZ AIRPORT CLIMATE NORMALS FOR TOMORROW
                         NORMAL    RECORD    YEAR
 MAXIMUM TEMPERATURE (F)   42        63      1901
 MINIMUM TEMPERATURE (F)   16       -23      1990


SUNRISE AND SUNSET
DECEMBER 22 2014......SUNRISE   732 AM MST   SUNSET   519 PM MST
DECEMBER 23 2014......SUNRISE   732 AM MST   SUNSET   520 PM MST


-  INDICATES NEGATIVE NUMBERS.
R  INDICATES RECORD WAS SET OR TIED.
MM INDICATES DATA IS MISSING.
T  INDICATES TRACE AMOUNT.




$$


&&

-------------------------------------------------------------------
SNOW DEPTH DATA FOR FLAGSTAFF AIRPORT IS REPORTED AT 5 AM MST


-------------------------------------------------------------------
SUPPLEMENTARY CLIMATE DATA FOR NWS BELLEMONT, ARIZONA

SNOW DEPTH (IN) AT 5 AM........................................0
WATER EQUIVALENT OF SNOW PACK (IN) AT 11 AM*....................
* ONLY MEASURED IF SNOW DEPTH IS 2.0 INCHES OR GREATER
-------------------------------------------------------------------
