000
CDUS45 KFGZ 290821
CLIFLG
CLIMATE REPORT
NATIONAL WEATHER SERVICE FLAGSTAFF, AZ
118 AM MST THU JAN 29 2015


...................................

...THE FLAGSTAFF AZ AIRPORT CLIMATE SUMMARY FOR JANUARY 28 2015...

CLIMATE NORMAL PERIOD 1981 TO 2010
CLIMATE RECORD PERIOD 1898 TO 2015


WEATHER ITEM   OBSERVED TIME   RECORD YEAR NORMAL DEPARTURE LAST
                VALUE   (LST)  VALUE       VALUE  FROM      YEAR
                                                  NORMAL
..................................................................
TEMPERATURE (F)
 YESTERDAY
  MAXIMUM         56    344 PM  63    1986  43     13       51
  MINIMUM         22    743 AM -13    1918  18      4       21
  AVERAGE         39                        30      9

PRECIPITATION (IN)
  YESTERDAY        0.00          0.85 1916   0.06  -0.06     0.00
  MONTH TO DATE    1.09                      1.85  -0.76     0.00
  SINCE SEP 1      8.92                      9.52  -0.60     7.11
  SINCE JAN 1      1.09                      1.85  -0.76     0.00

SNOWFALL (IN)
  YESTERDAY        0.0           7.2  1979   0.8             0.0
  MONTH TO DATE   10.7                      20.8             0.0
  SINCE JUL 1     29.7                      49.9            29.9
  SNOW DEPTH      MM

DEGREE DAYS
 HEATING
  YESTERDAY       26                        35     -9       29
  MONTH TO DATE  877                       986   -109      824
  SINCE JUL 1   3272                      3814   -542     3737

 COOLING
  YESTERDAY        0                         0      0        0
  MONTH TO DATE    0                         0      0        0
  SINCE JAN 1      0                         0      0        0
..................................................................


WIND (MPH)
  HIGHEST WIND SPEED    12   HIGHEST WIND DIRECTION     E (80)
  HIGHEST GUST SPEED    13   HIGHEST GUST DIRECTION     E (100)
  AVERAGE WIND SPEED     1.4


SKY COVER
  POSSIBLE SUNSHINE  MM
  AVERAGE SKY COVER 0.2


WEATHER CONDITIONS
 THE FOLLOWING WEATHER WAS RECORDED YESTERDAY.
  FOG
  FOG W/VISIBILITY <= 1/4 MILE


RELATIVE HUMIDITY (PERCENT)
 HIGHEST    92           100 AM
 LOWEST     24           300 PM
 AVERAGE    58

..........................................................


THE FLAGSTAFF AZ AIRPORT CLIMATE NORMALS FOR TODAY
                         NORMAL    RECORD    YEAR
 MAXIMUM TEMPERATURE (F)   43        60      2014
                                             1986
 MINIMUM TEMPERATURE (F)   18       -12      1932


SUNRISE AND SUNSET
JANUARY 29 2015.......SUNRISE   728 AM MST   SUNSET   552 PM MST
JANUARY 30 2015.......SUNRISE   727 AM MST   SUNSET   553 PM MST


-  INDICATES NEGATIVE NUMBERS.
R  INDICATES RECORD WAS SET OR TIED.
MM INDICATES DATA IS MISSING.
T  INDICATES TRACE AMOUNT.




$$


&&

-------------------------------------------------------------------
SNOW DEPTH DATA FOR FLAGSTAFF AIRPORT IS REPORTED AT 5 AM MST


-------------------------------------------------------------------
SUPPLEMENTARY CLIMATE DATA FOR NWS BELLEMONT, ARIZONA

SNOW DEPTH (IN) AT 11 AM........................................0
WATER EQUIVALENT OF SNOW PACK (IN) AT 11 AM*....................
* ONLY MEASURED IF SNOW DEPTH IS 2.0 INCHES OR GREATER
-------------------------------------------------------------------
