000
CDUS42 KMFL 212016
CLIFLL


CLIMATE REPORT
NATIONAL WEATHER SERVICE MIAMI, FL
416 PM EDT MON AUG 21 2017


...................................

...THE FORT LAUDERDALE CLIMATE SUMMARY FOR AUGUST 21 2017...
VALID TODAY AS OF 0400 PM LOCAL TIME.

CLIMATE NORMAL PERIOD 1981 TO 2010
CLIMATE RECORD PERIOD 1912 TO 2017


WEATHER ITEM   OBSERVED TIME   RECORD YEAR NORMAL DEPARTURE LAST
                VALUE   (LST)  VALUE       VALUE  FROM      YEAR
                                                  NORMAL
..................................................................
TEMPERATURE (F)
 TODAY
  MAXIMUM         90    100 PM  96    1958  90      0       93
  MINIMUM         83    422 AM  70    1946  79      4       82
                                      1922
                                      1921
  AVERAGE         87                        84      3       88

PRECIPITATION (IN)
  TODAY            0.00          2.69 1933   0.23  -0.23     0.00
  MONTH TO DATE    4.78                      4.80  -0.02     4.32
  SINCE JUN 1     22.36                     20.94   1.42    15.78
  SINCE JAN 1     33.96                     38.43  -4.47    34.73

SNOWFALL (IN)
  TODAY            0.0
  MONTH TO DATE    0.0
  SINCE JUN 1      0.0
  SINCE JUL 1      0.0
  SNOW DEPTH       0

DEGREE DAYS
 HEATING
  TODAY            0                         0      0        0
  MONTH TO DATE    0                         0      0        0
  SINCE JUN 1      0                         0      0        0
  SINCE JUL 1      0                         0      0        0

 COOLING
  TODAY           22                        19      3       23
  MONTH TO DATE  429                       418     11      399
  SINCE JUN 1   1568                      1559      9     1594
  SINCE JAN 1   3145                      2977    168     3008
..................................................................


WIND (MPH)
  HIGHEST WIND SPEED    21   HIGHEST WIND DIRECTION     E (100)
  HIGHEST GUST SPEED    25   HIGHEST GUST DIRECTION     E (90)
  AVERAGE WIND SPEED    14.2


SKY COVER
  AVERAGE SKY COVER 0.5


WEATHER CONDITIONS
 THE FOLLOWING WEATHER WAS RECORDED TODAY.
  NO SIGNIFICANT WEATHER WAS OBSERVED.


RELATIVE HUMIDITY (PERCENT)
 HIGHEST    79
 LOWEST     59
 AVERAGE    69

..........................................................


THE FORT LAUDERDALE CLIMATE NORMALS FOR TOMORROW
                         NORMAL    RECORD    YEAR
 MAXIMUM TEMPERATURE (F)   90        97      1958
 MINIMUM TEMPERATURE (F)   79        68      1924


SUNRISE AND SUNSET
AUGUST 21 2017........SUNRISE   656 AM EDT   SUNSET   751 PM EDT
AUGUST 22 2017........SUNRISE   657 AM EDT   SUNSET   750 PM EDT


-  INDICATES NEGATIVE NUMBERS.
R  INDICATES RECORD WAS SET OR TIED.
MM INDICATES DATA IS MISSING.
T  INDICATES TRACE AMOUNT.




$$
