000
CDUS42 KMFL 240824
CLIFLL


CLIMATE REPORT
NATIONAL WEATHER SERVICE MIAMI, FL
424 AM EDT FRI MAR 24 2017


...................................

...THE FORT LAUDERDALE CLIMATE SUMMARY FOR MARCH 23 2017...

CLIMATE NORMAL PERIOD 1981 TO 2010
CLIMATE RECORD PERIOD 1912 TO 2017


WEATHER ITEM   OBSERVED TIME   RECORD YEAR NORMAL DEPARTURE LAST
                VALUE   (LST)  VALUE       VALUE  FROM      YEAR
                                                  NORMAL
..................................................................
TEMPERATURE (F)
 YESTERDAY
  MAXIMUM         82    124 PM  90    2014  80      2       80
  MINIMUM         64    633 AM  41    1960  67     -3       69
  AVERAGE         73                        74     -1       75

PRECIPITATION (IN)
  YESTERDAY        0.45          2.70 1984   0.11   0.34     0.00
  MONTH TO DATE    1.14                      2.42  -1.28     0.97
  SINCE NOV 1      9.05                     14.71  -5.66    22.92
  SINCE JAN 1      4.42                      9.01  -4.59    11.70

SNOWFALL (IN)
  YESTERDAY        0.0
  MONTH TO DATE    0.0
  SINCE MAR 1      0.0
  SINCE JUL 1      0.0
  SNOW DEPTH       0

DEGREE DAYS
 HEATING
  YESTERDAY        0                         0      0        0
  MONTH TO DATE    6                         7     -1        2
  SINCE MAR 1      6                         7     -1        2
  SINCE JUL 1     35                       109    -74       87

 COOLING
  YESTERDAY        8                         9     -1       10
  MONTH TO DATE  163                       182    -19      218
  SINCE MAR 1    163                       182    -19      218
  SINCE JAN 1    619                       538     81      477
..................................................................


WIND (MPH)
  HIGHEST WIND SPEED    26   HIGHEST WIND DIRECTION     E (80)
  HIGHEST GUST SPEED    35   HIGHEST GUST DIRECTION     E (70)
  AVERAGE WIND SPEED    11.0


SKY COVER
  AVERAGE SKY COVER 0.5


WEATHER CONDITIONS
 THE FOLLOWING WEATHER WAS RECORDED YESTERDAY.
  THUNDERSTORM
  HEAVY RAIN
  LIGHT RAIN
  FOG


RELATIVE HUMIDITY (PERCENT)
 HIGHEST    90
 LOWEST     58
 AVERAGE    74

..........................................................


THE FORT LAUDERDALE CLIMATE NORMALS FOR TODAY
                         NORMAL    RECORD    YEAR
 MAXIMUM TEMPERATURE (F)   81        94      1948
 MINIMUM TEMPERATURE (F)   67        45      1968


SUNRISE AND SUNSET
MARCH 24 2017.........SUNRISE   720 AM EDT   SUNSET   734 PM EDT
MARCH 25 2017.........SUNRISE   719 AM EDT   SUNSET   734 PM EDT


-  INDICATES NEGATIVE NUMBERS.
R  INDICATES RECORD WAS SET OR TIED.
MM INDICATES DATA IS MISSING.
T  INDICATES TRACE AMOUNT.




$$
