000
CDUS42 KMFL 250827
CLIFLL


CLIMATE REPORT
NATIONAL WEATHER SERVICE MIAMI, FL
427 AM EDT MON MAY 25 2015


...................................

...THE FORT LAUDERDALE CLIMATE SUMMARY FOR MAY 24 2015...

CLIMATE NORMAL PERIOD 1981 TO 2010
CLIMATE RECORD PERIOD 1839 TO 2015


WEATHER ITEM   OBSERVED TIME   RECORD YEAR NORMAL DEPARTURE LAST
                VALUE   (LST)  VALUE       VALUE  FROM      YEAR
                                                  NORMAL
..................................................................
TEMPERATURE (F)
 YESTERDAY
  MAXIMUM         88   1210 PM  94    1951  87      1       91
  MINIMUM         78   1121 PM  63    1956  76      2       75
                                      1920
  AVERAGE         83                        81      2       83

PRECIPITATION (IN)
  YESTERDAY        T             4.10 1958   0.20  -0.20     0.00
  MONTH TO DATE    1.74                      3.09  -1.35     6.37
  SINCE NOV 1     18.93                     21.63  -2.70    30.88
  SINCE JAN 1     13.82                     15.93  -2.11    18.76

SNOWFALL (IN)
  YESTERDAY        0.0
  MONTH TO DATE    0.0
  SINCE MAR 1      0.0
  SINCE JUL 1      0.0
  SNOW DEPTH       0

DEGREE DAYS
 HEATING
  YESTERDAY        0                         0      0        0
  MONTH TO DATE    0                         0      0        0
  SINCE MAR 1      0                        10    -10        1
  SINCE JUL 1     97                       112    -15       81

 COOLING
  YESTERDAY       18                        16      2       18
  MONTH TO DATE  356                       352      4      367
  SINCE MAR 1   1136                       943    193     1031
  SINCE JAN 1   1417                      1299    118     1419
..................................................................


WIND (MPH)
  HIGHEST WIND SPEED    24   HIGHEST WIND DIRECTION     E (100)
  HIGHEST GUST SPEED    28   HIGHEST GUST DIRECTION     E (100)
  AVERAGE WIND SPEED    15.2


SKY COVER
  AVERAGE SKY COVER 0.5


WEATHER CONDITIONS
 THE FOLLOWING WEATHER WAS RECORDED YESTERDAY.
  NO SIGNIFICANT WEATHER WAS OBSERVED.


RELATIVE HUMIDITY (PERCENT)
 HIGHEST    79
 LOWEST     63
 AVERAGE    71

..........................................................


THE FORT LAUDERDALE CLIMATE NORMALS FOR TODAY
                         NORMAL    RECORD    YEAR
 MAXIMUM TEMPERATURE (F)   87        94      1963
 MINIMUM TEMPERATURE (F)   76        61      1928


SUNRISE AND SUNSET
MAY 25 2015...........SUNRISE   630 AM EDT   SUNSET   805 PM EDT
MAY 26 2015...........SUNRISE   630 AM EDT   SUNSET   805 PM EDT


-  INDICATES NEGATIVE NUMBERS.
R  INDICATES RECORD WAS SET OR TIED.
MM INDICATES DATA IS MISSING.
T  INDICATES TRACE AMOUNT.




$$
