000
CDUS42 KMFL 250821
CLIFLL


CLIMATE REPORT
NATIONAL WEATHER SERVICE MIAMI, FL
421 AM EDT SAT OCT 25 2014


...................................

...THE FORT LAUDERDALE CLIMATE SUMMARY FOR OCTOBER 24 2014...

CLIMATE NORMAL PERIOD 1981 TO 2010
CLIMATE RECORD PERIOD 1839 TO 2014


WEATHER ITEM   OBSERVED TIME   RECORD YEAR NORMAL DEPARTURE LAST
                VALUE   (LST)  VALUE       VALUE  FROM      YEAR
                                                  NORMAL
..................................................................
TEMPERATURE (F)
 YESTERDAY
  MAXIMUM         80    604 PM  91    1922  85     -5       81
  MINIMUM         73   1159 PM  44    1923  74     -1       73
  AVERAGE         77                        79     -2       77

PRECIPITATION (IN)
  YESTERDAY        0.08          3.87 1927   0.17  -0.09      T
  MONTH TO DATE    2.36                      5.64  -3.28     3.56
  SINCE JUN 1     35.73                     37.81  -2.08    39.54
  SINCE JAN 1     56.33                     55.30   1.03    64.32

SNOWFALL (IN)
  YESTERDAY        0.0
  MONTH TO DATE    0.0
  SINCE SEP 1      0.0
  SINCE JUL 1      0.0
  SNOW DEPTH       0

DEGREE DAYS
 HEATING
  YESTERDAY        0                         0      0        0
  MONTH TO DATE    0                         0      0        0
  SINCE SEP 1      0                         0      0        0
  SINCE JUL 1      0                         0      0        0

 COOLING
  YESTERDAY       12                        14     -2       12
  MONTH TO DATE  392                       386      6      375
  SINCE SEP 1    947                       932     15      888
  SINCE JAN 1   4257                      4098    159     3935
..................................................................


WIND (MPH)
  HIGHEST WIND SPEED    22   HIGHEST WIND DIRECTION    NE (60)
  HIGHEST GUST SPEED    32   HIGHEST GUST DIRECTION    NE (50)
  AVERAGE WIND SPEED    14.3


SKY COVER
  AVERAGE SKY COVER 1.0


WEATHER CONDITIONS
 THE FOLLOWING WEATHER WAS RECORDED YESTERDAY.
  LIGHT RAIN


RELATIVE HUMIDITY (PERCENT)
 HIGHEST    82
 LOWEST     69
 AVERAGE    76

..........................................................


THE FORT LAUDERDALE CLIMATE NORMALS FOR TODAY
                         NORMAL    RECORD    YEAR
 MAXIMUM TEMPERATURE (F)   85        93      1925
 MINIMUM TEMPERATURE (F)   74        47      1923


SUNRISE AND SUNSET
OCTOBER 25 2014.......SUNRISE   725 AM EDT   SUNSET   644 PM EDT
OCTOBER 26 2014.......SUNRISE   726 AM EDT   SUNSET   643 PM EDT


-  INDICATES NEGATIVE NUMBERS.
R  INDICATES RECORD WAS SET OR TIED.
MM INDICATES DATA IS MISSING.
T  INDICATES TRACE AMOUNT.




$$
