000
CDUS42 KMFL 010939
CLIFLL


CLIMATE REPORT
NATIONAL WEATHER SERVICE MIAMI, FL
439 AM EST SUN FEB 1 2015


...................................

...THE FORT LAUDERDALE CLIMATE SUMMARY FOR JANUARY 31 2015...

CLIMATE NORMAL PERIOD 1981 TO 2010
CLIMATE RECORD PERIOD 1839 TO 2015


WEATHER ITEM   OBSERVED TIME   RECORD YEAR NORMAL DEPARTURE LAST
                VALUE   (LST)  VALUE       VALUE  FROM      YEAR
                                                  NORMAL
..................................................................
TEMPERATURE (F)
 YESTERDAY
  MAXIMUM         73    317 PM  86    1991  77     -4       79
                                      1973
  MINIMUM         57    752 AM  32    1966  63     -6       67
  AVERAGE         65                        70     -5       73

PRECIPITATION (IN)
  YESTERDAY        0.00          1.16 2004   0.18  -0.18     0.95
  MONTH TO DATE    3.39                      3.63  -0.24     4.16
  SINCE NOV 1      8.50                      9.33  -0.83    16.28
  SINCE JAN 1      3.39                      3.63  -0.24     4.16

SNOWFALL (IN)
  YESTERDAY        0.0
  MONTH TO DATE    0.0
  SINCE DEC 1      0.0
  SINCE JUL 1      0.0
  SNOW DEPTH       0

DEGREE DAYS
 HEATING
  YESTERDAY        0                         1     -1        0
  MONTH TO DATE   23                        47    -24       71
  SINCE DEC 1     39                        78    -39       71
  SINCE JUL 1     49                        80    -31       75

 COOLING
  YESTERDAY        0                         6     -6        8
  MONTH TO DATE  165                       170     -5      125
  SINCE DEC 1    377                       386     -9      412
  SINCE JAN 1    165                       170     -5      125
..................................................................


WIND (MPH)
  HIGHEST WIND SPEED    21   HIGHEST WIND DIRECTION     E (80)
  HIGHEST GUST SPEED    26   HIGHEST GUST DIRECTION     E (90)
  AVERAGE WIND SPEED    10.4


SKY COVER
  AVERAGE SKY COVER 0.6


WEATHER CONDITIONS
 THE FOLLOWING WEATHER WAS RECORDED YESTERDAY.
  NO SIGNIFICANT WEATHER WAS OBSERVED.


RELATIVE HUMIDITY (PERCENT)
 HIGHEST    84
 LOWEST     47
 AVERAGE    66

..........................................................


THE FORT LAUDERDALE CLIMATE NORMALS FOR TODAY
                         NORMAL    RECORD    YEAR
 MAXIMUM TEMPERATURE (F)   77        86      1972
 MINIMUM TEMPERATURE (F)   63        33      1966


SUNRISE AND SUNSET
FEBRUARY  1 2015......SUNRISE   705 AM EST   SUNSET   604 PM EST
FEBRUARY  2 2015......SUNRISE   704 AM EST   SUNSET   604 PM EST


-  INDICATES NEGATIVE NUMBERS.
R  INDICATES RECORD WAS SET OR TIED.
MM INDICATES DATA IS MISSING.
T  INDICATES TRACE AMOUNT.




$$
