000
CDUS42 KMFL 300830
CLIFLL


CLIMATE REPORT
NATIONAL WEATHER SERVICE MIAMI, FL
430 AM EDT SUN APR 30 2017


...................................

...THE FORT LAUDERDALE CLIMATE SUMMARY FOR APRIL 29 2017...

CLIMATE NORMAL PERIOD 1981 TO 2010
CLIMATE RECORD PERIOD 1912 TO 2017


WEATHER ITEM   OBSERVED TIME   RECORD YEAR NORMAL DEPARTURE LAST
                VALUE   (LST)  VALUE       VALUE  FROM      YEAR
                                                  NORMAL
..................................................................
TEMPERATURE (F)
 YESTERDAY
  MAXIMUM         86    117 PM  94    1971  84      2       85
                                      1955
                                      1939
  MINIMUM         78    609 AM  42    1928  72      6       75
  AVERAGE         82                        78      4       80

PRECIPITATION (IN)
  YESTERDAY        0.00          2.41 1979   0.07  -0.07     0.00
  MONTH TO DATE    4.00                      2.83   1.17     0.73
  SINCE NOV 1     13.41                     18.48  -5.07    25.52
  SINCE JAN 1      8.78                     12.78  -4.00    14.30

SNOWFALL (IN)
  YESTERDAY        0.0
  MONTH TO DATE    0.0
  SINCE MAR 1      0.0
  SINCE JUL 1      0.0
  SNOW DEPTH       0

DEGREE DAYS
 HEATING
  YESTERDAY        0                         0      0        0
  MONTH TO DATE    0                         0      0        0
  SINCE MAR 1      6                         9     -3        2
  SINCE JUL 1     35                       111    -76       87

 COOLING
  YESTERDAY       17                        13      4       15
  MONTH TO DATE  360                       324     36      350
  SINCE MAR 1    613                       578     35      673
  SINCE JAN 1   1069                       934    135      932
..................................................................


WIND (MPH)
  HIGHEST WIND SPEED    23   HIGHEST WIND DIRECTION     E (110)
  HIGHEST GUST SPEED    30   HIGHEST GUST DIRECTION    SE (120)
  AVERAGE WIND SPEED    18.3


SKY COVER
  AVERAGE SKY COVER 0.7


WEATHER CONDITIONS
 THE FOLLOWING WEATHER WAS RECORDED YESTERDAY.
  NO SIGNIFICANT WEATHER WAS OBSERVED.


RELATIVE HUMIDITY (PERCENT)
 HIGHEST    85
 LOWEST     61
 AVERAGE    73

..........................................................


THE FORT LAUDERDALE CLIMATE NORMALS FOR TODAY
                         NORMAL    RECORD    YEAR
 MAXIMUM TEMPERATURE (F)   84        97      1971
 MINIMUM TEMPERATURE (F)   72        51      1916


SUNRISE AND SUNSET
APRIL 30 2017.........SUNRISE   644 AM EDT   SUNSET   752 PM EDT
MAY  1 2017...........SUNRISE   643 AM EDT   SUNSET   752 PM EDT


-  INDICATES NEGATIVE NUMBERS.
R  INDICATES RECORD WAS SET OR TIED.
MM INDICATES DATA IS MISSING.
T  INDICATES TRACE AMOUNT.




$$
