000
CDUS42 KMFL 200839
CLIFLL


CLIMATE REPORT
NATIONAL WEATHER SERVICE MIAMI, FL
438 AM EDT SUN APR 20 2014


...................................

...THE FORT LAUDERDALE CLIMATE SUMMARY FOR APRIL 19 2014...

CLIMATE NORMAL PERIOD 1981 TO 2010
CLIMATE RECORD PERIOD 1839 TO 2014


WEATHER ITEM   OBSERVED TIME   RECORD YEAR NORMAL DEPARTURE LAST
                VALUE   (LST)  VALUE       VALUE  FROM      YEAR
                                                  NORMAL
..................................................................
TEMPERATURE (F)
 YESTERDAY
  MAXIMUM         90R   238 PM  90    1988  83      7       86
  MINIMUM         69   1159 PM  50    1956  70     -1       76
  AVERAGE         80                        77      3       81

PRECIPITATION (IN)
  YESTERDAY        0.17          2.27 1943   0.10   0.07     0.01
  MONTH TO DATE    4.22                      1.97   2.25     4.15
  SINCE OCT 1     28.08                     24.44   3.64    17.31
  SINCE JAN 1     12.39                     11.92   0.47     7.36

SNOWFALL (IN)
  YESTERDAY        0.0
  MONTH TO DATE    0.0
  SINCE MAR 1      0.0
  SINCE JUL 1      0.0
  SNOW DEPTH       0

DEGREE DAYS
 HEATING
  YESTERDAY        0                         0      0        0
  MONTH TO DATE    0                         0      0        0
  SINCE MAR 1      1                         9     -8       42
  SINCE JUL 1     81                       111    -30       85

 COOLING
  YESTERDAY       15                        12      3       16
  MONTH TO DATE  241                       201     40      242
  SINCE MAR 1    513                       455     58      374
  SINCE JAN 1    901                       811     90      831
..................................................................


WIND (MPH)
  HIGHEST WIND SPEED    22   HIGHEST WIND DIRECTION     W (250)
  HIGHEST GUST SPEED    28   HIGHEST GUST DIRECTION     W (260)
  AVERAGE WIND SPEED     9.9


SKY COVER
  AVERAGE SKY COVER 0.5


WEATHER CONDITIONS
 THE FOLLOWING WEATHER WAS RECORDED YESTERDAY.
  THUNDERSTORM
  RAIN
  LIGHT RAIN
  FOG


RELATIVE HUMIDITY (PERCENT)
 HIGHEST    85
 LOWEST     47
 AVERAGE    66

..........................................................


THE FORT LAUDERDALE CLIMATE NORMALS FOR TODAY
                         NORMAL    RECORD    YEAR
 MAXIMUM TEMPERATURE (F)   83        91      1969
 MINIMUM TEMPERATURE (F)   70        55      1983
                                             1936


SUNRISE AND SUNSET
APRIL 20 2014.........SUNRISE   653 AM EDT   SUNSET   747 PM EDT
APRIL 21 2014.........SUNRISE   652 AM EDT   SUNSET   747 PM EDT


-  INDICATES NEGATIVE NUMBERS.
R  INDICATES RECORD WAS SET OR TIED.
MM INDICATES DATA IS MISSING.
T  INDICATES TRACE AMOUNT.




$$
