000
CDUS42 KILM 272041
CLIFLO


CLIMATE REPORT
NATIONAL WEATHER SERVICE WILMINGTON NC
440 PM EDT MON APR 27 2015


...................................

...THE FLORENCE SC CLIMATE SUMMARY FOR APRIL 27 2015...
VALID TODAY AS OF 0400 PM LOCAL TIME.

CLIMATE NORMAL PERIOD 1981 TO 2010
CLIMATE RECORD PERIOD 1948 TO 2015


WEATHER ITEM   OBSERVED TIME   RECORD YEAR NORMAL DEPARTURE LAST
                VALUE   (LST)  VALUE       VALUE  FROM      YEAR
                                                  NORMAL
..................................................................
TEMPERATURE (F)
 TODAY
  MAXIMUM         72    258 PM  96    1981  79     -7       87
  MINIMUM         48    602 AM  38    1972  54     -6       52
  AVERAGE         60                        66     -6       70

PRECIPITATION (IN)
  TODAY            0.00          1.87 1950   0.09  -0.09     0.00
  MONTH TO DATE    3.15                      2.37   0.78     3.82
  SINCE MAR 1      6.55                      5.70   0.85     8.37
  SINCE JAN 1     13.48                     11.85   1.63    14.09

SNOWFALL (IN)
  TODAY           MM
  MONTH TO DATE   MM
  SINCE MAR 1     MM
  SINCE JUL 1     MM
  SNOW DEPTH      MM

DEGREE DAYS
 HEATING
  TODAY            5                         2      3        0
  MONTH TO DATE   41                       117    -76       88
  SINCE MAR 1    293                       427   -134      531
  SINCE JUL 1   2531                      2493     38     2660

 COOLING
  TODAY            0                         3     -3        5
  MONTH TO DATE   90                        59     31       55
  SINCE MAR 1    114                        77     37       59
  SINCE JAN 1    117                        83     34       65
..................................................................


WIND (MPH)
  HIGHEST WIND SPEED    16   HIGHEST WIND DIRECTION    NW (320)
  HIGHEST GUST SPEED    20   HIGHEST GUST DIRECTION    NW (320)
  AVERAGE WIND SPEED     6.4


SKY COVER
  POSSIBLE SUNSHINE  MM
  AVERAGE SKY COVER 0.4


WEATHER CONDITIONS
 THE FOLLOWING WEATHER WAS RECORDED TODAY.
  FOG


RELATIVE HUMIDITY (PERCENT)
 HIGHEST    93           600 AM
 LOWEST     31           300 PM
 AVERAGE    62

..........................................................


THE FLORENCE SC CLIMATE NORMALS FOR TOMORROW
                         NORMAL    RECORD    YEAR
 MAXIMUM TEMPERATURE (F)   79        97      1981
 MINIMUM TEMPERATURE (F)   54        40      2005
                                             1967


SUNRISE AND SUNSET
APRIL 27 2015.........SUNRISE   634 AM EDT   SUNSET   800 PM EDT
APRIL 28 2015.........SUNRISE   633 AM EDT   SUNSET   800 PM EDT


-  INDICATES NEGATIVE NUMBERS.
R  INDICATES RECORD WAS SET OR TIED.
MM INDICATES DATA IS MISSING.
T  INDICATES TRACE AMOUNT.




$$
