000
CDUS42 KILM 010846
CLIFLO


CLIMATE REPORT
NATIONAL WEATHER SERVICE WILMINGTON NC
446 AM EDT SUN MAY 1 2016


...................................

...THE FLORENCE SC CLIMATE SUMMARY FOR APRIL 30 2016...

CLIMATE NORMAL PERIOD 1981 TO 2010
CLIMATE RECORD PERIOD 1948 TO 2016


WEATHER ITEM   OBSERVED TIME   RECORD YEAR NORMAL DEPARTURE LAST
                VALUE   (LST)  VALUE       VALUE  FROM      YEAR
                                                  NORMAL
..................................................................
TEMPERATURE (F)
 YESTERDAY
  MAXIMUM         82    303 PM  94    1981  79      3       76
  MINIMUM         67   1159 PM  41    2008  54     13       MM
  AVERAGE         75                        67      8       MM

PRECIPITATION (IN)
  YESTERDAY        0.00          2.26 1999   0.08  -0.08     0.00
  MONTH TO DATE    5.34                      2.62   2.72     3.40
  SINCE MAR 1      6.97                      5.95   1.02     6.80
  SINCE JAN 1     14.43                     12.10   2.33    13.73

SNOWFALL (IN)
  YESTERDAY       MM
  MONTH TO DATE   MM
  SINCE MAR 1     MM
  SINCE JUL 1     MM
  SNOW DEPTH      MM

DEGREE DAYS
 HEATING
  YESTERDAY        0                         2     -2       MM
  MONTH TO DATE  113                       123    -10       53
  SINCE MAR 1    278                       434   -156      305
  SINCE JUL 1   1938                      2500   -562     2543

 COOLING
  YESTERDAY       10                         4      6       MM
  MONTH TO DATE   83                        72     11       90
  SINCE MAR 1    131                        90     41      114
  SINCE JAN 1    132                        96     36      117
..................................................................


WIND (MPH)
  HIGHEST WIND SPEED    17   HIGHEST WIND DIRECTION    SE (120)
  HIGHEST GUST SPEED    22   HIGHEST GUST DIRECTION    SE (130)
  AVERAGE WIND SPEED     9.4


SKY COVER
  POSSIBLE SUNSHINE  MM
  AVERAGE SKY COVER 0.8


WEATHER CONDITIONS
 THE FOLLOWING WEATHER WAS RECORDED YESTERDAY.
  FOG


RELATIVE HUMIDITY (PERCENT)
 HIGHEST    93          1200 AM
 LOWEST     58           400 PM
 AVERAGE    76

..........................................................


THE FLORENCE SC CLIMATE NORMALS FOR TODAY
                         NORMAL    RECORD    YEAR
 MAXIMUM TEMPERATURE (F)   80        96      1986
 MINIMUM TEMPERATURE (F)   55        42      1996


SUNRISE AND SUNSET
MAY  1 2016...........SUNRISE   629 AM EDT   SUNSET   803 PM EDT
MAY  2 2016...........SUNRISE   628 AM EDT   SUNSET   804 PM EDT


-  INDICATES NEGATIVE NUMBERS.
R  INDICATES RECORD WAS SET OR TIED.
MM INDICATES DATA IS MISSING.
T  INDICATES TRACE AMOUNT.




$$
