000
CDUS42 KILM 310841
CLIFLO


CLIMATE REPORT
NATIONAL WEATHER SERVICE WILMINGTON NC
441 AM EDT TUE MAR 31 2015


...................................

...THE FLORENCE SC CLIMATE SUMMARY FOR MARCH 30 2015...

CLIMATE NORMAL PERIOD 1981 TO 2010
CLIMATE RECORD PERIOD 1948 TO 2015


WEATHER ITEM   OBSERVED TIME   RECORD YEAR NORMAL DEPARTURE LAST
                VALUE   (LST)  VALUE       VALUE  FROM      YEAR
                                                  NORMAL
..................................................................
TEMPERATURE (F)
 YESTERDAY
  MAXIMUM         68    436 PM  89    1985  72     -4       64
  MINIMUM         39    448 AM  30    1964  47     -8       47
  AVERAGE         54                        59     -5       56

PRECIPITATION (IN)
  YESTERDAY        T             1.50 1970   0.11  -0.11     0.00
  MONTH TO DATE    3.40                      3.23   0.17     4.55
  SINCE MAR 1      3.40                      3.23   0.17     4.55
  SINCE JAN 1     10.33                      9.38   0.95    10.27

SNOWFALL (IN)
  YESTERDAY       MM
  MONTH TO DATE   MM
  SINCE MAR 1     MM
  SINCE JUL 1     MM
  SNOW DEPTH      MM

DEGREE DAYS
 HEATING
  YESTERDAY       11                         7      4        9
  MONTH TO DATE  248                       302    -54      437
  SINCE MAR 1    248                       302    -54      437
  SINCE JUL 1   2486                      2368    118     2566

 COOLING
  YESTERDAY        0                         1     -1        0
  MONTH TO DATE   24                        17      7        4
  SINCE MAR 1     24                        17      7        4
  SINCE JAN 1     27                        23      4       10
..................................................................


WIND (MPH)
  HIGHEST WIND SPEED    18   HIGHEST WIND DIRECTION     W (260)
  HIGHEST GUST SPEED    24   HIGHEST GUST DIRECTION     W (270)
  AVERAGE WIND SPEED     8.7


SKY COVER
  POSSIBLE SUNSHINE  MM
  AVERAGE SKY COVER 0.3


WEATHER CONDITIONS
 THE FOLLOWING WEATHER WAS RECORDED YESTERDAY.
  LIGHT RAIN


RELATIVE HUMIDITY (PERCENT)
 HIGHEST    83          1000 PM
 LOWEST     48           500 PM
 AVERAGE    66

..........................................................


THE FLORENCE SC CLIMATE NORMALS FOR TODAY
                         NORMAL    RECORD    YEAR
 MAXIMUM TEMPERATURE (F)   72        88      1986
 MINIMUM TEMPERATURE (F)   47        24      1964


SUNRISE AND SUNSET
MARCH 31 2015.........SUNRISE   708 AM EDT   SUNSET   739 PM EDT
APRIL  1 2015.........SUNRISE   707 AM EDT   SUNSET   740 PM EDT


-  INDICATES NEGATIVE NUMBERS.
R  INDICATES RECORD WAS SET OR TIED.
MM INDICATES DATA IS MISSING.
T  INDICATES TRACE AMOUNT.




$$
