000
CDUS42 KILM 230849
CLIFLO


CLIMATE REPORT
NATIONAL WEATHER SERVICE WILMINGTON NC
448 AM EDT SAT JUL 23 2016


...................................

...THE FLORENCE SC CLIMATE SUMMARY FOR JULY 22 2016...

CLIMATE NORMAL PERIOD 1981 TO 2010
CLIMATE RECORD PERIOD 1948 TO 2016


WEATHER ITEM   OBSERVED TIME   RECORD YEAR NORMAL DEPARTURE LAST
                VALUE   (LST)  VALUE       VALUE  FROM      YEAR
                                                  NORMAL
..................................................................
TEMPERATURE (F)
 YESTERDAY
  MAXIMUM         92    338 PM 102    2011  91      1       97
                                      1952
  MINIMUM         72    403 AM  62    1966  72      0       76
  AVERAGE         82                        81      1       87

PRECIPITATION (IN)
  YESTERDAY        0.00          1.82 1989   0.18  -0.18     0.00
  MONTH TO DATE    5.87                      3.63   2.24     2.84
  SINCE JUN 1      9.83                      8.25   1.58     6.34
  SINCE JAN 1     30.92                     23.61   7.31    21.36

DEGREE DAYS
 HEATING
  YESTERDAY        0                         0      0        0
  MONTH TO DATE    0                         0      0        0
  SINCE JUN 1      0                         1     -1        0
  SINCE JUL 1      0                         0      0        0

 COOLING
  YESTERDAY       17                        16      1       22
  MONTH TO DATE  430                       352     78      421
  SINCE JUN 1    917                       749    168      962
  SINCE JAN 1   1264                      1056    208     1347
..................................................................


WIND (MPH)
  HIGHEST WIND SPEED    14   HIGHEST WIND DIRECTION     S (180)
  HIGHEST GUST SPEED    16   HIGHEST GUST DIRECTION     S (170)
  AVERAGE WIND SPEED     5.4


SKY COVER
  POSSIBLE SUNSHINE  MM
  AVERAGE SKY COVER 0.2


WEATHER CONDITIONS
 THE FOLLOWING WEATHER WAS RECORDED YESTERDAY.
  NO SIGNIFICANT WEATHER WAS OBSERVED.


RELATIVE HUMIDITY (PERCENT)
 HIGHEST    93           200 AM
 LOWEST     56           100 PM
 AVERAGE    75

..........................................................


THE FLORENCE SC CLIMATE NORMALS FOR TODAY
                         NORMAL    RECORD    YEAR
 MAXIMUM TEMPERATURE (F)   91       104      1952
 MINIMUM TEMPERATURE (F)   72        59      2007
                                             1966


SUNRISE AND SUNSET
JULY 23 2016..........SUNRISE   624 AM EDT   SUNSET   826 PM EDT
JULY 24 2016..........SUNRISE   625 AM EDT   SUNSET   826 PM EDT


-  INDICATES NEGATIVE NUMBERS.
R  INDICATES RECORD WAS SET OR TIED.
MM INDICATES DATA IS MISSING.
T  INDICATES TRACE AMOUNT.




$$
