000
CDUS42 KILM 310842
CLIFLO


CLIMATE REPORT
NATIONAL WEATHER SERVICE WILMINGTON NC
442 AM EDT THU JUL 31 2014


...................................

...THE FLORENCE SC CLIMATE SUMMARY FOR JULY 30 2014...

CLIMATE NORMAL PERIOD 1981 TO 2010
CLIMATE RECORD PERIOD 1948 TO 2014


WEATHER ITEM   OBSERVED TIME   RECORD YEAR NORMAL DEPARTURE LAST
                VALUE   (LST)  VALUE       VALUE  FROM      YEAR
                                                  NORMAL
..................................................................
TEMPERATURE (F)
 YESTERDAY
  MAXIMUM         88    227 PM 103    1952  91     -3       90
  MINIMUM         64    518 AM  63    1997  72     -8       71
  AVERAGE         76                        81     -5       81

PRECIPITATION (IN)
  YESTERDAY        0.00          2.09 1973   0.19  -0.19     0.00
  MONTH TO DATE    5.64                      5.08   0.56    13.82
  SINCE JUN 1      6.62                      9.70  -3.08    22.10
  SINCE JAN 1     23.98                     25.06  -1.08    40.93

DEGREE DAYS
 HEATING
  YESTERDAY        0                         0      0        0
  MONTH TO DATE    0                         0      0        0
  SINCE JUN 1      0                         1     -1        0
  SINCE JUL 1      0                         0      0        0

 COOLING
  YESTERDAY       11                        16     -5       16
  MONTH TO DATE  487                       480      7      480
  SINCE JUN 1    969                       877     92      904
  SINCE JAN 1   1351                      1184    167     1171
..................................................................


WIND (MPH)
  HIGHEST WIND SPEED    16   HIGHEST WIND DIRECTION     S (180)
  HIGHEST GUST SPEED    19   HIGHEST GUST DIRECTION     S (170)
  AVERAGE WIND SPEED     5.2


SKY COVER
  POSSIBLE SUNSHINE  MM
  AVERAGE SKY COVER 0.3


WEATHER CONDITIONS
 THE FOLLOWING WEATHER WAS RECORDED YESTERDAY.
  NO SIGNIFICANT WEATHER WAS OBSERVED.


RELATIVE HUMIDITY (PERCENT)
 HIGHEST    87           400 AM
 LOWEST     42           300 PM
 AVERAGE    65

..........................................................


THE FLORENCE SC CLIMATE NORMALS FOR TODAY
                         NORMAL    RECORD    YEAR
 MAXIMUM TEMPERATURE (F)   91       103      1999
 MINIMUM TEMPERATURE (F)   72        62      1997


SUNRISE AND SUNSET
JULY 31 2014..........SUNRISE   629 AM EDT   SUNSET   821 PM EDT
AUGUST  1 2014........SUNRISE   630 AM EDT   SUNSET   820 PM EDT


-  INDICATES NEGATIVE NUMBERS.
R  INDICATES RECORD WAS SET OR TIED.
MM INDICATES DATA IS MISSING.
T  INDICATES TRACE AMOUNT.




$$
