000
CDUS42 KILM 031324 CCA
CLIFLO

CLIMATE REPORT...CORRECTION
NATIONAL WEATHER SERVICE WILMINGTON NC
441 AM EDT FRI JUL 3 2015


...................................

...THE FLORENCE SC CLIMATE SUMMARY FOR JULY 2 2015...

CLIMATE NORMAL PERIOD 1981 TO 2010
CLIMATE RECORD PERIOD 1948 TO 2015


WEATHER ITEM   OBSERVED TIME   RECORD YEAR NORMAL DEPARTURE LAST
                VALUE   (LST)  VALUE       VALUE  FROM      YEAR
                                                  NORMAL
..................................................................
TEMPERATURE (F)
 YESTERDAY
  MAXIMUM         93    410 PM 102    1954  91      2       97
  MINIMUM         71   1159 PM  57    1988  71      0       73
  AVERAGE         82                        81      1       85

PRECIPITATION (IN)
  YESTERDAY        0.61          3.07 2003   0.14   0.47     0.00
  MONTH TO DATE    0.61                      0.29   0.32     0.00
  SINCE JUN 1      4.11                      4.91  -0.80     0.98
  SINCE JAN 1     19.13                     20.27  -1.14    18.34

DEGREE DAYS
 HEATING
  YESTERDAY        0                         0      0        0
  MONTH TO DATE    0                         0      0        0
  SINCE JUN 1      0                         1     -1        0
  SINCE JUL 1      0                         0      0        0

 COOLING
  YESTERDAY       17                        16      1       20
  MONTH TO DATE   31                        32     -1       38
  SINCE JUN 1    572                       429    143      520
  SINCE JAN 1    957                       736    221      902
..................................................................


WIND (MPH)
  HIGHEST WIND SPEED    28   HIGHEST WIND DIRECTION    NW (310)
  HIGHEST GUST SPEED    36   HIGHEST GUST DIRECTION    NW (320)
  AVERAGE WIND SPEED    10.4


SKY COVER
  POSSIBLE SUNSHINE  MM
  AVERAGE SKY COVER 0.3


WEATHER CONDITIONS
 THE FOLLOWING WEATHER WAS RECORDED YESTERDAY.
  HEAVY RAIN
  RAIN
  LIGHT RAIN
  FOG


RELATIVE HUMIDITY (PERCENT)
 HIGHEST    93           900 PM
 LOWEST     47           300 PM
 AVERAGE    70

..........................................................


THE FLORENCE SC CLIMATE NORMALS FOR TODAY
                         NORMAL    RECORD    YEAR
 MAXIMUM TEMPERATURE (F)   91       102      1954
 MINIMUM TEMPERATURE (F)   71        62      2010
                                             1952


SUNRISE AND SUNSET
JULY  3 2015..........SUNRISE   612 AM EDT   SUNSET   834 PM EDT
JULY  4 2015..........SUNRISE   612 AM EDT   SUNSET   834 PM EDT


-  INDICATES NEGATIVE NUMBERS.
R  INDICATES RECORD WAS SET OR TIED.
MM INDICATES DATA IS MISSING.
T  INDICATES TRACE AMOUNT.




$$

47
