000
CDUS42 KILM 200942
CLIFLO


CLIMATE REPORT
NATIONAL WEATHER SERVICE WILMINGTON NC
441 AM EST MON NOV 20 2017


...................................

...THE FLORENCE SC CLIMATE SUMMARY FOR NOVEMBER 19 2017...

CLIMATE NORMAL PERIOD 1981 TO 2010
CLIMATE RECORD PERIOD 1948 TO 2017


WEATHER ITEM   OBSERVED TIME   RECORD YEAR NORMAL DEPARTURE LAST
                VALUE   (LST)  VALUE       VALUE  FROM      YEAR
                                                  NORMAL
..................................................................
TEMPERATURE (F)
 YESTERDAY
  MAXIMUM         67    309 AM  82    1985  66      1       77
  MINIMUM         42   1159 PM  20    2014  43     -1       45
  AVERAGE         55                        54      1       61

PRECIPITATION (IN)
  YESTERDAY        T             1.23 2015   0.09  -0.09     0.00
  MONTH TO DATE    0.68                      1.66  -0.98     0.79
  SINCE SEP 1      6.37                      8.41  -2.04    23.38
  SINCE JAN 1     37.95                     38.89  -0.94    56.26

SNOWFALL (IN)
  YESTERDAY       MM
  MONTH TO DATE   MM
  SINCE SEP 1     MM
  SINCE JUL 1     MM
  SNOW DEPTH      MM

DEGREE DAYS
 HEATING
  YESTERDAY       10                        11     -1        4
  MONTH TO DATE  162                       165     -3      158
  SINCE SEP 1    252                       282    -30      190
  SINCE JUL 1    252                       282    -30      190

 COOLING
  YESTERDAY        0                         0      0        0
  MONTH TO DATE   14                        16     -2        6
  SINCE SEP 1    466                       388     78      533
  SINCE JAN 1   2248                      2058    190     2570
..................................................................


WIND (MPH)
  HIGHEST WIND SPEED    23   HIGHEST WIND DIRECTION    SW (230)
  HIGHEST GUST SPEED    31   HIGHEST GUST DIRECTION    SW (230)
  AVERAGE WIND SPEED    11.0


SKY COVER
  POSSIBLE SUNSHINE  MM
  AVERAGE SKY COVER 0.2


WEATHER CONDITIONS
 THE FOLLOWING WEATHER WAS RECORDED YESTERDAY.
  LIGHT RAIN


RELATIVE HUMIDITY (PERCENT)
 HIGHEST    78           500 AM
 LOWEST     24           400 PM
 AVERAGE    51

..........................................................


THE FLORENCE SC CLIMATE NORMALS FOR TODAY
                         NORMAL    RECORD    YEAR
 MAXIMUM TEMPERATURE (F)   66        81      1988
 MINIMUM TEMPERATURE (F)   42        20      1951


SUNRISE AND SUNSET
NOVEMBER 20 2017......SUNRISE   657 AM EST   SUNSET   512 PM EST
NOVEMBER 21 2017......SUNRISE   658 AM EST   SUNSET   512 PM EST


-  INDICATES NEGATIVE NUMBERS.
R  INDICATES RECORD WAS SET OR TIED.
MM INDICATES DATA IS MISSING.
T  INDICATES TRACE AMOUNT.




$$
