000
CDUS42 KILM 232142
CLIFLO


CLIMATE REPORT
NATIONAL WEATHER SERVICE WILMINGTON NC
441 PM EST THU FEB 23 2017


...................................

...THE FLORENCE SC CLIMATE SUMMARY FOR FEBRUARY 23 2017...
VALID TODAY AS OF 0400 PM LOCAL TIME.

CLIMATE NORMAL PERIOD 1981 TO 2010
CLIMATE RECORD PERIOD 1948 TO 2017


WEATHER ITEM   OBSERVED TIME   RECORD YEAR NORMAL DEPARTURE LAST
                VALUE   (LST)  VALUE       VALUE  FROM      YEAR
                                                  NORMAL
..................................................................
TEMPERATURE (F)
 TODAY
  MAXIMUM         77    249 PM  83    1975  62     15       56
  MINIMUM         54    727 AM  19    1978  39     15       52
  AVERAGE         66                        50     16       54

PRECIPITATION (IN)
  TODAY            0.00          1.44 1979   0.11  -0.11     0.15
  MONTH TO DATE    1.60                      2.38  -0.78     4.66
  SINCE DEC 1      9.43                      8.62   0.81    13.88
  SINCE JAN 1      4.86                      5.61  -0.75     6.79

SNOWFALL (IN)
  TODAY           MM
  MONTH TO DATE   MM
  SINCE DEC 1     MM
  SINCE JUL 1     MM
  SNOW DEPTH      MM

DEGREE DAYS
 HEATING
  TODAY            0                        15    -15       11
  MONTH TO DATE  219                       393   -174      425
  SINCE DEC 1   1103                      1573   -470     1321
  SINCE JUL 1   1416                      1995   -579     1585

 COOLING
  TODAY            1                         0      1        0
  MONTH TO DATE    7                         0      7        1
  SINCE DEC 1     11                         6      5       58
  SINCE JAN 1      7                         2      5        1
..................................................................


WIND (MPH)
  HIGHEST WIND SPEED    16   HIGHEST WIND DIRECTION     E (100)
  HIGHEST GUST SPEED    26   HIGHEST GUST DIRECTION    SE (140)
  AVERAGE WIND SPEED     7.0


SKY COVER
  POSSIBLE SUNSHINE  MM
  AVERAGE SKY COVER 0.2


WEATHER CONDITIONS
 THE FOLLOWING WEATHER WAS RECORDED TODAY.
  NO SIGNIFICANT WEATHER WAS OBSERVED.


RELATIVE HUMIDITY (PERCENT)
 HIGHEST    93           300 AM
 LOWEST     50           200 PM
 AVERAGE    72

..........................................................


THE FLORENCE SC CLIMATE NORMALS FOR TOMORROW
                         NORMAL    RECORD    YEAR
 MAXIMUM TEMPERATURE (F)   62        82      1962
 MINIMUM TEMPERATURE (F)   39        24      1968


SUNRISE AND SUNSET
FEBRUARY 23 2017......SUNRISE   655 AM EST   SUNSET   610 PM EST
FEBRUARY 24 2017......SUNRISE   653 AM EST   SUNSET   611 PM EST


-  INDICATES NEGATIVE NUMBERS.
R  INDICATES RECORD WAS SET OR TIED.
MM INDICATES DATA IS MISSING.
T  INDICATES TRACE AMOUNT.




$$
