000
CDUS42 KILM 012049
CLIFLO


CLIMATE REPORT
NATIONAL WEATHER SERVICE WILMINGTON NC
448 PM EDT TUE SEP 1 2015


...................................

...THE FLORENCE SC CLIMATE SUMMARY FOR SEPTEMBER 1 2015...
VALID TODAY AS OF 0400 PM LOCAL TIME.

CLIMATE NORMAL PERIOD 1981 TO 2010
CLIMATE RECORD PERIOD 1948 TO 2015


WEATHER ITEM   OBSERVED TIME   RECORD YEAR NORMAL DEPARTURE LAST
                VALUE   (LST)  VALUE       VALUE  FROM      YEAR
                                                  NORMAL
..................................................................
TEMPERATURE (F)
 TODAY
  MAXIMUM         91    249 PM 100    1993  88      3       98
  MINIMUM         68    547 AM  58    1999  69     -1       73
  AVERAGE         80                        78      2       86

PRECIPITATION (IN)
  TODAY            0.00          2.11 2004   0.15  -0.15      T
  MONTH TO DATE    0.00                      0.15  -0.15      T
  SINCE SEP 1      0.00                      0.15  -0.15      T
  SINCE JAN 1     27.84                     30.63  -2.79    27.99

DEGREE DAYS
 HEATING
  TODAY            0                         0      0        0
  MONTH TO DATE    0                         0      0        0
  SINCE SEP 1      0                         0      0        0
  SINCE JUL 1      0                         0      0        0

 COOLING
  TODAY           15                        13      2       21
  MONTH TO DATE   15                        13      2       21
  SINCE SEP 1     15                        13      2       21
  SINCE JAN 1   2032                      1683    349     1853
..................................................................


WIND (MPH)
  HIGHEST WIND SPEED     8   HIGHEST WIND DIRECTION     N (340)
  HIGHEST GUST SPEED    11   HIGHEST GUST DIRECTION     N (340)
  AVERAGE WIND SPEED     1.7


SKY COVER
  POSSIBLE SUNSHINE  MM
  AVERAGE SKY COVER 0.1


WEATHER CONDITIONS
 THE FOLLOWING WEATHER WAS RECORDED TODAY.
  NO SIGNIFICANT WEATHER WAS OBSERVED.


RELATIVE HUMIDITY (PERCENT)
 HIGHEST    97           200 AM
 LOWEST     47           300 PM
 AVERAGE    72

..........................................................


THE FLORENCE SC CLIMATE NORMALS FOR TOMORROW
                         NORMAL    RECORD    YEAR
 MAXIMUM TEMPERATURE (F)   87        99      2014
                                             1993
 MINIMUM TEMPERATURE (F)   68        53      1967


SUNRISE AND SUNSET
SEPTEMBER  1 2015.....SUNRISE   652 AM EDT   SUNSET   745 PM EDT
SEPTEMBER  2 2015.....SUNRISE   653 AM EDT   SUNSET   744 PM EDT


-  INDICATES NEGATIVE NUMBERS.
R  INDICATES RECORD WAS SET OR TIED.
MM INDICATES DATA IS MISSING.
T  INDICATES TRACE AMOUNT.




$$
