000
CDUS42 KILM 252146
CLIFLO


CLIMATE REPORT
NATIONAL WEATHER SERVICE WILMINGTON NC
445 PM EST SUN JAN 25 2015


...................................

...THE FLORENCE SC CLIMATE SUMMARY FOR JANUARY 25 2015...
VALID TODAY AS OF 0400 PM LOCAL TIME.

CLIMATE NORMAL PERIOD 1981 TO 2010
CLIMATE RECORD PERIOD 1948 TO 2015


WEATHER ITEM   OBSERVED TIME   RECORD YEAR NORMAL DEPARTURE LAST
                VALUE   (LST)  VALUE       VALUE  FROM      YEAR
                                                  NORMAL
..................................................................
TEMPERATURE (F)
 TODAY
  MAXIMUM         60    344 PM  81    1990  56      4       51
  MINIMUM         30    715 AM  12    2014  35     -5       12
  AVERAGE         45                        45      0       32

PRECIPITATION (IN)
  TODAY            0.00          1.72 1978   0.11  -0.11     0.00
  MONTH TO DATE    2.43                      2.62  -0.19     2.01
  SINCE DEC 1      5.63                      5.63   0.00     6.34
  SINCE JAN 1      2.43                      2.62  -0.19     2.01

SNOWFALL (IN)
  TODAY           MM
  MONTH TO DATE   MM
  SINCE DEC 1     MM
  SINCE JUL 1     MM
  SNOW DEPTH      MM

DEGREE DAYS
 HEATING
  TODAY           20                        20      0       33
  MONTH TO DATE  486                       507    -21      575
  SINCE DEC 1    955                      1064   -109     1017
  SINCE JUL 1   1455                      1486    -31     1487

 COOLING
  TODAY            0                         0      0        0
  MONTH TO DATE    3                         0      3        0
  SINCE DEC 1      3                         4     -1       18
  SINCE JAN 1      3                         0      3        0
..................................................................


WIND (MPH)
  HIGHEST WIND SPEED    15   HIGHEST WIND DIRECTION     S (180)
  HIGHEST GUST SPEED    19   HIGHEST GUST DIRECTION     S (180)
  AVERAGE WIND SPEED     5.5


SKY COVER
  POSSIBLE SUNSHINE  MM
  AVERAGE SKY COVER 0.0


WEATHER CONDITIONS
 THE FOLLOWING WEATHER WAS RECORDED TODAY.
  NO SIGNIFICANT WEATHER WAS OBSERVED.


RELATIVE HUMIDITY (PERCENT)
 HIGHEST    92           700 AM
 LOWEST     36           400 PM
 AVERAGE    64

..........................................................


THE FLORENCE SC CLIMATE NORMALS FOR TOMORROW
                         NORMAL    RECORD    YEAR
 MAXIMUM TEMPERATURE (F)   56        81      1950
 MINIMUM TEMPERATURE (F)   35        20      1985


SUNRISE AND SUNSET
JANUARY 25 2015.......SUNRISE   721 AM EST   SUNSET   542 PM EST
JANUARY 26 2015.......SUNRISE   720 AM EST   SUNSET   543 PM EST


-  INDICATES NEGATIVE NUMBERS.
R  INDICATES RECORD WAS SET OR TIED.
MM INDICATES DATA IS MISSING.
T  INDICATES TRACE AMOUNT.




$$
