000
CDUS42 KILM 200944
CLIFLO


CLIMATE REPORT
NATIONAL WEATHER SERVICE WILMINGTON NC
444 AM EST SAT JAN 20 2018


...................................

...THE FLORENCE SC CLIMATE SUMMARY FOR JANUARY 19 2018...

CLIMATE NORMAL PERIOD 1981 TO 2010
CLIMATE RECORD PERIOD 1948 TO 2018


WEATHER ITEM   OBSERVED TIME   RECORD YEAR NORMAL DEPARTURE LAST
                VALUE   (LST)  VALUE       VALUE  FROM      YEAR
                                                  NORMAL
..................................................................
TEMPERATURE (F)
 YESTERDAY
  MAXIMUM         59    417 PM  78    2001  55      4       69
  MINIMUM         23    502 AM  12    1994  35    -12       43
  AVERAGE         41                        45     -4       56

PRECIPITATION (IN)
  YESTERDAY        0.00          1.44 1978   0.10  -0.10     0.00
  MONTH TO DATE    0.59                      2.00  -1.41     2.13
  SINCE DEC 1      5.25                      5.01   0.24     6.70
  SINCE JAN 1      0.59                      2.00  -1.41     2.13

SNOWFALL (IN)
  YESTERDAY       MM
  MONTH TO DATE   MM
  SINCE DEC 1     MM
  SINCE JUL 1     MM
  SNOW DEPTH      MM

DEGREE DAYS
 HEATING
  YESTERDAY       24                        20      4        9
  MONTH TO DATE  533                       387    146      250
  SINCE DEC 1   1064                       944    120      745
  SINCE JUL 1   1469                      1366    103     1058

 COOLING
  YESTERDAY        0                         0      0        0
  MONTH TO DATE    2                         0      2        0
  SINCE DEC 1      2                         4     -2        4
  SINCE JAN 1      2                         0      2        0
..................................................................


WIND (MPH)
  HIGHEST WIND SPEED    13   HIGHEST WIND DIRECTION    SW (240)
  HIGHEST GUST SPEED    16   HIGHEST GUST DIRECTION     W (250)
  AVERAGE WIND SPEED     3.8


SKY COVER
  POSSIBLE SUNSHINE  MM
  AVERAGE SKY COVER 0.0


WEATHER CONDITIONS
 THE FOLLOWING WEATHER WAS RECORDED YESTERDAY.
  HAZE


RELATIVE HUMIDITY (PERCENT)
 HIGHEST    81           400 AM
 LOWEST     18           400 PM
 AVERAGE    50

..........................................................


THE FLORENCE SC CLIMATE NORMALS FOR TODAY
                         NORMAL    RECORD    YEAR
 MAXIMUM TEMPERATURE (F)   55        75      2017
                                             1999
 MINIMUM TEMPERATURE (F)   35         7      1985


SUNRISE AND SUNSET
JANUARY 20 2018.......SUNRISE   723 AM EST   SUNSET   537 PM EST
JANUARY 21 2018.......SUNRISE   722 AM EST   SUNSET   538 PM EST


-  INDICATES NEGATIVE NUMBERS.
R  INDICATES RECORD WAS SET OR TIED.
MM INDICATES DATA IS MISSING.
T  INDICATES TRACE AMOUNT.




$$
