000
CDUS42 KILM 020845
CLIFLO


CLIMATE REPORT
NATIONAL WEATHER SERVICE WILMINGTON NC
445 AM EDT TUE SEP 2 2014


...................................

...THE FLORENCE SC CLIMATE SUMMARY FOR SEPTEMBER 1 2014...

CLIMATE NORMAL PERIOD 1981 TO 2010
CLIMATE RECORD PERIOD 1948 TO 2014


WEATHER ITEM   OBSERVED TIME   RECORD YEAR NORMAL DEPARTURE LAST
                VALUE   (LST)  VALUE       VALUE  FROM      YEAR
                                                  NORMAL
..................................................................
TEMPERATURE (F)
 YESTERDAY
  MAXIMUM         98    235 PM 100    1993  88     10       92
  MINIMUM         73    614 AM  58    1999  69      4       74
  AVERAGE         86                        78      8       83

PRECIPITATION (IN)
  YESTERDAY        T             2.11 2004   0.15  -0.15     0.05
  MONTH TO DATE    T                         0.15  -0.15     0.05
  SINCE SEP 1      T                         0.15  -0.15     0.05
  SINCE JAN 1     27.99                     30.63  -2.64    46.51

DEGREE DAYS
 HEATING
  YESTERDAY        0                         0      0        0
  MONTH TO DATE    0                         0      0        0
  SINCE SEP 1      0                         0      0        0
  SINCE JUL 1      0                         0      0        0

 COOLING
  YESTERDAY       21                        13      8       18
  MONTH TO DATE   21                        13      8       18
  SINCE SEP 1     21                        13      8       18
  SINCE JAN 1   1853                      1683    170     1645
..................................................................


WIND (MPH)
  HIGHEST WIND SPEED    16   HIGHEST WIND DIRECTION     S (160)
  HIGHEST GUST SPEED    20   HIGHEST GUST DIRECTION     S (160)
  AVERAGE WIND SPEED     4.7


SKY COVER
  POSSIBLE SUNSHINE  MM
  AVERAGE SKY COVER 0.1


WEATHER CONDITIONS
 THE FOLLOWING WEATHER WAS RECORDED YESTERDAY.
  THUNDERSTORM
  LIGHT RAIN


RELATIVE HUMIDITY (PERCENT)
 HIGHEST    94           300 AM
 LOWEST     39           100 PM
 AVERAGE    67

..........................................................


THE FLORENCE SC CLIMATE NORMALS FOR TODAY
                         NORMAL    RECORD    YEAR
 MAXIMUM TEMPERATURE (F)   87        99      1993
 MINIMUM TEMPERATURE (F)   68        53      1967


SUNRISE AND SUNSET
SEPTEMBER  2 2014.....SUNRISE   653 AM EDT   SUNSET   743 PM EDT
SEPTEMBER  3 2014.....SUNRISE   654 AM EDT   SUNSET   742 PM EDT


-  INDICATES NEGATIVE NUMBERS.
R  INDICATES RECORD WAS SET OR TIED.
MM INDICATES DATA IS MISSING.
T  INDICATES TRACE AMOUNT.




$$
