000
CDUS42 KILM 280941
CLIFLO


CLIMATE REPORT
NATIONAL WEATHER SERVICE WILMINGTON NC
441 AM EST FRI NOV 28 2014


...................................

...THE FLORENCE SC CLIMATE SUMMARY FOR NOVEMBER 27 2014...

CLIMATE NORMAL PERIOD 1981 TO 2010
CLIMATE RECORD PERIOD 1948 TO 2014


WEATHER ITEM   OBSERVED TIME   RECORD YEAR NORMAL DEPARTURE LAST
                VALUE   (LST)  VALUE       VALUE  FROM      YEAR
                                                  NORMAL
..................................................................
TEMPERATURE (F)
 YESTERDAY
  MAXIMUM         55    221 PM  86    1973  63     -8       68
  MINIMUM         36   1159 PM  26    1991  41     -5       31
  AVERAGE         46                        52     -6       50

PRECIPITATION (IN)
  YESTERDAY        0.00          0.70 2004   0.09  -0.09     0.54
  MONTH TO DATE    3.56                      2.39   1.17     2.16
  SINCE SEP 1     13.30                      9.14   4.16     3.88
  SINCE JAN 1     41.29                     39.62   1.67    50.34

SNOWFALL (IN)
  YESTERDAY       MM
  MONTH TO DATE   MM
  SINCE SEP 1     MM
  SINCE JUL 1     MM
  SNOW DEPTH      MM

DEGREE DAYS
 HEATING
  YESTERDAY       19                        13      6       15
  MONTH TO DATE  372                       263    109      313
  SINCE SEP 1    441                       380     61      395
  SINCE JUL 1    441                       380     61      395

 COOLING
  YESTERDAY        0                         0      0        0
  MONTH TO DATE    6                        16    -10       16
  SINCE SEP 1    450                       388     62      419
  SINCE JAN 1   2282                      2058    224     2046
..................................................................


WIND (MPH)
  HIGHEST WIND SPEED    22   HIGHEST WIND DIRECTION    NW (310)
  HIGHEST GUST SPEED    31   HIGHEST GUST DIRECTION    NW (320)
  AVERAGE WIND SPEED     9.0


SKY COVER
  POSSIBLE SUNSHINE  MM
  AVERAGE SKY COVER 0.4


WEATHER CONDITIONS
 THE FOLLOWING WEATHER WAS RECORDED YESTERDAY.
  FOG
  FOG W/VISIBILITY <= 1/4 MILE


RELATIVE HUMIDITY (PERCENT)
 HIGHEST    96           100 AM
 LOWEST     41           200 PM
 AVERAGE    69

..........................................................


THE FLORENCE SC CLIMATE NORMALS FOR TODAY
                         NORMAL    RECORD    YEAR
 MAXIMUM TEMPERATURE (F)   63        84      1990
 MINIMUM TEMPERATURE (F)   40        23      1956


SUNRISE AND SUNSET
NOVEMBER 28 2014......SUNRISE   704 AM EST   SUNSET   510 PM EST
NOVEMBER 29 2014......SUNRISE   705 AM EST   SUNSET   509 PM EST


-  INDICATES NEGATIVE NUMBERS.
R  INDICATES RECORD WAS SET OR TIED.
MM INDICATES DATA IS MISSING.
T  INDICATES TRACE AMOUNT.




$$
