000
CDUS42 KILM 180843
CLIFLO


CLIMATE REPORT
NATIONAL WEATHER SERVICE WILMINGTON NC
442 AM EDT THU SEP 18 2014


...................................

...THE FLORENCE SC CLIMATE SUMMARY FOR SEPTEMBER 17 2014...

CLIMATE NORMAL PERIOD 1981 TO 2010
CLIMATE RECORD PERIOD 1948 TO 2014


WEATHER ITEM   OBSERVED TIME   RECORD YEAR NORMAL DEPARTURE LAST
                VALUE   (LST)  VALUE       VALUE  FROM      YEAR
                                                  NORMAL
..................................................................
TEMPERATURE (F)
 YESTERDAY
  MAXIMUM         81    414 PM  96    2005  84     -3       81
  MINIMUM         66    624 AM  49    2001  64      2       62
  AVERAGE         74                        74      0       72

PRECIPITATION (IN)
  YESTERDAY        0.06          0.80 1974   0.12  -0.06     0.00
  MONTH TO DATE    7.65                      2.18   5.47     0.44
  SINCE SEP 1      7.65                      2.18   5.47     0.44
  SINCE JAN 1     35.64                     32.66   2.98    46.90

DEGREE DAYS
 HEATING
  YESTERDAY        0                         0      0        0
  MONTH TO DATE    0                         0      0        0
  SINCE SEP 1      0                         0      0        0
  SINCE JUL 1      0                         0      0        0

 COOLING
  YESTERDAY        9                         9      0        7
  MONTH TO DATE  247                       192     55      238
  SINCE SEP 1    247                       192     55      238
  SINCE JAN 1   2079                      1862    217     1865
..................................................................


WIND (MPH)
  HIGHEST WIND SPEED    14   HIGHEST WIND DIRECTION    NE (50)
  HIGHEST GUST SPEED    17   HIGHEST GUST DIRECTION    NE (50)
  AVERAGE WIND SPEED     3.6


SKY COVER
  POSSIBLE SUNSHINE  MM
  AVERAGE SKY COVER 0.6


WEATHER CONDITIONS
 THE FOLLOWING WEATHER WAS RECORDED YESTERDAY.
  THUNDERSTORM
  RAIN
  LIGHT RAIN
  FOG


RELATIVE HUMIDITY (PERCENT)
 HIGHEST    93           600 AM
 LOWEST     62           100 PM
 AVERAGE    78

..........................................................


THE FLORENCE SC CLIMATE NORMALS FOR TODAY
                         NORMAL    RECORD    YEAR
 MAXIMUM TEMPERATURE (F)   84        96      2005
 MINIMUM TEMPERATURE (F)   64        50      2001


SUNRISE AND SUNSET
SEPTEMBER 18 2014.....SUNRISE   704 AM EDT   SUNSET   721 PM EDT
SEPTEMBER 19 2014.....SUNRISE   705 AM EDT   SUNSET   720 PM EDT


-  INDICATES NEGATIVE NUMBERS.
R  INDICATES RECORD WAS SET OR TIED.
MM INDICATES DATA IS MISSING.
T  INDICATES TRACE AMOUNT.




$$
