000
CDUS42 KILM 200944
CLIFLO


CLIMATE REPORT
NATIONAL WEATHER SERVICE WILMINGTON NC
444 AM EST SAT DEC 20 2014


...................................

...THE FLORENCE SC CLIMATE SUMMARY FOR DECEMBER 19 2014...

CLIMATE NORMAL PERIOD 1981 TO 2010
CLIMATE RECORD PERIOD 1948 TO 2014


WEATHER ITEM   OBSERVED TIME   RECORD YEAR NORMAL DEPARTURE LAST
                VALUE   (LST)  VALUE       VALUE  FROM      YEAR
                                                  NORMAL
..................................................................
TEMPERATURE (F)
 YESTERDAY
  MAXIMUM         60    342 PM  79    1967  57      3       64
  MINIMUM         35    702 AM  18    1953  36     -1       28
  AVERAGE         48                        46      2       46

PRECIPITATION (IN)
  YESTERDAY        0.00          0.87 1999   0.10  -0.10     0.00
  MONTH TO DATE    0.14                      1.78  -1.64     2.66
  SINCE DEC 1      0.14                      1.78  -1.64     2.66
  SINCE JAN 1     41.43                     41.68  -0.25    53.00

SNOWFALL (IN)
  YESTERDAY       MM
  MONTH TO DATE   MM
  SINCE DEC 1     MM
  SINCE JUL 1     MM
  SNOW DEPTH      MM

DEGREE DAYS
 HEATING
  YESTERDAY       17                        19     -2       19
  MONTH TO DATE  281                       320    -39      279
  SINCE DEC 1    281                       320    -39      279
  SINCE JUL 1    781                       742     39      749

 COOLING
  YESTERDAY        0                         0      0        0
  MONTH TO DATE    0                         0      0        8
  SINCE DEC 1      0                         0      0        8
  SINCE JAN 1   2282                      2059    223     2054
..................................................................


WIND (MPH)
  HIGHEST WIND SPEED    13   HIGHEST WIND DIRECTION     E (80)
  HIGHEST GUST SPEED    15   HIGHEST GUST DIRECTION     E (80)
  AVERAGE WIND SPEED     2.7


SKY COVER
  POSSIBLE SUNSHINE  MM
  AVERAGE SKY COVER 0.1


WEATHER CONDITIONS
 THE FOLLOWING WEATHER WAS RECORDED YESTERDAY.
  NO SIGNIFICANT WEATHER WAS OBSERVED.


RELATIVE HUMIDITY (PERCENT)
 HIGHEST    92           600 AM
 LOWEST     30           100 PM
 AVERAGE    61

..........................................................


THE FLORENCE SC CLIMATE NORMALS FOR TODAY
                         NORMAL    RECORD    YEAR
 MAXIMUM TEMPERATURE (F)   57        74      2008
                                             1978
 MINIMUM TEMPERATURE (F)   36        16      1981


SUNRISE AND SUNSET
DECEMBER 20 2014......SUNRISE   720 AM EST   SUNSET   513 PM EST
DECEMBER 21 2014......SUNRISE   721 AM EST   SUNSET   513 PM EST


-  INDICATES NEGATIVE NUMBERS.
R  INDICATES RECORD WAS SET OR TIED.
MM INDICATES DATA IS MISSING.
T  INDICATES TRACE AMOUNT.




$$
