000
CDUS42 KILM 141016
CLIFLO


CLIMATE REPORT
NATIONAL WEATHER SERVICE WILMINGTON NC
516 AM EST SUN FEB 14 2016


...................................

...THE FLORENCE SC CLIMATE SUMMARY FOR FEBRUARY 13 2016...

CLIMATE NORMAL PERIOD 1981 TO 2010
CLIMATE RECORD PERIOD 1948 TO 2016


WEATHER ITEM   OBSERVED TIME   RECORD YEAR NORMAL DEPARTURE LAST
                VALUE   (LST)  VALUE       VALUE  FROM      YEAR
                                                  NORMAL
..................................................................
TEMPERATURE (F)
 YESTERDAY
  MAXIMUM         44    402 PM  76    1949  59    -15       41
  MINIMUM         24    722 AM  13    1973  37    -13       26
  AVERAGE         34                        48    -14       34

PRECIPITATION (IN)
  YESTERDAY        0.00          1.50 1960   0.10  -0.10     0.00
  MONTH TO DATE    2.92                      1.31   1.61     1.42
  SINCE DEC 1     12.14                      7.55   4.59     7.05
  SINCE JAN 1      5.05                      4.54   0.51     3.85

SNOWFALL (IN)
  YESTERDAY       MM
  MONTH TO DATE   MM
  SINCE DEC 1     MM
  SINCE JUL 1     MM
  SNOW DEPTH      MM

DEGREE DAYS
 HEATING
  YESTERDAY       31                        17     14       31
  MONTH TO DATE  263                       234     29      242
  SINCE DEC 1   1159                      1414   -255     1334
  SINCE JUL 1   1423                      1836   -413     1834

 COOLING
  YESTERDAY        0                         0      0        0
  MONTH TO DATE    1                         0      1        0
  SINCE DEC 1     58                         6     52        3
  SINCE JAN 1      1                         2     -1        3
..................................................................


WIND (MPH)
  HIGHEST WIND SPEED    21   HIGHEST WIND DIRECTION     N (10)
  HIGHEST GUST SPEED    23   HIGHEST GUST DIRECTION     N (360)
  AVERAGE WIND SPEED     7.8


SKY COVER
  POSSIBLE SUNSHINE  MM
  AVERAGE SKY COVER 0.0


WEATHER CONDITIONS
 THE FOLLOWING WEATHER WAS RECORDED YESTERDAY.
  FOG


RELATIVE HUMIDITY (PERCENT)
 HIGHEST   100           100 AM
 LOWEST     27           200 PM
 AVERAGE    64

..........................................................


THE FLORENCE SC CLIMATE NORMALS FOR TODAY
                         NORMAL    RECORD    YEAR
 MAXIMUM TEMPERATURE (F)   59        80      1989
 MINIMUM TEMPERATURE (F)   37        15      1968


SUNRISE AND SUNSET
FEBRUARY 14 2016......SUNRISE   705 AM EST   SUNSET   601 PM EST
FEBRUARY 15 2016......SUNRISE   704 AM EST   SUNSET   602 PM EST


-  INDICATES NEGATIVE NUMBERS.
R  INDICATES RECORD WAS SET OR TIED.
MM INDICATES DATA IS MISSING.
T  INDICATES TRACE AMOUNT.




$$
