000
CDUS42 KILM 010843
CLIFLO


CLIMATE REPORT
NATIONAL WEATHER SERVICE WILMINGTON NC
443 AM EDT TUE SEP 1 2015


...................................

...THE FLORENCE SC CLIMATE SUMMARY FOR AUGUST 31 2015...

CLIMATE NORMAL PERIOD 1981 TO 2010
CLIMATE RECORD PERIOD 1948 TO 2015


WEATHER ITEM   OBSERVED TIME   RECORD YEAR NORMAL DEPARTURE LAST
                VALUE   (LST)  VALUE       VALUE  FROM      YEAR
                                                  NORMAL
..................................................................
TEMPERATURE (F)
 YESTERDAY
  MAXIMUM         85    409 PM 100    1993  88     -3       95
  MINIMUM         70   1120 PM  56    1976  69      1       70
  AVERAGE         78                        78      0       83

PRECIPITATION (IN)
  YESTERDAY        0.40          3.61 1952   0.15   0.25     0.00
  MONTH TO DATE    5.92                      5.24   0.68     3.89
  SINCE JUN 1     12.82                     15.12  -2.30    10.63
  SINCE JAN 1     27.84                     30.48  -2.64    27.99

DEGREE DAYS
 HEATING
  YESTERDAY        0                         0      0        0
  MONTH TO DATE    0                         0      0        0
  SINCE JUN 1      0                         1     -1        0
  SINCE JUL 1      0                         0      0        0

 COOLING
  YESTERDAY       13                        13      0       18
  MONTH TO DATE  499                       464     35      464
  SINCE JUN 1   1632                      1363    269     1450
  SINCE JAN 1   2017                      1670    347     1832
..................................................................


WIND (MPH)
  HIGHEST WIND SPEED    13   HIGHEST WIND DIRECTION     N (360)
  HIGHEST GUST SPEED    16   HIGHEST GUST DIRECTION    NW (330)
  AVERAGE WIND SPEED     4.8


SKY COVER
  POSSIBLE SUNSHINE  MM
  AVERAGE SKY COVER 0.6


WEATHER CONDITIONS
 THE FOLLOWING WEATHER WAS RECORDED YESTERDAY.
  HEAVY RAIN
  LIGHT RAIN
  FOG


RELATIVE HUMIDITY (PERCENT)
 HIGHEST   100           600 AM
 LOWEST     61           500 PM
 AVERAGE    81

..........................................................


THE FLORENCE SC CLIMATE NORMALS FOR TODAY
                         NORMAL    RECORD    YEAR
 MAXIMUM TEMPERATURE (F)   88       100      1993
 MINIMUM TEMPERATURE (F)   69        58      1999


SUNRISE AND SUNSET
SEPTEMBER  1 2015.....SUNRISE   652 AM EDT   SUNSET   745 PM EDT
SEPTEMBER  2 2015.....SUNRISE   653 AM EDT   SUNSET   744 PM EDT


-  INDICATES NEGATIVE NUMBERS.
R  INDICATES RECORD WAS SET OR TIED.
MM INDICATES DATA IS MISSING.
T  INDICATES TRACE AMOUNT.




$$
