000
CDUS42 KILM 302044
CLIFLO


CLIMATE REPORT
NATIONAL WEATHER SERVICE WILMINGTON NC
443 PM EDT THU JUL 30 2015


...................................

...THE FLORENCE SC CLIMATE SUMMARY FOR JULY 30 2015...
VALID TODAY AS OF 0400 PM LOCAL TIME.

CLIMATE NORMAL PERIOD 1981 TO 2010
CLIMATE RECORD PERIOD 1948 TO 2015


WEATHER ITEM   OBSERVED TIME   RECORD YEAR NORMAL DEPARTURE LAST
                VALUE   (LST)  VALUE       VALUE  FROM      YEAR
                                                  NORMAL
..................................................................
TEMPERATURE (F)
 TODAY
  MAXIMUM         99    259 PM 103    1952  91      8       88
  MINIMUM         73    606 AM  63    1997  72      1       64
  AVERAGE         86                        81      5       76

PRECIPITATION (IN)
  TODAY            0.00          2.09 1973   0.19  -0.19     0.00
  MONTH TO DATE    3.40                      5.08  -1.68     5.64
  SINCE JUN 1      6.90                      9.70  -2.80     6.62
  SINCE JAN 1     21.92                     25.06  -3.14    23.98

DEGREE DAYS
 HEATING
  TODAY            0                         0      0        0
  MONTH TO DATE    0                         0      0        0
  SINCE JUN 1      0                         1     -1        0
  SINCE JUL 1      0                         0      0        0

 COOLING
  TODAY           21                        16      5       11
  MONTH TO DATE  571                       480     91      491
  SINCE JUN 1   1112                       877    235      973
  SINCE JAN 1   1497                      1184    313     1355
..................................................................


WIND (MPH)
  HIGHEST WIND SPEED    10   HIGHEST WIND DIRECTION     N (360)
  HIGHEST GUST SPEED    13   HIGHEST GUST DIRECTION     N (10)
  AVERAGE WIND SPEED     2.4


SKY COVER
  POSSIBLE SUNSHINE  MM
  AVERAGE SKY COVER 0.0


WEATHER CONDITIONS
 THE FOLLOWING WEATHER WAS RECORDED TODAY.
  NO SIGNIFICANT WEATHER WAS OBSERVED.


RELATIVE HUMIDITY (PERCENT)
 HIGHEST    87           500 AM
 LOWEST     39           200 PM
 AVERAGE    63

..........................................................


THE FLORENCE SC CLIMATE NORMALS FOR TOMORROW
                         NORMAL    RECORD    YEAR
 MAXIMUM TEMPERATURE (F)   91       103      1999
 MINIMUM TEMPERATURE (F)   72        62      1997


SUNRISE AND SUNSET
JULY 30 2015..........SUNRISE   628 AM EDT   SUNSET   822 PM EDT
JULY 31 2015..........SUNRISE   629 AM EDT   SUNSET   821 PM EDT


-  INDICATES NEGATIVE NUMBERS.
R  INDICATES RECORD WAS SET OR TIED.
MM INDICATES DATA IS MISSING.
T  INDICATES TRACE AMOUNT.




$$
