000
CDUS42 KILM 250841
CLIFLO


CLIMATE REPORT
NATIONAL WEATHER SERVICE WILMINGTON NC
441 AM EDT SAT OCT 25 2014


...................................

...THE FLORENCE SC CLIMATE SUMMARY FOR OCTOBER 24 2014...

CLIMATE NORMAL PERIOD 1981 TO 2010
CLIMATE RECORD PERIOD 1948 TO 2014


WEATHER ITEM   OBSERVED TIME   RECORD YEAR NORMAL DEPARTURE LAST
                VALUE   (LST)  VALUE       VALUE  FROM      YEAR
                                                  NORMAL
..................................................................
TEMPERATURE (F)
 YESTERDAY
  MAXIMUM         72    309 PM  87    2001  73     -1       64
                                      1953
  MINIMUM         46    649 AM  32    2006  50     -4       36
  AVERAGE         59                        62     -3       50

PRECIPITATION (IN)
  YESTERDAY        0.00          2.87 1982   0.09  -0.09     0.00
  MONTH TO DATE    1.08                      2.51  -1.43     0.82
  SINCE SEP 1      9.50                      6.18   3.32     1.71
  SINCE JAN 1     37.49                     36.66   0.83    48.17

DEGREE DAYS
 HEATING
  YESTERDAY        6                         5      1       15
  MONTH TO DATE   47                        67    -20       33
  SINCE SEP 1     53                        76    -23       33
  SINCE JUL 1     53                        76    -23       33

 COOLING
  YESTERDAY        0                         2     -2        0
  MONTH TO DATE   99                        76     23      103
  SINCE SEP 1    426                       362     64      401
  SINCE JAN 1   2258                      2032    226     2028
..................................................................


WIND (MPH)
  HIGHEST WIND SPEED     8   HIGHEST WIND DIRECTION     N (360)
  HIGHEST GUST SPEED    11   HIGHEST GUST DIRECTION     N (20)
  AVERAGE WIND SPEED     3.1


SKY COVER
  POSSIBLE SUNSHINE  MM
  AVERAGE SKY COVER 0.0


WEATHER CONDITIONS
 THE FOLLOWING WEATHER WAS RECORDED YESTERDAY.
  HAZE


RELATIVE HUMIDITY (PERCENT)
 HIGHEST    86           700 AM
 LOWEST     40           100 PM
 AVERAGE    63

..........................................................


THE FLORENCE SC CLIMATE NORMALS FOR TODAY
                         NORMAL    RECORD    YEAR
 MAXIMUM TEMPERATURE (F)   73        84      2012
                                             1991
 MINIMUM TEMPERATURE (F)   50        33      1999


SUNRISE AND SUNSET
OCTOBER 25 2014.......SUNRISE   732 AM EDT   SUNSET   633 PM EDT
OCTOBER 26 2014.......SUNRISE   733 AM EDT   SUNSET   632 PM EDT


-  INDICATES NEGATIVE NUMBERS.
R  INDICATES RECORD WAS SET OR TIED.
MM INDICATES DATA IS MISSING.
T  INDICATES TRACE AMOUNT.




$$
