000
CDUS42 KILM 222040
CLIFLO


CLIMATE REPORT
NATIONAL WEATHER SERVICE WILMINGTON NC
440 PM EDT FRI MAY 22 2015


...................................

...THE FLORENCE SC CLIMATE SUMMARY FOR MAY 22 2015...
VALID TODAY AS OF 0400 PM LOCAL TIME.

CLIMATE NORMAL PERIOD 1981 TO 2010
CLIMATE RECORD PERIOD 1948 TO 2015


WEATHER ITEM   OBSERVED TIME   RECORD YEAR NORMAL DEPARTURE LAST
                VALUE   (LST)  VALUE       VALUE  FROM      YEAR
                                                  NORMAL
..................................................................
TEMPERATURE (F)
 TODAY
  MAXIMUM         79    222 PM  97    1962  84     -5       94
  MINIMUM         63    619 AM  47    2002  61      2       68
                                      1954
  AVERAGE         71                        73     -2       81

PRECIPITATION (IN)
  TODAY            0.00          2.27 1967   0.12  -0.12     0.00
  MONTH TO DATE    1.09                      2.13  -1.04     2.54
  SINCE MAR 1      7.89                      8.08  -0.19    11.56
  SINCE JAN 1     14.82                     14.23   0.59    17.28

DEGREE DAYS
 HEATING
  TODAY            0                         0      0        0
  MONTH TO DATE    1                        22    -21        9
  SINCE MAR 1    306                       456   -150      540
  SINCE JUL 1   2544                      2522     22     2669

 COOLING
  TODAY            6                         8     -2       16
  MONTH TO DATE  178                       128     50      176
  SINCE MAR 1    292                       218     74      269
  SINCE JAN 1    295                       224     71      275
..................................................................


WIND (MPH)
  HIGHEST WIND SPEED    18   HIGHEST WIND DIRECTION    NE (30)
  HIGHEST GUST SPEED    25   HIGHEST GUST DIRECTION    NE (30)
  AVERAGE WIND SPEED    10.1


SKY COVER
  POSSIBLE SUNSHINE  MM
  AVERAGE SKY COVER 0.5


WEATHER CONDITIONS
 THE FOLLOWING WEATHER WAS RECORDED TODAY.
  NO SIGNIFICANT WEATHER WAS OBSERVED.


RELATIVE HUMIDITY (PERCENT)
 HIGHEST    81          1200 AM
 LOWEST     36           300 PM
 AVERAGE    59

..........................................................


THE FLORENCE SC CLIMATE NORMALS FOR TOMORROW
                         NORMAL    RECORD    YEAR
 MAXIMUM TEMPERATURE (F)   84       100      1953
 MINIMUM TEMPERATURE (F)   62        46      2002


SUNRISE AND SUNSET
MAY 22 2015...........SUNRISE   613 AM EDT   SUNSET   819 PM EDT
MAY 23 2015...........SUNRISE   612 AM EDT   SUNSET   819 PM EDT


-  INDICATES NEGATIVE NUMBERS.
R  INDICATES RECORD WAS SET OR TIED.
MM INDICATES DATA IS MISSING.
T  INDICATES TRACE AMOUNT.




$$
