000
CDUS42 KILM 250845
CLIFLO


CLIMATE REPORT
NATIONAL WEATHER SERVICE WILMINGTON NC
444 AM EDT TUE JUL 25 2017


...................................

...THE FLORENCE SC CLIMATE SUMMARY FOR JULY 24 2017...

CLIMATE NORMAL PERIOD 1981 TO 2010
CLIMATE RECORD PERIOD 1948 TO 2017


WEATHER ITEM   OBSERVED TIME   RECORD YEAR NORMAL DEPARTURE LAST
                VALUE   (LST)  VALUE       VALUE  FROM      YEAR
                                                  NORMAL
..................................................................
TEMPERATURE (F)
 YESTERDAY
  MAXIMUM         86    501 PM 104    1952  91     -5       96
  MINIMUM         72    144 AM  62    2007  72      0       77
  AVERAGE         79                        81     -2       87

PRECIPITATION (IN)
  YESTERDAY        T             1.89 1963   0.18  -0.18     0.00
  MONTH TO DATE    9.03                      4.00   5.03     5.87
  SINCE JUN 1     13.27                      8.62   4.65     9.83
  SINCE JAN 1     27.98                     23.98   4.00    30.92

DEGREE DAYS
 HEATING
  YESTERDAY        0                         0      0        0
  MONTH TO DATE    0                         0      0        0
  SINCE JUN 1      0                         1     -1        0
  SINCE JUL 1      0                         0      0        0

 COOLING
  YESTERDAY       14                        16     -2       22
  MONTH TO DATE  411                       384     27      474
  SINCE JUN 1    780                       781     -1      961
  SINCE JAN 1   1211                      1088    123     1308
..................................................................


WIND (MPH)
  HIGHEST WIND SPEED    23   HIGHEST WIND DIRECTION    SW (220)
  HIGHEST GUST SPEED    32   HIGHEST GUST DIRECTION    SW (210)
  AVERAGE WIND SPEED     6.9


SKY COVER
  POSSIBLE SUNSHINE  MM
  AVERAGE SKY COVER 0.6


WEATHER CONDITIONS
 THE FOLLOWING WEATHER WAS RECORDED YESTERDAY.
  THUNDERSTORM
  LIGHT RAIN


RELATIVE HUMIDITY (PERCENT)
 HIGHEST   100          1200 AM
 LOWEST     75           500 PM
 AVERAGE    88

..........................................................


THE FLORENCE SC CLIMATE NORMALS FOR TODAY
                         NORMAL    RECORD    YEAR
 MAXIMUM TEMPERATURE (F)   91        98      1949
 MINIMUM TEMPERATURE (F)   72        66      2008
                                             1977


SUNRISE AND SUNSET
JULY 25 2017..........SUNRISE   625 AM EDT   SUNSET   825 PM EDT
JULY 26 2017..........SUNRISE   626 AM EDT   SUNSET   825 PM EDT


-  INDICATES NEGATIVE NUMBERS.
R  INDICATES RECORD WAS SET OR TIED.
MM INDICATES DATA IS MISSING.
T  INDICATES TRACE AMOUNT.




$$
