000
CDUS42 KILM 200845
CLIFLO


CLIMATE REPORT
NATIONAL WEATHER SERVICE WILMINGTON NC
444 AM EDT SUN APR 20 2014


...................................

...THE FLORENCE SC CLIMATE SUMMARY FOR APRIL 19 2014...

CLIMATE NORMAL PERIOD 1981 TO 2010
CLIMATE RECORD PERIOD 1948 TO 2014


WEATHER ITEM   OBSERVED TIME   RECORD YEAR NORMAL DEPARTURE LAST
                VALUE   (LST)  VALUE       VALUE  FROM      YEAR
                                                  NORMAL
..................................................................
TEMPERATURE (F)
 YESTERDAY
  MAXIMUM         56    241 PM  92    1995  77    -21       87
  MINIMUM         50   1159 PM  32    1983  52     -2       58
  AVERAGE         53                        64    -11       73

PRECIPITATION (IN)
  YESTERDAY        1.14R         0.97 2013   0.08   1.06     0.97
  MONTH TO DATE    3.72                      1.63   2.09     2.47
  SINCE MAR 1      8.27                      4.96   3.31     4.96
  SINCE JAN 1     13.99                     11.11   2.88    11.48

SNOWFALL (IN)
  YESTERDAY       MM
  MONTH TO DATE   MM
  SINCE MAR 1     MM
  SINCE JUL 1     MM
  SNOW DEPTH      MM

DEGREE DAYS
 HEATING
  YESTERDAY       12                         3      9        0
  MONTH TO DATE   78                        95    -17       65
  SINCE MAR 1    521                       405    116      529
  SINCE JUL 1   2650                      2471    179     2276

 COOLING
  YESTERDAY        0                         2     -2        8
  MONTH TO DATE   36                        35      1       59
  SINCE MAR 1     40                        53    -13       67
  SINCE JAN 1     46                        59    -13       88
..................................................................


WIND (MPH)
  HIGHEST WIND SPEED    25   HIGHEST WIND DIRECTION    NE (60)
  HIGHEST GUST SPEED    33   HIGHEST GUST DIRECTION    NE (60)
  AVERAGE WIND SPEED    15.2


SKY COVER
  POSSIBLE SUNSHINE  MM
  AVERAGE SKY COVER 1.0


WEATHER CONDITIONS
 THE FOLLOWING WEATHER WAS RECORDED YESTERDAY.
  HEAVY RAIN
  RAIN
  LIGHT RAIN
  FOG


RELATIVE HUMIDITY (PERCENT)
 HIGHEST    96           600 PM
 LOWEST     86           600 AM
 AVERAGE    91

..........................................................


THE FLORENCE SC CLIMATE NORMALS FOR TODAY
                         NORMAL    RECORD    YEAR
 MAXIMUM TEMPERATURE (F)   77        93      2002
 MINIMUM TEMPERATURE (F)   52        27      1983


SUNRISE AND SUNSET
APRIL 20 2014.........SUNRISE   642 AM EDT   SUNSET   754 PM EDT
APRIL 21 2014.........SUNRISE   641 AM EDT   SUNSET   755 PM EDT


-  INDICATES NEGATIVE NUMBERS.
R  INDICATES RECORD WAS SET OR TIED.
MM INDICATES DATA IS MISSING.
T  INDICATES TRACE AMOUNT.




$$
