000
CDUS42 KILM 240841
CLIFLO


CLIMATE REPORT
NATIONAL WEATHER SERVICE WILMINGTON NC
440 AM EDT THU APR 24 2014


...................................

...THE FLORENCE SC CLIMATE SUMMARY FOR APRIL 23 2014...

CLIMATE NORMAL PERIOD 1981 TO 2010
CLIMATE RECORD PERIOD 1948 TO 2014


WEATHER ITEM   OBSERVED TIME   RECORD YEAR NORMAL DEPARTURE LAST
                VALUE   (LST)  VALUE       VALUE  FROM      YEAR
                                                  NORMAL
..................................................................
TEMPERATURE (F)
 YESTERDAY
  MAXIMUM         82    318 PM  93    1980  78      4       69
  MINIMUM         51   1153 PM  35    1986  53     -2       50
  AVERAGE         67                        65      2       60

PRECIPITATION (IN)
  YESTERDAY        0.00          1.40 1971   0.10  -0.10      T
  MONTH TO DATE    3.82                      2.01   1.81     2.59
  SINCE MAR 1      8.37                      5.34   3.03     5.08
  SINCE JAN 1     14.09                     11.49   2.60    11.60

SNOWFALL (IN)
  YESTERDAY       MM
  MONTH TO DATE   MM
  SINCE MAR 1     MM
  SINCE JUL 1     MM
  SNOW DEPTH      MM

DEGREE DAYS
 HEATING
  YESTERDAY        0                         3     -3        5
  MONTH TO DATE   86                       107    -21       98
  SINCE MAR 1    529                       417    112      562
  SINCE JUL 1   2658                      2483    175     2309

 COOLING
  YESTERDAY        2                         3     -1        0
  MONTH TO DATE   40                        47     -7       59
  SINCE MAR 1     44                        65    -21       67
  SINCE JAN 1     50                        71    -21       88
..................................................................


WIND (MPH)
  HIGHEST WIND SPEED    17   HIGHEST WIND DIRECTION    NW (310)
  HIGHEST GUST SPEED    24   HIGHEST GUST DIRECTION    NW (330)
  AVERAGE WIND SPEED     7.1


SKY COVER
  POSSIBLE SUNSHINE  MM
  AVERAGE SKY COVER 0.0


WEATHER CONDITIONS
 THE FOLLOWING WEATHER WAS RECORDED YESTERDAY.
  FOG


RELATIVE HUMIDITY (PERCENT)
 HIGHEST    97           400 AM
 LOWEST     20           300 PM
 AVERAGE    59

..........................................................


THE FLORENCE SC CLIMATE NORMALS FOR TODAY
                         NORMAL    RECORD    YEAR
 MAXIMUM TEMPERATURE (F)   78        92      2006
                                             1976
 MINIMUM TEMPERATURE (F)   53        35      1982


SUNRISE AND SUNSET
APRIL 24 2014.........SUNRISE   637 AM EDT   SUNSET   757 PM EDT
APRIL 25 2014.........SUNRISE   636 AM EDT   SUNSET   758 PM EDT


-  INDICATES NEGATIVE NUMBERS.
R  INDICATES RECORD WAS SET OR TIED.
MM INDICATES DATA IS MISSING.
T  INDICATES TRACE AMOUNT.




$$
