000
CDUS42 KILM 272100
CLIFLO


CLIMATE REPORT
NATIONAL WEATHER SERVICE WILMINGTON NC
500 PM EDT MON JUN 27 2016


...................................

...THE FLORENCE SC CLIMATE SUMMARY FOR JUNE 27 2016...
VALID TODAY AS OF 0400 PM LOCAL TIME.

CLIMATE NORMAL PERIOD 1981 TO 2010
CLIMATE RECORD PERIOD 1948 TO 2016


WEATHER ITEM   OBSERVED TIME   RECORD YEAR NORMAL DEPARTURE LAST
                VALUE   (LST)  VALUE       VALUE  FROM      YEAR
                                                  NORMAL
..................................................................
TEMPERATURE (F)
 TODAY
  MAXIMUM         91    248 PM 108    1954  90      1       91
  MINIMUM         70    532 AM  58    2012  70      0       73
  AVERAGE         81                        80      1       82

PRECIPITATION (IN)
  TODAY            0.00          2.78 1951   0.15  -0.15     0.64
  MONTH TO DATE    3.26                      4.16  -0.90     3.40
  SINCE JUN 1      3.26                      4.16  -0.90     3.40
  SINCE JAN 1     24.35                     19.52   4.83    18.42

DEGREE DAYS
 HEATING
  TODAY            0                         0      0        0
  MONTH TO DATE    0                         0      0        0
  SINCE JUN 1      0                         0      0        0
  SINCE JUL 1   1948                      2523   -575     2544

 COOLING
  TODAY           16                        15      1       17
  MONTH TO DATE  440                       351     89      491
  SINCE JUN 1    440                       351     89      491
  SINCE JAN 1    787                       658    129      876
..................................................................


WIND (MPH)
  HIGHEST WIND SPEED    10   HIGHEST WIND DIRECTION    SE (130)
  HIGHEST GUST SPEED    13   HIGHEST GUST DIRECTION     S (170)
  AVERAGE WIND SPEED     2.7


SKY COVER
  POSSIBLE SUNSHINE  MM
  AVERAGE SKY COVER 0.2


WEATHER CONDITIONS
 THE FOLLOWING WEATHER WAS RECORDED TODAY.
  FOG


RELATIVE HUMIDITY (PERCENT)
 HIGHEST    97           300 AM
 LOWEST     44           200 PM
 AVERAGE    71

..........................................................


THE FLORENCE SC CLIMATE NORMALS FOR TOMORROW
                         NORMAL    RECORD    YEAR
 MAXIMUM TEMPERATURE (F)   90       102      1998
 MINIMUM TEMPERATURE (F)   70        57      1988


SUNRISE AND SUNSET
JUNE 27 2016..........SUNRISE   609 AM EDT   SUNSET   835 PM EDT
JUNE 28 2016..........SUNRISE   610 AM EDT   SUNSET   835 PM EDT


-  INDICATES NEGATIVE NUMBERS.
R  INDICATES RECORD WAS SET OR TIED.
MM INDICATES DATA IS MISSING.
T  INDICATES TRACE AMOUNT.




$$
