000
CDUS42 KILM 280844
CLIFLO


CLIMATE REPORT
NATIONAL WEATHER SERVICE WILMINGTON NC
444 AM EDT THU AUG 28 2014


...................................

...THE FLORENCE SC CLIMATE SUMMARY FOR AUGUST 27 2014...

CLIMATE NORMAL PERIOD 1981 TO 2010
CLIMATE RECORD PERIOD 1948 TO 2014


WEATHER ITEM   OBSERVED TIME   RECORD YEAR NORMAL DEPARTURE LAST
                VALUE   (LST)  VALUE       VALUE  FROM      YEAR
                                                  NORMAL
..................................................................
TEMPERATURE (F)
 YESTERDAY
  MAXIMUM         91    432 PM 101    1954  88      3       87
  MINIMUM         64   1159 PM  58    1966  70     -6       61
  AVERAGE         78                        79     -1       74

PRECIPITATION (IN)
  YESTERDAY        0.00          3.89 2002   0.15  -0.15     0.00
  MONTH TO DATE    3.89                      4.62  -0.73     4.44
  SINCE JUN 1     10.63                     14.50  -3.87    27.63
  SINCE JAN 1     27.99                     29.86  -1.87    46.46

DEGREE DAYS
 HEATING
  YESTERDAY        0                         0      0        0
  MONTH TO DATE    0                         0      0        0
  SINCE JUN 1      0                         1     -1        0
  SINCE JUL 1      0                         0      0        0

 COOLING
  YESTERDAY       13                        14     -1        9
  MONTH TO DATE  398                       410    -12      378
  SINCE JUN 1   1384                      1309     75     1296
  SINCE JAN 1   1766                      1616    150     1563
..................................................................


WIND (MPH)
  HIGHEST WIND SPEED    15   HIGHEST WIND DIRECTION    NE (30)
  HIGHEST GUST SPEED    18   HIGHEST GUST DIRECTION     N (20)
  AVERAGE WIND SPEED     6.0


SKY COVER
  POSSIBLE SUNSHINE  MM
  AVERAGE SKY COVER 0.0


WEATHER CONDITIONS
 THE FOLLOWING WEATHER WAS RECORDED YESTERDAY.
  NO SIGNIFICANT WEATHER WAS OBSERVED.


RELATIVE HUMIDITY (PERCENT)
 HIGHEST    87           200 AM
 LOWEST     24           500 PM
 AVERAGE    56

..........................................................


THE FLORENCE SC CLIMATE NORMALS FOR TODAY
                         NORMAL    RECORD    YEAR
 MAXIMUM TEMPERATURE (F)   88       101      1948
 MINIMUM TEMPERATURE (F)   69        58      1969


SUNRISE AND SUNSET
AUGUST 28 2014........SUNRISE   649 AM EDT   SUNSET   750 PM EDT
AUGUST 29 2014........SUNRISE   650 AM EDT   SUNSET   749 PM EDT


-  INDICATES NEGATIVE NUMBERS.
R  INDICATES RECORD WAS SET OR TIED.
MM INDICATES DATA IS MISSING.
T  INDICATES TRACE AMOUNT.




$$
