510
CDUS42 KILM 142231
CLIFLO


CLIMATE REPORT
NATIONAL WEATHER SERVICE WILMINGTON NC
530 PM EST SUN FEB 14 2016


...................................

...THE FLORENCE SC CLIMATE SUMMARY FOR FEBRUARY 14 2016...
VALID TODAY AS OF 0400 PM LOCAL TIME.

CLIMATE NORMAL PERIOD 1981 TO 2010
CLIMATE RECORD PERIOD 1948 TO 2016


WEATHER ITEM   OBSERVED TIME   RECORD YEAR NORMAL DEPARTURE LAST
                VALUE   (LST)  VALUE       VALUE  FROM      YEAR
                                                  NORMAL
..................................................................
TEMPERATURE (F)
 TODAY
  MAXIMUM         35    357 PM  80    1989  59    -24       59
  MINIMUM         21    443 AM  15    1968  37    -16       22
  AVERAGE         28                        48    -20       41

PRECIPITATION (IN)
  TODAY            0.00          1.45 1997   0.10  -0.10     0.00
  MONTH TO DATE    2.92                      1.41   1.51     1.42
  SINCE DEC 1     12.14                      7.65   4.49     7.05
  SINCE JAN 1      5.05                      4.64   0.41     3.85

SNOWFALL (IN)
  TODAY           MM
  MONTH TO DATE   MM
  SINCE DEC 1     MM
  SINCE JUL 1     MM
  SNOW DEPTH      MM

DEGREE DAYS
 HEATING
  TODAY           37                        17     20       24
  MONTH TO DATE  300                       251     49      266
  SINCE DEC 1   1196                      1431   -235     1358
  SINCE JUL 1   1460                      1853   -393     1858

 COOLING
  TODAY            0                         0      0        0
  MONTH TO DATE    1                         0      1        0
  SINCE DEC 1     58                         6     52        3
  SINCE JAN 1      1                         2     -1        3
..................................................................


WIND (MPH)
  HIGHEST WIND SPEED    16   HIGHEST WIND DIRECTION     E (70)
  HIGHEST GUST SPEED    20   HIGHEST GUST DIRECTION     E (70)
  AVERAGE WIND SPEED     9.4


SKY COVER
  POSSIBLE SUNSHINE  MM
  AVERAGE SKY COVER 0.4


WEATHER CONDITIONS
 THE FOLLOWING WEATHER WAS RECORDED TODAY.
  NO SIGNIFICANT WEATHER WAS OBSERVED.


RELATIVE HUMIDITY (PERCENT)
 HIGHEST    52           500 AM
 LOWEST     25           100 PM
 AVERAGE    39

..........................................................


THE FLORENCE SC CLIMATE NORMALS FOR TOMORROW
                         NORMAL    RECORD    YEAR
 MAXIMUM TEMPERATURE (F)   60        83      1989
 MINIMUM TEMPERATURE (F)   37        22      1991


SUNRISE AND SUNSET
FEBRUARY 14 2016......SUNRISE   705 AM EST   SUNSET   601 PM EST
FEBRUARY 15 2016......SUNRISE   704 AM EST   SUNSET   602 PM EST


-  INDICATES NEGATIVE NUMBERS.
R  INDICATES RECORD WAS SET OR TIED.
MM INDICATES DATA IS MISSING.
T  INDICATES TRACE AMOUNT.




$$
