000
CDUS42 KTBW 202132
CLIFMY


CLIMATE REPORT
NATIONAL WEATHER SERVICE TAMPA BAY FL
527 PM EDT MON OCT 20 2014


...................................

...THE FORT MYERS CLIMATE SUMMARY FOR OCTOBER 20 2014...
VALID TODAY AS OF 0500 PM LOCAL TIME.

CLIMATE NORMAL PERIOD 1981 TO 2010
CLIMATE RECORD PERIOD 1902 TO 2014


WEATHER ITEM   OBSERVED TIME   RECORD YEAR NORMAL DEPARTURE LAST
                VALUE   (LST)  VALUE       VALUE  FROM      YEAR
                                                  NORMAL
..................................................................
TEMPERATURE (F)
 TODAY
  MAXIMUM         88    307 PM  93    1919  86      2       89
  MINIMUM         66    517 AM  51    1989  68     -2       75
  AVERAGE         77                        77      0       82

PRECIPITATION (IN)
  TODAY            0.00          2.84 1924   0.08  -0.08     0.00
  MONTH TO DATE    1.24                      2.06  -0.82     1.16
  SINCE SEP 1      8.48                     10.37  -1.89    12.08
  SINCE JAN 1     37.72                     51.44 -13.72    51.68

DEGREE DAYS
 HEATING
  TODAY            0                         0      0        0
  MONTH TO DATE    0                         0      0        0
  SINCE SEP 1      0                         0      0        0
  SINCE JUL 1      0                         0      0        0

 COOLING
  TODAY           12                        12      0       17
  MONTH TO DATE  268                       282    -14      301
  SINCE SEP 1    768                       804    -36      788
  SINCE JAN 1   3679                      3528    151     3506
..................................................................


WIND (MPH)
  RESULTANT WIND SPEED   3   RESULTANT WIND DIRECTION   E (90)
  HIGHEST WIND SPEED    12   HIGHEST WIND DIRECTION     E (100)
  HIGHEST GUST SPEED    15   HIGHEST GUST DIRECTION     E (100)
  AVERAGE WIND SPEED     3.7


SKY COVER
  POSSIBLE SUNSHINE  MM
  AVERAGE SKY COVER 0.2


WEATHER CONDITIONS
 THE FOLLOWING WEATHER WAS RECORDED TODAY.
  NO SIGNIFICANT WEATHER WAS OBSERVED.


RELATIVE HUMIDITY (PERCENT)
 HIGHEST    93           400 AM
 LOWEST     43           200 PM

..........................................................


THE FORT MYERS CLIMATE NORMALS FOR TOMORROW
                         NORMAL    RECORD    YEAR
 MAXIMUM TEMPERATURE (F)   86        93      1993
 MINIMUM TEMPERATURE (F)   68        48      1989


SUNRISE AND SUNSET
OCTOBER 20 2014.......SUNRISE   730 AM EDT   SUNSET   655 PM EDT
OCTOBER 21 2014.......SUNRISE   730 AM EDT   SUNSET   654 PM EDT


-  INDICATES NEGATIVE NUMBERS.
R  INDICATES RECORD WAS SET OR TIED.
MM INDICATES DATA IS MISSING.
T  INDICATES TRACE AMOUNT.




$$


&&
------------------------------------------------------------------
******************** SUPPLEMENTAL DATA ***************************

...GULF WATER TEMPERATURE AT FORT MYERS BEACH 81
