000
CDUS42 KTBW 252116
CLIFMY


CLIMATE REPORT
NATIONAL WEATHER SERVICE TAMPA BAY FL
514 PM EDT SUN JUN 25 2017


...................................

...THE FORT MYERS CLIMATE SUMMARY FOR JUNE 25 2017...
VALID TODAY AS OF 0500 PM LOCAL TIME.

CLIMATE NORMAL PERIOD 1981 TO 2010
CLIMATE RECORD PERIOD 1902 TO 2017


WEATHER ITEM   OBSERVED TIME   RECORD YEAR NORMAL DEPARTURE LAST
                VALUE   (LST)  VALUE       VALUE  FROM      YEAR
                                                  NORMAL
..................................................................
TEMPERATURE (F)
 TODAY
  MAXIMUM         95    203 PM  98    2007  92      3       93
  MINIMUM         76    602 AM  69    2000  74      2       76
                                      1964
                                      1917
  AVERAGE         86                        83      3       85

PRECIPITATION (IN)
  TODAY            0.20          5.52 1974   0.37  -0.17      T
  MONTH TO DATE   10.03                      8.25   1.78    10.42
  SINCE JUN 1     10.03                      8.25   1.78    10.42
  SINCE JAN 1     16.21                     20.05  -3.84    31.29

DEGREE DAYS
 HEATING
  TODAY            0                         0      0        0
  MONTH TO DATE    0                         0      0        0
  SINCE JUN 1      0                         0      0        0
  SINCE JUL 1     76                       287   -211      204

 COOLING
  TODAY           21                        18      3       20
  MONTH TO DATE  401                       438    -37      453
  SINCE JUN 1    401                       438    -37      453
  SINCE JAN 1   1683                      1504    179     1551
..................................................................


WIND (MPH)
  RESULTANT WIND SPEED   3   RESULTANT WIND DIRECTION   E (100)
  HIGHEST WIND SPEED    18   HIGHEST WIND DIRECTION     W (280)
  HIGHEST GUST SPEED    22   HIGHEST GUST DIRECTION     W (280)
  AVERAGE WIND SPEED     3.6


SKY COVER
  POSSIBLE SUNSHINE  MM
  AVERAGE SKY COVER 0.4


WEATHER CONDITIONS
 THE FOLLOWING WEATHER WAS RECORDED TODAY.
  THUNDERSTORM
  HEAVY RAIN
  FOG
  HAZE


RELATIVE HUMIDITY (PERCENT)
 HIGHEST   100           400 AM
 LOWEST     49           100 PM

..........................................................


THE FORT MYERS CLIMATE NORMALS FOR TOMORROW
                         NORMAL    RECORD    YEAR
 MAXIMUM TEMPERATURE (F)   92        97      2014
                                             1994
                                             1952
 MINIMUM TEMPERATURE (F)   74        67      1971


SUNRISE AND SUNSET
JUNE 25 2017..........SUNRISE   636 AM EDT   SUNSET   824 PM EDT
JUNE 26 2017..........SUNRISE   636 AM EDT   SUNSET   824 PM EDT


-  INDICATES NEGATIVE NUMBERS.
R  INDICATES RECORD WAS SET OR TIED.
MM INDICATES DATA IS MISSING.
T  INDICATES TRACE AMOUNT.




$$


&&
------------------------------------------------------------------
******************** SUPPLEMENTAL DATA ***************************

...GULF WATER TEMPERATURE AT FORT MYERS BEACH 89 DEGREES
