000
CDUS42 KTBW 242215
CLIFMY


CLIMATE REPORT
NATIONAL WEATHER SERVICE TAMPA BAY FL
513 PM EST FRI NOV 24 2017


...................................

...THE FORT MYERS CLIMATE SUMMARY FOR NOVEMBER 24 2017...
VALID TODAY AS OF 0500 PM LOCAL TIME.

CLIMATE NORMAL PERIOD 1981 TO 2010
CLIMATE RECORD PERIOD 1902 TO 2017


WEATHER ITEM   OBSERVED TIME   RECORD YEAR NORMAL DEPARTURE LAST
                VALUE   (LST)  VALUE       VALUE  FROM      YEAR
                                                  NORMAL
..................................................................
TEMPERATURE (F)
 TODAY
  MAXIMUM         77    142 PM  88    1992  80     -3       85
  MINIMUM         68    722 AM  36    1956  60      8       64
  AVERAGE         73                        70      3       75

PRECIPITATION (IN)
  TODAY            0.08          0.69 1998   0.04   0.04     0.00
  MONTH TO DATE    0.37                      1.67  -1.30      T
  SINCE SEP 1     13.32                     12.86   0.46    10.14
  SINCE JAN 1     60.07                     53.93   6.14    63.62

DEGREE DAYS
 HEATING
  TODAY            0                         1     -1        0
  MONTH TO DATE    0                         9     -9        5
  SINCE SEP 1      5                        11     -6        5
  SINCE JUL 1      5                        11     -6        5

 COOLING
  TODAY            8                         6      2       10
  MONTH TO DATE  232                       182     50      141
  SINCE SEP 1   1166                      1106     60     1109
  SINCE JAN 1   4128                      3830    298     3954
..................................................................


WIND (MPH)
  RESULTANT WIND SPEED   8   RESULTANT WIND DIRECTION  NW (300)
  HIGHEST WIND SPEED    16   HIGHEST WIND DIRECTION    NW (320)
  HIGHEST GUST SPEED    19   HIGHEST GUST DIRECTION    NW (330)
  AVERAGE WIND SPEED     8.3


SKY COVER
  POSSIBLE SUNSHINE  MM
  AVERAGE SKY COVER 0.3


WEATHER CONDITIONS
 THE FOLLOWING WEATHER WAS RECORDED TODAY.
  LIGHT RAIN


RELATIVE HUMIDITY (PERCENT)
 HIGHEST    97           300 AM
 LOWEST     64           300 PM

..........................................................


THE FORT MYERS CLIMATE NORMALS FOR TOMORROW
                         NORMAL    RECORD    YEAR
 MAXIMUM TEMPERATURE (F)   80        89      1992
                                             1986
 MINIMUM TEMPERATURE (F)   60        34      1970


SUNRISE AND SUNSET
NOVEMBER 24 2017......SUNRISE   654 AM EST   SUNSET   535 PM EST
NOVEMBER 25 2017......SUNRISE   654 AM EST   SUNSET   535 PM EST


-  INDICATES NEGATIVE NUMBERS.
R  INDICATES RECORD WAS SET OR TIED.
MM INDICATES DATA IS MISSING.
T  INDICATES TRACE AMOUNT.




$$


&&
------------------------------------------------------------------
******************** SUPPLEMENTAL DATA ***************************

...GULF WATER TEMPERATURE AT FORT MYERS BEACH 75 DEGREES
