000
CDUS42 KTBW 252216
CLIFMY


CLIMATE REPORT
NATIONAL WEATHER SERVICE TAMPA BAY FL
515 PM EST SUN JAN 25 2015


...................................

...THE FORT MYERS CLIMATE SUMMARY FOR JANUARY 25 2015...
VALID TODAY AS OF 0500 PM LOCAL TIME.

CLIMATE NORMAL PERIOD 1981 TO 2010
CLIMATE RECORD PERIOD 1902 TO 2015


WEATHER ITEM   OBSERVED TIME   RECORD YEAR NORMAL DEPARTURE LAST
                VALUE   (LST)  VALUE       VALUE  FROM      YEAR
                                                  NORMAL
..................................................................
TEMPERATURE (F)
 TODAY
  MAXIMUM         67    309 PM  86    2012  75     -8       73
  MINIMUM         46    705 AM  37    2003  54     -8       48
  AVERAGE         57                        64     -7       61

PRECIPITATION (IN)
  TODAY            0.00          1.50 2011   0.06  -0.06     0.00
  MONTH TO DATE    0.50                      1.55  -1.05     0.34
  SINCE DEC 1      0.55                      3.26  -2.71     0.84
  SINCE JAN 1      0.50                      1.55  -1.05     0.34

DEGREE DAYS
 HEATING
  TODAY            8                         3      5        4
  MONTH TO DATE   29                        94    -65      122
  SINCE DEC 1     77                       169    -92      126
  SINCE JUL 1    118                       187    -69      135

 COOLING
  TODAY            0                         3     -3        0
  MONTH TO DATE  100                        74     26       70
  SINCE DEC 1    238                       195     43      285
  SINCE JAN 1    100                        74     26       70
..................................................................


WIND (MPH)
  RESULTANT WIND SPEED   3   RESULTANT WIND DIRECTION   N (360)
  HIGHEST WIND SPEED    14   HIGHEST WIND DIRECTION     W (280)
  HIGHEST GUST SPEED    17   HIGHEST GUST DIRECTION     W (280)
  AVERAGE WIND SPEED     5.1


SKY COVER
  POSSIBLE SUNSHINE  MM
  AVERAGE SKY COVER 0.1


WEATHER CONDITIONS
 THE FOLLOWING WEATHER WAS RECORDED TODAY.
  NO SIGNIFICANT WEATHER WAS OBSERVED.


RELATIVE HUMIDITY (PERCENT)
 HIGHEST    93           500 AM
 LOWEST     48           200 PM

..........................................................


THE FORT MYERS CLIMATE NORMALS FOR TOMORROW
                         NORMAL    RECORD    YEAR
 MAXIMUM TEMPERATURE (F)   75        86      1974
 MINIMUM TEMPERATURE (F)   54        27      1905


SUNRISE AND SUNSET
JANUARY 25 2015.......SUNRISE   715 AM EST   SUNSET   604 PM EST
JANUARY 26 2015.......SUNRISE   715 AM EST   SUNSET   605 PM EST


-  INDICATES NEGATIVE NUMBERS.
R  INDICATES RECORD WAS SET OR TIED.
MM INDICATES DATA IS MISSING.
T  INDICATES TRACE AMOUNT.




$$


&&
------------------------------------------------------------------
******************** SUPPLEMENTAL DATA ***************************

...GULF WATER TEMPERATURE AT FORT MYERS BEACH 70
