000
CDUS42 KTBW 210831
CLIFMY


CLIMATE REPORT
NATIONAL WEATHER SERVICE TAMPA BAY FL
428 AM EDT THU AUG 21 2014


...................................

...THE FORT MYERS CLIMATE SUMMARY FOR AUGUST 20 2014...

CLIMATE NORMAL PERIOD 1981 TO 2010
CLIMATE RECORD PERIOD 1902 TO 2014


WEATHER ITEM   OBSERVED TIME   RECORD YEAR NORMAL DEPARTURE LAST
                VALUE   (LST)  VALUE       VALUE  FROM      YEAR
                                                  NORMAL
..................................................................
TEMPERATURE (F)
 YESTERDAY
  MAXIMUM         97    327 PM  98    1987  92      5       90
  MINIMUM         79   1159 PM  70    1953  75      4       73
                                      1948
                                      1916
  AVERAGE         88                        83      5       82

PRECIPITATION (IN)
  YESTERDAY        0.00          3.04 1981   0.32  -0.32      T
  MONTH TO DATE    4.93                      6.44  -1.51     5.31
  SINCE JUN 1     16.05                     25.57  -9.52    25.69
  SINCE JAN 1     27.39                     37.37  -9.98    35.85

DEGREE DAYS
 HEATING
  YESTERDAY        0                         0      0        0
  MONTH TO DATE    0                         0      0        0
  SINCE JUN 1      0                         0      0        0
  SINCE JUL 1      0                         0      0        0

 COOLING
  YESTERDAY       23                        18      5       17
  MONTH TO DATE  389                       360     29      362
  SINCE JUN 1   1499                      1449     50     1389
  SINCE JAN 1   2690                      2515    175     2527
..................................................................


WIND (MPH)
  RESULTANT WIND SPEED   2   RESULTANT WIND DIRECTION   N (10)
  HIGHEST WIND SPEED    13   HIGHEST WIND DIRECTION    SW (210)
  HIGHEST GUST SPEED    17   HIGHEST GUST DIRECTION     S (170)
  AVERAGE WIND SPEED     4.2


SKY COVER
  POSSIBLE SUNSHINE  MM
  AVERAGE SKY COVER 0.2


WEATHER CONDITIONS
 THE FOLLOWING WEATHER WAS RECORDED YESTERDAY.
  THUNDERSTORM


RELATIVE HUMIDITY (PERCENT)
 HIGHEST    94           300 AM
 LOWEST     46           200 PM

..........................................................


THE FORT MYERS CLIMATE NORMALS FOR TODAY
                         NORMAL    RECORD    YEAR
 MAXIMUM TEMPERATURE (F)   92        96      2010
 MINIMUM TEMPERATURE (F)   75        70      1947
                                             1929
                                             1916


SUNRISE AND SUNSET
AUGUST 21 2014........SUNRISE   702 AM EDT   SUNSET   758 PM EDT
AUGUST 22 2014........SUNRISE   703 AM EDT   SUNSET   758 PM EDT


-  INDICATES NEGATIVE NUMBERS.
R  INDICATES RECORD WAS SET OR TIED.
MM INDICATES DATA IS MISSING.
T  INDICATES TRACE AMOUNT.




$$


&&
------------------------------------------------------------------
******************** SUPPLEMENTAL DATA ***************************

...GULF WATER TEMPERATURE AT FORT MYERS BEACH 90.
