000
CDUS42 KTBW 022216
CLIFMY


CLIMATE REPORT
NATIONAL WEATHER SERVICE TAMPA BAY FL
514 PM EST MON MAR 2 2015


...................................

...THE FORT MYERS CLIMATE SUMMARY FOR MARCH 2 2015...
VALID TODAY AS OF 0500 PM LOCAL TIME.

CLIMATE NORMAL PERIOD 1981 TO 2010
CLIMATE RECORD PERIOD 1902 TO 2015


WEATHER ITEM   OBSERVED TIME   RECORD YEAR NORMAL DEPARTURE LAST
                VALUE   (LST)  VALUE       VALUE  FROM      YEAR
                                                  NORMAL
..................................................................
TEMPERATURE (F)
 TODAY
  MAXIMUM         85    441 PM  89    1979  79      6       83
  MINIMUM         64    601 AM  33    1920  58      6       58
  AVERAGE         75                        68      7       71

PRECIPITATION (IN)
  TODAY            0.00          2.10 1965   0.07  -0.07     0.00
  MONTH TO DATE    0.01                      0.15  -0.14     0.00
  SINCE MAR 1      0.01                      0.15  -0.14     0.00
  SINCE JAN 1      3.20                      4.24  -1.04     3.44

DEGREE DAYS
 HEATING
  TODAY            0                         1     -1        0
  MONTH TO DATE    0                         2     -2        0
  SINCE MAR 1      0                         2     -2        0
  SINCE JUL 1    231                       262    -31      169

 COOLING
  TODAY           10                         5      5        6
  MONTH TO DATE   23                        10     13        7
  SINCE MAR 1     23                        10     13        7
  SINCE JAN 1    171                       195    -24      268
..................................................................


WIND (MPH)
  RESULTANT WIND SPEED   4   RESULTANT WIND DIRECTION   E (80)
  HIGHEST WIND SPEED    13   HIGHEST WIND DIRECTION    NE (50)
  HIGHEST GUST SPEED    16   HIGHEST GUST DIRECTION    NE (40)
  AVERAGE WIND SPEED     4.9


SKY COVER
  POSSIBLE SUNSHINE  MM
  AVERAGE SKY COVER 0.5


WEATHER CONDITIONS
 THE FOLLOWING WEATHER WAS RECORDED TODAY.
  FOG
  FOG W/VISIBILITY <= 1/4 MILE


RELATIVE HUMIDITY (PERCENT)
 HIGHEST   100           200 AM
 LOWEST     47           500 PM

..........................................................


THE FORT MYERS CLIMATE NORMALS FOR TOMORROW
                         NORMAL    RECORD    YEAR
 MAXIMUM TEMPERATURE (F)   79        87      2008
                                             1964
                                             1963
 MINIMUM TEMPERATURE (F)   58        33      1980


SUNRISE AND SUNSET
MARCH  2 2015.........SUNRISE   650 AM EST   SUNSET   629 PM EST
MARCH  3 2015.........SUNRISE   649 AM EST   SUNSET   630 PM EST


-  INDICATES NEGATIVE NUMBERS.
R  INDICATES RECORD WAS SET OR TIED.
MM INDICATES DATA IS MISSING.
T  INDICATES TRACE AMOUNT.




$$


&&
------------------------------------------------------------------
******************** SUPPLEMENTAL DATA ***************************

...GULF WATER TEMPERATURE AT FORT MYERS BEACH 70
