000
CDUS43 KDTX 010541
CLIFNT


CLIMATE REPORT
NATIONAL WEATHER SERVICE DETROIT/PONTIAC MI
141 AM EDT MON MAY 1 2017


...................................

...THE FLINT MI CLIMATE SUMMARY FOR APRIL 30 2017...

CLIMATE NORMAL PERIOD 1981 TO 2010
CLIMATE RECORD PERIOD 1921 TO 2017


WEATHER ITEM   OBSERVED TIME   RECORD YEAR NORMAL DEPARTURE LAST
                VALUE   (LST)  VALUE       VALUE  FROM      YEAR
                                                  NORMAL
..................................................................
TEMPERATURE (F)
 YESTERDAY
  MAXIMUM         49    521 PM  86    1942  63    -14       62
  MINIMUM         40    223 AM  20    1939  40      0       36
  AVERAGE         45                        52     -7       49

PRECIPITATION (IN)
  YESTERDAY        1.11          1.26 1962   0.10   1.01     0.36
  MONTH TO DATE    5.19                      2.89   2.30     2.33
  SINCE MAR 1      8.40                      4.80   3.60     6.66
  SINCE JAN 1     13.95                      7.91   6.04    10.51

SNOWFALL (IN)
  YESTERDAY        0.0           0.8  1963   0.0    0.0      0.0
  MONTH TO DATE    1.5                       2.3   -0.8      6.8
  SINCE MAR 1      6.9                       8.8   -1.9     18.4
  SINCE JUL 1     39.4                      47.4   -8.0     69.0
  SNOW DEPTH       0

DEGREE DAYS
 HEATING
  YESTERDAY       20                        14      6       16
  MONTH TO DATE  404                       563   -159      565
  SINCE MAR 1   1362                      1519   -157     1279
  SINCE JUL 1   5511                      6607  -1096     5149

 COOLING
  YESTERDAY        0                         0      0        0
  MONTH TO DATE    3                         4     -1        0
  SINCE MAR 1      3                         4     -1        1
  SINCE JAN 1      3                         4     -1        1
..................................................................


WIND (MPH)
  HIGHEST WIND SPEED    20   HIGHEST WIND DIRECTION     E (80)
  HIGHEST GUST SPEED    24   HIGHEST GUST DIRECTION     E (80)
  AVERAGE WIND SPEED    10.3


SKY COVER
  POSSIBLE SUNSHINE  MM
  AVERAGE SKY COVER 1.0


WEATHER CONDITIONS
 THE FOLLOWING WEATHER WAS RECORDED YESTERDAY.
  HEAVY RAIN
  RAIN
  LIGHT RAIN
  FOG


RELATIVE HUMIDITY (PERCENT)
 HIGHEST   100           800 PM
 LOWEST     62          1200 AM
 AVERAGE    81

..........................................................


THE FLINT MI CLIMATE NORMALS FOR TODAY
                         NORMAL    RECORD    YEAR
 MAXIMUM TEMPERATURE (F)   64        86      1942
 MINIMUM TEMPERATURE (F)   40        26      1978
                                             1963


SUNRISE AND SUNSET
MAY  1 2017...........SUNRISE   629 AM EDT   SUNSET   836 PM EDT
MAY  2 2017...........SUNRISE   627 AM EDT   SUNSET   837 PM EDT


-  INDICATES NEGATIVE NUMBERS.
R  INDICATES RECORD WAS SET OR TIED.
MM INDICATES DATA IS MISSING.
T  INDICATES TRACE AMOUNT.




$$
