000
CDUS43 KDTX 290549
CLIFNT


CLIMATE REPORT
NATIONAL WEATHER SERVICE DETROIT/PONTIAC MI
149 AM EDT SUN MAR 29 2015


...................................

...THE FLINT MI CLIMATE SUMMARY FOR MARCH 28 2015...

CLIMATE NORMAL PERIOD 1981 TO 2010
CLIMATE RECORD PERIOD 1921 TO 2015


WEATHER ITEM   OBSERVED TIME   RECORD YEAR NORMAL DEPARTURE LAST
                VALUE   (LST)  VALUE       VALUE  FROM      YEAR
                                                  NORMAL
..................................................................
TEMPERATURE (F)
 YESTERDAY
  MAXIMUM         37    422 PM  79    1945  49    -12       50
  MINIMUM         13    113 AM   3    1934  29    -16       36
  AVERAGE         25                        39    -14       43

PRECIPITATION (IN)
  YESTERDAY        0.00          1.37 1985   0.07  -0.07     0.04
  MONTH TO DATE    0.43                      1.68  -1.25     1.21
  SINCE MAR 1      0.43                      1.68  -1.25     1.21
  SINCE JAN 1      2.60                      4.79  -2.19     5.22

SNOWFALL (IN)
  YESTERDAY        0.0           2.0  1974   0.1   -0.1      0.0
  MONTH TO DATE    3.7                       6.1   -2.4      9.4
  SINCE MAR 1      3.7                       6.1   -2.4      9.4
  SINCE JUL 1     44.2                      44.7   -0.5     82.6
  SNOW DEPTH       0

DEGREE DAYS
 HEATING
  YESTERDAY       40                        26     14       22
  MONTH TO DATE  918                       880     38     1123
  SINCE MAR 1    918                       880     38     1123
  SINCE JUL 1   6226                      5968    258     6644

 COOLING
  YESTERDAY        0                         0      0        0
  MONTH TO DATE    0                         0      0        0
  SINCE MAR 1      0                         0      0        0
  SINCE JAN 1      0                         0      0        0
..................................................................


WIND (MPH)
  HIGHEST WIND SPEED    16   HIGHEST WIND DIRECTION     N (20)
  HIGHEST GUST SPEED    19   HIGHEST GUST DIRECTION     N (340)
  AVERAGE WIND SPEED     7.4


SKY COVER
  POSSIBLE SUNSHINE  MM
  AVERAGE SKY COVER 0.2


WEATHER CONDITIONS
 THE FOLLOWING WEATHER WAS RECORDED YESTERDAY.
  NO SIGNIFICANT WEATHER WAS OBSERVED.


RELATIVE HUMIDITY (PERCENT)
 HIGHEST    73           100 AM
 LOWEST     27           200 PM
 AVERAGE    50

..........................................................


THE FLINT MI CLIMATE NORMALS FOR TODAY
                         NORMAL    RECORD    YEAR
 MAXIMUM TEMPERATURE (F)   49        77      1963
                                             1946
 MINIMUM TEMPERATURE (F)   29        12      1923


SUNRISE AND SUNSET
MARCH 29 2015.........SUNRISE   723 AM EDT   SUNSET   757 PM EDT
MARCH 30 2015.........SUNRISE   721 AM EDT   SUNSET   759 PM EDT


-  INDICATES NEGATIVE NUMBERS.
R  INDICATES RECORD WAS SET OR TIED.
MM INDICATES DATA IS MISSING.
T  INDICATES TRACE AMOUNT.




$$
