000
CDUS43 KDTX 302039
CLIFNT


CLIMATE REPORT
NATIONAL WEATHER SERVICE DETROIT/PONTIAC MI
439 PM EDT SAT MAY 30 2015


...................................

...THE FLINT MI CLIMATE SUMMARY FOR MAY 30 2015...
VALID TODAY AS OF 0400 PM LOCAL TIME.

CLIMATE NORMAL PERIOD 1981 TO 2010
CLIMATE RECORD PERIOD 1921 TO 2015


WEATHER ITEM   OBSERVED TIME   RECORD YEAR NORMAL DEPARTURE LAST
                VALUE   (LST)  VALUE       VALUE  FROM      YEAR
                                                  NORMAL
..................................................................
TEMPERATURE (F)
 TODAY
  MAXIMUM         78   1209 PM  92    1934  73      5       83
  MINIMUM         72    258 PM  33    1996  50     22       50
                                      1961
  AVERAGE         75                        62     13       67

PRECIPITATION (IN)
  TODAY            0.10          0.92 1989   0.10   0.00     0.00
  MONTH TO DATE    2.40                      2.98  -0.58     7.25
  SINCE MAR 1      4.95                      7.78  -2.83    10.94
  SINCE JAN 1      7.12                     10.89  -3.77    14.95

SNOWFALL (IN)
  TODAY            0.0           0.0    MM   0.0    0.0      0.0
  MONTH TO DATE    0.0                       0.0    0.0      0.0
  SINCE MAR 1      4.8                       8.8   -4.0     10.7
  SINCE JUL 1     45.3                      47.4   -2.1     83.9
  SNOW DEPTH       0

DEGREE DAYS
 HEATING
  TODAY            0                         5     -5        0
  MONTH TO DATE  118                       274   -156      205
  SINCE MAR 1   1599                      1793   -194     1936
  SINCE JUL 1   6907                      6881     26     7457

 COOLING
  TODAY           10                         2      8        2
  MONTH TO DATE   85                        26     59       43
  SINCE MAR 1     85                        30     55       43
  SINCE JAN 1     85                        30     55       43
..................................................................


WIND (MPH)
  HIGHEST WIND SPEED    15   HIGHEST WIND DIRECTION     W (250)
  HIGHEST GUST SPEED    22   HIGHEST GUST DIRECTION     S (200)
  AVERAGE WIND SPEED     7.8


SKY COVER
  POSSIBLE SUNSHINE  MM
  AVERAGE SKY COVER 0.7


WEATHER CONDITIONS
 THE FOLLOWING WEATHER WAS RECORDED TODAY.
  RAIN
  LIGHT RAIN
  FOG
  HAZE


RELATIVE HUMIDITY (PERCENT)
 HIGHEST    84          1100 AM
 LOWEST     69          1200 AM
 AVERAGE    77

..........................................................


THE FLINT MI CLIMATE NORMALS FOR TOMORROW
                         NORMAL    RECORD    YEAR
 MAXIMUM TEMPERATURE (F)   73        93      1988
                                             1934
 MINIMUM TEMPERATURE (F)   51        34      1984
                                             1930


SUNRISE AND SUNSET
MAY 30 2015...........SUNRISE   600 AM EDT   SUNSET   905 PM EDT
MAY 31 2015...........SUNRISE   559 AM EDT   SUNSET   906 PM EDT


-  INDICATES NEGATIVE NUMBERS.
R  INDICATES RECORD WAS SET OR TIED.
MM INDICATES DATA IS MISSING.
T  INDICATES TRACE AMOUNT.




$$
