000
CDUS43 KDTX 300536
CLIFNT


CLIMATE REPORT
NATIONAL WEATHER SERVICE DETROIT/PONTIAC MI
136 AM EDT WED JUL 30 2014


...................................

...THE FLINT MI CLIMATE SUMMARY FOR JULY 29 2014...

CLIMATE NORMAL PERIOD 1981 TO 2010
CLIMATE RECORD PERIOD 1921 TO 2014


WEATHER ITEM   OBSERVED TIME   RECORD YEAR NORMAL DEPARTURE LAST
                VALUE   (LST)  VALUE       VALUE  FROM      YEAR
                                                  NORMAL
..................................................................
TEMPERATURE (F)
 YESTERDAY
  MAXIMUM         73    142 PM  98    1931  81     -8       72
  MINIMUM         49    539 AM  42    1928  59    -10       57
  AVERAGE         61                        70     -9       65

PRECIPITATION (IN)
  YESTERDAY        0.39          2.65 2000   0.12   0.27     0.02
  MONTH TO DATE    5.67                      3.08   2.59     1.15
  SINCE JUN 1      8.13                      6.15   1.98     5.66
  SINCE JAN 1     23.08                     17.14   5.94    22.42

SNOWFALL (IN)
  YESTERDAY       MM             0.0    MM   0.0   MM        0.0
  MONTH TO DATE    0.0                       0.0    0.0      0.0
  SINCE JUN 1      0.0                       0.0    0.0      0.0
  SINCE JUL 1      0.0                       0.0    0.0      0.0
  SNOW DEPTH       0

DEGREE DAYS
 HEATING
  YESTERDAY        4                         0      4        0
  MONTH TO DATE   16                        10      6        8
  SINCE JUN 1     38                        76    -38       49
  SINCE JUL 1     16                        10      6        8

 COOLING
  YESTERDAY        0                         6     -6        0
  MONTH TO DATE  127                       174    -47      263
  SINCE JUN 1    279                       286     -7      422
  SINCE JAN 1    327                       318      9      501
..................................................................


WIND (MPH)
  HIGHEST WIND SPEED    17   HIGHEST WIND DIRECTION    NW (300)
  HIGHEST GUST SPEED    24   HIGHEST GUST DIRECTION     W (280)
  AVERAGE WIND SPEED     4.6


SKY COVER
  POSSIBLE SUNSHINE  MM
  AVERAGE SKY COVER 0.5


WEATHER CONDITIONS
 THE FOLLOWING WEATHER WAS RECORDED YESTERDAY.
  THUNDERSTORM
  HEAVY RAIN
  LIGHT RAIN
  FOG
  HAZE


RELATIVE HUMIDITY (PERCENT)
 HIGHEST    86           500 AM
 LOWEST     57           100 PM
 AVERAGE    72

..........................................................


THE FLINT MI CLIMATE NORMALS FOR TODAY
                         NORMAL    RECORD    YEAR
 MAXIMUM TEMPERATURE (F)   81        98      1933
 MINIMUM TEMPERATURE (F)   59        44      1965


SUNRISE AND SUNSET
JULY 30 2014..........SUNRISE   624 AM EDT   SUNSET   858 PM EDT
JULY 31 2014..........SUNRISE   625 AM EDT   SUNSET   857 PM EDT


-  INDICATES NEGATIVE NUMBERS.
R  INDICATES RECORD WAS SET OR TIED.
MM INDICATES DATA IS MISSING.
T  INDICATES TRACE AMOUNT.




$$
