000
CDUS43 KFSD 230632
CLIFSD


CLIMATE REPORT
NATIONAL WEATHER SERVICE SIOUX FALLS SD
131 AM CDT WED AUG 23 2017


...................................

...THE SIOUX FALLS SD CLIMATE SUMMARY FOR AUGUST 22 2017...

CLIMATE NORMAL PERIOD 1981 TO 2010
CLIMATE RECORD PERIOD 1893 TO 2017


WEATHER ITEM   OBSERVED TIME   RECORD YEAR NORMAL DEPARTURE LAST
                VALUE   (LST)  VALUE       VALUE  FROM      YEAR
                                                  NORMAL
..................................................................
TEMPERATURE (F)
 YESTERDAY
  MAXIMUM         76    407 PM 103    1971  81     -5       88
  MINIMUM         53    604 AM  41    1904  59     -6       65
  AVERAGE         65                        70     -5       77

PRECIPITATION (IN)
  YESTERDAY        0.00          1.38 1957   0.09  -0.09     0.00
  MONTH TO DATE    4.37                      2.18   2.19     1.68
  SINCE JUN 1      8.79                      9.19  -0.40     5.72
  SINCE JAN 1     16.54                     18.52  -1.98    17.22

SNOWFALL (IN)
  YESTERDAY        0.0           0.0    MM   0.0    0.0      0.0
  MONTH TO DATE    0.0                       0.0    0.0      0.0
  SINCE JUN 1      0.0                       0.0    0.0      0.0
  SINCE JUL 1      0.0                       0.0    0.0      0.0
  SNOW DEPTH       0

DEGREE DAYS
 HEATING
  YESTERDAY        0                         1     -1        0
  MONTH TO DATE    6                         9     -3        0
  SINCE JUN 1     32                        68    -36       14
  SINCE JUL 1      6                        17    -11        5

 COOLING
  YESTERDAY        0                         6     -6       12
  MONTH TO DATE   73                       154    -81      188
  SINCE JUN 1    608                       545     63      699
  SINCE JAN 1    634                       581     53      732
..................................................................


WIND (MPH)
  HIGHEST WIND SPEED    20   HIGHEST WIND DIRECTION     N (340)
  HIGHEST GUST SPEED    25   HIGHEST GUST DIRECTION    NW (320)
  AVERAGE WIND SPEED     7.4


SKY COVER
  POSSIBLE SUNSHINE  MM
  AVERAGE SKY COVER 0.1


WEATHER CONDITIONS
 THE FOLLOWING WEATHER WAS RECORDED YESTERDAY.
  NO SIGNIFICANT WEATHER WAS OBSERVED.


RELATIVE HUMIDITY (PERCENT)
 HIGHEST   100           500 AM
 LOWEST     38           300 PM
 AVERAGE    69

..........................................................


THE SIOUX FALLS SD CLIMATE NORMALS FOR TODAY
                         NORMAL    RECORD    YEAR
 MAXIMUM TEMPERATURE (F)   81       100      1971
 MINIMUM TEMPERATURE (F)   59        42      1927


SUNRISE AND SUNSET
AUGUST 23 2017........SUNRISE   641 AM CDT   SUNSET   817 PM CDT
AUGUST 24 2017........SUNRISE   642 AM CDT   SUNSET   815 PM CDT


-  INDICATES NEGATIVE NUMBERS.
R  INDICATES RECORD WAS SET OR TIED.
MM INDICATES DATA IS MISSING.
T  INDICATES TRACE AMOUNT.




$$
