583
CDUS43 KFSD 110638
CLIFSD


CLIMATE REPORT
NATIONAL WEATHER SERVICE SIOUX FALLS SD
1237 AM CST THU FEB 11 2016


...................................

...THE SIOUX FALLS SD CLIMATE SUMMARY FOR FEBRUARY 10 2016...

CLIMATE NORMAL PERIOD 1981 TO 2010
CLIMATE RECORD PERIOD 1893 TO 2016


WEATHER ITEM   OBSERVED TIME   RECORD YEAR NORMAL DEPARTURE LAST
                VALUE   (LST)  VALUE       VALUE  FROM      YEAR
                                                  NORMAL
..................................................................
TEMPERATURE (F)
 YESTERDAY
  MAXIMUM         21    309 AM  56    1977  30     -9       40
  MINIMUM         13   1159 PM -35    1893  10      3       24
  AVERAGE         17                        20     -3       32

PRECIPITATION (IN)
  YESTERDAY        0.08          0.48 1944   0.02   0.06     0.02
  MONTH TO DATE    0.32                      0.18   0.14     0.21
  SINCE DEC 1      2.11                      1.43   0.68     2.35
  SINCE JAN 1      0.80                      0.74   0.06     1.02

SNOWFALL (IN)
  YESTERDAY        0.9           7.4  1959   0.2    0.7       T
  MONTH TO DATE    5.5                       2.4    3.1      3.2
  SINCE DEC 1     31.5                      18.3   13.2     18.9
  SINCE JUL 1     48.8                      27.0   21.8     27.2
  SNOW DEPTH       3

DEGREE DAYS
 HEATING
  YESTERDAY       48                        45      3       33
  MONTH TO DATE  424                       462    -38      456
  SINCE DEC 1   3086                      3382   -296     3070
  SINCE JUL 1   4360                      5094   -734     4826

 COOLING
  YESTERDAY        0                         0      0        0
  MONTH TO DATE    0                         0      0        0
  SINCE DEC 1      0                         0      0        0
  SINCE JAN 1      0                         0      0        0
..................................................................


WIND (MPH)
  HIGHEST WIND SPEED    18   HIGHEST WIND DIRECTION     E (110)
  HIGHEST GUST SPEED    22   HIGHEST GUST DIRECTION    SE (120)
  AVERAGE WIND SPEED    10.8


SKY COVER
  POSSIBLE SUNSHINE  MM
  AVERAGE SKY COVER 1.0


WEATHER CONDITIONS
 THE FOLLOWING WEATHER WAS RECORDED YESTERDAY.
  LIGHT SNOW
  FOG


RELATIVE HUMIDITY (PERCENT)
 HIGHEST    84           500 AM
 LOWEST     67          1200 AM
 AVERAGE    76

..........................................................


THE SIOUX FALLS SD CLIMATE NORMALS FOR TODAY
                         NORMAL    RECORD    YEAR
 MAXIMUM TEMPERATURE (F)   30        61      1977
 MINIMUM TEMPERATURE (F)   10       -40      1899


SUNRISE AND SUNSET
FEBRUARY 11 2016......SUNRISE   732 AM CST   SUNSET   551 PM CST
FEBRUARY 12 2016......SUNRISE   730 AM CST   SUNSET   553 PM CST


-  INDICATES NEGATIVE NUMBERS.
R  INDICATES RECORD WAS SET OR TIED.
MM INDICATES DATA IS MISSING.
T  INDICATES TRACE AMOUNT.




$$
