000
CDUS43 KFSD 020624
CLIFSD


CLIMATE REPORT
NATIONAL WEATHER SERVICE SIOUX FALLS SD
123 AM CDT SAT AUG 2 2014


...................................

...THE SIOUX FALLS SD CLIMATE SUMMARY FOR AUGUST 1 2014...

CLIMATE NORMAL PERIOD 1981 TO 2010
CLIMATE RECORD PERIOD 1893 TO 2014


WEATHER ITEM   OBSERVED TIME   RECORD YEAR NORMAL DEPARTURE LAST
                VALUE   (LST)  VALUE       VALUE  FROM      YEAR
                                                  NORMAL
..................................................................
TEMPERATURE (F)
 YESTERDAY
  MAXIMUM         84    349 PM 102    2012  84      0       85
  MINIMUM         53    538 AM  45    1904  62     -9       55
  AVERAGE         69                        73     -4       70

PRECIPITATION (IN)
  YESTERDAY        0.00          4.59 1975   0.11  -0.11      T
  MONTH TO DATE    0.00                      0.11  -0.11      T
  SINCE JUN 1     14.50                      7.12   7.38     4.88
  SINCE JAN 1     19.48                     16.45   3.03    17.19

SNOWFALL (IN)
  YESTERDAY        0.0           0.0    MM   0.0    0.0      0.0
  MONTH TO DATE    0.0                       0.0    0.0      0.0
  SINCE JUN 1      T                         0.0    0.0      0.0
  SINCE JUL 1      T                         0.0    0.0      0.0
  SNOW DEPTH       0

DEGREE DAYS
 HEATING
  YESTERDAY        0                         0      0        0
  MONTH TO DATE    0                         0      0        0
  SINCE JUN 1     47                        59    -12       88
  SINCE JUL 1     15                         8      7       19

 COOLING
  YESTERDAY        4                         8     -4        5
  MONTH TO DATE    4                         8     -4        5
  SINCE JUN 1    312                       399    -87      390
  SINCE JAN 1    365                       435    -70      432
..................................................................


WIND (MPH)
  HIGHEST WIND SPEED    10   HIGHEST WIND DIRECTION     E (110)
  HIGHEST GUST SPEED    12   HIGHEST GUST DIRECTION    SE (130)
  AVERAGE WIND SPEED     1.7


SKY COVER
  POSSIBLE SUNSHINE  MM
  AVERAGE SKY COVER 0.2


WEATHER CONDITIONS
 THE FOLLOWING WEATHER WAS RECORDED YESTERDAY.
  THUNDERSTORM
  FOG


RELATIVE HUMIDITY (PERCENT)
 HIGHEST   100           200 AM
 LOWEST     40           200 PM
 AVERAGE    70

..........................................................


THE SIOUX FALLS SD CLIMATE NORMALS FOR TODAY
                         NORMAL    RECORD    YEAR
 MAXIMUM TEMPERATURE (F)   84       101      1936
                                             1930
 MINIMUM TEMPERATURE (F)   62        44      1904


SUNRISE AND SUNSET
AUGUST  2 2014........SUNRISE   617 AM CDT   SUNSET   848 PM CDT
AUGUST  3 2014........SUNRISE   618 AM CDT   SUNSET   847 PM CDT


-  INDICATES NEGATIVE NUMBERS.
R  INDICATES RECORD WAS SET OR TIED.
MM INDICATES DATA IS MISSING.
T  INDICATES TRACE AMOUNT.




$$
