000
CDUS43 KFSD 310644
CLIFSD


CLIMATE REPORT
NATIONAL WEATHER SERVICE SIOUX FALLS SD
142 AM CDT FRI JUL 31 2015


...................................

...THE SIOUX FALLS SD CLIMATE SUMMARY FOR JULY 30 2015...

CLIMATE NORMAL PERIOD 1981 TO 2010
CLIMATE RECORD PERIOD 1893 TO 2015


WEATHER ITEM   OBSERVED TIME   RECORD YEAR NORMAL DEPARTURE LAST
                VALUE   (LST)  VALUE       VALUE  FROM      YEAR
                                                  NORMAL
..................................................................
TEMPERATURE (F)
 YESTERDAY
  MAXIMUM         87    404 PM 101    1987  84      3       80
                                      1955
  MINIMUM         57    526 AM  38    1971  62     -5       52
  AVERAGE         72                        73     -1       66

PRECIPITATION (IN)
  YESTERDAY        0.00          2.23 2010   0.10  -0.10     0.00
  MONTH TO DATE    4.19                      2.99   1.20     0.80
  SINCE JUN 1      8.48                      6.91   1.57    14.50
  SINCE JAN 1     15.03                     16.24  -1.21    19.48

SNOWFALL (IN)
  YESTERDAY        0.0           0.0    MM   0.0    0.0      0.0
  MONTH TO DATE    0.0                       0.0    0.0       T
  SINCE JUN 1      0.0                       0.0    0.0       T
  SINCE JUL 1      0.0                       0.0    0.0       T
  SNOW DEPTH       0

DEGREE DAYS
 HEATING
  YESTERDAY        0                         0      0        0
  MONTH TO DATE    6                         0      6       15
  SINCE JUN 1     15                        51    -36       47
  SINCE JUL 1      6                         0      6       15

 COOLING
  YESTERDAY        7                         8     -1        1
  MONTH TO DATE  227                       248    -21      170
  SINCE JUN 1    366                       383    -17      306
  SINCE JAN 1    388                       419    -31      359
..................................................................


WIND (MPH)
  HIGHEST WIND SPEED    12   HIGHEST WIND DIRECTION    NE (30)
  HIGHEST GUST SPEED    14   HIGHEST GUST DIRECTION     N (10)
  AVERAGE WIND SPEED     4.3


SKY COVER
  POSSIBLE SUNSHINE  MM
  AVERAGE SKY COVER 0.2


WEATHER CONDITIONS
 THE FOLLOWING WEATHER WAS RECORDED YESTERDAY.
  NO SIGNIFICANT WEATHER WAS OBSERVED.


RELATIVE HUMIDITY (PERCENT)
 HIGHEST    87           500 AM
 LOWEST     37           400 PM
 AVERAGE    62

..........................................................


THE SIOUX FALLS SD CLIMATE NORMALS FOR TODAY
                         NORMAL    RECORD    YEAR
 MAXIMUM TEMPERATURE (F)   84       107      1988
 MINIMUM TEMPERATURE (F)   62        45      1903


SUNRISE AND SUNSET
JULY 31 2015..........SUNRISE   615 AM CDT   SUNSET   851 PM CDT
AUGUST  1 2015........SUNRISE   616 AM CDT   SUNSET   850 PM CDT


-  INDICATES NEGATIVE NUMBERS.
R  INDICATES RECORD WAS SET OR TIED.
MM INDICATES DATA IS MISSING.
T  INDICATES TRACE AMOUNT.




$$
