000
CDUS44 KTSA 300804
CLIFSM

CLIMATE REPORT
NATIONAL WEATHER SERVICE TULSA OK
303 AM CDT THU MAR 30 2017


...................................

...THE FORT SMITH ARKANSAS CLIMATE SUMMARY FOR MARCH 29 2017...

CLIMATE NORMAL PERIOD 1981 TO 2010
CLIMATE RECORD PERIOD 1882 TO 2017


WEATHER ITEM   OBSERVED TIME   RECORD YEAR NORMAL DEPARTURE LAST
                VALUE   (LST)  VALUE       VALUE  FROM      YEAR
                                                  NORMAL
..................................................................
TEMPERATURE (F)
 YESTERDAY
  MAXIMUM         78    426 PM  91    1967  69      9       75
  MINIMUM         57   1159 PM  26    1894  44     13       44
  AVERAGE         68                        57     11       60

PRECIPITATION (IN)
  YESTERDAY        0.26          1.51 1985   0.14   0.12     0.00
  MONTH TO DATE    3.75                      3.57   0.18     4.65
  SINCE MAR 1      3.75                      3.57   0.18     4.65
  SINCE JAN 1      8.57                      9.14  -0.57     6.80

SNOWFALL (IN)
  YESTERDAY        0.0                                       0.0
  MONTH TO DATE    0.0                                       0.0
  SINCE MAR 1      0.0                                       0.0
  SINCE JUL 1      2.0                                        T

DEGREE DAYS
 HEATING
  YESTERDAY        0                         9     -9        5
  MONTH TO DATE  241                       369   -128      260
  SINCE MAR 1    241                       369   -128      260
  SINCE JUL 1   2150                      3042   -892     2329

 COOLING
  YESTERDAY        3                         1      2        0
  MONTH TO DATE   34                         7     27        6
  SINCE MAR 1     34                         7     27        6
  SINCE JAN 1     50                         8     42        7
..................................................................


WIND (MPH)
  HIGHEST WIND SPEED    24   HIGHEST WIND DIRECTION     S (200)
  HIGHEST GUST SPEED    34   HIGHEST GUST DIRECTION     S (190)
  AVERAGE WIND SPEED    12.3


SKY COVER
  POSSIBLE SUNSHINE  MM
  AVERAGE SKY COVER 0.6


WEATHER CONDITIONS
 THE FOLLOWING WEATHER WAS RECORDED YESTERDAY.
  LIGHT RAIN
  FOG


RELATIVE HUMIDITY (PERCENT)
 HIGHEST    87           900 AM
 LOWEST     47           400 PM
 AVERAGE    67

..........................................................


THE FORT SMITH ARKANSAS CLIMATE NORMALS FOR TODAY
                         NORMAL    RECORD    YEAR
 MAXIMUM TEMPERATURE (F)   69        92      1946
 MINIMUM TEMPERATURE (F)   45        25      1975


SUNRISE AND SUNSET
MARCH 30 2017.........SUNRISE   707 AM CDT   SUNSET   738 PM CDT
MARCH 31 2017.........SUNRISE   705 AM CDT   SUNSET   738 PM CDT


-  INDICATES NEGATIVE NUMBERS.
R  INDICATES RECORD WAS SET OR TIED.
MM INDICATES DATA IS MISSING.
T  INDICATES TRACE AMOUNT.




$$

&&
...........................................................

THE ARKANSAS RIVER AT VAN BUREN

                   OBSERVED      24 HOUR     24 HOUR
                    VALUE        CHANGE      FORECAST

 STAGE (FEET)
  THIS MORNING       20.1         +0.6

MEAN FLOW (CFS)
  TODAY                                        -99
...........................................................
ALL DATA MEASURED AT THE FORT SMITH REGIONAL AIRPORT
