320
CDUS44 KTSA 140953
CLIFSM

CLIMATE REPORT
NATIONAL WEATHER SERVICE TULSA OK
1247 AM CST SUN FEB 14 2016


...................................

...THE FORT SMITH ARKANSAS CLIMATE SUMMARY FOR FEBRUARY 13 2016...

CLIMATE NORMAL PERIOD 1981 TO 2010
CLIMATE RECORD PERIOD 1882 TO 2016


WEATHER ITEM   OBSERVED TIME   RECORD YEAR NORMAL DEPARTURE LAST
                VALUE   (LST)  VALUE       VALUE  FROM      YEAR
                                                  NORMAL
..................................................................
TEMPERATURE (F)
 YESTERDAY
  MAXIMUM         51    409 PM  85    1962  55     -4       54
  MINIMUM         32    720 AM  -8    1905  33     -1       30
  AVERAGE         42                        44     -2       42

PRECIPITATION (IN)
  YESTERDAY        0.00          3.23 1949   0.09  -0.09     0.00
  MONTH TO DATE    0.00                      1.24  -1.24     0.66
  SINCE DEC 1     11.20                      7.34   3.86     5.19
  SINCE JAN 1      0.39                      4.05  -3.66     2.88

SNOWFALL (IN)
  YESTERDAY        0.0                                       0.0
  MONTH TO DATE    0.0                                       0.0
  SINCE DEC 1      T                                          T
  SINCE JUL 1      T                                          T

DEGREE DAYS
 HEATING
  YESTERDAY       23                        21      2       23
  MONTH TO DATE  268                       297    -29      276
  SINCE DEC 1   1500                      1823   -323     1710
  SINCE JUL 1   1857                      2388   -531     2329
..................................................................


WIND (MPH)
  HIGHEST WIND SPEED    18   HIGHEST WIND DIRECTION     E (80)
  HIGHEST GUST SPEED    24   HIGHEST GUST DIRECTION     E (80)
  AVERAGE WIND SPEED    11.3


SKY COVER
  POSSIBLE SUNSHINE  MM
  AVERAGE SKY COVER 0.1


WEATHER CONDITIONS
 THE FOLLOWING WEATHER WAS RECORDED YESTERDAY.
  NO SIGNIFICANT WEATHER WAS OBSERVED.


RELATIVE HUMIDITY (PERCENT)
 HIGHEST    52           800 AM
 LOWEST     21           200 PM
 AVERAGE    37

..........................................................


THE FORT SMITH ARKANSAS CLIMATE NORMALS FOR TODAY
                         NORMAL    RECORD    YEAR
 MAXIMUM TEMPERATURE (F)   55        78      1883
 MINIMUM TEMPERATURE (F)   33         5      1905


SUNRISE AND SUNSET
FEBRUARY 14 2016......SUNRISE   705 AM CST   SUNSET   558 PM CST
FEBRUARY 15 2016......SUNRISE   704 AM CST   SUNSET   559 PM CST


-  INDICATES NEGATIVE NUMBERS.
R  INDICATES RECORD WAS SET OR TIED.
MM INDICATES DATA IS MISSING.
T  INDICATES TRACE AMOUNT.




$$

&&
...........................................................

THE ARKANSAS RIVER AT VAN BUREN

                   OBSERVED      24 HOUR     24 HOUR
                    VALUE        CHANGE      FORECAST

 STAGE (FEET)
  THIS MORNING       19.3         -0.2

MEAN FLOW (CFS)
  TODAY                                        13900
...........................................................
ALL DATA MEASURED AT THE FORT SMITH REGIONAL AIRPORT
