000
CDUS44 KTSA 300819
CLIFSM

CLIMATE REPORT
NATIONAL WEATHER SERVICE TULSA OK
319 AM CDT FRI SEP 30 2016


...................................

...THE FORT SMITH ARKANSAS CLIMATE SUMMARY FOR SEPTEMBER 29 2016...

CLIMATE NORMAL PERIOD 1981 TO 2010
CLIMATE RECORD PERIOD 1882 TO 2016


WEATHER ITEM   OBSERVED TIME   RECORD YEAR NORMAL DEPARTURE LAST
                VALUE   (LST)  VALUE       VALUE  FROM      YEAR
                                                  NORMAL
..................................................................
TEMPERATURE (F)
 YESTERDAY
  MAXIMUM         79    241 PM 100    1953  80     -1       88
  MINIMUM         52    553 AM  33    1967  57     -5       67
  AVERAGE         66                        68     -2       78

PRECIPITATION (IN)
  YESTERDAY        0.00          3.26 1934   0.14  -0.14     0.00
  MONTH TO DATE    1.79                      3.92  -2.13     2.57
  SINCE SEP 1      1.79                      3.92  -2.13     2.57
  SINCE JAN 1     28.44                     33.28  -4.84    52.17

DEGREE DAYS
 HEATING
  YESTERDAY        0                         2     -2        0
  MONTH TO DATE    0                        15    -15        0
  SINCE SEP 1      0                        15    -15        0
  SINCE JUL 1      0                        15    -15        0

 COOLING
  YESTERDAY        1                         5     -4       13
  MONTH TO DATE  380                       276    104      351
  SINCE SEP 1    380                       276    104      351
  SINCE JAN 1   2231                      1971    260     2166
..................................................................


WIND (MPH)
  HIGHEST WIND SPEED    15   HIGHEST WIND DIRECTION     N (20)
  HIGHEST GUST SPEED    21   HIGHEST GUST DIRECTION     N (20)
  AVERAGE WIND SPEED     6.7


SKY COVER
  POSSIBLE SUNSHINE  MM
  AVERAGE SKY COVER 0.0


WEATHER CONDITIONS
 THE FOLLOWING WEATHER WAS RECORDED YESTERDAY.
  NO SIGNIFICANT WEATHER WAS OBSERVED.


RELATIVE HUMIDITY (PERCENT)
 HIGHEST    83           600 AM
 LOWEST     28           300 PM
 AVERAGE    56

..........................................................


THE FORT SMITH ARKANSAS CLIMATE NORMALS FOR TODAY
                         NORMAL    RECORD    YEAR
 MAXIMUM TEMPERATURE (F)   80        99      1953
 MINIMUM TEMPERATURE (F)   56        37      1984
                                             1895


SUNRISE AND SUNSET
SEPTEMBER 30 2016.....SUNRISE   712 AM CDT   SUNSET   702 PM CDT
OCTOBER  1 2016.......SUNRISE   713 AM CDT   SUNSET   701 PM CDT


-  INDICATES NEGATIVE NUMBERS.
R  INDICATES RECORD WAS SET OR TIED.
MM INDICATES DATA IS MISSING.
T  INDICATES TRACE AMOUNT.




$$

&&
...........................................................

THE ARKANSAS RIVER AT VAN BUREN

                   OBSERVED      24 HOUR     24 HOUR
                    VALUE        CHANGE      FORECAST

 STAGE (FEET)
  THIS MORNING       19.9         +0.4

MEAN FLOW (CFS)
  TODAY                                        -99
...........................................................
ALL DATA MEASURED AT THE FORT SMITH REGIONAL AIRPORT
