000
CDUS44 KTSA 210806
CLIFSM

CLIMATE REPORT
NATIONAL WEATHER SERVICE TULSA OK
302 AM CDT TUE OCT 21 2014


...................................

...THE FORT SMITH ARKANSAS CLIMATE SUMMARY FOR OCTOBER 20 2014...

CLIMATE NORMAL PERIOD 1981 TO 2010
CLIMATE RECORD PERIOD 1882 TO 2014


WEATHER ITEM   OBSERVED TIME   RECORD YEAR NORMAL DEPARTURE LAST
                VALUE   (LST)  VALUE       VALUE  FROM      YEAR
                                                  NORMAL
..................................................................
TEMPERATURE (F)
 YESTERDAY
  MAXIMUM         74    403 PM  88    2003  74      0       73
                                      1963
  MINIMUM         53    403 AM  26    1989  49      4       40
  AVERAGE         64                        62      2       57

PRECIPITATION (IN)
  YESTERDAY        0.06          3.02 1984   0.15  -0.09     0.00
  MONTH TO DATE    7.62                      2.74   4.88     3.24
  SINCE SEP 1     14.52                      6.79   7.73     4.74
  SINCE JAN 1     37.97                     36.15   1.82    39.61

SNOWFALL (IN)
  YESTERDAY        0.0                                       0.0
  MONTH TO DATE    0.0                                       0.0
  SINCE SEP 1      0.0                                       0.0
  SINCE JUL 1      0.0                                       0.0

DEGREE DAYS
 HEATING
  YESTERDAY        1                         5     -4        8
  MONTH TO DATE   39                        65    -26       65
  SINCE SEP 1     43                        82    -39       65
  SINCE JUL 1     43                        82    -39       65

 COOLING
  YESTERDAY        0                         2     -2        0
  MONTH TO DATE   70                        56     14       81
  SINCE SEP 1    366                       339     27      500
  SINCE JAN 1   2029                      2034     -5     2303
..................................................................


WIND (MPH)
  HIGHEST WIND SPEED     8   HIGHEST WIND DIRECTION    NE (50)
  HIGHEST GUST SPEED    10   HIGHEST GUST DIRECTION     W (270)
  AVERAGE WIND SPEED     2.2


SKY COVER
  POSSIBLE SUNSHINE  MM
  AVERAGE SKY COVER 0.5


WEATHER CONDITIONS
 THE FOLLOWING WEATHER WAS RECORDED YESTERDAY.
  FOG


RELATIVE HUMIDITY (PERCENT)
 HIGHEST    93           400 AM
 LOWEST     57           200 PM
 AVERAGE    75

..........................................................


THE FORT SMITH ARKANSAS CLIMATE NORMALS FOR TODAY
                         NORMAL    RECORD    YEAR
 MAXIMUM TEMPERATURE (F)   73        92      1978
 MINIMUM TEMPERATURE (F)   49        29      1976


SUNRISE AND SUNSET
OCTOBER 21 2014.......SUNRISE   729 AM CDT   SUNSET   635 PM CDT
OCTOBER 22 2014.......SUNRISE   730 AM CDT   SUNSET   634 PM CDT


-  INDICATES NEGATIVE NUMBERS.
R  INDICATES RECORD WAS SET OR TIED.
MM INDICATES DATA IS MISSING.
T  INDICATES TRACE AMOUNT.




$$

&&
...........................................................

THE ARKANSAS RIVER AT VAN BUREN

                   OBSERVED      24 HOUR     24 HOUR
                    VALUE        CHANGE      FORECAST

 STAGE (FEET)
  THIS MORNING       19.3         -0.3

MEAN FLOW (CFS)
  TODAY                                        23100
...........................................................
ALL DATA MEASURED AT THE FORT SMITH REGIONAL AIRPORT
