000
CDUS44 KTSA 290801
CLIFSM

CLIMATE REPORT
NATIONAL WEATHER SERVICE TULSA OK
300 AM CDT WED JUL 29 2015


...................................

...THE FORT SMITH ARKANSAS CLIMATE SUMMARY FOR JULY 28 2015...

CLIMATE NORMAL PERIOD 1981 TO 2010
CLIMATE RECORD PERIOD 1882 TO 2015


WEATHER ITEM   OBSERVED TIME   RECORD YEAR NORMAL DEPARTURE LAST
                VALUE   (LST)  VALUE       VALUE  FROM      YEAR
                                                  NORMAL
..................................................................
TEMPERATURE (F)
 YESTERDAY
  MAXIMUM         99    340 PM 107    1986  94      5       90
  MINIMUM         77    408 AM  63    2004  72      5       71
                                      1994
                                      1980
  AVERAGE         88                        83      5       81

PRECIPITATION (IN)
  YESTERDAY        0.00          1.26 1906   0.10  -0.10     0.00
  MONTH TO DATE    8.79                      2.99   5.80     1.72
  SINCE JUN 1     11.92                      7.27   4.65     6.17
  SINCE JAN 1     45.17                     26.46  18.71    20.91

DEGREE DAYS
 COOLING
  YESTERDAY       23                        18      5       16
  MONTH TO DATE  552                       484     68      394
  SINCE JUN 1   1035                       869    166      832
  SINCE JAN 1   1275                      1113    162     1110
..................................................................


WIND (MPH)
  HIGHEST WIND SPEED    10   HIGHEST WIND DIRECTION     E (70)
  HIGHEST GUST SPEED    14   HIGHEST GUST DIRECTION     E (80)
  AVERAGE WIND SPEED     3.5


SKY COVER
  POSSIBLE SUNSHINE  MM
  AVERAGE SKY COVER 0.1


WEATHER CONDITIONS
 THE FOLLOWING WEATHER WAS RECORDED YESTERDAY.
  NO SIGNIFICANT WEATHER WAS OBSERVED.


RELATIVE HUMIDITY (PERCENT)
 HIGHEST    85           300 AM
 LOWEST     39           400 PM
 AVERAGE    62

..........................................................


THE FORT SMITH ARKANSAS CLIMATE NORMALS FOR TODAY
                         NORMAL    RECORD    YEAR
 MAXIMUM TEMPERATURE (F)   94       108      1986
                                             1930
 MINIMUM TEMPERATURE (F)   72        62      1969


SUNRISE AND SUNSET
JULY 29 2015..........SUNRISE   624 AM CDT   SUNSET   824 PM CDT
JULY 30 2015..........SUNRISE   625 AM CDT   SUNSET   823 PM CDT


-  INDICATES NEGATIVE NUMBERS.
R  INDICATES RECORD WAS SET OR TIED.
MM INDICATES DATA IS MISSING.
T  INDICATES TRACE AMOUNT.




$$

&&
...........................................................

THE ARKANSAS RIVER AT VAN BUREN

                   OBSERVED      24 HOUR     24 HOUR
                    VALUE        CHANGE      FORECAST

 STAGE (FEET)
  THIS MORNING       20.0         -0.0

MEAN FLOW (CFS)
  TODAY                                        56800
...........................................................
ALL DATA MEASURED AT THE FORT SMITH REGIONAL AIRPORT
