000
CDUS44 KTSA 262120
CLIFSM

CLIMATE REPORT
NATIONAL WEATHER SERVICE TULSA OK
420 PM CDT WED JUL 26 2017


...................................

...THE FORT SMITH ARKANSAS CLIMATE SUMMARY FOR JULY 26 2017...
VALID TODAY AS OF 0400 PM LOCAL TIME.

CLIMATE NORMAL PERIOD 1981 TO 2010
CLIMATE RECORD PERIOD 1882 TO 2017


WEATHER ITEM   OBSERVED TIME   RECORD YEAR NORMAL DEPARTURE LAST
                VALUE   (LST)  VALUE       VALUE  FROM      YEAR
                                                  NORMAL
..................................................................
TEMPERATURE (F)
 TODAY
  MAXIMUM         98    159 PM 106    1998  94      4       94
  MINIMUM         76    600 AM  58    1890  72      4       74
  AVERAGE         87                        83      4       84

PRECIPITATION (IN)
  TODAY            0.00          1.87 1963   0.10  -0.10     0.03
  MONTH TO DATE    4.06                      2.78   1.28     3.63
  SINCE JUN 1     12.56                      7.06   5.50     5.54
  SINCE JAN 1     34.64                     26.25   8.39    22.75

DEGREE DAYS
 COOLING
  TODAY           22                        18      4       19
  MONTH TO DATE  494                       448     46      514
  SINCE JUN 1    894                       833     61     1017
  SINCE JAN 1   1212                      1077    135     1202
..................................................................


WIND (MPH)
  HIGHEST WIND SPEED    15   HIGHEST WIND DIRECTION    SW (230)
  HIGHEST GUST SPEED    19   HIGHEST GUST DIRECTION    SW (230)
  AVERAGE WIND SPEED     5.2


SKY COVER
  POSSIBLE SUNSHINE  MM
  AVERAGE SKY COVER 0.0


WEATHER CONDITIONS
 THE FOLLOWING WEATHER WAS RECORDED TODAY.
  NO SIGNIFICANT WEATHER WAS OBSERVED.


RELATIVE HUMIDITY (PERCENT)
 HIGHEST   100           600 AM
 LOWEST     42           300 PM
 AVERAGE    71

..........................................................


THE FORT SMITH ARKANSAS CLIMATE NORMALS FOR TOMORROW
                         NORMAL    RECORD    YEAR
 MAXIMUM TEMPERATURE (F)   94       107      2011
 MINIMUM TEMPERATURE (F)   72        61      1911


SUNRISE AND SUNSET
JULY 26 2017..........SUNRISE   622 AM CDT   SUNSET   826 PM CDT
JULY 27 2017..........SUNRISE   623 AM CDT   SUNSET   825 PM CDT


-  INDICATES NEGATIVE NUMBERS.
R  INDICATES RECORD WAS SET OR TIED.
MM INDICATES DATA IS MISSING.
T  INDICATES TRACE AMOUNT.




$$

&&
...........................................................

THE ARKANSAS RIVER AT VAN BUREN

                   OBSERVED      24 HOUR     24 HOUR
                    VALUE        CHANGE      FORECAST

 STAGE (FEET)
  THIS AFTERNOON     20.4         +0.5

 MEAN FLOW (CFS)
  TODAY                                        6050
...........................................................
ALL DATA MEASURED AT THE FORT SMITH REGIONAL AIRPORT
