000
CDUS44 KTSA 010805
CLIFSM

CLIMATE REPORT
NATIONAL WEATHER SERVICE TULSA OK
303 AM CDT FRI AUG 1 2014


...................................

...THE FORT SMITH ARKANSAS CLIMATE SUMMARY FOR JULY 31 2014...

CLIMATE NORMAL PERIOD 1981 TO 2010
CLIMATE RECORD PERIOD 1882 TO 2014


WEATHER ITEM   OBSERVED TIME   RECORD YEAR NORMAL DEPARTURE LAST
                VALUE   (LST)  VALUE       VALUE  FROM      YEAR
                                                  NORMAL
..................................................................
TEMPERATURE (F)
 YESTERDAY
  MAXIMUM         73    607 PM 109    1986  94    -21       95
  MINIMUM         67    805 AM  53    1971  72     -5       77
  AVERAGE         70                        83    -13       86

PRECIPITATION (IN)
  YESTERDAY        0.19          3.90 1895   0.10   0.09      T
  MONTH TO DATE    2.68                      3.30  -0.62     3.95
  SINCE JUN 1      7.13                      7.58  -0.45    10.05
  SINCE JAN 1     21.87                     26.77  -4.90    31.03

DEGREE DAYS
 COOLING
  YESTERDAY        5                        18    -13       21
  MONTH TO DATE  419                       536   -117      534
  SINCE JUN 1    857                       921    -64      987
  SINCE JAN 1   1135                      1165    -30     1261
..................................................................


WIND (MPH)
  HIGHEST WIND SPEED    12   HIGHEST WIND DIRECTION    SE (150)
  HIGHEST GUST SPEED    14   HIGHEST GUST DIRECTION    SE (150)
  AVERAGE WIND SPEED     5.1


SKY COVER
  POSSIBLE SUNSHINE  MM
  AVERAGE SKY COVER 1.0


WEATHER CONDITIONS
 THE FOLLOWING WEATHER WAS RECORDED YESTERDAY.
  LIGHT RAIN
  FOG


RELATIVE HUMIDITY (PERCENT)
 HIGHEST    93           500 AM
 LOWEST     73           100 PM
 AVERAGE    83

..........................................................


THE FORT SMITH ARKANSAS CLIMATE NORMALS FOR TODAY
                         NORMAL    RECORD    YEAR
 MAXIMUM TEMPERATURE (F)   94       111      2011
 MINIMUM TEMPERATURE (F)   72        60      1971
                                             1925


SUNRISE AND SUNSET
AUGUST  1 2014........SUNRISE   626 AM CDT   SUNSET   821 PM CDT
AUGUST  2 2014........SUNRISE   627 AM CDT   SUNSET   820 PM CDT


-  INDICATES NEGATIVE NUMBERS.
R  INDICATES RECORD WAS SET OR TIED.
MM INDICATES DATA IS MISSING.
T  INDICATES TRACE AMOUNT.




$$

&&
...........................................................

THE ARKANSAS RIVER AT VAN BUREN

                   OBSERVED      24 HOUR     24 HOUR
                    VALUE        CHANGE      FORECAST

 STAGE (FEET)
  THIS MORNING       19.4         +0.0

MEAN FLOW (CFS)
  TODAY                                        6300
...........................................................
ALL DATA MEASURED AT THE FORT SMITH REGIONAL AIRPORT
